[INFO] cloning repository https://github.com/MrE-Fog/runwasi
[INFO] running `Command { std: "git" "-c" "credential.helper=" "-c" "credential.helper=/workspace/cargo-home/bin/git-credential-null" "clone" "--bare" "https://github.com/MrE-Fog/runwasi" "/workspace/cache/git-repos/https%3A%2F%2Fgithub.com%2FMrE-Fog%2Frunwasi", kill_on_drop: false }`
[INFO] [stderr] Cloning into bare repository '/workspace/cache/git-repos/https%3A%2F%2Fgithub.com%2FMrE-Fog%2Frunwasi'...
[INFO] running `Command { std: "git" "rev-parse" "HEAD", kill_on_drop: false }`
[INFO] [stdout] 40bbeeeb301bb15ce2f1bb7b82eecad9d1a414b1
[INFO] documenting MrE-Fog/runwasi against 1.75.0 for beta-1.76-rustdoc-1
[INFO] running `Command { std: "git" "clone" "/workspace/cache/git-repos/https%3A%2F%2Fgithub.com%2FMrE-Fog%2Frunwasi" "/workspace/builds/worker-2-tc1/source", kill_on_drop: false }`
[INFO] [stderr] Cloning into '/workspace/builds/worker-2-tc1/source'...
[INFO] [stderr] done.
[INFO] validating manifest of git repo https://github.com/MrE-Fog/runwasi on toolchain 1.75.0
[INFO] running `Command { std: CARGO_HOME="/workspace/cargo-home" RUSTUP_HOME="/workspace/rustup-home" "/workspace/cargo-home/bin/cargo" "+1.75.0" "metadata" "--manifest-path" "Cargo.toml" "--no-deps", kill_on_drop: false }`
[INFO] started tweaking git repo https://github.com/MrE-Fog/runwasi
[INFO] finished tweaking git repo https://github.com/MrE-Fog/runwasi
[INFO] tweaked toml for git repo https://github.com/MrE-Fog/runwasi written to /workspace/builds/worker-2-tc1/source/Cargo.toml
[INFO] crate git repo https://github.com/MrE-Fog/runwasi already has a lockfile, it will not be regenerated
[INFO] running `Command { std: CARGO_HOME="/workspace/cargo-home" RUSTUP_HOME="/workspace/rustup-home" "/workspace/cargo-home/bin/cargo" "+1.75.0" "fetch" "--manifest-path" "Cargo.toml", kill_on_drop: false }`
[INFO] [stderr] warning: virtual workspace defaulting to `resolver = "1"` despite one or more workspace members being on edition 2021 which implies `resolver = "2"`
[INFO] [stderr] note: to keep the current resolver, specify `workspace.resolver = "1"` in the workspace root's manifest
[INFO] [stderr] note: to use the edition 2021 resolver, specify `workspace.resolver = "2"` in the workspace root's manifest
[INFO] [stderr] note: for more details see https://doc.rust-lang.org/cargo/reference/resolver.html#resolver-versions
[INFO] [stderr]     Updating crates.io index
[INFO] [stderr]  Downloading crates ...
[INFO] [stderr]   Downloaded partition-identity v0.3.0
[INFO] [stderr]   Downloaded wiggle-macro v2.0.2
[INFO] [stderr]   Downloaded wasi-cap-std-sync v2.0.2
[INFO] [stderr]   Downloaded cranelift-codegen-shared v0.89.2
[INFO] [stderr]   Downloaded cranelift-native v0.89.2
[INFO] [stderr]   Downloaded wasmtime-cache v2.0.2
[INFO] [stderr]   Downloaded cranelift-codegen-meta v0.89.2
[INFO] [stderr]   Downloaded sha256 v1.1.1
[INFO] [stderr]   Downloaded wasmtime-wasi v2.0.2
[INFO] [stderr]   Downloaded clone3 v0.2.3
[INFO] [stderr]   Downloaded cap-time-ext v0.26.1
[INFO] [stderr]   Downloaded ittapi v0.3.3
[INFO] [stderr]   Downloaded cap-rand v0.26.1
[INFO] [stderr]   Downloaded wiggle v2.0.2
[INFO] [stderr]   Downloaded winx v0.33.0
[INFO] [stderr]   Downloaded wasmtime-types v2.0.2
[INFO] [stderr]   Downloaded uapi-proc v0.0.5
[INFO] [stderr]   Downloaded winx v0.31.0
[INFO] [stderr]   Downloaded cranelift-frontend v0.89.2
[INFO] [stderr]   Downloaded io-extras v0.13.2
[INFO] [stderr]   Downloaded oci-spec v0.5.8
[INFO] [stderr]   Downloaded regalloc2 v0.4.2
[INFO] [stderr]   Downloaded cranelift-codegen v0.89.2
[INFO] [stderr]   Downloaded ittapi-sys v0.3.3
[INFO] [stderr]   Downloaded cranelift-wasm v0.89.2
[INFO] [stderr]   Downloaded cap-primitives v0.24.4
[INFO] [stderr]   Downloaded wasmtime-cranelift v2.0.2
[INFO] [stderr]   Downloaded wasmtime-environ v2.0.2
[INFO] [stderr]   Downloaded wasmtime-runtime v2.0.2
[INFO] [stderr]   Downloaded wasmtime v2.0.2
[INFO] [stderr]   Downloaded wasi-common v2.0.2
[INFO] [stderr]   Downloaded ttrpc-compiler v0.5.1
[INFO] [stderr]   Downloaded caps v0.1.0
[INFO] [stderr]   Downloaded wat v1.0.53
[INFO] [stderr]   Downloaded wasmparser v0.92.0
[INFO] [stderr]   Downloaded containerd-shim-protos v0.2.0
[INFO] [stderr]   Downloaded containerd-shim-protos v0.1.2
[INFO] [stderr]   Downloaded cap-primitives v0.26.1
[INFO] [stderr]   Downloaded ttrpc-codegen v0.3.2
[INFO] [stderr]   Downloaded wasm-encoder v0.21.0
[INFO] [stderr]   Downloaded uapi v0.2.10
[INFO] [stderr]   Downloaded cranelift-isle v0.89.2
[INFO] [stderr]   Downloaded wasmtime-jit v2.0.2
[INFO] [stderr]   Downloaded cranelift-entity v0.89.2
[INFO] [stderr]   Downloaded ttrpc v0.5.3
[INFO] [stderr]   Downloaded witx v0.9.1
[INFO] [stderr]   Downloaded containerd-shim v0.3.0
[INFO] [stderr]   Downloaded io-extras v0.15.0
[INFO] [stderr]   Downloaded ttrpc v0.6.1
[INFO] [stderr]   Downloaded cranelift-bforest v0.89.2
[INFO] [stderr]   Downloaded system-interface v0.23.0
[INFO] [stderr]   Downloaded fs-set-times v0.17.1
[INFO] [stderr]   Downloaded fs-set-times v0.15.0
[INFO] [stderr]   Downloaded is-terminal v0.3.0
[INFO] [stderr]   Downloaded wiggle-generate v2.0.2
[INFO] [stderr]   Downloaded protobuf-codegen-pure3 v2.28.1
[INFO] [stderr]   Downloaded cap-std v0.24.4
[INFO] [stderr]   Downloaded command-fds v0.2.2
[INFO] [stderr]   Downloaded go-flag v0.1.0
[INFO] [stderr]   Downloaded proc-mounts v0.3.0
[INFO] [stderr]   Downloaded cap-std v0.26.1
[INFO] [stderr]   Downloaded wasmtime-jit-debug v2.0.2
[INFO] [stderr]   Downloaded memfd v0.6.2
[INFO] [stderr]   Downloaded cap-fs-ext v0.26.1
[INFO] [stderr]   Downloaded ambient-authority v0.0.1
[INFO] [stderr]   Downloaded wast v51.0.0
[INFO] running `Command { std: "docker" "create" "-v" "/var/lib/crater-agent-workspace/builds/worker-2-tc1/target:/opt/rustwide/target:rw,Z" "-v" "/var/lib/crater-agent-workspace/builds/worker-2-tc1/source:/opt/rustwide/workdir:ro,Z" "-v" "/var/lib/crater-agent-workspace/cargo-home:/opt/rustwide/cargo-home:ro,Z" "-v" "/var/lib/crater-agent-workspace/rustup-home:/opt/rustwide/rustup-home:ro,Z" "-e" "SOURCE_DIR=/opt/rustwide/workdir" "-e" "CARGO_TARGET_DIR=/opt/rustwide/target" "-e" "CARGO_HOME=/opt/rustwide/cargo-home" "-e" "RUSTUP_HOME=/opt/rustwide/rustup-home" "-w" "/opt/rustwide/workdir" "-m" "1610612736" "--user" "0:0" "--network" "none" "ghcr.io/rust-lang/crates-build-env/linux@sha256:2788e3201cd34a07e3172128adcd8b3090168a8e3bcc40d7c032b9dda1df7d1c" "/opt/rustwide/cargo-home/bin/cargo" "+1.75.0" "metadata" "--no-deps" "--format-version=1", kill_on_drop: false }`
[INFO] [stdout] fa7b4cda62ce49688af7a4a75d122b370c1999d1c3b8db164dde431f2ccb6007
[INFO] running `Command { std: "docker" "start" "-a" "fa7b4cda62ce49688af7a4a75d122b370c1999d1c3b8db164dde431f2ccb6007", kill_on_drop: false }`
[INFO] running `Command { std: "docker" "inspect" "fa7b4cda62ce49688af7a4a75d122b370c1999d1c3b8db164dde431f2ccb6007", kill_on_drop: false }`
[INFO] running `Command { std: "docker" "rm" "-f" "fa7b4cda62ce49688af7a4a75d122b370c1999d1c3b8db164dde431f2ccb6007", kill_on_drop: false }`
[INFO] [stdout] fa7b4cda62ce49688af7a4a75d122b370c1999d1c3b8db164dde431f2ccb6007
[INFO] running `Command { std: "docker" "create" "-v" "/var/lib/crater-agent-workspace/builds/worker-2-tc1/target:/opt/rustwide/target:rw,Z" "-v" "/var/lib/crater-agent-workspace/builds/worker-2-tc1/source:/opt/rustwide/workdir:ro,Z" "-v" "/var/lib/crater-agent-workspace/cargo-home:/opt/rustwide/cargo-home:ro,Z" "-v" "/var/lib/crater-agent-workspace/rustup-home:/opt/rustwide/rustup-home:ro,Z" "-e" "SOURCE_DIR=/opt/rustwide/workdir" "-e" "CARGO_TARGET_DIR=/opt/rustwide/target" "-e" "CARGO_INCREMENTAL=0" "-e" "RUST_BACKTRACE=full" "-e" "RUSTFLAGS=--cap-lints=warn" "-e" "RUSTDOCFLAGS=--cap-lints=warn" "-e" "CARGO_HOME=/opt/rustwide/cargo-home" "-e" "RUSTUP_HOME=/opt/rustwide/rustup-home" "-w" "/opt/rustwide/workdir" "-m" "1610612736" "--user" "0:0" "--network" "none" "ghcr.io/rust-lang/crates-build-env/linux@sha256:2788e3201cd34a07e3172128adcd8b3090168a8e3bcc40d7c032b9dda1df7d1c" "/opt/rustwide/cargo-home/bin/cargo" "+1.75.0" "doc" "--frozen" "--no-deps" "--document-private-items" "--message-format=json", kill_on_drop: false }`
[INFO] [stdout] b6d3058f059a57fb1dfa0eff8035e121a45ab634a15cae5b552d74700b56087d
[INFO] running `Command { std: "docker" "start" "-a" "b6d3058f059a57fb1dfa0eff8035e121a45ab634a15cae5b552d74700b56087d", kill_on_drop: false }`
[INFO] [stderr] warning: virtual workspace defaulting to `resolver = "1"` despite one or more workspace members being on edition 2021 which implies `resolver = "2"`
[INFO] [stderr] note: to keep the current resolver, specify `workspace.resolver = "1"` in the workspace root's manifest
[INFO] [stderr] note: to use the edition 2021 resolver, specify `workspace.resolver = "2"` in the workspace root's manifest
[INFO] [stderr] note: for more details see https://doc.rust-lang.org/cargo/reference/resolver.html#resolver-versions
[INFO] [stderr]    Compiling libc v0.2.139
[INFO] [stderr]    Compiling proc-macro2 v1.0.50
[INFO] [stderr]    Compiling quote v1.0.23
[INFO] [stderr]    Compiling unicode-ident v1.0.6
[INFO] [stderr]    Compiling syn v1.0.107
[INFO] [stderr]     Checking cfg-if v1.0.0
[INFO] [stderr]    Compiling autocfg v1.1.0
[INFO] [stderr]    Compiling version_check v0.9.4
[INFO] [stderr]     Checking bitflags v1.3.2
[INFO] [stderr]     Checking once_cell v1.17.0
[INFO] [stderr]    Compiling memchr v2.5.0
[INFO] [stderr]    Compiling serde_derive v1.0.152
[INFO] [stderr]    Compiling serde v1.0.152
[INFO] [stderr]    Compiling thiserror v1.0.38
[INFO] [stderr]    Compiling log v0.4.17
[INFO] [stderr]     Checking itoa v1.0.5
[INFO] [stderr]    Compiling io-lifetimes v0.7.5
[INFO] [stderr]    Compiling memoffset v0.6.5
[INFO] [stderr]    Compiling rustix v0.35.13
[INFO] [stderr]    Compiling anyhow v1.0.68
[INFO] [stderr]     Checking linux-raw-sys v0.0.46
[INFO] [stderr]     Checking byteorder v1.4.3
[INFO] [stderr]    Compiling ahash v0.7.6
[INFO] [stderr]    Compiling indexmap v1.9.2
[INFO] [stderr]    Compiling memoffset v0.7.1
[INFO] [stderr]    Compiling protobuf v2.28.0
[INFO] [stderr]     Checking getrandom v0.2.8
[INFO] [stderr]    Compiling jobserver v0.1.25
[INFO] [stderr]     Checking smallvec v1.10.0
[INFO] [stderr]    Compiling cc v1.0.78
[INFO] [stderr]     Checking hashbrown v0.12.3
[INFO] [stderr]    Compiling fnv v1.0.7
[INFO] [stderr]    Compiling ident_case v1.0.1
[INFO] [stderr]    Compiling strsim v0.10.0
[INFO] [stderr]     Checking ambient-authority v0.0.1
[INFO] [stderr]     Checking scopeguard v1.1.0
[INFO] [stderr]     Checking rand_core v0.6.4
[INFO] [stderr]     Checking maybe-owned v0.3.4
[INFO] [stderr]     Checking ppv-lite86 v0.2.17
[INFO] [stderr]     Checking ipnet v2.7.1
[INFO] [stderr]    Compiling aho-corasick v0.7.20
[INFO] [stderr]    Compiling proc-macro-error-attr v1.0.4
[INFO] [stderr]    Compiling regex-syntax v0.6.28
[INFO] [stderr]     Checking rand_chacha v0.3.1
[INFO] [stderr]     Checking leb128 v0.2.5
[INFO] [stderr]    Compiling paste v1.0.11
[INFO] [stderr]    Compiling io-lifetimes v1.0.4
[INFO] [stderr]    Compiling wasmtime-fiber v2.0.2
[INFO] [stderr]     Checking rand v0.8.5
[INFO] [stderr]     Checking wasm-encoder v0.21.0
[INFO] [stderr]    Compiling proc-macro-error v1.0.4
[INFO] [stderr]     Checking wasmtime-asm-macros v2.0.2
[INFO] [stderr]    Compiling rustix v0.36.7
[INFO] [stderr]     Checking stable_deref_trait v1.2.0
[INFO] [stderr]     Checking unicode-width v0.1.10
[INFO] [stderr]    Compiling target-lexicon v0.12.5
[INFO] [stderr]    Compiling io-extras v0.15.0
[INFO] [stderr]     Checking fallible-iterator v0.2.0
[INFO] [stderr]    Compiling lazy_static v1.4.0
[INFO] [stderr]     Checking wast v51.0.0
[INFO] [stderr]     Checking linux-raw-sys v0.1.4
[INFO] [stderr]    Compiling regex v1.7.1
[INFO] [stderr]    Compiling cap-primitives v0.26.1
[INFO] [stderr]    Compiling typenum v1.16.0
[INFO] [stderr]    Compiling cranelift-isle v0.89.2
[INFO] [stderr]    Compiling darling_core v0.14.2
[INFO] [stderr]    Compiling protobuf-codegen v2.28.0
[INFO] [stderr]    Compiling serde_json v1.0.91
[INFO] [stderr]    Compiling io-lifetimes v0.5.3
[INFO] [stderr]    Compiling protobuf-codegen-pure v2.28.0
[INFO] [stderr]     Checking fs-set-times v0.17.1
[INFO] [stderr]    Compiling generic-array v0.14.6
[INFO] [stderr]     Checking ryu v1.0.12
[INFO] [stderr]    Compiling cranelift-codegen-shared v0.89.2
[INFO] [stderr]    Compiling crc32fast v1.3.2
[INFO] [stderr]     Checking pin-utils v0.1.0
[INFO] [stderr]     Checking wat v1.0.53
[INFO] [stderr]    Compiling cranelift-codegen-meta v0.89.2
[INFO] [stderr]    Compiling thiserror-impl v1.0.38
[INFO] [stderr]    Compiling darling_macro v0.14.2
[INFO] [stderr]    Compiling getset v0.1.2
[INFO] [stderr]    Compiling darling v0.14.2
[INFO] [stderr]    Compiling derive_builder_core v0.11.2
[INFO] [stderr]     Checking nix v0.23.2
[INFO] [stderr]    Compiling num-traits v0.2.15
[INFO] [stderr]    Compiling crossbeam-utils v0.8.14
[INFO] [stderr]    Compiling cap-std v0.26.1
[INFO] [stderr]    Compiling rustix v0.33.7
[INFO] [stderr]    Compiling derive_builder_macro v0.11.2
[INFO] [stderr]    Compiling pkg-config v0.3.26
[INFO] [stderr]    Compiling ttrpc v0.6.1
[INFO] [stderr]    Compiling zstd-sys v2.0.5+zstd.1.5.2
[INFO] [stderr]    Compiling cranelift-codegen v0.89.2
[INFO] [stderr]     Checking derive_builder v0.11.2
[INFO] [stderr]     Checking fxhash v0.2.1
[INFO] [stderr]     Checking linux-raw-sys v0.0.42
[INFO] [stderr]    Compiling io-extras v0.13.2
[INFO] [stderr]     Checking cfg-if v0.1.10
[INFO] [stderr]     Checking slice-group-by v0.3.0
[INFO] [stderr]     Checking regalloc2 v0.4.2
[INFO] [stderr]    Compiling ttrpc v0.5.3
[INFO] [stderr]    Compiling uapi v0.2.10
[INFO] [stderr]    Compiling crossbeam-epoch v0.9.13
[INFO] [stderr]    Compiling num-integer v0.1.45
[INFO] [stderr]    Compiling cap-primitives v0.24.4
[INFO] [stderr]     Checking static_assertions v1.1.0
[INFO] [stderr]    Compiling containerd-shim-protos v0.2.0
[INFO] [stderr]     Checking bumpalo v3.12.0
[INFO] [stderr]     Checking arrayvec v0.7.2
[INFO] [stderr]    Compiling signal-hook v0.3.14
[INFO] [stderr]     Checking nix v0.26.2
[INFO] [stderr]     Checking block-buffer v0.9.0
[INFO] [stderr]     Checking digest v0.9.0
[INFO] [stderr]    Compiling uapi-proc v0.0.5
[INFO] [stderr]     Checking nix v0.25.1
[INFO] [stderr]     Checking is-terminal v0.4.2
[INFO] [stderr]    Compiling ittapi-sys v0.3.3
[INFO] [stderr]     Checking fs-set-times v0.15.0
[INFO] [stderr]     Checking signal-hook-registry v1.4.0
[INFO] [stderr]     Checking nix v0.22.3
[INFO] [stderr]    Compiling cap-std v0.24.4
[INFO] [stderr]     Checking cpufeatures v0.2.5
[INFO] [stderr]     Checking time-core v0.1.0
[INFO] [stderr]    Compiling zstd-safe v5.0.2+zstd.1.5.2
[INFO] [stderr]     Checking either v1.8.0
[INFO] [stderr]     Checking termcolor v1.2.0
[INFO] [stderr]     Checking humantime v2.1.0
[INFO] [stderr]    Compiling glob v0.3.1
[INFO] [stderr]     Checking opaque-debug v0.3.0
[INFO] [stderr]    Compiling containerd-shim-protos v0.1.2
[INFO] [stderr]     Checking env_logger v0.10.0
[INFO] [stderr]     Checking sha2 v0.9.9
[INFO] [stderr]    Compiling clang-sys v1.4.0
[INFO] [stderr]     Checking cranelift-entity v0.89.2
[INFO] [stderr]     Checking gimli v0.26.2
[INFO] [stderr]     Checking wasmparser v0.92.0
[INFO] [stderr]     Checking cranelift-bforest v0.89.2
[INFO] [stderr]     Checking object v0.29.0
[INFO] [stderr]     Checking prctl v1.0.0
[INFO] [stderr]     Checking time v0.3.17
[INFO] [stderr]     Checking oci-spec v0.5.8
[INFO] [stderr]     Checking command-fds v0.2.2
[INFO] [stdout] error[E0061]: this method takes 1 argument but 2 arguments were supplied
[INFO] [stdout]   --> /opt/rustwide/cargo-home/registry/src/index.crates.io-6f17d22bba15001f/cap-primitives-0.24.4/src/rustix/linux/fs/set_times_impl.rs:20:25
[INFO] [stdout]    |
[INFO] [stdout] 20 |             return file.set_times(
[INFO] [stdout]    |                         ^^^^^^^^^
[INFO] [stdout] 21 |                 atime.map(SystemTimeSpec::into_std),
[INFO] [stdout] 22 |                 mtime.map(SystemTimeSpec::into_std),
[INFO] [stdout]    |                 ----------------------------------- unexpected argument of type `Option<fs_set_times::SystemTimeSpec>`
[INFO] [stdout]    |
[INFO] [stdout] note: expected `FileTimes`, found `Option<SystemTimeSpec>`
[INFO] [stdout]   --> /opt/rustwide/cargo-home/registry/src/index.crates.io-6f17d22bba15001f/cap-primitives-0.24.4/src/rustix/linux/fs/set_times_impl.rs:21:17
[INFO] [stdout]    |
[INFO] [stdout] 21 |                 atime.map(SystemTimeSpec::into_std),
[INFO] [stdout]    |                 ^^^^^^^^^^^^^^^^^^^^^^^^^^^^^^^^^^^
[INFO] [stdout]    = note: expected struct `FileTimes`
[INFO] [stdout]                 found enum `Option<fs_set_times::SystemTimeSpec>`
[INFO] [stdout] note: method defined here
[INFO] [stdout]   --> /rustc/82e1608dfa6e0b5569232559e3d385fea5a93112/library/std/src/fs.rs:695:12
[INFO] [stdout] help: remove the extra argument
[INFO] [stdout]    |
[INFO] [stdout] 21 -                 atime.map(SystemTimeSpec::into_std),
[INFO] [stdout] 21 +                 /* FileTimes */,
[INFO] [stdout]    |
[INFO] [stdout] 
[INFO] [stdout] 
[INFO] [stdout] error[E0061]: this method takes 1 argument but 2 arguments were supplied
[INFO] [stdout]   --> /opt/rustwide/cargo-home/registry/src/index.crates.io-6f17d22bba15001f/cap-primitives-0.24.4/src/rustix/linux/fs/set_times_impl.rs:34:25
[INFO] [stdout]    |
[INFO] [stdout] 34 |             return file.set_times(
[INFO] [stdout]    |                         ^^^^^^^^^
[INFO] [stdout] 35 |                 atime.map(SystemTimeSpec::into_std),
[INFO] [stdout] 36 |                 mtime.map(SystemTimeSpec::into_std),
[INFO] [stdout]    |                 ----------------------------------- unexpected argument of type `Option<fs_set_times::SystemTimeSpec>`
[INFO] [stdout]    |
[INFO] [stdout] note: expected `FileTimes`, found `Option<SystemTimeSpec>`
[INFO] [stdout]   --> /opt/rustwide/cargo-home/registry/src/index.crates.io-6f17d22bba15001f/cap-primitives-0.24.4/src/rustix/linux/fs/set_times_impl.rs:35:17
[INFO] [stdout]    |
[INFO] [stdout] 35 |                 atime.map(SystemTimeSpec::into_std),
[INFO] [stdout]    |                 ^^^^^^^^^^^^^^^^^^^^^^^^^^^^^^^^^^^
[INFO] [stdout]    = note: expected struct `FileTimes`
[INFO] [stdout]                 found enum `Option<fs_set_times::SystemTimeSpec>`
[INFO] [stdout] note: method defined here
[INFO] [stdout]   --> /rustc/82e1608dfa6e0b5569232559e3d385fea5a93112/library/std/src/fs.rs:695:12
[INFO] [stdout] help: remove the extra argument
[INFO] [stdout]    |
[INFO] [stdout] 35 -                 atime.map(SystemTimeSpec::into_std),
[INFO] [stdout] 35 +                 /* FileTimes */,
[INFO] [stdout]    |
[INFO] [stdout] 
[INFO] [stdout] 
[INFO] [stdout] error: aborting due to 2 previous errors
[INFO] [stdout] 
[INFO] [stdout] 
[INFO] [stdout] For more information about this error, try `rustc --explain E0061`.
[INFO] [stdout] 
[INFO] [stderr] error: could not compile `cap-primitives` (lib) due to 3 previous errors
[INFO] [stderr] warning: build failed, waiting for other jobs to finish...
[INFO] running `Command { std: "docker" "inspect" "b6d3058f059a57fb1dfa0eff8035e121a45ab634a15cae5b552d74700b56087d", kill_on_drop: false }`
[INFO] running `Command { std: "docker" "rm" "-f" "b6d3058f059a57fb1dfa0eff8035e121a45ab634a15cae5b552d74700b56087d", kill_on_drop: false }`
[INFO] [stdout] b6d3058f059a57fb1dfa0eff8035e121a45ab634a15cae5b552d74700b56087d
[INFO] documenting MrE-Fog/runwasi against beta-2023-12-22 for beta-1.76-rustdoc-1
[INFO] running `Command { std: "git" "clone" "/workspace/cache/git-repos/https%3A%2F%2Fgithub.com%2FMrE-Fog%2Frunwasi" "/workspace/builds/worker-2-tc2/source", kill_on_drop: false }`
[INFO] [stderr] Cloning into '/workspace/builds/worker-2-tc2/source'...
[INFO] [stderr] done.
[INFO] validating manifest of git repo https://github.com/MrE-Fog/runwasi on toolchain beta-2023-12-22
[INFO] running `Command { std: CARGO_HOME="/workspace/cargo-home" RUSTUP_HOME="/workspace/rustup-home" "/workspace/cargo-home/bin/cargo" "+beta-2023-12-22" "metadata" "--manifest-path" "Cargo.toml" "--no-deps", kill_on_drop: false }`
[INFO] started tweaking git repo https://github.com/MrE-Fog/runwasi
[INFO] finished tweaking git repo https://github.com/MrE-Fog/runwasi
[INFO] tweaked toml for git repo https://github.com/MrE-Fog/runwasi written to /workspace/builds/worker-2-tc2/source/Cargo.toml
[INFO] crate git repo https://github.com/MrE-Fog/runwasi already has a lockfile, it will not be regenerated
[INFO] running `Command { std: CARGO_HOME="/workspace/cargo-home" RUSTUP_HOME="/workspace/rustup-home" "/workspace/cargo-home/bin/cargo" "+beta-2023-12-22" "fetch" "--manifest-path" "Cargo.toml", kill_on_drop: false }`
[INFO] [stderr] warning: virtual workspace defaulting to `resolver = "1"` despite one or more workspace members being on edition 2021 which implies `resolver = "2"`
[INFO] [stderr] note: to keep the current resolver, specify `workspace.resolver = "1"` in the workspace root's manifest
[INFO] [stderr] note: to use the edition 2021 resolver, specify `workspace.resolver = "2"` in the workspace root's manifest
[INFO] [stderr] note: for more details see https://doc.rust-lang.org/cargo/reference/resolver.html#resolver-versions
[INFO] running `Command { std: "docker" "create" "-v" "/var/lib/crater-agent-workspace/builds/worker-2-tc2/target:/opt/rustwide/target:rw,Z" "-v" "/var/lib/crater-agent-workspace/builds/worker-2-tc2/source:/opt/rustwide/workdir:ro,Z" "-v" "/var/lib/crater-agent-workspace/cargo-home:/opt/rustwide/cargo-home:ro,Z" "-v" "/var/lib/crater-agent-workspace/rustup-home:/opt/rustwide/rustup-home:ro,Z" "-e" "SOURCE_DIR=/opt/rustwide/workdir" "-e" "CARGO_TARGET_DIR=/opt/rustwide/target" "-e" "CARGO_HOME=/opt/rustwide/cargo-home" "-e" "RUSTUP_HOME=/opt/rustwide/rustup-home" "-w" "/opt/rustwide/workdir" "-m" "1610612736" "--user" "0:0" "--network" "none" "ghcr.io/rust-lang/crates-build-env/linux@sha256:2788e3201cd34a07e3172128adcd8b3090168a8e3bcc40d7c032b9dda1df7d1c" "/opt/rustwide/cargo-home/bin/cargo" "+beta-2023-12-22" "metadata" "--no-deps" "--format-version=1", kill_on_drop: false }`
[INFO] [stdout] 9ac553b0bfce3250076f64cf68e0f802f7fb792617dacce81e03a2ea75948015
[INFO] running `Command { std: "docker" "start" "-a" "9ac553b0bfce3250076f64cf68e0f802f7fb792617dacce81e03a2ea75948015", kill_on_drop: false }`
[INFO] running `Command { std: "docker" "inspect" "9ac553b0bfce3250076f64cf68e0f802f7fb792617dacce81e03a2ea75948015", kill_on_drop: false }`
[INFO] running `Command { std: "docker" "rm" "-f" "9ac553b0bfce3250076f64cf68e0f802f7fb792617dacce81e03a2ea75948015", kill_on_drop: false }`
[INFO] [stdout] 9ac553b0bfce3250076f64cf68e0f802f7fb792617dacce81e03a2ea75948015
[INFO] running `Command { std: "docker" "create" "-v" "/var/lib/crater-agent-workspace/builds/worker-2-tc2/target:/opt/rustwide/target:rw,Z" "-v" "/var/lib/crater-agent-workspace/builds/worker-2-tc2/source:/opt/rustwide/workdir:ro,Z" "-v" "/var/lib/crater-agent-workspace/cargo-home:/opt/rustwide/cargo-home:ro,Z" "-v" "/var/lib/crater-agent-workspace/rustup-home:/opt/rustwide/rustup-home:ro,Z" "-e" "SOURCE_DIR=/opt/rustwide/workdir" "-e" "CARGO_TARGET_DIR=/opt/rustwide/target" "-e" "CARGO_INCREMENTAL=0" "-e" "RUST_BACKTRACE=full" "-e" "RUSTFLAGS=--cap-lints=warn" "-e" "RUSTDOCFLAGS=--cap-lints=warn" "-e" "CARGO_HOME=/opt/rustwide/cargo-home" "-e" "RUSTUP_HOME=/opt/rustwide/rustup-home" "-w" "/opt/rustwide/workdir" "-m" "1610612736" "--user" "0:0" "--network" "none" "ghcr.io/rust-lang/crates-build-env/linux@sha256:2788e3201cd34a07e3172128adcd8b3090168a8e3bcc40d7c032b9dda1df7d1c" "/opt/rustwide/cargo-home/bin/cargo" "+beta-2023-12-22" "doc" "--frozen" "--no-deps" "--document-private-items" "--message-format=json", kill_on_drop: false }`
[INFO] [stdout] 7cec4bd0df18a4a36d1a47205e27d9610518242e82a148aa2c6cd070c4cacf23
[INFO] running `Command { std: "docker" "start" "-a" "7cec4bd0df18a4a36d1a47205e27d9610518242e82a148aa2c6cd070c4cacf23", kill_on_drop: false }`
[INFO] [stderr] warning: virtual workspace defaulting to `resolver = "1"` despite one or more workspace members being on edition 2021 which implies `resolver = "2"`
[INFO] [stderr] note: to keep the current resolver, specify `workspace.resolver = "1"` in the workspace root's manifest
[INFO] [stderr] note: to use the edition 2021 resolver, specify `workspace.resolver = "2"` in the workspace root's manifest
[INFO] [stderr] note: for more details see https://doc.rust-lang.org/cargo/reference/resolver.html#resolver-versions
[INFO] [stderr]    Compiling libc v0.2.139
[INFO] [stderr]    Compiling proc-macro2 v1.0.50
[INFO] [stderr]    Compiling unicode-ident v1.0.6
[INFO] [stderr]    Compiling quote v1.0.23
[INFO] [stderr]    Compiling syn v1.0.107
[INFO] [stderr]     Checking cfg-if v1.0.0
[INFO] [stderr]    Compiling autocfg v1.1.0
[INFO] [stderr]    Compiling version_check v0.9.4
[INFO] [stderr]     Checking bitflags v1.3.2
[INFO] [stderr]     Checking once_cell v1.17.0
[INFO] [stderr]    Compiling serde_derive v1.0.152
[INFO] [stderr]    Compiling memchr v2.5.0
[INFO] [stderr]    Compiling serde v1.0.152
[INFO] [stderr]    Compiling thiserror v1.0.38
[INFO] [stderr]    Compiling log v0.4.17
[INFO] [stderr]     Checking itoa v1.0.5
[INFO] [stderr]    Compiling io-lifetimes v0.7.5
[INFO] [stderr]    Compiling memoffset v0.6.5
[INFO] [stderr]    Compiling rustix v0.35.13
[INFO] [stderr]    Compiling anyhow v1.0.68
[INFO] [stderr]     Checking linux-raw-sys v0.0.46
[INFO] [stderr]     Checking byteorder v1.4.3
[INFO] [stderr]    Compiling ahash v0.7.6
[INFO] [stderr]    Compiling indexmap v1.9.2
[INFO] [stderr]    Compiling memoffset v0.7.1
[INFO] [stderr]    Compiling protobuf v2.28.0
[INFO] [stderr]     Checking smallvec v1.10.0
[INFO] [stderr]     Checking getrandom v0.2.8
[INFO] [stderr]    Compiling fnv v1.0.7
[INFO] [stderr]     Checking ambient-authority v0.0.1
[INFO] [stderr]     Checking scopeguard v1.1.0
[INFO] [stderr]    Compiling strsim v0.10.0
[INFO] [stderr]    Compiling ident_case v1.0.1
[INFO] [stderr]    Compiling jobserver v0.1.25
[INFO] [stderr]     Checking hashbrown v0.12.3
[INFO] [stderr]     Checking rand_core v0.6.4
[INFO] [stderr]    Compiling cc v1.0.78
[INFO] [stderr]     Checking ppv-lite86 v0.2.17
[INFO] [stderr]     Checking maybe-owned v0.3.4
[INFO] [stderr]     Checking ipnet v2.7.1
[INFO] [stderr]    Compiling aho-corasick v0.7.20
[INFO] [stderr]     Checking rand_chacha v0.3.1
[INFO] [stderr]    Compiling proc-macro-error-attr v1.0.4
[INFO] [stderr]    Compiling paste v1.0.11
[INFO] [stderr]    Compiling io-lifetimes v1.0.4
[INFO] [stderr]    Compiling regex-syntax v0.6.28
[INFO] [stderr]     Checking leb128 v0.2.5
[INFO] [stderr]     Checking wasm-encoder v0.21.0
[INFO] [stderr]     Checking rand v0.8.5
[INFO] [stderr]    Compiling wasmtime-fiber v2.0.2
[INFO] [stderr]    Compiling proc-macro-error v1.0.4
[INFO] [stderr]     Checking wasmtime-asm-macros v2.0.2
[INFO] [stderr]     Checking fallible-iterator v0.2.0
[INFO] [stderr]     Checking stable_deref_trait v1.2.0
[INFO] [stderr]     Checking unicode-width v0.1.10
[INFO] [stderr]    Compiling rustix v0.36.7
[INFO] [stderr]    Compiling target-lexicon v0.12.5
[INFO] [stderr]    Compiling lazy_static v1.4.0
[INFO] [stderr]    Compiling io-extras v0.15.0
[INFO] [stderr]     Checking wast v51.0.0
[INFO] [stderr]    Compiling cranelift-isle v0.89.2
[INFO] [stderr]     Checking linux-raw-sys v0.1.4
[INFO] [stderr]    Compiling cap-primitives v0.26.1
[INFO] [stderr]    Compiling regex v1.7.1
[INFO] [stderr]    Compiling typenum v1.16.0
[INFO] [stderr]    Compiling serde_json v1.0.91
[INFO] [stderr]    Compiling protobuf-codegen v2.28.0
[INFO] [stderr]    Compiling io-lifetimes v0.5.3
[INFO] [stderr]    Compiling darling_core v0.14.2
[INFO] [stderr]    Compiling protobuf-codegen-pure v2.28.0
[INFO] [stderr]     Checking fs-set-times v0.17.1
[INFO] [stderr]    Compiling generic-array v0.14.6
[INFO] [stderr]     Checking pin-utils v0.1.0
[INFO] [stderr]    Compiling crc32fast v1.3.2
[INFO] [stderr]    Compiling cranelift-codegen-shared v0.89.2
[INFO] [stderr]     Checking ryu v1.0.12
[INFO] [stderr]    Compiling cranelift-codegen-meta v0.89.2
[INFO] [stderr]     Checking wat v1.0.53
[INFO] [stderr]     Checking nix v0.23.2
[INFO] [stderr]    Compiling num-traits v0.2.15
[INFO] [stderr]    Compiling cap-std v0.26.1
[INFO] [stderr]    Compiling thiserror-impl v1.0.38
[INFO] [stderr]    Compiling darling_macro v0.14.2
[INFO] [stderr]    Compiling darling v0.14.2
[INFO] [stderr]    Compiling derive_builder_core v0.11.2
[INFO] [stderr]    Compiling getset v0.1.2
[INFO] [stderr]    Compiling pkg-config v0.3.26
[INFO] [stderr]    Compiling crossbeam-utils v0.8.14
[INFO] [stderr]    Compiling rustix v0.33.7
[INFO] [stderr]    Compiling ttrpc v0.6.1
[INFO] [stderr]    Compiling derive_builder_macro v0.11.2
[INFO] [stderr]    Compiling zstd-sys v2.0.5+zstd.1.5.2
[INFO] [stderr]     Checking fxhash v0.2.1
[INFO] [stderr]     Checking slice-group-by v0.3.0
[INFO] [stderr]    Compiling cranelift-codegen v0.89.2
[INFO] [stderr]     Checking linux-raw-sys v0.0.42
[INFO] [stderr]     Checking cfg-if v0.1.10
[INFO] [stderr]    Compiling io-extras v0.13.2
[INFO] [stderr]     Checking derive_builder v0.11.2
[INFO] [stderr]     Checking regalloc2 v0.4.2
[INFO] [stderr]    Compiling ttrpc v0.5.3
[INFO] [stderr]    Compiling uapi v0.2.10
[INFO] [stderr]    Compiling crossbeam-epoch v0.9.13
[INFO] [stderr]    Compiling num-integer v0.1.45
[INFO] [stderr]     Checking static_assertions v1.1.0
[INFO] [stderr]    Compiling containerd-shim-protos v0.2.0
[INFO] [stderr]     Checking bumpalo v3.12.0
[INFO] [stderr]     Checking arrayvec v0.7.2
[INFO] [stderr]    Compiling cap-primitives v0.24.4
[INFO] [stderr]    Compiling signal-hook v0.3.14
[INFO] [stderr]     Checking nix v0.26.2
[INFO] [stderr]     Checking block-buffer v0.9.0
[INFO] [stderr]     Checking digest v0.9.0
[INFO] [stderr]    Compiling uapi-proc v0.0.5
[INFO] [stderr]     Checking nix v0.25.1
[INFO] [stderr]     Checking is-terminal v0.4.2
[INFO] [stderr]    Compiling ittapi-sys v0.3.3
[INFO] [stderr]     Checking signal-hook-registry v1.4.0
[INFO] [stderr]     Checking fs-set-times v0.15.0
[INFO] [stderr]     Checking nix v0.22.3
[INFO] [stderr]     Checking either v1.8.0
[INFO] [stderr]    Compiling cap-std v0.24.4
[INFO] [stderr]     Checking opaque-debug v0.3.0
[INFO] [stderr]     Checking termcolor v1.2.0
[INFO] [stderr]     Checking time-core v0.1.0
[INFO] [stderr]    Compiling glob v0.3.1
[INFO] [stderr]    Compiling containerd-shim-protos v0.1.2
[INFO] [stderr]     Checking humantime v2.1.0
[INFO] [stderr]    Compiling zstd-safe v5.0.2+zstd.1.5.2
[INFO] [stderr]     Checking cpufeatures v0.2.5
[INFO] [stderr]     Checking sha2 v0.9.9
[INFO] [stderr]    Compiling clang-sys v1.4.0
[INFO] [stderr]     Checking env_logger v0.10.0
[INFO] [stdout] error[E0061]: this method takes 1 argument but 2 arguments were supplied
[INFO] [stdout]   --> /opt/rustwide/cargo-home/registry/src/index.crates.io-6f17d22bba15001f/cap-primitives-0.24.4/src/rustix/linux/fs/set_times_impl.rs:20:25
[INFO] [stdout]    |
[INFO] [stdout] 20 |             return file.set_times(
[INFO] [stdout]    |                         ^^^^^^^^^
[INFO] [stdout] 21 |                 atime.map(SystemTimeSpec::into_std),
[INFO] [stdout] 22 |                 mtime.map(SystemTimeSpec::into_std),
[INFO] [stdout]    |                 ----------------------------------- unexpected argument of type `Option<fs_set_times::SystemTimeSpec>`
[INFO] [stdout]    |
[INFO] [stdout] note: expected `FileTimes`, found `Option<SystemTimeSpec>`
[INFO] [stdout]   --> /opt/rustwide/cargo-home/registry/src/index.crates.io-6f17d22bba15001f/cap-primitives-0.24.4/src/rustix/linux/fs/set_times_impl.rs:21:17
[INFO] [stdout]    |
[INFO] [stdout] 21 |                 atime.map(SystemTimeSpec::into_std),
[INFO] [stdout]    |                 ^^^^^^^^^^^^^^^^^^^^^^^^^^^^^^^^^^^
[INFO] [stdout]    = note: expected struct `FileTimes`
[INFO] [stdout]                 found enum `Option<fs_set_times::SystemTimeSpec>`
[INFO] [stdout] note: method defined here
[INFO] [stdout]   --> /rustc/0e09125c6c3c2fd70d7de961bcf0e51575235fad/library/std/src/fs.rs:695:12
[INFO] [stdout] help: remove the extra argument
[INFO] [stdout]    |
[INFO] [stdout] 21 -                 atime.map(SystemTimeSpec::into_std),
[INFO] [stdout] 21 +                 /* FileTimes */,
[INFO] [stdout]    |
[INFO] [stdout] 
[INFO] [stdout] 
[INFO] [stdout] error[E0061]: this method takes 1 argument but 2 arguments were supplied
[INFO] [stdout]   --> /opt/rustwide/cargo-home/registry/src/index.crates.io-6f17d22bba15001f/cap-primitives-0.24.4/src/rustix/linux/fs/set_times_impl.rs:34:25
[INFO] [stdout]    |
[INFO] [stdout] 34 |             return file.set_times(
[INFO] [stdout]    |                         ^^^^^^^^^
[INFO] [stdout] 35 |                 atime.map(SystemTimeSpec::into_std),
[INFO] [stdout] 36 |                 mtime.map(SystemTimeSpec::into_std),
[INFO] [stdout]    |                 ----------------------------------- unexpected argument of type `Option<fs_set_times::SystemTimeSpec>`
[INFO] [stdout]    |
[INFO] [stdout] note: expected `FileTimes`, found `Option<SystemTimeSpec>`
[INFO] [stdout]   --> /opt/rustwide/cargo-home/registry/src/index.crates.io-6f17d22bba15001f/cap-primitives-0.24.4/src/rustix/linux/fs/set_times_impl.rs:35:17
[INFO] [stdout]    |
[INFO] [stdout] 35 |                 atime.map(SystemTimeSpec::into_std),
[INFO] [stdout]    |                 ^^^^^^^^^^^^^^^^^^^^^^^^^^^^^^^^^^^
[INFO] [stdout]    = note: expected struct `FileTimes`
[INFO] [stdout]                 found enum `Option<fs_set_times::SystemTimeSpec>`
[INFO] [stdout] note: method defined here
[INFO] [stdout]   --> /rustc/0e09125c6c3c2fd70d7de961bcf0e51575235fad/library/std/src/fs.rs:695:12
[INFO] [stdout] help: remove the extra argument
[INFO] [stdout]    |
[INFO] [stdout] 35 -                 atime.map(SystemTimeSpec::into_std),
[INFO] [stdout] 35 +                 /* FileTimes */,
[INFO] [stdout]    |
[INFO] [stdout] 
[INFO] [stdout] 
[INFO] [stdout] error: aborting due to 2 previous errors
[INFO] [stdout] 
[INFO] [stdout] 
[INFO] [stdout] For more information about this error, try `rustc --explain E0061`.
[INFO] [stdout] 
[INFO] [stderr] error: could not compile `cap-primitives` (lib) due to 3 previous errors
[INFO] [stderr] warning: build failed, waiting for other jobs to finish...
[INFO] running `Command { std: "docker" "inspect" "7cec4bd0df18a4a36d1a47205e27d9610518242e82a148aa2c6cd070c4cacf23", kill_on_drop: false }`
[INFO] running `Command { std: "docker" "rm" "-f" "7cec4bd0df18a4a36d1a47205e27d9610518242e82a148aa2c6cd070c4cacf23", kill_on_drop: false }`
[INFO] [stdout] 7cec4bd0df18a4a36d1a47205e27d9610518242e82a148aa2c6cd070c4cacf23
