[INFO] cloning repository https://github.com/Mossaka/wit-vtable
[INFO] running `Command { std: "git" "-c" "credential.helper=" "-c" "credential.helper=/workspace/cargo-home/bin/git-credential-null" "clone" "--bare" "https://github.com/Mossaka/wit-vtable" "/workspace/cache/git-repos/https%3A%2F%2Fgithub.com%2FMossaka%2Fwit-vtable", kill_on_drop: false }`
[INFO] [stderr] Cloning into bare repository '/workspace/cache/git-repos/https%3A%2F%2Fgithub.com%2FMossaka%2Fwit-vtable'...
[INFO] running `Command { std: "git" "rev-parse" "HEAD", kill_on_drop: false }`
[INFO] [stdout] 965f9d511798dea81ba10bc42b68788ff599c88b
[INFO] documenting Mossaka/wit-vtable against 1.75.0 for beta-1.76-rustdoc-1
[INFO] running `Command { std: "git" "clone" "/workspace/cache/git-repos/https%3A%2F%2Fgithub.com%2FMossaka%2Fwit-vtable" "/workspace/builds/worker-7-tc1/source", kill_on_drop: false }`
[INFO] [stderr] Cloning into '/workspace/builds/worker-7-tc1/source'...
[INFO] [stderr] done.
[INFO] validating manifest of git repo https://github.com/Mossaka/wit-vtable on toolchain 1.75.0
[INFO] running `Command { std: CARGO_HOME="/workspace/cargo-home" RUSTUP_HOME="/workspace/rustup-home" "/workspace/cargo-home/bin/cargo" "+1.75.0" "metadata" "--manifest-path" "Cargo.toml" "--no-deps", kill_on_drop: false }`
[INFO] started tweaking git repo https://github.com/Mossaka/wit-vtable
[INFO] finished tweaking git repo https://github.com/Mossaka/wit-vtable
[INFO] tweaked toml for git repo https://github.com/Mossaka/wit-vtable written to /workspace/builds/worker-7-tc1/source/Cargo.toml
[INFO] crate git repo https://github.com/Mossaka/wit-vtable already has a lockfile, it will not be regenerated
[INFO] running `Command { std: CARGO_HOME="/workspace/cargo-home" RUSTUP_HOME="/workspace/rustup-home" "/workspace/cargo-home/bin/cargo" "+1.75.0" "fetch" "--manifest-path" "Cargo.toml", kill_on_drop: false }`
[INFO] [stderr]     Updating git repository `https://github.com/bytecodealliance/wit-bindgen`
[INFO] [stderr]     Updating git repository `https://github.com/danbugs/wit-error-rs`
[INFO] [stderr]     Updating git repository `https://github.com/Mossaka/wit-bindgen`
[INFO] [stderr]     Updating crates.io index
[INFO] [stderr]  Downloading crates ...
[INFO] [stderr]   Downloaded wiggle-generate v0.35.3
[INFO] [stderr]   Downloaded wat v1.0.46
[INFO] [stderr]   Downloaded cap-rand v0.24.4
[INFO] [stderr]   Downloaded psm v0.1.19
[INFO] [stderr]   Downloaded wasm-encoder v0.14.0
[INFO] [stderr]   Downloaded memfd v0.4.1
[INFO] [stderr]   Downloaded is-terminal v0.1.0
[INFO] [stderr]   Downloaded wasmtime-wasi v0.35.3
[INFO] [stderr]   Downloaded winx v0.31.0
[INFO] [stderr]   Downloaded hermit-abi v0.2.3
[INFO] [stderr]   Downloaded fs-set-times v0.15.0
[INFO] [stderr]   Downloaded system-interface v0.20.0
[INFO] [stderr]   Downloaded cap-primitives v0.24.4
[INFO] [stderr]   Downloaded wasi-common v0.35.3
[INFO] [stderr]   Downloaded ittapi-rs v0.2.0
[INFO] [stderr]   Downloaded cap-std v0.24.4
[INFO] [stderr]   Downloaded wast v44.0.0
[INFO] [stderr]   Downloaded ambient-authority v0.0.1
[INFO] [stderr]   Downloaded wasi-cap-std-sync v0.35.3
[INFO] [stderr]   Downloaded wasmtime-fiber v0.35.3
[INFO] [stderr]   Downloaded shellexpand v2.1.0
[INFO] [stderr]   Downloaded io-extras v0.13.2
[INFO] [stderr]   Downloaded wiggle-macro v0.35.3
[INFO] [stderr]   Downloaded cap-fs-ext v0.24.4
[INFO] [stderr]   Downloaded cap-time-ext v0.24.4
[INFO] [stderr]   Downloaded wiggle v0.35.3
[INFO] running `Command { std: "docker" "create" "-v" "/var/lib/crater-agent-workspace/builds/worker-7-tc1/target:/opt/rustwide/target:rw,Z" "-v" "/var/lib/crater-agent-workspace/builds/worker-7-tc1/source:/opt/rustwide/workdir:ro,Z" "-v" "/var/lib/crater-agent-workspace/cargo-home:/opt/rustwide/cargo-home:ro,Z" "-v" "/var/lib/crater-agent-workspace/rustup-home:/opt/rustwide/rustup-home:ro,Z" "-e" "SOURCE_DIR=/opt/rustwide/workdir" "-e" "CARGO_TARGET_DIR=/opt/rustwide/target" "-e" "CARGO_HOME=/opt/rustwide/cargo-home" "-e" "RUSTUP_HOME=/opt/rustwide/rustup-home" "-w" "/opt/rustwide/workdir" "-m" "1610612736" "--user" "0:0" "--network" "none" "ghcr.io/rust-lang/crates-build-env/linux@sha256:2788e3201cd34a07e3172128adcd8b3090168a8e3bcc40d7c032b9dda1df7d1c" "/opt/rustwide/cargo-home/bin/cargo" "+1.75.0" "metadata" "--no-deps" "--format-version=1", kill_on_drop: false }`
[INFO] [stdout] 19adbcf367e3761d1fc73a75444242cbc6623d4db058886a24cb77a9018fbd25
[INFO] running `Command { std: "docker" "start" "-a" "19adbcf367e3761d1fc73a75444242cbc6623d4db058886a24cb77a9018fbd25", kill_on_drop: false }`
[INFO] running `Command { std: "docker" "inspect" "19adbcf367e3761d1fc73a75444242cbc6623d4db058886a24cb77a9018fbd25", kill_on_drop: false }`
[INFO] running `Command { std: "docker" "rm" "-f" "19adbcf367e3761d1fc73a75444242cbc6623d4db058886a24cb77a9018fbd25", kill_on_drop: false }`
[INFO] [stdout] 19adbcf367e3761d1fc73a75444242cbc6623d4db058886a24cb77a9018fbd25
[INFO] running `Command { std: "docker" "create" "-v" "/var/lib/crater-agent-workspace/builds/worker-7-tc1/target:/opt/rustwide/target:rw,Z" "-v" "/var/lib/crater-agent-workspace/builds/worker-7-tc1/source:/opt/rustwide/workdir:ro,Z" "-v" "/var/lib/crater-agent-workspace/cargo-home:/opt/rustwide/cargo-home:ro,Z" "-v" "/var/lib/crater-agent-workspace/rustup-home:/opt/rustwide/rustup-home:ro,Z" "-e" "SOURCE_DIR=/opt/rustwide/workdir" "-e" "CARGO_TARGET_DIR=/opt/rustwide/target" "-e" "CARGO_INCREMENTAL=0" "-e" "RUST_BACKTRACE=full" "-e" "RUSTFLAGS=--cap-lints=warn" "-e" "RUSTDOCFLAGS=--cap-lints=warn" "-e" "CARGO_HOME=/opt/rustwide/cargo-home" "-e" "RUSTUP_HOME=/opt/rustwide/rustup-home" "-w" "/opt/rustwide/workdir" "-m" "1610612736" "--user" "0:0" "--network" "none" "ghcr.io/rust-lang/crates-build-env/linux@sha256:2788e3201cd34a07e3172128adcd8b3090168a8e3bcc40d7c032b9dda1df7d1c" "/opt/rustwide/cargo-home/bin/cargo" "+1.75.0" "doc" "--frozen" "--no-deps" "--document-private-items" "--message-format=json", kill_on_drop: false }`
[INFO] [stdout] 0b17357d79f99256d0bdec7cadfb994c2552cd1b519fe57a30ebfa9ca2ad904a
[INFO] running `Command { std: "docker" "start" "-a" "0b17357d79f99256d0bdec7cadfb994c2552cd1b519fe57a30ebfa9ca2ad904a", kill_on_drop: false }`
[INFO] [stderr]    Compiling proc-macro2 v1.0.40
[INFO] [stderr]    Compiling syn v1.0.98
[INFO] [stderr]    Compiling serde_derive v1.0.139
[INFO] [stderr]    Compiling serde v1.0.139
[INFO] [stderr]     Checking once_cell v1.13.0
[INFO] [stderr]    Compiling io-lifetimes v0.5.3
[INFO] [stderr]    Compiling libc v0.2.126
[INFO] [stderr]    Compiling anyhow v1.0.58
[INFO] [stderr]    Compiling indexmap v1.9.1
[INFO] [stderr]    Compiling rustix v0.33.7
[INFO] [stderr]     Checking itoa v1.0.2
[INFO] [stderr]     Checking linux-raw-sys v0.0.42
[INFO] [stderr]    Compiling target-lexicon v0.12.4
[INFO] [stderr]    Compiling cranelift-codegen-shared v0.82.3
[INFO] [stderr]    Compiling crossbeam-utils v0.8.10
[INFO] [stderr]     Checking getrandom v0.2.7
[INFO] [stderr]    Compiling cranelift-codegen-meta v0.82.3
[INFO] [stderr]    Compiling generic-array v0.14.5
[INFO] [stderr]     Checking wasmparser v0.83.0
[INFO] [stderr]     Checking regalloc v0.0.34
[INFO] [stderr]     Checking rand_core v0.6.3
[INFO] [stderr]    Compiling crossbeam-epoch v0.9.9
[INFO] [stderr]     Checking rand_chacha v0.3.1
[INFO] [stderr]    Compiling rayon-core v1.9.3
[INFO] [stderr]     Checking regex-syntax v0.6.27
[INFO] [stderr]    Compiling zstd-safe v4.1.6+zstd.1.5.2
[INFO] [stderr]    Compiling io-extras v0.13.2
[INFO] [stderr]     Checking miniz_oxide v0.5.3
[INFO] [stderr]     Checking object v0.29.0
[INFO] [stderr]     Checking rand v0.8.5
[INFO] [stderr]    Compiling jobserver v0.1.24
[INFO] [stderr]     Checking num_cpus v1.13.1
[INFO] [stderr]    Compiling unicase v2.6.0
[INFO] [stderr]    Compiling cap-primitives v0.24.4
[INFO] [stderr]    Compiling cpp_demangle v0.3.5
[INFO] [stderr]    Compiling quote v1.0.20
[INFO] [stderr]    Compiling cc v1.0.73
[INFO] [stderr]     Checking ambient-authority v0.0.1
[INFO] [stderr]     Checking crossbeam-deque v0.8.1
[INFO] [stderr]     Checking wasm-encoder v0.14.0
[INFO] [stderr]     Checking block-buffer v0.9.0
[INFO] [stderr]     Checking digest v0.9.0
[INFO] [stderr]    Compiling dirs-sys-next v0.1.2
[INFO] [stderr]     Checking crossbeam-channel v0.5.5
[INFO] [stderr]     Checking region v2.2.0
[INFO] [stderr]     Checking memfd v0.4.1
[INFO] [stderr]    Compiling rayon v1.5.3
[INFO] [stderr]     Checking maybe-owned v0.3.4
[INFO] [stderr]    Compiling tinyvec_macros v0.1.0
[INFO] [stderr]    Compiling async-trait v0.1.56
[INFO] [stderr]    Compiling leb128 v0.2.5
[INFO] [stderr]    Compiling pulldown-cmark v0.8.0
[INFO] [stderr]    Compiling wasmtime-cache v0.35.3
[INFO] [stderr]    Compiling wast v35.0.2
[INFO] [stderr]     Checking regex v1.6.0
[INFO] [stderr]    Compiling tinyvec v1.6.0
[INFO] [stderr]     Checking directories-next v2.0.0
[INFO] [stderr]     Checking wast v44.0.0
[INFO] [stderr]     Checking sha2 v0.9.9
[INFO] [stderr]    Compiling dirs-next v2.0.0
[INFO] [stderr]    Compiling cap-std v0.24.4
[INFO] [stderr]    Compiling bitflags v1.3.2
[INFO] [stderr]    Compiling wasmtime v0.35.3
[INFO] [stderr]    Compiling shellexpand v2.1.0
[INFO] [stderr]    Compiling id-arena v2.2.1
[INFO] [stderr]    Compiling paste v1.0.7
[INFO] [stderr]     Checking tracing-core v0.1.28
[INFO] [stderr]    Compiling wasmtime-fiber v0.35.3
[INFO] [stderr]    Compiling zstd-sys v1.6.3+zstd.1.5.2
[INFO] [stderr]    Compiling backtrace v0.3.66
[INFO] [stderr]    Compiling wasmtime-runtime v0.35.3
[INFO] [stderr]    Compiling ittapi-rs v0.2.0
[INFO] [stderr]     Checking env_logger v0.9.0
[INFO] [stderr]    Compiling psm v0.1.19
[INFO] [stderr]    Compiling unicode-normalization v0.1.21
[INFO] [stderr]     Checking fs-set-times v0.15.0
[INFO] [stderr]    Compiling wasi-common v0.35.3
[INFO] [stderr]     Checking file-per-thread-logger v0.1.5
[INFO] [stderr]    Compiling lock_api v0.4.7
[INFO] [stderr]    Compiling system-interface v0.20.0
[INFO] [stderr]    Compiling wit-bindgen-gen-wasmtime v0.1.0 (https://github.com/Mossaka/wit-bindgen?rev=8252b0e39c7495f647ec0b0898721a7c641fc6c8#8252b0e3)
[INFO] [stderr]    Compiling parking_lot_core v0.9.3
[INFO] [stderr]    Compiling cap-fs-ext v0.24.4
[INFO] [stdout] error[E0061]: this method takes 1 argument but 2 arguments were supplied
[INFO] [stdout]   --> /opt/rustwide/cargo-home/registry/src/index.crates.io-6f17d22bba15001f/cap-primitives-0.24.4/src/rustix/linux/fs/set_times_impl.rs:20:25
[INFO] [stdout]    |
[INFO] [stdout] 20 |             return file.set_times(
[INFO] [stdout]    |                         ^^^^^^^^^
[INFO] [stdout] 21 |                 atime.map(SystemTimeSpec::into_std),
[INFO] [stdout] 22 |                 mtime.map(SystemTimeSpec::into_std),
[INFO] [stdout]    |                 ----------------------------------- unexpected argument of type `Option<fs_set_times::SystemTimeSpec>`
[INFO] [stdout]    |
[INFO] [stdout] note: expected `FileTimes`, found `Option<SystemTimeSpec>`
[INFO] [stdout]   --> /opt/rustwide/cargo-home/registry/src/index.crates.io-6f17d22bba15001f/cap-primitives-0.24.4/src/rustix/linux/fs/set_times_impl.rs:21:17
[INFO] [stdout]    |
[INFO] [stdout] 21 |                 atime.map(SystemTimeSpec::into_std),
[INFO] [stdout]    |                 ^^^^^^^^^^^^^^^^^^^^^^^^^^^^^^^^^^^
[INFO] [stdout]    = note: expected struct `FileTimes`
[INFO] [stdout]                 found enum `Option<fs_set_times::SystemTimeSpec>`
[INFO] [stdout] note: method defined here
[INFO] [stdout]   --> /rustc/82e1608dfa6e0b5569232559e3d385fea5a93112/library/std/src/fs.rs:695:12
[INFO] [stdout] help: remove the extra argument
[INFO] [stdout]    |
[INFO] [stdout] 21 -                 atime.map(SystemTimeSpec::into_std),
[INFO] [stdout] 21 +                 /* FileTimes */,
[INFO] [stdout]    |
[INFO] [stdout] 
[INFO] [stdout] 
[INFO] [stdout] error[E0061]: this method takes 1 argument but 2 arguments were supplied
[INFO] [stdout]   --> /opt/rustwide/cargo-home/registry/src/index.crates.io-6f17d22bba15001f/cap-primitives-0.24.4/src/rustix/linux/fs/set_times_impl.rs:34:25
[INFO] [stdout]    |
[INFO] [stdout] 34 |             return file.set_times(
[INFO] [stdout]    |                         ^^^^^^^^^
[INFO] [stdout] 35 |                 atime.map(SystemTimeSpec::into_std),
[INFO] [stdout] 36 |                 mtime.map(SystemTimeSpec::into_std),
[INFO] [stdout]    |                 ----------------------------------- unexpected argument of type `Option<fs_set_times::SystemTimeSpec>`
[INFO] [stdout]    |
[INFO] [stdout] note: expected `FileTimes`, found `Option<SystemTimeSpec>`
[INFO] [stdout]   --> /opt/rustwide/cargo-home/registry/src/index.crates.io-6f17d22bba15001f/cap-primitives-0.24.4/src/rustix/linux/fs/set_times_impl.rs:35:17
[INFO] [stdout]    |
[INFO] [stdout] 35 |                 atime.map(SystemTimeSpec::into_std),
[INFO] [stdout]    |                 ^^^^^^^^^^^^^^^^^^^^^^^^^^^^^^^^^^^
[INFO] [stdout]    = note: expected struct `FileTimes`
[INFO] [stdout]                 found enum `Option<fs_set_times::SystemTimeSpec>`
[INFO] [stdout] note: method defined here
[INFO] [stdout]   --> /rustc/82e1608dfa6e0b5569232559e3d385fea5a93112/library/std/src/fs.rs:695:12
[INFO] [stdout] help: remove the extra argument
[INFO] [stdout]    |
[INFO] [stdout] 35 -                 atime.map(SystemTimeSpec::into_std),
[INFO] [stdout] 35 +                 /* FileTimes */,
[INFO] [stdout]    |
[INFO] [stdout] 
[INFO] [stdout] 
[INFO] [stderr]    Compiling wit-parser v0.1.0 (https://github.com/Mossaka/wit-bindgen?rev=8252b0e39c7495f647ec0b0898721a7c641fc6c8#8252b0e3)
[INFO] [stdout] error: aborting due to 2 previous errors
[INFO] [stdout] 
[INFO] [stdout] 
[INFO] [stdout] For more information about this error, try `rustc --explain E0061`.
[INFO] [stdout] 
[INFO] [stderr] error: could not compile `cap-primitives` (lib) due to 3 previous errors
[INFO] [stderr] warning: build failed, waiting for other jobs to finish...
[INFO] running `Command { std: "docker" "inspect" "0b17357d79f99256d0bdec7cadfb994c2552cd1b519fe57a30ebfa9ca2ad904a", kill_on_drop: false }`
[INFO] running `Command { std: "docker" "rm" "-f" "0b17357d79f99256d0bdec7cadfb994c2552cd1b519fe57a30ebfa9ca2ad904a", kill_on_drop: false }`
[INFO] [stdout] 0b17357d79f99256d0bdec7cadfb994c2552cd1b519fe57a30ebfa9ca2ad904a
[INFO] documenting Mossaka/wit-vtable against beta-2023-12-22 for beta-1.76-rustdoc-1
[INFO] running `Command { std: "git" "clone" "/workspace/cache/git-repos/https%3A%2F%2Fgithub.com%2FMossaka%2Fwit-vtable" "/workspace/builds/worker-7-tc2/source", kill_on_drop: false }`
[INFO] [stderr] Cloning into '/workspace/builds/worker-7-tc2/source'...
[INFO] [stderr] done.
[INFO] validating manifest of git repo https://github.com/Mossaka/wit-vtable on toolchain beta-2023-12-22
[INFO] running `Command { std: CARGO_HOME="/workspace/cargo-home" RUSTUP_HOME="/workspace/rustup-home" "/workspace/cargo-home/bin/cargo" "+beta-2023-12-22" "metadata" "--manifest-path" "Cargo.toml" "--no-deps", kill_on_drop: false }`
[INFO] started tweaking git repo https://github.com/Mossaka/wit-vtable
[INFO] finished tweaking git repo https://github.com/Mossaka/wit-vtable
[INFO] tweaked toml for git repo https://github.com/Mossaka/wit-vtable written to /workspace/builds/worker-7-tc2/source/Cargo.toml
[INFO] crate git repo https://github.com/Mossaka/wit-vtable already has a lockfile, it will not be regenerated
[INFO] running `Command { std: CARGO_HOME="/workspace/cargo-home" RUSTUP_HOME="/workspace/rustup-home" "/workspace/cargo-home/bin/cargo" "+beta-2023-12-22" "fetch" "--manifest-path" "Cargo.toml", kill_on_drop: false }`
[INFO] running `Command { std: "docker" "create" "-v" "/var/lib/crater-agent-workspace/builds/worker-7-tc2/target:/opt/rustwide/target:rw,Z" "-v" "/var/lib/crater-agent-workspace/builds/worker-7-tc2/source:/opt/rustwide/workdir:ro,Z" "-v" "/var/lib/crater-agent-workspace/cargo-home:/opt/rustwide/cargo-home:ro,Z" "-v" "/var/lib/crater-agent-workspace/rustup-home:/opt/rustwide/rustup-home:ro,Z" "-e" "SOURCE_DIR=/opt/rustwide/workdir" "-e" "CARGO_TARGET_DIR=/opt/rustwide/target" "-e" "CARGO_HOME=/opt/rustwide/cargo-home" "-e" "RUSTUP_HOME=/opt/rustwide/rustup-home" "-w" "/opt/rustwide/workdir" "-m" "1610612736" "--user" "0:0" "--network" "none" "ghcr.io/rust-lang/crates-build-env/linux@sha256:2788e3201cd34a07e3172128adcd8b3090168a8e3bcc40d7c032b9dda1df7d1c" "/opt/rustwide/cargo-home/bin/cargo" "+beta-2023-12-22" "metadata" "--no-deps" "--format-version=1", kill_on_drop: false }`
[INFO] [stdout] d8ae88597799ca3847c1a18161979ed1205e4af9dec4e63aff427b413f69f552
[INFO] running `Command { std: "docker" "start" "-a" "d8ae88597799ca3847c1a18161979ed1205e4af9dec4e63aff427b413f69f552", kill_on_drop: false }`
[INFO] running `Command { std: "docker" "inspect" "d8ae88597799ca3847c1a18161979ed1205e4af9dec4e63aff427b413f69f552", kill_on_drop: false }`
[INFO] running `Command { std: "docker" "rm" "-f" "d8ae88597799ca3847c1a18161979ed1205e4af9dec4e63aff427b413f69f552", kill_on_drop: false }`
[INFO] [stdout] d8ae88597799ca3847c1a18161979ed1205e4af9dec4e63aff427b413f69f552
[INFO] running `Command { std: "docker" "create" "-v" "/var/lib/crater-agent-workspace/builds/worker-7-tc2/target:/opt/rustwide/target:rw,Z" "-v" "/var/lib/crater-agent-workspace/builds/worker-7-tc2/source:/opt/rustwide/workdir:ro,Z" "-v" "/var/lib/crater-agent-workspace/cargo-home:/opt/rustwide/cargo-home:ro,Z" "-v" "/var/lib/crater-agent-workspace/rustup-home:/opt/rustwide/rustup-home:ro,Z" "-e" "SOURCE_DIR=/opt/rustwide/workdir" "-e" "CARGO_TARGET_DIR=/opt/rustwide/target" "-e" "CARGO_INCREMENTAL=0" "-e" "RUST_BACKTRACE=full" "-e" "RUSTFLAGS=--cap-lints=warn" "-e" "RUSTDOCFLAGS=--cap-lints=warn" "-e" "CARGO_HOME=/opt/rustwide/cargo-home" "-e" "RUSTUP_HOME=/opt/rustwide/rustup-home" "-w" "/opt/rustwide/workdir" "-m" "1610612736" "--user" "0:0" "--network" "none" "ghcr.io/rust-lang/crates-build-env/linux@sha256:2788e3201cd34a07e3172128adcd8b3090168a8e3bcc40d7c032b9dda1df7d1c" "/opt/rustwide/cargo-home/bin/cargo" "+beta-2023-12-22" "doc" "--frozen" "--no-deps" "--document-private-items" "--message-format=json", kill_on_drop: false }`
[INFO] [stdout] fa237b3f6863ce04197db7b1c304ba31da851aa74385a92f8bd327c5117b5c45
[INFO] running `Command { std: "docker" "start" "-a" "fa237b3f6863ce04197db7b1c304ba31da851aa74385a92f8bd327c5117b5c45", kill_on_drop: false }`
[INFO] [stderr]    Compiling proc-macro2 v1.0.40
[INFO] [stderr]    Compiling syn v1.0.98
[INFO] [stderr]    Compiling serde_derive v1.0.139
[INFO] [stderr]     Checking once_cell v1.13.0
[INFO] [stderr]    Compiling serde v1.0.139
[INFO] [stderr]    Compiling io-lifetimes v0.5.3
[INFO] [stderr]    Compiling rustix v0.33.7
[INFO] [stderr]    Compiling libc v0.2.126
[INFO] [stderr]    Compiling indexmap v1.9.1
[INFO] [stderr]    Compiling anyhow v1.0.58
[INFO] [stderr]     Checking itoa v1.0.2
[INFO] [stderr]     Checking linux-raw-sys v0.0.42
[INFO] [stderr]    Compiling target-lexicon v0.12.4
[INFO] [stderr]    Compiling cranelift-codegen-shared v0.82.3
[INFO] [stderr]    Compiling crossbeam-utils v0.8.10
[INFO] [stderr]     Checking getrandom v0.2.7
[INFO] [stderr]    Compiling cranelift-codegen-meta v0.82.3
[INFO] [stderr]    Compiling generic-array v0.14.5
[INFO] [stderr]     Checking wasmparser v0.83.0
[INFO] [stderr]     Checking rand_core v0.6.3
[INFO] [stderr]     Checking regalloc v0.0.34
[INFO] [stderr]    Compiling crossbeam-epoch v0.9.9
[INFO] [stderr]     Checking rand_chacha v0.3.1
[INFO] [stderr]    Compiling zstd-safe v4.1.6+zstd.1.5.2
[INFO] [stderr]    Compiling rayon-core v1.9.3
[INFO] [stderr]     Checking regex-syntax v0.6.27
[INFO] [stderr]    Compiling io-extras v0.13.2
[INFO] [stderr]     Checking miniz_oxide v0.5.3
[INFO] [stderr]     Checking rand v0.8.5
[INFO] [stderr]     Checking object v0.29.0
[INFO] [stderr]    Compiling jobserver v0.1.24
[INFO] [stderr]     Checking num_cpus v1.13.1
[INFO] [stderr]    Compiling unicase v2.6.0
[INFO] [stderr]    Compiling cpp_demangle v0.3.5
[INFO] [stderr]     Checking ambient-authority v0.0.1
[INFO] [stderr]    Compiling cc v1.0.73
[INFO] [stderr]    Compiling quote v1.0.20
[INFO] [stderr]    Compiling cap-primitives v0.24.4
[INFO] [stderr]     Checking crossbeam-deque v0.8.1
[INFO] [stderr]     Checking wasm-encoder v0.14.0
[INFO] [stderr]     Checking block-buffer v0.9.0
[INFO] [stderr]     Checking digest v0.9.0
[INFO] [stderr]    Compiling dirs-sys-next v0.1.2
[INFO] [stderr]     Checking crossbeam-channel v0.5.5
[INFO] [stderr]     Checking region v2.2.0
[INFO] [stderr]     Checking memfd v0.4.1
[INFO] [stderr]    Compiling rayon v1.5.3
[INFO] [stderr]    Compiling wasmtime-cache v0.35.3
[INFO] [stderr]    Compiling pulldown-cmark v0.8.0
[INFO] [stderr]    Compiling leb128 v0.2.5
[INFO] [stderr]    Compiling async-trait v0.1.56
[INFO] [stderr]     Checking maybe-owned v0.3.4
[INFO] [stderr]    Compiling tinyvec_macros v0.1.0
[INFO] [stderr]     Checking regex v1.6.0
[INFO] [stderr]    Compiling tinyvec v1.6.0
[INFO] [stderr]    Compiling wast v35.0.2
[INFO] [stderr]     Checking sha2 v0.9.9
[INFO] [stderr]     Checking directories-next v2.0.0
[INFO] [stderr]     Checking wast v44.0.0
[INFO] [stderr]    Compiling dirs-next v2.0.0
[INFO] [stderr]    Compiling cap-std v0.24.4
[INFO] [stderr]    Compiling bitflags v1.3.2
[INFO] [stderr]    Compiling wasmtime v0.35.3
[INFO] [stderr]    Compiling shellexpand v2.1.0
[INFO] [stderr]    Compiling id-arena v2.2.1
[INFO] [stderr]    Compiling paste v1.0.7
[INFO] [stderr]    Compiling zstd-sys v1.6.3+zstd.1.5.2
[INFO] [stderr]    Compiling wasmtime-fiber v0.35.3
[INFO] [stderr]    Compiling backtrace v0.3.66
[INFO] [stderr]    Compiling ittapi-rs v0.2.0
[INFO] [stderr]    Compiling wasmtime-runtime v0.35.3
[INFO] [stderr]     Checking env_logger v0.9.0
[INFO] [stderr]    Compiling psm v0.1.19
[INFO] [stderr]    Compiling unicode-normalization v0.1.21
[INFO] [stderr]     Checking fs-set-times v0.15.0
[INFO] [stderr]     Checking tracing-core v0.1.28
[INFO] [stderr]     Checking file-per-thread-logger v0.1.5
[INFO] [stderr]    Compiling wasi-common v0.35.3
[INFO] [stderr]    Compiling lock_api v0.4.7
[INFO] [stderr]    Compiling cap-fs-ext v0.24.4
[INFO] [stderr]    Compiling parking_lot_core v0.9.3
[INFO] [stdout] error[E0061]: this method takes 1 argument but 2 arguments were supplied
[INFO] [stdout]   --> /opt/rustwide/cargo-home/registry/src/index.crates.io-6f17d22bba15001f/cap-primitives-0.24.4/src/rustix/linux/fs/set_times_impl.rs:20:25
[INFO] [stdout]    |
[INFO] [stdout] 20 |             return file.set_times(
[INFO] [stdout]    |                         ^^^^^^^^^
[INFO] [stdout] 21 |                 atime.map(SystemTimeSpec::into_std),
[INFO] [stdout] 22 |                 mtime.map(SystemTimeSpec::into_std),
[INFO] [stdout]    |                 ----------------------------------- unexpected argument of type `Option<fs_set_times::SystemTimeSpec>`
[INFO] [stdout]    |
[INFO] [stdout] note: expected `FileTimes`, found `Option<SystemTimeSpec>`
[INFO] [stdout]   --> /opt/rustwide/cargo-home/registry/src/index.crates.io-6f17d22bba15001f/cap-primitives-0.24.4/src/rustix/linux/fs/set_times_impl.rs:21:17
[INFO] [stdout]    |
[INFO] [stdout] 21 |                 atime.map(SystemTimeSpec::into_std),
[INFO] [stdout]    |                 ^^^^^^^^^^^^^^^^^^^^^^^^^^^^^^^^^^^
[INFO] [stdout]    = note: expected struct `FileTimes`
[INFO] [stdout]                 found enum `Option<fs_set_times::SystemTimeSpec>`
[INFO] [stdout] note: method defined here
[INFO] [stdout]   --> /rustc/0e09125c6c3c2fd70d7de961bcf0e51575235fad/library/std/src/fs.rs:695:12
[INFO] [stdout] help: remove the extra argument
[INFO] [stdout]    |
[INFO] [stdout] 21 -                 atime.map(SystemTimeSpec::into_std),
[INFO] [stdout] 21 +                 /* FileTimes */,
[INFO] [stdout]    |
[INFO] [stdout] 
[INFO] [stdout] 
[INFO] [stdout] error[E0061]: this method takes 1 argument but 2 arguments were supplied
[INFO] [stdout]   --> /opt/rustwide/cargo-home/registry/src/index.crates.io-6f17d22bba15001f/cap-primitives-0.24.4/src/rustix/linux/fs/set_times_impl.rs:34:25
[INFO] [stdout]    |
[INFO] [stdout] 34 |             return file.set_times(
[INFO] [stdout]    |                         ^^^^^^^^^
[INFO] [stdout] 35 |                 atime.map(SystemTimeSpec::into_std),
[INFO] [stdout] 36 |                 mtime.map(SystemTimeSpec::into_std),
[INFO] [stdout]    |                 ----------------------------------- unexpected argument of type `Option<fs_set_times::SystemTimeSpec>`
[INFO] [stdout]    |
[INFO] [stdout] note: expected `FileTimes`, found `Option<SystemTimeSpec>`
[INFO] [stdout]   --> /opt/rustwide/cargo-home/registry/src/index.crates.io-6f17d22bba15001f/cap-primitives-0.24.4/src/rustix/linux/fs/set_times_impl.rs:35:17
[INFO] [stdout]    |
[INFO] [stdout] 35 |                 atime.map(SystemTimeSpec::into_std),
[INFO] [stdout]    |                 ^^^^^^^^^^^^^^^^^^^^^^^^^^^^^^^^^^^
[INFO] [stdout]    = note: expected struct `FileTimes`
[INFO] [stdout]                 found enum `Option<fs_set_times::SystemTimeSpec>`
[INFO] [stdout] note: method defined here
[INFO] [stdout]   --> /rustc/0e09125c6c3c2fd70d7de961bcf0e51575235fad/library/std/src/fs.rs:695:12
[INFO] [stdout] help: remove the extra argument
[INFO] [stdout]    |
[INFO] [stdout] 35 -                 atime.map(SystemTimeSpec::into_std),
[INFO] [stdout] 35 +                 /* FileTimes */,
[INFO] [stdout]    |
[INFO] [stdout] 
[INFO] [stdout] 
[INFO] [stderr]    Compiling wit-bindgen-gen-wasmtime v0.1.0 (https://github.com/Mossaka/wit-bindgen?rev=8252b0e39c7495f647ec0b0898721a7c641fc6c8#8252b0e3)
[INFO] [stdout] error: aborting due to 2 previous errors
[INFO] [stdout] 
[INFO] [stdout] 
[INFO] [stdout] For more information about this error, try `rustc --explain E0061`.
[INFO] [stdout] 
[INFO] [stderr] error: could not compile `cap-primitives` (lib) due to 3 previous errors
[INFO] [stderr] warning: build failed, waiting for other jobs to finish...
[INFO] running `Command { std: "docker" "inspect" "fa237b3f6863ce04197db7b1c304ba31da851aa74385a92f8bd327c5117b5c45", kill_on_drop: false }`
[INFO] running `Command { std: "docker" "rm" "-f" "fa237b3f6863ce04197db7b1c304ba31da851aa74385a92f8bd327c5117b5c45", kill_on_drop: false }`
[INFO] [stdout] fa237b3f6863ce04197db7b1c304ba31da851aa74385a92f8bd327c5117b5c45
