[INFO] cloning repository https://github.com/Mossaka/containerd-shim-cehostshim-v1
[INFO] running `Command { std: "git" "-c" "credential.helper=" "-c" "credential.helper=/workspace/cargo-home/bin/git-credential-null" "clone" "--bare" "https://github.com/Mossaka/containerd-shim-cehostshim-v1" "/workspace/cache/git-repos/https%3A%2F%2Fgithub.com%2FMossaka%2Fcontainerd-shim-cehostshim-v1", kill_on_drop: false }`
[INFO] [stderr] Cloning into bare repository '/workspace/cache/git-repos/https%3A%2F%2Fgithub.com%2FMossaka%2Fcontainerd-shim-cehostshim-v1'...
[INFO] running `Command { std: "git" "rev-parse" "HEAD", kill_on_drop: false }`
[INFO] [stdout] c5a070a2834d4250e900e33f8036d634c1c0a3b7
[INFO] documenting Mossaka/containerd-shim-cehostshim-v1 against 1.75.0 for beta-1.76-rustdoc-1
[INFO] running `Command { std: "git" "clone" "/workspace/cache/git-repos/https%3A%2F%2Fgithub.com%2FMossaka%2Fcontainerd-shim-cehostshim-v1" "/workspace/builds/worker-0-tc1/source", kill_on_drop: false }`
[INFO] [stderr] Cloning into '/workspace/builds/worker-0-tc1/source'...
[INFO] [stderr] done.
[INFO] validating manifest of git repo https://github.com/Mossaka/containerd-shim-cehostshim-v1 on toolchain 1.75.0
[INFO] running `Command { std: CARGO_HOME="/workspace/cargo-home" RUSTUP_HOME="/workspace/rustup-home" "/workspace/cargo-home/bin/cargo" "+1.75.0" "metadata" "--manifest-path" "Cargo.toml" "--no-deps", kill_on_drop: false }`
[INFO] started tweaking git repo https://github.com/Mossaka/containerd-shim-cehostshim-v1
[INFO] finished tweaking git repo https://github.com/Mossaka/containerd-shim-cehostshim-v1
[INFO] tweaked toml for git repo https://github.com/Mossaka/containerd-shim-cehostshim-v1 written to /workspace/builds/worker-0-tc1/source/Cargo.toml
[INFO] crate git repo https://github.com/Mossaka/containerd-shim-cehostshim-v1 already has a lockfile, it will not be regenerated
[INFO] running `Command { std: CARGO_HOME="/workspace/cargo-home" RUSTUP_HOME="/workspace/rustup-home" "/workspace/cargo-home/bin/cargo" "+1.75.0" "fetch" "--manifest-path" "Cargo.toml", kill_on_drop: false }`
[INFO] [stderr] warning: virtual workspace defaulting to `resolver = "1"` despite one or more workspace members being on edition 2021 which implies `resolver = "2"`
[INFO] [stderr] note: to keep the current resolver, specify `workspace.resolver = "1"` in the workspace root's manifest
[INFO] [stderr] note: to use the edition 2021 resolver, specify `workspace.resolver = "2"` in the workspace root's manifest
[INFO] [stderr] note: for more details see https://doc.rust-lang.org/cargo/reference/resolver.html#resolver-versions
[INFO] [stderr]     Updating crates.io index
[INFO] [stderr]     Updating git repository `https://github.com/Mossaka/runwasi`
[INFO] [stderr]     Updating git repository `https://github.com/Mossaka/sdk-rust.git`
[INFO] [stderr]     Updating git repository `https://github.com/bytecodealliance/wit-bindgen`
[INFO] [stderr]     Updating git repository `https://github.com/danbugs/spin`
[INFO] [stderr] warning: skipping duplicate package `spinhelloworld` found at `/workspace/cargo-home/git/checkouts/spin-70e05f0f1aa9cfa3/635f4d7/tests/http/simple-spin-rust`
[INFO] [stderr]     Updating git repository `https://github.com/deislabs/wagi`
[INFO] [stderr]     Updating git repository `https://github.com/deislabs/wasi-experimental-http`
[INFO] [stderr]  Downloading crates ...
[INFO] [stderr]   Downloaded fs-set-times v0.15.0
[INFO] [stderr]   Downloaded is-terminal v0.1.0
[INFO] [stderr]   Downloaded hyperx v0.13.2
[INFO] [stderr]   Downloaded command-fds v0.2.2
[INFO] [stderr]   Downloaded biscuit v0.5.0
[INFO] [stderr]   Downloaded cranelift-codegen-shared v0.81.2
[INFO] [stderr]   Downloaded shellexpand v2.1.0
[INFO] [stderr]   Downloaded oci-spec v0.5.6
[INFO] [stderr]   Downloaded validator_types v0.12.0
[INFO] [stderr]   Downloaded cap-rand v0.24.3
[INFO] [stderr]   Downloaded winx v0.31.0
[INFO] [stderr]   Downloaded prctl v1.0.0
[INFO] [stderr]   Downloaded wasmtime-cache v0.34.2
[INFO] [stderr]   Downloaded cap-std v0.24.3
[INFO] [stderr]   Downloaded ttrpc v0.6.1
[INFO] [stderr]   Downloaded rustls v0.20.5
[INFO] [stderr]   Downloaded cranelift-codegen v0.81.2
[INFO] [stderr]   Downloaded io-extras v0.13.2
[INFO] [stderr]   Downloaded wasmtime v0.34.2
[INFO] [stderr]   Downloaded tokio-tar v0.3.0
[INFO] [stderr]   Downloaded rouille v3.5.0
[INFO] [stderr]   Downloaded wasmparser v0.82.0
[INFO] [stderr]   Downloaded system-interface v0.20.0
[INFO] [stderr]   Downloaded cranelift-entity v0.81.2
[INFO] [stderr]   Downloaded oauth2 v4.2.0
[INFO] [stderr]   Downloaded deflate v0.9.1
[INFO] [stderr]   Downloaded oci-distribution v0.6.0
[INFO] [stderr]   Downloaded go-flag v0.1.0
[INFO] [stderr]   Downloaded protobuf-codegen-pure v2.27.1
[INFO] [stderr]   Downloaded psm v0.1.18
[INFO] [stderr]   Downloaded wat v1.0.42
[INFO] [stderr]   Downloaded wasmtime-types v0.34.2
[INFO] [stderr]   Downloaded bcrypt v0.10.1
[INFO] [stderr]   Downloaded path-absolutize v3.0.13
[INFO] [stderr]   Downloaded wast v40.0.0
[INFO] [stderr]   Downloaded wasi-cap-std-sync v0.34.2
[INFO] [stderr]   Downloaded ambient-authority v0.0.1
[INFO] [stderr]   Downloaded validator v0.12.0
[INFO] [stderr]   Downloaded validator_derive v0.12.0
[INFO] [stderr]   Downloaded cranelift-native v0.81.2
[INFO] [stderr]   Downloaded path-dedot v3.0.17
[INFO] [stderr]   Downloaded hermit-abi v0.2.0
[INFO] [stderr]   Downloaded cap-time-ext v0.24.3
[INFO] [stderr]   Downloaded blowfish v0.8.0
[INFO] [stderr]   Downloaded ttrpc v0.5.3
[INFO] [stderr]   Downloaded sanitize-filename v0.3.0
[INFO] [stderr]   Downloaded www-authenticate v0.3.0
[INFO] [stderr]   Downloaded url-escape v0.1.1
[INFO] [stderr]   Downloaded protobuf-codegen v2.27.1
[INFO] [stderr]   Downloaded cranelift-wasm v0.81.2
[INFO] [stderr]   Downloaded wasmtime-wasi v0.34.2
[INFO] [stderr]   Downloaded env-file-reader v0.2.0
[INFO] [stderr]   Downloaded wiggle-macro v0.34.2
[INFO] [stderr]   Downloaded wasmtime-fiber v0.34.2
[INFO] [stderr]   Downloaded wasi-experimental-http-wasmtime v0.9.0
[INFO] [stderr]   Downloaded cap-fs-ext v0.24.3
[INFO] [stderr]   Downloaded wasmtime-environ v0.34.2
[INFO] [stderr]   Downloaded docker_credential v1.0.1
[INFO] [stderr]   Downloaded wasmtime-jit v0.34.2
[INFO] [stderr]   Downloaded wiggle v0.34.2
[INFO] [stderr]   Downloaded containerd-shim v0.3.0
[INFO] [stderr]   Downloaded wiggle-generate v0.34.2
[INFO] [stderr]   Downloaded tls-listener v0.4.3
[INFO] [stderr]   Downloaded cranelift-frontend v0.81.2
[INFO] [stderr]   Downloaded cranelift-bforest v0.81.2
[INFO] [stderr]   Downloaded openid v0.9.4
[INFO] [stderr]   Downloaded cranelift-codegen-meta v0.81.2
[INFO] [stderr]   Downloaded cap-primitives v0.24.3
[INFO] [stderr]   Downloaded wasmtime-runtime v0.34.2
[INFO] [stderr]   Downloaded bindle v0.8.0
[INFO] [stderr]   Downloaded wasmtime-cranelift v0.34.2
[INFO] [stderr]   Downloaded containerd-shim-protos v0.2.0
[INFO] [stderr]   Downloaded containerd-shim-protos v0.1.2
[INFO] [stderr]   Downloaded wasi-common v0.34.2
[INFO] running `Command { std: "docker" "create" "-v" "/var/lib/crater-agent-workspace/builds/worker-0-tc1/target:/opt/rustwide/target:rw,Z" "-v" "/var/lib/crater-agent-workspace/builds/worker-0-tc1/source:/opt/rustwide/workdir:ro,Z" "-v" "/var/lib/crater-agent-workspace/cargo-home:/opt/rustwide/cargo-home:ro,Z" "-v" "/var/lib/crater-agent-workspace/rustup-home:/opt/rustwide/rustup-home:ro,Z" "-e" "SOURCE_DIR=/opt/rustwide/workdir" "-e" "CARGO_TARGET_DIR=/opt/rustwide/target" "-e" "CARGO_HOME=/opt/rustwide/cargo-home" "-e" "RUSTUP_HOME=/opt/rustwide/rustup-home" "-w" "/opt/rustwide/workdir" "-m" "1610612736" "--user" "0:0" "--network" "none" "ghcr.io/rust-lang/crates-build-env/linux@sha256:2788e3201cd34a07e3172128adcd8b3090168a8e3bcc40d7c032b9dda1df7d1c" "/opt/rustwide/cargo-home/bin/cargo" "+1.75.0" "metadata" "--no-deps" "--format-version=1", kill_on_drop: false }`
[INFO] [stdout] 5bc483601037c8d6a70e1c0b6b58e32c734a11e58b0160d6f4340caaa0f7cae8
[INFO] running `Command { std: "docker" "start" "-a" "5bc483601037c8d6a70e1c0b6b58e32c734a11e58b0160d6f4340caaa0f7cae8", kill_on_drop: false }`
[INFO] running `Command { std: "docker" "inspect" "5bc483601037c8d6a70e1c0b6b58e32c734a11e58b0160d6f4340caaa0f7cae8", kill_on_drop: false }`
[INFO] running `Command { std: "docker" "rm" "-f" "5bc483601037c8d6a70e1c0b6b58e32c734a11e58b0160d6f4340caaa0f7cae8", kill_on_drop: false }`
[INFO] [stdout] 5bc483601037c8d6a70e1c0b6b58e32c734a11e58b0160d6f4340caaa0f7cae8
[INFO] running `Command { std: "docker" "create" "-v" "/var/lib/crater-agent-workspace/builds/worker-0-tc1/target:/opt/rustwide/target:rw,Z" "-v" "/var/lib/crater-agent-workspace/builds/worker-0-tc1/source:/opt/rustwide/workdir:ro,Z" "-v" "/var/lib/crater-agent-workspace/cargo-home:/opt/rustwide/cargo-home:ro,Z" "-v" "/var/lib/crater-agent-workspace/rustup-home:/opt/rustwide/rustup-home:ro,Z" "-e" "SOURCE_DIR=/opt/rustwide/workdir" "-e" "CARGO_TARGET_DIR=/opt/rustwide/target" "-e" "CARGO_INCREMENTAL=0" "-e" "RUST_BACKTRACE=full" "-e" "RUSTFLAGS=--cap-lints=warn" "-e" "RUSTDOCFLAGS=--cap-lints=warn" "-e" "CARGO_HOME=/opt/rustwide/cargo-home" "-e" "RUSTUP_HOME=/opt/rustwide/rustup-home" "-w" "/opt/rustwide/workdir" "-m" "1610612736" "--user" "0:0" "--network" "none" "ghcr.io/rust-lang/crates-build-env/linux@sha256:2788e3201cd34a07e3172128adcd8b3090168a8e3bcc40d7c032b9dda1df7d1c" "/opt/rustwide/cargo-home/bin/cargo" "+1.75.0" "doc" "--frozen" "--no-deps" "--document-private-items" "--message-format=json", kill_on_drop: false }`
[INFO] [stdout] 86ce1d2c2e5c6a72568a3ee7136f46b41e6f38600095a76775fe9bbf0e67b602
[INFO] running `Command { std: "docker" "start" "-a" "86ce1d2c2e5c6a72568a3ee7136f46b41e6f38600095a76775fe9bbf0e67b602", kill_on_drop: false }`
[INFO] [stderr] warning: virtual workspace defaulting to `resolver = "1"` despite one or more workspace members being on edition 2021 which implies `resolver = "2"`
[INFO] [stderr] note: to keep the current resolver, specify `workspace.resolver = "1"` in the workspace root's manifest
[INFO] [stderr] note: to use the edition 2021 resolver, specify `workspace.resolver = "2"` in the workspace root's manifest
[INFO] [stderr] note: for more details see https://doc.rust-lang.org/cargo/reference/resolver.html#resolver-versions
[INFO] [stderr] warning: skipping duplicate package `spinhelloworld` found at `/opt/rustwide/cargo-home/git/checkouts/spin-70e05f0f1aa9cfa3/635f4d7/tests/http/simple-spin-rust`
[INFO] [stderr]    Compiling libc v0.2.126
[INFO] [stderr]    Compiling syn v1.0.95
[INFO] [stderr]    Compiling memchr v2.5.0
[INFO] [stderr]    Compiling serde_derive v1.0.137
[INFO] [stderr]    Compiling serde v1.0.137
[INFO] [stderr]     Checking once_cell v1.10.0
[INFO] [stderr]     Checking itoa v1.0.2
[INFO] [stderr]     Checking smallvec v1.8.0
[INFO] [stderr]    Compiling indexmap v1.6.2
[INFO] [stderr]    Compiling typenum v1.15.0
[INFO] [stderr]    Compiling generic-array v0.14.5
[INFO] [stderr]     Checking ppv-lite86 v0.2.16
[INFO] [stderr]     Checking base64 v0.13.0
[INFO] [stderr]    Compiling anyhow v1.0.57
[INFO] [stderr]     Checking tracing-core v0.1.26
[INFO] [stderr]    Compiling lock_api v0.4.7
[INFO] [stderr]     Checking bytes v1.1.0
[INFO] [stderr]     Checking regex-syntax v0.6.25
[INFO] [stderr]    Compiling io-lifetimes v0.5.3
[INFO] [stderr]    Compiling parking_lot_core v0.9.3
[INFO] [stderr]    Compiling rustix v0.33.7
[INFO] [stderr]     Checking cpufeatures v0.2.2
[INFO] [stderr]    Compiling futures-core v0.3.21
[INFO] [stderr]     Checking linux-raw-sys v0.0.42
[INFO] [stderr]     Checking opaque-debug v0.3.0
[INFO] [stderr]     Checking stable_deref_trait v1.2.0
[INFO] [stderr]     Checking fallible-iterator v0.2.0
[INFO] [stderr]    Compiling target-lexicon v0.12.3
[INFO] [stderr]    Compiling crossbeam-utils v0.8.8
[INFO] [stderr]     Checking byteorder v1.4.3
[INFO] [stderr]     Checking matches v0.1.9
[INFO] [stderr]    Compiling cranelift-codegen-shared v0.81.2
[INFO] [stderr]     Checking tinyvec v1.6.0
[INFO] [stderr]    Compiling cranelift-codegen-meta v0.81.2
[INFO] [stderr]     Checking aho-corasick v0.7.18
[INFO] [stderr]    Compiling crossbeam-epoch v0.9.8
[INFO] [stderr]     Checking ryu v1.0.10
[INFO] [stderr]    Compiling serde_json v1.0.81
[INFO] [stderr]     Checking futures-sink v0.3.21
[INFO] [stderr]    Compiling num-traits v0.2.15
[INFO] [stderr]     Checking spin v0.5.2
[INFO] [stderr]     Checking wasmparser v0.82.0
[INFO] [stderr]     Checking unicode-bidi v0.3.8
[INFO] [stderr]     Checking untrusted v0.7.1
[INFO] [stderr]     Checking regalloc v0.0.34
[INFO] [stderr]    Compiling futures-channel v0.3.21
[INFO] [stderr]     Checking ipnet v2.5.0
[INFO] [stderr]    Compiling httparse v1.7.1
[INFO] [stderr]    Compiling futures-task v0.3.21
[INFO] [stderr]    Compiling unicode-segmentation v1.9.0
[INFO] [stderr]     Checking either v1.6.1
[INFO] [stderr]    Compiling num-integer v0.1.45
[INFO] [stderr]     Checking more-asserts v0.2.2
[INFO] [stderr]    Compiling rayon-core v1.9.3
[INFO] [stderr]     Checking unicode-normalization v0.1.19
[INFO] [stderr]    Compiling async-trait v0.1.53
[INFO] [stderr]    Compiling zstd-safe v4.1.6+zstd.1.5.2
[INFO] [stderr]     Checking num_cpus v1.13.1
[INFO] [stderr]     Checking getrandom v0.2.6
[INFO] [stderr]    Compiling jobserver v0.1.24
[INFO] [stderr]     Checking signal-hook-registry v1.4.0
[INFO] [stderr]     Checking rand_core v0.6.3
[INFO] [stderr]     Checking socket2 v0.4.4
[INFO] [stderr]     Checking mio v0.8.3
[INFO] [stderr]    Compiling cc v1.0.73
[INFO] [stderr]     Checking rand_chacha v0.3.1
[INFO] [stderr]    Compiling heck v0.3.3
[INFO] [stderr]     Checking parking_lot v0.12.0
[INFO] [stderr]     Checking atty v0.2.14
[INFO] [stderr]     Checking rand v0.8.5
[INFO] [stderr]    Compiling futures-util v0.3.21
[INFO] [stderr]     Checking digest v0.9.0
[INFO] [stderr]     Checking block-buffer v0.9.0
[INFO] [stderr]     Checking form_urlencoded v1.0.1
[INFO] [stderr]     Checking object v0.28.4
[INFO] [stderr]     Checking regex v1.5.5
[INFO] [stderr]     Checking sha2 v0.9.9
[INFO] [stderr]     Checking termcolor v1.1.3
[INFO] [stderr]    Compiling cpp_demangle v0.3.5
[INFO] [stderr]     Checking slab v0.4.6
[INFO] [stderr]     Checking futures-io v0.3.21
[INFO] [stderr]     Checking humantime v2.1.0
[INFO] [stderr]     Checking idna v0.2.3
[INFO] [stderr]     Checking dirs-sys-next v0.1.2
[INFO] [stderr]     Checking region v2.2.0
[INFO] [stderr]     Checking itertools v0.10.3
[INFO] [stderr]     Checking crossbeam-deque v0.8.1
[INFO] [stderr]     Checking crossbeam-channel v0.5.4
[INFO] [stderr]     Checking http v0.2.7
[INFO] [stderr]    Compiling rayon v1.5.3
[INFO] [stderr]    Compiling wasmtime-cache v0.34.2
[INFO] [stderr]     Checking leb128 v0.2.5
[INFO] [stderr]     Checking directories-next v2.0.0
[INFO] [stderr]     Checking wast v40.0.0
[INFO] [stderr]    Compiling unicode-xid v0.2.3
[INFO] [stderr]    Compiling wasmtime v0.34.2
[INFO] [stderr]    Compiling io-extras v0.13.2
[INFO] [stderr]    Compiling ring v0.16.20
[INFO] [stderr]    Compiling zstd-sys v1.6.3+zstd.1.5.2
[INFO] [stderr]    Compiling wasmtime-fiber v0.34.2
[INFO] [stderr]    Compiling backtrace v0.3.65
[INFO] [stderr]    Compiling wasmtime-runtime v0.34.2
[INFO] [stderr]     Checking env_logger v0.9.0
[INFO] [stderr]    Compiling psm v0.1.18
[INFO] [stderr]    Compiling paste v1.0.7
[INFO] [stderr]     Checking ambient-authority v0.0.1
[INFO] [stderr]    Compiling pkg-config v0.3.25
[INFO] [stderr]     Checking file-per-thread-logger v0.1.5
[INFO] [stderr]    Compiling cap-primitives v0.24.3
[INFO] [stderr]     Checking mime v0.3.16
[INFO] [stderr]     Checking maybe-owned v0.3.4
[INFO] [stderr]    Compiling wast v35.0.2
[INFO] [stderr]    Compiling dirs-next v2.0.0
[INFO] [stderr]     Checking fs-set-times v0.15.0
[INFO] [stderr]    Compiling log v0.4.17
[INFO] [stderr]     Checking time v0.1.44
[INFO] [stderr]    Compiling cap-std v0.24.3
[INFO] [stderr]    Compiling shellexpand v2.1.0
[INFO] [stderr]    Compiling wasi-common v0.34.2
[INFO] [stderr]    Compiling openssl-sys v0.9.73
[INFO] [stderr]     Checking try-lock v0.2.3
[INFO] [stderr]    Compiling protobuf v2.27.1
[INFO] [stderr]     Checking httpdate v1.0.2
[INFO] [stderr]    Compiling cranelift-codegen v0.81.2
[INFO] [stderr]     Checking want v0.3.0
[INFO] [stderr]     Checking http-body v0.4.4
[INFO] [stderr]    Compiling proc-macro-error-attr v1.0.4
[INFO] [stdout] error[E0061]: this method takes 1 argument but 2 arguments were supplied
[INFO] [stdout]   --> /opt/rustwide/cargo-home/registry/src/index.crates.io-6f17d22bba15001f/cap-primitives-0.24.3/src/rustix/linux/fs/set_times_impl.rs:20:25
[INFO] [stdout]    |
[INFO] [stdout] 20 |             return file.set_times(
[INFO] [stdout]    |                         ^^^^^^^^^
[INFO] [stdout] 21 |                 atime.map(SystemTimeSpec::into_std),
[INFO] [stdout] 22 |                 mtime.map(SystemTimeSpec::into_std),
[INFO] [stdout]    |                 ----------------------------------- unexpected argument of type `Option<fs_set_times::SystemTimeSpec>`
[INFO] [stdout]    |
[INFO] [stdout] note: expected `FileTimes`, found `Option<SystemTimeSpec>`
[INFO] [stdout]   --> /opt/rustwide/cargo-home/registry/src/index.crates.io-6f17d22bba15001f/cap-primitives-0.24.3/src/rustix/linux/fs/set_times_impl.rs:21:17
[INFO] [stdout]    |
[INFO] [stdout] 21 |                 atime.map(SystemTimeSpec::into_std),
[INFO] [stdout]    |                 ^^^^^^^^^^^^^^^^^^^^^^^^^^^^^^^^^^^
[INFO] [stdout]    = note: expected struct `FileTimes`
[INFO] [stdout]                 found enum `Option<fs_set_times::SystemTimeSpec>`
[INFO] [stdout] note: method defined here
[INFO] [stdout]   --> /rustc/82e1608dfa6e0b5569232559e3d385fea5a93112/library/std/src/fs.rs:695:12
[INFO] [stdout] help: remove the extra argument
[INFO] [stdout]    |
[INFO] [stdout] 21 -                 atime.map(SystemTimeSpec::into_std),
[INFO] [stdout] 21 +                 /* FileTimes */,
[INFO] [stdout]    |
[INFO] [stdout] 
[INFO] [stdout] 
[INFO] [stdout] error[E0061]: this method takes 1 argument but 2 arguments were supplied
[INFO] [stdout]   --> /opt/rustwide/cargo-home/registry/src/index.crates.io-6f17d22bba15001f/cap-primitives-0.24.3/src/rustix/linux/fs/set_times_impl.rs:34:25
[INFO] [stdout]    |
[INFO] [stdout] 34 |             return file.set_times(
[INFO] [stdout]    |                         ^^^^^^^^^
[INFO] [stdout] 35 |                 atime.map(SystemTimeSpec::into_std),
[INFO] [stdout] 36 |                 mtime.map(SystemTimeSpec::into_std),
[INFO] [stdout]    |                 ----------------------------------- unexpected argument of type `Option<fs_set_times::SystemTimeSpec>`
[INFO] [stdout]    |
[INFO] [stdout] note: expected `FileTimes`, found `Option<SystemTimeSpec>`
[INFO] [stdout]   --> /opt/rustwide/cargo-home/registry/src/index.crates.io-6f17d22bba15001f/cap-primitives-0.24.3/src/rustix/linux/fs/set_times_impl.rs:35:17
[INFO] [stdout]    |
[INFO] [stdout] 35 |                 atime.map(SystemTimeSpec::into_std),
[INFO] [stdout]    |                 ^^^^^^^^^^^^^^^^^^^^^^^^^^^^^^^^^^^
[INFO] [stdout]    = note: expected struct `FileTimes`
[INFO] [stdout]                 found enum `Option<fs_set_times::SystemTimeSpec>`
[INFO] [stdout] note: method defined here
[INFO] [stdout]   --> /rustc/82e1608dfa6e0b5569232559e3d385fea5a93112/library/std/src/fs.rs:695:12
[INFO] [stdout] help: remove the extra argument
[INFO] [stdout]    |
[INFO] [stdout] 35 -                 atime.map(SystemTimeSpec::into_std),
[INFO] [stdout] 35 +                 /* FileTimes */,
[INFO] [stdout]    |
[INFO] [stdout] 
[INFO] [stdout] 
[INFO] [stderr]    Compiling tinyvec_macros v0.1.0
[INFO] [stderr]    Compiling pulldown-cmark v0.8.0
[INFO] [stderr]    Compiling rustls v0.20.5
[INFO] [stderr]     Checking tower-service v0.3.1
[INFO] [stdout] error: aborting due to 2 previous errors
[INFO] [stdout] 
[INFO] [stdout] 
[INFO] [stdout] For more information about this error, try `rustc --explain E0061`.
[INFO] [stdout] 
[INFO] [stderr] error: could not compile `cap-primitives` (lib) due to 3 previous errors
[INFO] [stderr] warning: build failed, waiting for other jobs to finish...
[INFO] running `Command { std: "docker" "inspect" "86ce1d2c2e5c6a72568a3ee7136f46b41e6f38600095a76775fe9bbf0e67b602", kill_on_drop: false }`
[INFO] running `Command { std: "docker" "rm" "-f" "86ce1d2c2e5c6a72568a3ee7136f46b41e6f38600095a76775fe9bbf0e67b602", kill_on_drop: false }`
[INFO] [stdout] 86ce1d2c2e5c6a72568a3ee7136f46b41e6f38600095a76775fe9bbf0e67b602
[INFO] documenting Mossaka/containerd-shim-cehostshim-v1 against beta-2023-12-22 for beta-1.76-rustdoc-1
[INFO] running `Command { std: "git" "clone" "/workspace/cache/git-repos/https%3A%2F%2Fgithub.com%2FMossaka%2Fcontainerd-shim-cehostshim-v1" "/workspace/builds/worker-0-tc2/source", kill_on_drop: false }`
[INFO] [stderr] Cloning into '/workspace/builds/worker-0-tc2/source'...
[INFO] [stderr] done.
[INFO] validating manifest of git repo https://github.com/Mossaka/containerd-shim-cehostshim-v1 on toolchain beta-2023-12-22
[INFO] running `Command { std: CARGO_HOME="/workspace/cargo-home" RUSTUP_HOME="/workspace/rustup-home" "/workspace/cargo-home/bin/cargo" "+beta-2023-12-22" "metadata" "--manifest-path" "Cargo.toml" "--no-deps", kill_on_drop: false }`
[INFO] started tweaking git repo https://github.com/Mossaka/containerd-shim-cehostshim-v1
[INFO] finished tweaking git repo https://github.com/Mossaka/containerd-shim-cehostshim-v1
[INFO] tweaked toml for git repo https://github.com/Mossaka/containerd-shim-cehostshim-v1 written to /workspace/builds/worker-0-tc2/source/Cargo.toml
[INFO] crate git repo https://github.com/Mossaka/containerd-shim-cehostshim-v1 already has a lockfile, it will not be regenerated
[INFO] running `Command { std: CARGO_HOME="/workspace/cargo-home" RUSTUP_HOME="/workspace/rustup-home" "/workspace/cargo-home/bin/cargo" "+beta-2023-12-22" "fetch" "--manifest-path" "Cargo.toml", kill_on_drop: false }`
[INFO] [stderr] warning: virtual workspace defaulting to `resolver = "1"` despite one or more workspace members being on edition 2021 which implies `resolver = "2"`
[INFO] [stderr] note: to keep the current resolver, specify `workspace.resolver = "1"` in the workspace root's manifest
[INFO] [stderr] note: to use the edition 2021 resolver, specify `workspace.resolver = "2"` in the workspace root's manifest
[INFO] [stderr] note: for more details see https://doc.rust-lang.org/cargo/reference/resolver.html#resolver-versions
[INFO] [stderr]     Blocking waiting for file lock on package cache
[INFO] [stderr] warning: skipping duplicate package `spinhelloworld` found at `/workspace/cargo-home/git/checkouts/spin-70e05f0f1aa9cfa3/635f4d7/tests/http/simple-spin-rust`
[INFO] [stderr]     Blocking waiting for file lock on package cache
[INFO] running `Command { std: "docker" "create" "-v" "/var/lib/crater-agent-workspace/builds/worker-0-tc2/target:/opt/rustwide/target:rw,Z" "-v" "/var/lib/crater-agent-workspace/builds/worker-0-tc2/source:/opt/rustwide/workdir:ro,Z" "-v" "/var/lib/crater-agent-workspace/cargo-home:/opt/rustwide/cargo-home:ro,Z" "-v" "/var/lib/crater-agent-workspace/rustup-home:/opt/rustwide/rustup-home:ro,Z" "-e" "SOURCE_DIR=/opt/rustwide/workdir" "-e" "CARGO_TARGET_DIR=/opt/rustwide/target" "-e" "CARGO_HOME=/opt/rustwide/cargo-home" "-e" "RUSTUP_HOME=/opt/rustwide/rustup-home" "-w" "/opt/rustwide/workdir" "-m" "1610612736" "--user" "0:0" "--network" "none" "ghcr.io/rust-lang/crates-build-env/linux@sha256:2788e3201cd34a07e3172128adcd8b3090168a8e3bcc40d7c032b9dda1df7d1c" "/opt/rustwide/cargo-home/bin/cargo" "+beta-2023-12-22" "metadata" "--no-deps" "--format-version=1", kill_on_drop: false }`
[INFO] [stdout] c6ce7951b882b580802c6035b004a4a70d97639f1d0bff9bdd7a03d92ac7d31a
[INFO] running `Command { std: "docker" "start" "-a" "c6ce7951b882b580802c6035b004a4a70d97639f1d0bff9bdd7a03d92ac7d31a", kill_on_drop: false }`
[INFO] running `Command { std: "docker" "inspect" "c6ce7951b882b580802c6035b004a4a70d97639f1d0bff9bdd7a03d92ac7d31a", kill_on_drop: false }`
[INFO] running `Command { std: "docker" "rm" "-f" "c6ce7951b882b580802c6035b004a4a70d97639f1d0bff9bdd7a03d92ac7d31a", kill_on_drop: false }`
[INFO] [stdout] c6ce7951b882b580802c6035b004a4a70d97639f1d0bff9bdd7a03d92ac7d31a
[INFO] running `Command { std: "docker" "create" "-v" "/var/lib/crater-agent-workspace/builds/worker-0-tc2/target:/opt/rustwide/target:rw,Z" "-v" "/var/lib/crater-agent-workspace/builds/worker-0-tc2/source:/opt/rustwide/workdir:ro,Z" "-v" "/var/lib/crater-agent-workspace/cargo-home:/opt/rustwide/cargo-home:ro,Z" "-v" "/var/lib/crater-agent-workspace/rustup-home:/opt/rustwide/rustup-home:ro,Z" "-e" "SOURCE_DIR=/opt/rustwide/workdir" "-e" "CARGO_TARGET_DIR=/opt/rustwide/target" "-e" "CARGO_INCREMENTAL=0" "-e" "RUST_BACKTRACE=full" "-e" "RUSTFLAGS=--cap-lints=warn" "-e" "RUSTDOCFLAGS=--cap-lints=warn" "-e" "CARGO_HOME=/opt/rustwide/cargo-home" "-e" "RUSTUP_HOME=/opt/rustwide/rustup-home" "-w" "/opt/rustwide/workdir" "-m" "1610612736" "--user" "0:0" "--network" "none" "ghcr.io/rust-lang/crates-build-env/linux@sha256:2788e3201cd34a07e3172128adcd8b3090168a8e3bcc40d7c032b9dda1df7d1c" "/opt/rustwide/cargo-home/bin/cargo" "+beta-2023-12-22" "doc" "--frozen" "--no-deps" "--document-private-items" "--message-format=json", kill_on_drop: false }`
[INFO] [stdout] e7a14f1175455276cf175e41590ff18fa5d2ccdd733612e1daf0ffd1f27068e1
[INFO] running `Command { std: "docker" "start" "-a" "e7a14f1175455276cf175e41590ff18fa5d2ccdd733612e1daf0ffd1f27068e1", kill_on_drop: false }`
[INFO] [stderr] warning: virtual workspace defaulting to `resolver = "1"` despite one or more workspace members being on edition 2021 which implies `resolver = "2"`
[INFO] [stderr] note: to keep the current resolver, specify `workspace.resolver = "1"` in the workspace root's manifest
[INFO] [stderr] note: to use the edition 2021 resolver, specify `workspace.resolver = "2"` in the workspace root's manifest
[INFO] [stderr] note: for more details see https://doc.rust-lang.org/cargo/reference/resolver.html#resolver-versions
[INFO] [stderr] warning: skipping duplicate package `spinhelloworld` found at `/opt/rustwide/cargo-home/git/checkouts/spin-70e05f0f1aa9cfa3/635f4d7/tests/http/simple-spin-rust`
[INFO] [stderr]    Compiling libc v0.2.126
[INFO] [stderr]    Compiling syn v1.0.95
[INFO] [stderr]    Compiling memchr v2.5.0
[INFO] [stderr]    Compiling serde_derive v1.0.137
[INFO] [stderr]    Compiling serde v1.0.137
[INFO] [stderr]     Checking once_cell v1.10.0
[INFO] [stderr]     Checking itoa v1.0.2
[INFO] [stderr]     Checking smallvec v1.8.0
[INFO] [stderr]    Compiling indexmap v1.6.2
[INFO] [stderr]    Compiling typenum v1.15.0
[INFO] [stderr]    Compiling generic-array v0.14.5
[INFO] [stderr]     Checking ppv-lite86 v0.2.16
[INFO] [stderr]     Checking base64 v0.13.0
[INFO] [stderr]    Compiling anyhow v1.0.57
[INFO] [stderr]    Compiling lock_api v0.4.7
[INFO] [stderr]     Checking tracing-core v0.1.26
[INFO] [stderr]     Checking bytes v1.1.0
[INFO] [stderr]     Checking regex-syntax v0.6.25
[INFO] [stderr]    Compiling io-lifetimes v0.5.3
[INFO] [stderr]    Compiling parking_lot_core v0.9.3
[INFO] [stderr]    Compiling futures-core v0.3.21
[INFO] [stderr]    Compiling rustix v0.33.7
[INFO] [stderr]     Checking cpufeatures v0.2.2
[INFO] [stderr]     Checking linux-raw-sys v0.0.42
[INFO] [stderr]     Checking fallible-iterator v0.2.0
[INFO] [stderr]     Checking opaque-debug v0.3.0
[INFO] [stderr]     Checking stable_deref_trait v1.2.0
[INFO] [stderr]    Compiling target-lexicon v0.12.3
[INFO] [stderr]    Compiling crossbeam-utils v0.8.8
[INFO] [stderr]     Checking matches v0.1.9
[INFO] [stderr]    Compiling cranelift-codegen-shared v0.81.2
[INFO] [stderr]     Checking byteorder v1.4.3
[INFO] [stderr]     Checking tinyvec v1.6.0
[INFO] [stderr]    Compiling cranelift-codegen-meta v0.81.2
[INFO] [stderr]     Checking aho-corasick v0.7.18
[INFO] [stderr]    Compiling crossbeam-epoch v0.9.8
[INFO] [stderr]    Compiling serde_json v1.0.81
[INFO] [stderr]     Checking futures-sink v0.3.21
[INFO] [stderr]     Checking ryu v1.0.10
[INFO] [stderr]    Compiling num-traits v0.2.15
[INFO] [stderr]     Checking untrusted v0.7.1
[INFO] [stderr]     Checking wasmparser v0.82.0
[INFO] [stderr]     Checking unicode-bidi v0.3.8
[INFO] [stderr]     Checking spin v0.5.2
[INFO] [stderr]     Checking regalloc v0.0.34
[INFO] [stderr]     Checking ipnet v2.5.0
[INFO] [stderr]     Checking unicode-normalization v0.1.19
[INFO] [stderr]    Compiling futures-task v0.3.21
[INFO] [stderr]     Checking either v1.6.1
[INFO] [stderr]    Compiling unicode-segmentation v1.9.0
[INFO] [stderr]    Compiling futures-channel v0.3.21
[INFO] [stderr]    Compiling httparse v1.7.1
[INFO] [stderr]    Compiling jobserver v0.1.24
[INFO] [stderr]     Checking num_cpus v1.13.1
[INFO] [stderr]     Checking getrandom v0.2.6
[INFO] [stderr]     Checking signal-hook-registry v1.4.0
[INFO] [stderr]    Compiling cc v1.0.73
[INFO] [stderr]     Checking rand_core v0.6.3
[INFO] [stderr]     Checking mio v0.8.3
[INFO] [stderr]     Checking socket2 v0.4.4
[INFO] [stderr]     Checking regex v1.5.5
[INFO] [stderr]     Checking rand_chacha v0.3.1
[INFO] [stderr]     Checking parking_lot v0.12.0
[INFO] [stderr]     Checking atty v0.2.14
[INFO] [stderr]     Checking digest v0.9.0
[INFO] [stderr]     Checking block-buffer v0.9.0
[INFO] [stderr]    Compiling heck v0.3.3
[INFO] [stderr]    Compiling num-integer v0.1.45
[INFO] [stderr]    Compiling rayon-core v1.9.3
[INFO] [stderr]     Checking rand v0.8.5
[INFO] [stderr]    Compiling zstd-safe v4.1.6+zstd.1.5.2
[INFO] [stderr]    Compiling futures-util v0.3.21
[INFO] [stderr]     Checking sha2 v0.9.9
[INFO] [stderr]     Checking more-asserts v0.2.2
[INFO] [stderr]    Compiling async-trait v0.1.53
[INFO] [stderr]     Checking form_urlencoded v1.0.1
[INFO] [stderr]     Checking object v0.28.4
[INFO] [stderr]     Checking termcolor v1.1.3
[INFO] [stderr]     Checking humantime v2.1.0
[INFO] [stderr]     Checking slab v0.4.6
[INFO] [stderr]    Compiling cpp_demangle v0.3.5
[INFO] [stderr]     Checking futures-io v0.3.21
[INFO] [stderr]     Checking idna v0.2.3
[INFO] [stderr]     Checking dirs-sys-next v0.1.2
[INFO] [stderr]     Checking region v2.2.0
[INFO] [stderr]     Checking crossbeam-deque v0.8.1
[INFO] [stderr]     Checking env_logger v0.9.0
[INFO] [stderr]     Checking itertools v0.10.3
[INFO] [stderr]     Checking crossbeam-channel v0.5.4
[INFO] [stderr]     Checking http v0.2.7
[INFO] [stderr]    Compiling rayon v1.5.3
[INFO] [stderr]     Checking leb128 v0.2.5
[INFO] [stderr]    Compiling wasmtime-cache v0.34.2
[INFO] [stderr]     Checking wast v40.0.0
[INFO] [stderr]     Checking file-per-thread-logger v0.1.5
[INFO] [stderr]     Checking directories-next v2.0.0
[INFO] [stderr]    Compiling wasmtime v0.34.2
[INFO] [stderr]    Compiling ring v0.16.20
[INFO] [stderr]    Compiling wasmtime-fiber v0.34.2
[INFO] [stderr]    Compiling zstd-sys v1.6.3+zstd.1.5.2
[INFO] [stderr]    Compiling backtrace v0.3.65
[INFO] [stderr]    Compiling wasmtime-runtime v0.34.2
[INFO] [stderr]    Compiling psm v0.1.18
[INFO] [stderr]    Compiling unicode-xid v0.2.3
[INFO] [stderr]    Compiling io-extras v0.13.2
[INFO] [stderr]    Compiling cap-primitives v0.24.3
[INFO] [stderr]    Compiling paste v1.0.7
[INFO] [stderr]    Compiling pkg-config v0.3.25
[INFO] [stderr]     Checking ambient-authority v0.0.1
[INFO] [stderr]     Checking mime v0.3.16
[INFO] [stderr]     Checking fs-set-times v0.15.0
[INFO] [stderr]     Checking maybe-owned v0.3.4
[INFO] [stderr]    Compiling cranelift-codegen v0.81.2
[INFO] [stderr]    Compiling dirs-next v2.0.0
[INFO] [stderr]    Compiling log v0.4.17
[INFO] [stderr]    Compiling wast v35.0.2
[INFO] [stderr]     Checking time v0.1.44
[INFO] [stderr]    Compiling cap-std v0.24.3
[INFO] [stderr]    Compiling shellexpand v2.1.0
[INFO] [stderr]     Checking httpdate v1.0.2
[INFO] [stderr]     Checking try-lock v0.2.3
[INFO] [stderr]    Compiling wasi-common v0.34.2
[INFO] [stderr]    Compiling protobuf v2.27.1
[INFO] [stderr]     Checking http-body v0.4.4
[INFO] [stderr]    Compiling openssl-sys v0.9.73
[INFO] [stderr]     Checking want v0.3.0
[INFO] [stdout] error[E0061]: this method takes 1 argument but 2 arguments were supplied
[INFO] [stdout]   --> /opt/rustwide/cargo-home/registry/src/index.crates.io-6f17d22bba15001f/cap-primitives-0.24.3/src/rustix/linux/fs/set_times_impl.rs:20:25
[INFO] [stdout]    |
[INFO] [stdout] 20 |             return file.set_times(
[INFO] [stdout]    |                         ^^^^^^^^^
[INFO] [stdout] 21 |                 atime.map(SystemTimeSpec::into_std),
[INFO] [stdout] 22 |                 mtime.map(SystemTimeSpec::into_std),
[INFO] [stdout]    |                 ----------------------------------- unexpected argument of type `Option<fs_set_times::SystemTimeSpec>`
[INFO] [stdout]    |
[INFO] [stdout] note: expected `FileTimes`, found `Option<SystemTimeSpec>`
[INFO] [stdout]   --> /opt/rustwide/cargo-home/registry/src/index.crates.io-6f17d22bba15001f/cap-primitives-0.24.3/src/rustix/linux/fs/set_times_impl.rs:21:17
[INFO] [stdout]    |
[INFO] [stdout] 21 |                 atime.map(SystemTimeSpec::into_std),
[INFO] [stdout]    |                 ^^^^^^^^^^^^^^^^^^^^^^^^^^^^^^^^^^^
[INFO] [stdout]    = note: expected struct `FileTimes`
[INFO] [stdout]                 found enum `Option<fs_set_times::SystemTimeSpec>`
[INFO] [stdout] note: method defined here
[INFO] [stdout]   --> /rustc/0e09125c6c3c2fd70d7de961bcf0e51575235fad/library/std/src/fs.rs:695:12
[INFO] [stdout] help: remove the extra argument
[INFO] [stdout]    |
[INFO] [stdout] 21 -                 atime.map(SystemTimeSpec::into_std),
[INFO] [stdout] 21 +                 /* FileTimes */,
[INFO] [stdout]    |
[INFO] [stdout] 
[INFO] [stdout] 
[INFO] [stdout] error[E0061]: this method takes 1 argument but 2 arguments were supplied
[INFO] [stdout]   --> /opt/rustwide/cargo-home/registry/src/index.crates.io-6f17d22bba15001f/cap-primitives-0.24.3/src/rustix/linux/fs/set_times_impl.rs:34:25
[INFO] [stdout]    |
[INFO] [stdout] 34 |             return file.set_times(
[INFO] [stdout]    |                         ^^^^^^^^^
[INFO] [stdout] 35 |                 atime.map(SystemTimeSpec::into_std),
[INFO] [stdout] 36 |                 mtime.map(SystemTimeSpec::into_std),
[INFO] [stdout]    |                 ----------------------------------- unexpected argument of type `Option<fs_set_times::SystemTimeSpec>`
[INFO] [stdout]    |
[INFO] [stdout] note: expected `FileTimes`, found `Option<SystemTimeSpec>`
[INFO] [stdout]   --> /opt/rustwide/cargo-home/registry/src/index.crates.io-6f17d22bba15001f/cap-primitives-0.24.3/src/rustix/linux/fs/set_times_impl.rs:35:17
[INFO] [stdout]    |
[INFO] [stdout] 35 |                 atime.map(SystemTimeSpec::into_std),
[INFO] [stdout]    |                 ^^^^^^^^^^^^^^^^^^^^^^^^^^^^^^^^^^^
[INFO] [stdout]    = note: expected struct `FileTimes`
[INFO] [stdout]                 found enum `Option<fs_set_times::SystemTimeSpec>`
[INFO] [stdout] note: method defined here
[INFO] [stdout]   --> /rustc/0e09125c6c3c2fd70d7de961bcf0e51575235fad/library/std/src/fs.rs:695:12
[INFO] [stdout] help: remove the extra argument
[INFO] [stdout]    |
[INFO] [stdout] 35 -                 atime.map(SystemTimeSpec::into_std),
[INFO] [stdout] 35 +                 /* FileTimes */,
[INFO] [stdout]    |
[INFO] [stdout] 
[INFO] [stdout] 
[INFO] [stdout] error: aborting due to 2 previous errors
[INFO] [stdout] 
[INFO] [stdout] 
[INFO] [stdout] For more information about this error, try `rustc --explain E0061`.
[INFO] [stdout] 
[INFO] [stderr]    Compiling proc-macro-error-attr v1.0.4
[INFO] [stderr]    Compiling pulldown-cmark v0.8.0
[INFO] [stderr] error: could not compile `cap-primitives` (lib) due to 3 previous errors
[INFO] [stderr] warning: build failed, waiting for other jobs to finish...
[INFO] running `Command { std: "docker" "inspect" "e7a14f1175455276cf175e41590ff18fa5d2ccdd733612e1daf0ffd1f27068e1", kill_on_drop: false }`
[INFO] running `Command { std: "docker" "rm" "-f" "e7a14f1175455276cf175e41590ff18fa5d2ccdd733612e1daf0ffd1f27068e1", kill_on_drop: false }`
[INFO] [stdout] e7a14f1175455276cf175e41590ff18fa5d2ccdd733612e1daf0ffd1f27068e1
