[INFO] cloning repository https://github.com/MoskalykA/rcon_bruteforcer_cli
[INFO] running `Command { std: "git" "-c" "credential.helper=" "-c" "credential.helper=/workspace/cargo-home/bin/git-credential-null" "clone" "--bare" "https://github.com/MoskalykA/rcon_bruteforcer_cli" "/workspace/cache/git-repos/https%3A%2F%2Fgithub.com%2FMoskalykA%2Frcon_bruteforcer_cli", kill_on_drop: false }`
[INFO] [stderr] Cloning into bare repository '/workspace/cache/git-repos/https%3A%2F%2Fgithub.com%2FMoskalykA%2Frcon_bruteforcer_cli'...
[INFO] running `Command { std: "git" "rev-parse" "HEAD", kill_on_drop: false }`
[INFO] [stdout] 29c097796372ff6c11de89b1797e5275ba42e800
[INFO] documenting MoskalykA/rcon_bruteforcer_cli against 1.75.0 for beta-1.76-rustdoc-1
[INFO] running `Command { std: "git" "clone" "/workspace/cache/git-repos/https%3A%2F%2Fgithub.com%2FMoskalykA%2Frcon_bruteforcer_cli" "/workspace/builds/worker-3-tc1/source", kill_on_drop: false }`
[INFO] [stderr] Cloning into '/workspace/builds/worker-3-tc1/source'...
[INFO] [stderr] done.
[INFO] validating manifest of git repo https://github.com/MoskalykA/rcon_bruteforcer_cli on toolchain 1.75.0
[INFO] running `Command { std: CARGO_HOME="/workspace/cargo-home" RUSTUP_HOME="/workspace/rustup-home" "/workspace/cargo-home/bin/cargo" "+1.75.0" "metadata" "--manifest-path" "Cargo.toml" "--no-deps", kill_on_drop: false }`
[INFO] started tweaking git repo https://github.com/MoskalykA/rcon_bruteforcer_cli
[INFO] finished tweaking git repo https://github.com/MoskalykA/rcon_bruteforcer_cli
[INFO] tweaked toml for git repo https://github.com/MoskalykA/rcon_bruteforcer_cli written to /workspace/builds/worker-3-tc1/source/Cargo.toml
[INFO] crate git repo https://github.com/MoskalykA/rcon_bruteforcer_cli already has a lockfile, it will not be regenerated
[INFO] running `Command { std: CARGO_HOME="/workspace/cargo-home" RUSTUP_HOME="/workspace/rustup-home" "/workspace/cargo-home/bin/cargo" "+1.75.0" "fetch" "--manifest-path" "Cargo.toml", kill_on_drop: false }`
[INFO] [stderr]     Updating git repository `https://github.com/MoskalykA/rcon_bruteforcer.git`
[INFO] [stderr]     Updating git repository `https://github.com/MoskalykA/bruteforce-rs.git`
[INFO] running `Command { std: "docker" "create" "-v" "/var/lib/crater-agent-workspace/builds/worker-3-tc1/target:/opt/rustwide/target:rw,Z" "-v" "/var/lib/crater-agent-workspace/builds/worker-3-tc1/source:/opt/rustwide/workdir:ro,Z" "-v" "/var/lib/crater-agent-workspace/cargo-home:/opt/rustwide/cargo-home:ro,Z" "-v" "/var/lib/crater-agent-workspace/rustup-home:/opt/rustwide/rustup-home:ro,Z" "-e" "SOURCE_DIR=/opt/rustwide/workdir" "-e" "CARGO_TARGET_DIR=/opt/rustwide/target" "-e" "CARGO_HOME=/opt/rustwide/cargo-home" "-e" "RUSTUP_HOME=/opt/rustwide/rustup-home" "-w" "/opt/rustwide/workdir" "-m" "1610612736" "--user" "0:0" "--network" "none" "ghcr.io/rust-lang/crates-build-env/linux@sha256:2788e3201cd34a07e3172128adcd8b3090168a8e3bcc40d7c032b9dda1df7d1c" "/opt/rustwide/cargo-home/bin/cargo" "+1.75.0" "metadata" "--no-deps" "--format-version=1", kill_on_drop: false }`
[INFO] [stdout] 76e00c382b9073cb4cc6525c03f4f996dc30cfd85a793ba5e1b0beef0cbadf2e
[INFO] running `Command { std: "docker" "start" "-a" "76e00c382b9073cb4cc6525c03f4f996dc30cfd85a793ba5e1b0beef0cbadf2e", kill_on_drop: false }`
[INFO] running `Command { std: "docker" "inspect" "76e00c382b9073cb4cc6525c03f4f996dc30cfd85a793ba5e1b0beef0cbadf2e", kill_on_drop: false }`
[INFO] running `Command { std: "docker" "rm" "-f" "76e00c382b9073cb4cc6525c03f4f996dc30cfd85a793ba5e1b0beef0cbadf2e", kill_on_drop: false }`
[INFO] [stdout] 76e00c382b9073cb4cc6525c03f4f996dc30cfd85a793ba5e1b0beef0cbadf2e
[INFO] running `Command { std: "docker" "create" "-v" "/var/lib/crater-agent-workspace/builds/worker-3-tc1/target:/opt/rustwide/target:rw,Z" "-v" "/var/lib/crater-agent-workspace/builds/worker-3-tc1/source:/opt/rustwide/workdir:ro,Z" "-v" "/var/lib/crater-agent-workspace/cargo-home:/opt/rustwide/cargo-home:ro,Z" "-v" "/var/lib/crater-agent-workspace/rustup-home:/opt/rustwide/rustup-home:ro,Z" "-e" "SOURCE_DIR=/opt/rustwide/workdir" "-e" "CARGO_TARGET_DIR=/opt/rustwide/target" "-e" "CARGO_INCREMENTAL=0" "-e" "RUST_BACKTRACE=full" "-e" "RUSTFLAGS=--cap-lints=warn" "-e" "RUSTDOCFLAGS=--cap-lints=warn" "-e" "CARGO_HOME=/opt/rustwide/cargo-home" "-e" "RUSTUP_HOME=/opt/rustwide/rustup-home" "-w" "/opt/rustwide/workdir" "-m" "1610612736" "--user" "0:0" "--network" "none" "ghcr.io/rust-lang/crates-build-env/linux@sha256:2788e3201cd34a07e3172128adcd8b3090168a8e3bcc40d7c032b9dda1df7d1c" "/opt/rustwide/cargo-home/bin/cargo" "+1.75.0" "doc" "--frozen" "--no-deps" "--document-private-items" "--message-format=json", kill_on_drop: false }`
[INFO] [stdout] 64c6d079b7fc8c86f09bb11dcfc18e9df745e2d104f0f593761f0f96d8c56a6f
[INFO] running `Command { std: "docker" "start" "-a" "64c6d079b7fc8c86f09bb11dcfc18e9df745e2d104f0f593761f0f96d8c56a6f", kill_on_drop: false }`
[INFO] [stderr]    Compiling proc-macro2 v1.0.66
[INFO] [stderr]    Compiling unicode-ident v1.0.11
[INFO] [stderr]    Compiling libc v0.2.147
[INFO] [stderr]    Compiling futures-core v0.3.28
[INFO] [stderr]     Checking pin-project-lite v0.2.10
[INFO] [stderr]    Compiling crossbeam-utils v0.8.16
[INFO] [stderr]     Checking futures-io v0.3.28
[INFO] [stderr]     Checking value-bag v1.4.1
[INFO] [stderr]     Checking event-listener v2.5.3
[INFO] [stderr]     Checking parking v2.1.0
[INFO] [stderr]    Compiling io-lifetimes v1.0.11
[INFO] [stderr]     Checking fastrand v1.9.0
[INFO] [stderr]     Checking waker-fn v1.1.0
[INFO] [stderr]     Checking async-lock v2.7.0
[INFO] [stderr]     Checking log v0.4.19
[INFO] [stderr]    Compiling polling v2.8.0
[INFO] [stderr]     Checking futures-lite v1.13.0
[INFO] [stderr]     Checking concurrent-queue v2.2.0
[INFO] [stderr]    Compiling rustversion v1.0.14
[INFO] [stderr]    Compiling syn v1.0.109
[INFO] [stderr]    Compiling rustix v0.37.23
[INFO] [stderr]    Compiling quote v1.0.31
[INFO] [stderr]    Compiling proc-macro-error-attr v1.0.4
[INFO] [stderr]    Compiling syn v2.0.27
[INFO] [stderr]    Compiling lock_api v0.4.10
[INFO] [stderr]    Compiling async-io v1.13.0
[INFO] [stderr]     Checking bitflags v1.3.2
[INFO] [stderr]    Compiling parking_lot_core v0.9.8
[INFO] [stderr]     Checking async-task v4.4.0
[INFO] [stderr]     Checking once_cell v1.18.0
[INFO] [stderr]     Checking socket2 v0.4.9
[INFO] [stderr]     Checking linux-raw-sys v0.3.8
[INFO] [stderr]     Checking async-channel v1.9.0
[INFO] [stderr]    Compiling proc-macro-error v1.0.4
[INFO] [stderr]     Checking atomic-waker v1.1.1
[INFO] [stderr]     Checking smallvec v1.11.0
[INFO] [stderr]     Checking scopeguard v1.2.0
[INFO] [stderr]     Checking futures-channel v0.3.28
[INFO] [stderr]     Checking blocking v1.3.1
[INFO] [stderr]     Checking async-executor v1.5.1
[INFO] [stderr]    Compiling tokio v1.29.1
[INFO] [stderr]    Compiling rustix v0.38.4
[INFO] [stderr]     Checking parking_lot v0.12.1
[INFO] [stderr]     Checking signal-hook-registry v1.4.1
[INFO] [stderr]     Checking num_cpus v1.16.0
[INFO] [stderr]     Checking mio v0.8.8
[INFO] [stderr]     Checking kv-log-macro v1.0.7
[INFO] [stderr]    Compiling err-derive v0.3.1
[INFO] [stderr]     Checking aho-corasick v1.0.2
[INFO] [stderr]     Checking bytes v1.4.0
[INFO] [stderr]    Compiling no-std-compat v0.4.1
[INFO] [stderr]     Checking linux-raw-sys v0.4.3
[INFO] [stderr]     Checking regex-syntax v0.7.4
[INFO] [stderr]     Checking bitflags v2.3.3
[INFO] [stderr]    Compiling bruteforce-macros v0.2.1 (https://github.com/MoskalykA/bruteforce-rs.git#8f844ac8)
[INFO] [stderr]     Checking clap_lex v0.5.0
[INFO] [stderr]     Checking anstyle v1.0.1
[INFO] [stderr]    Compiling heck v0.4.1
[INFO] [stderr]     Checking termcolor v1.2.0
[INFO] [stderr]     Checking bruteforce v0.2.1 (https://github.com/MoskalykA/bruteforce-rs.git#8f844ac8)
[INFO] [stderr]     Checking clap_builder v4.3.19
[INFO] [stdout] error[E0557]: feature has been removed
[INFO] [stdout]  --> /opt/rustwide/cargo-home/git/checkouts/bruteforce-rs-3c5c64746cad54d2/8f844ac/bruteforce/src/lib.rs:4:18
[INFO] [stdout]   |
[INFO] [stdout] 4 | #![feature(test, generators, proc_macro_hygiene)]
[INFO] [stdout]   |                  ^^^^^^^^^^ feature has been removed
[INFO] [stdout]   |
[INFO] [stdout]   = note: renamed to `coroutines`
[INFO] [stdout] 
[INFO] [stdout] 
[INFO] [stdout] error[E0554]: `#![feature]` may not be used on the stable release channel
[INFO] [stdout]  --> /opt/rustwide/cargo-home/git/checkouts/bruteforce-rs-3c5c64746cad54d2/8f844ac/bruteforce/src/lib.rs:4:1
[INFO] [stdout]   |
[INFO] [stdout] 4 | #![feature(test, generators, proc_macro_hygiene)]
[INFO] [stdout]   | ^^^^^^^^^^^^^^^^^^^^^^^^^^^^^^^^^^^^^^^^^^^^^^^^^
[INFO] [stdout] 
[INFO] [stdout] 
[INFO] [stdout] error[E0554]: `#![feature]` may not be used on the stable release channel
[INFO] [stdout]  --> /opt/rustwide/cargo-home/git/checkouts/bruteforce-rs-3c5c64746cad54d2/8f844ac/bruteforce/src/lib.rs:4:12
[INFO] [stdout]   |
[INFO] [stdout] 4 | #![feature(test, generators, proc_macro_hygiene)]
[INFO] [stdout]   |            ^^^^
[INFO] [stdout] 
[INFO] [stdout] 
[INFO] [stdout] error: aborting due to 3 previous errors
[INFO] [stdout] 
[INFO] [stdout] 
[INFO] [stdout] Some errors have detailed explanations: E0554, E0557.
[INFO] [stdout] 
[INFO] [stdout] For more information about an error, try `rustc --explain E0554`.
[INFO] [stdout] 
[INFO] [stderr] error: could not compile `bruteforce` (lib) due to 4 previous errors
[INFO] [stderr] warning: build failed, waiting for other jobs to finish...
[INFO] running `Command { std: "docker" "inspect" "64c6d079b7fc8c86f09bb11dcfc18e9df745e2d104f0f593761f0f96d8c56a6f", kill_on_drop: false }`
[INFO] running `Command { std: "docker" "rm" "-f" "64c6d079b7fc8c86f09bb11dcfc18e9df745e2d104f0f593761f0f96d8c56a6f", kill_on_drop: false }`
[INFO] [stdout] 64c6d079b7fc8c86f09bb11dcfc18e9df745e2d104f0f593761f0f96d8c56a6f
