[INFO] cloning repository https://github.com/MorganTwoZero/pic-scraper-backend
[INFO] running `Command { std: "git" "-c" "credential.helper=" "-c" "credential.helper=/workspace/cargo-home/bin/git-credential-null" "clone" "--bare" "https://github.com/MorganTwoZero/pic-scraper-backend" "/workspace/cache/git-repos/https%3A%2F%2Fgithub.com%2FMorganTwoZero%2Fpic-scraper-backend", kill_on_drop: false }`
[INFO] [stderr] Cloning into bare repository '/workspace/cache/git-repos/https%3A%2F%2Fgithub.com%2FMorganTwoZero%2Fpic-scraper-backend'...
[INFO] running `Command { std: "git" "rev-parse" "HEAD", kill_on_drop: false }`
[INFO] [stdout] f9dea58bc64b83168d8f807d57bfe12ed8ce51ab
[INFO] documenting MorganTwoZero/pic-scraper-backend against 1.75.0 for beta-1.76-rustdoc-1
[INFO] running `Command { std: "git" "clone" "/workspace/cache/git-repos/https%3A%2F%2Fgithub.com%2FMorganTwoZero%2Fpic-scraper-backend" "/workspace/builds/worker-3-tc1/source", kill_on_drop: false }`
[INFO] [stderr] Cloning into '/workspace/builds/worker-3-tc1/source'...
[INFO] [stderr] done.
[INFO] validating manifest of git repo https://github.com/MorganTwoZero/pic-scraper-backend on toolchain 1.75.0
[INFO] running `Command { std: CARGO_HOME="/workspace/cargo-home" RUSTUP_HOME="/workspace/rustup-home" "/workspace/cargo-home/bin/cargo" "+1.75.0" "metadata" "--manifest-path" "Cargo.toml" "--no-deps", kill_on_drop: false }`
[INFO] started tweaking git repo https://github.com/MorganTwoZero/pic-scraper-backend
[INFO] finished tweaking git repo https://github.com/MorganTwoZero/pic-scraper-backend
[INFO] tweaked toml for git repo https://github.com/MorganTwoZero/pic-scraper-backend written to /workspace/builds/worker-3-tc1/source/Cargo.toml
[INFO] crate git repo https://github.com/MorganTwoZero/pic-scraper-backend already has a lockfile, it will not be regenerated
[INFO] running `Command { std: CARGO_HOME="/workspace/cargo-home" RUSTUP_HOME="/workspace/rustup-home" "/workspace/cargo-home/bin/cargo" "+1.75.0" "fetch" "--manifest-path" "Cargo.toml", kill_on_drop: false }`
[INFO] [stderr] warning: virtual workspace defaulting to `resolver = "1"` despite one or more workspace members being on edition 2021 which implies `resolver = "2"`
[INFO] [stderr] note: to keep the current resolver, specify `workspace.resolver = "1"` in the workspace root's manifest
[INFO] [stderr] note: to use the edition 2021 resolver, specify `workspace.resolver = "2"` in the workspace root's manifest
[INFO] [stderr] note: for more details see https://doc.rust-lang.org/cargo/reference/resolver.html#resolver-versions
[INFO] [stderr]     Blocking waiting for file lock on package cache
[INFO] [stderr]     Updating git repository `https://github.com/MorganTwoZero/delay-timer.git`
[INFO] [stderr]     Updating git repository `https://github.com/MorganTwoZero/cron_clock.git`
[INFO] [stderr]     Updating crates.io index
[INFO] [stderr]     Blocking waiting for file lock on package cache
[INFO] [stderr]  Downloading crates ...
[INFO] [stderr]   Downloaded rs-snowflake v0.6.0
[INFO] [stderr]   Downloaded reqwest v0.11.19
[INFO] [stderr]   Downloaded opentelemetry-http v0.9.0
[INFO] [stderr]   Downloaded uuid-macro-internal v1.4.1
[INFO] [stderr]   Downloaded opentelemetry-otlp v0.13.0
[INFO] [stderr]   Downloaded opentelemetry-proto v0.3.0
[INFO] running `Command { std: "docker" "create" "-v" "/var/lib/crater-agent-workspace/builds/worker-3-tc1/target:/opt/rustwide/target:rw,Z" "-v" "/var/lib/crater-agent-workspace/builds/worker-3-tc1/source:/opt/rustwide/workdir:ro,Z" "-v" "/var/lib/crater-agent-workspace/cargo-home:/opt/rustwide/cargo-home:ro,Z" "-v" "/var/lib/crater-agent-workspace/rustup-home:/opt/rustwide/rustup-home:ro,Z" "-e" "SOURCE_DIR=/opt/rustwide/workdir" "-e" "CARGO_TARGET_DIR=/opt/rustwide/target" "-e" "CARGO_HOME=/opt/rustwide/cargo-home" "-e" "RUSTUP_HOME=/opt/rustwide/rustup-home" "-w" "/opt/rustwide/workdir" "-m" "1610612736" "--user" "0:0" "--network" "none" "ghcr.io/rust-lang/crates-build-env/linux@sha256:2788e3201cd34a07e3172128adcd8b3090168a8e3bcc40d7c032b9dda1df7d1c" "/opt/rustwide/cargo-home/bin/cargo" "+1.75.0" "metadata" "--no-deps" "--format-version=1", kill_on_drop: false }`
[INFO] [stdout] ed0092fe615cd24d7b7bf77a308987c3f7c003bfa0948b45c001ea9c9ac6462e
[INFO] running `Command { std: "docker" "start" "-a" "ed0092fe615cd24d7b7bf77a308987c3f7c003bfa0948b45c001ea9c9ac6462e", kill_on_drop: false }`
[INFO] running `Command { std: "docker" "inspect" "ed0092fe615cd24d7b7bf77a308987c3f7c003bfa0948b45c001ea9c9ac6462e", kill_on_drop: false }`
[INFO] running `Command { std: "docker" "rm" "-f" "ed0092fe615cd24d7b7bf77a308987c3f7c003bfa0948b45c001ea9c9ac6462e", kill_on_drop: false }`
[INFO] [stdout] ed0092fe615cd24d7b7bf77a308987c3f7c003bfa0948b45c001ea9c9ac6462e
[INFO] running `Command { std: "docker" "create" "-v" "/var/lib/crater-agent-workspace/builds/worker-3-tc1/target:/opt/rustwide/target:rw,Z" "-v" "/var/lib/crater-agent-workspace/builds/worker-3-tc1/source:/opt/rustwide/workdir:ro,Z" "-v" "/var/lib/crater-agent-workspace/cargo-home:/opt/rustwide/cargo-home:ro,Z" "-v" "/var/lib/crater-agent-workspace/rustup-home:/opt/rustwide/rustup-home:ro,Z" "-e" "SOURCE_DIR=/opt/rustwide/workdir" "-e" "CARGO_TARGET_DIR=/opt/rustwide/target" "-e" "CARGO_INCREMENTAL=0" "-e" "RUST_BACKTRACE=full" "-e" "RUSTFLAGS=--cap-lints=warn" "-e" "RUSTDOCFLAGS=--cap-lints=warn" "-e" "CARGO_HOME=/opt/rustwide/cargo-home" "-e" "RUSTUP_HOME=/opt/rustwide/rustup-home" "-w" "/opt/rustwide/workdir" "-m" "1610612736" "--user" "0:0" "--network" "none" "ghcr.io/rust-lang/crates-build-env/linux@sha256:2788e3201cd34a07e3172128adcd8b3090168a8e3bcc40d7c032b9dda1df7d1c" "/opt/rustwide/cargo-home/bin/cargo" "+1.75.0" "doc" "--frozen" "--no-deps" "--document-private-items" "--message-format=json", kill_on_drop: false }`
[INFO] [stdout] 33635b88e253e155d6adbb0a5ee9e752cf4c87127b484a58fee707acd02aa4e0
[INFO] running `Command { std: "docker" "start" "-a" "33635b88e253e155d6adbb0a5ee9e752cf4c87127b484a58fee707acd02aa4e0", kill_on_drop: false }`
[INFO] [stderr] warning: virtual workspace defaulting to `resolver = "1"` despite one or more workspace members being on edition 2021 which implies `resolver = "2"`
[INFO] [stderr] note: to keep the current resolver, specify `workspace.resolver = "1"` in the workspace root's manifest
[INFO] [stderr] note: to use the edition 2021 resolver, specify `workspace.resolver = "2"` in the workspace root's manifest
[INFO] [stderr] note: for more details see https://doc.rust-lang.org/cargo/reference/resolver.html#resolver-versions
[INFO] [stderr]    Compiling libc v0.2.147
[INFO] [stderr]    Compiling proc-macro2 v1.0.66
[INFO] [stderr]    Compiling unicode-ident v1.0.11
[INFO] [stderr]    Compiling autocfg v1.1.0
[INFO] [stderr]     Checking cfg-if v1.0.0
[INFO] [stderr]    Compiling version_check v0.9.4
[INFO] [stderr]    Compiling memchr v2.5.0
[INFO] [stderr]     Checking once_cell v1.18.0
[INFO] [stderr]    Compiling futures-core v0.3.28
[INFO] [stderr]    Compiling serde v1.0.185
[INFO] [stderr]     Checking pin-project-lite v0.2.12
[INFO] [stderr]    Compiling parking_lot_core v0.9.8
[INFO] [stderr]     Checking smallvec v1.11.0
[INFO] [stderr]     Checking itoa v1.0.9
[INFO] [stderr]     Checking log v0.4.20
[INFO] [stderr]     Checking futures-io v0.3.28
[INFO] [stderr]    Compiling futures-task v0.3.28
[INFO] [stderr]     Checking scopeguard v1.2.0
[INFO] [stderr]     Checking bytes v1.4.0
[INFO] [stderr]    Compiling futures-channel v0.3.28
[INFO] [stderr]    Compiling typenum v1.16.0
[INFO] [stderr]    Compiling futures-util v0.3.28
[INFO] [stderr]    Compiling crossbeam-utils v0.8.16
[INFO] [stderr]    Compiling thiserror v1.0.47
[INFO] [stderr]     Checking futures-sink v0.3.28
[INFO] [stderr]    Compiling serde_json v1.0.105
[INFO] [stderr]     Checking pin-utils v0.1.0
[INFO] [stderr]    Compiling generic-array v0.14.7
[INFO] [stderr]    Compiling ahash v0.7.6
[INFO] [stderr]     Checking tracing-core v0.1.31
[INFO] [stderr]     Checking ryu v1.0.15
[INFO] [stderr]     Checking percent-encoding v2.3.0
[INFO] [stderr]    Compiling lock_api v0.4.10
[INFO] [stderr]    Compiling slab v0.4.9
[INFO] [stderr]    Compiling num-traits v0.2.16
[INFO] [stderr]    Compiling indexmap v1.9.3
[INFO] [stderr]    Compiling ppv-lite86 v0.2.17
[INFO] [stderr]     Checking fnv v1.0.7
[INFO] [stderr]    Compiling rustls v0.21.6
[INFO] [stderr]    Compiling ahash v0.8.3
[INFO] [stderr]    Compiling syn v1.0.109
[INFO] [stderr]     Checking http v0.2.9
[INFO] [stderr]     Checking spin v0.5.2
[INFO] [stderr]    Compiling quote v1.0.33
[INFO] [stderr]     Checking untrusted v0.7.1
[INFO] [stderr]    Compiling async-trait v0.1.73
[INFO] [stderr]     Checking subtle v2.5.0
[INFO] [stderr]     Checking form_urlencoded v1.2.0
[INFO] [stderr]     Checking event-listener v2.5.3
[INFO] [stderr]     Checking tinyvec_macros v0.1.1
[INFO] [stderr]     Checking tower-service v0.3.2
[INFO] [stderr]    Compiling httparse v1.8.0
[INFO] [stderr]     Checking tinyvec v1.6.0
[INFO] [stderr]     Checking httpdate v1.0.3
[INFO] [stderr]     Checking bitflags v1.3.2
[INFO] [stderr]     Checking unicode-bidi v0.3.13
[INFO] [stderr]     Checking try-lock v0.2.4
[INFO] [stderr]    Compiling syn v2.0.29
[INFO] [stderr]     Checking http-body v0.4.5
[INFO] [stderr]     Checking base64 v0.21.2
[INFO] [stderr]     Checking want v0.3.1
[INFO] [stderr]     Checking cpufeatures v0.2.9
[INFO] [stderr]     Checking mime v0.3.17
[INFO] [stderr]    Compiling crossbeam-queue v0.3.8
[INFO] [stderr]    Compiling siphasher v0.3.10
[INFO] [stderr]     Checking rustls-pemfile v1.0.3
[INFO] [stderr]    Compiling anyhow v1.0.75
[INFO] [stderr]    Compiling paste v1.0.14
[INFO] [stderr]     Checking unicode-normalization v0.1.22
[INFO] [stderr]     Checking getrandom v0.2.10
[INFO] [stderr]     Checking signal-hook-registry v1.4.1
[INFO] [stderr]     Checking num_cpus v1.16.0
[INFO] [stderr]     Checking socket2 v0.5.3
[INFO] [stderr]     Checking mio v0.8.8
[INFO] [stderr]     Checking socket2 v0.4.9
[INFO] [stderr]     Checking rand_core v0.6.4
[INFO] [stderr]     Checking parking_lot v0.12.1
[INFO] [stderr]     Checking base64 v0.13.1
[INFO] [stderr]    Compiling rustversion v1.0.14
[INFO] [stderr]     Checking hashbrown v0.12.3
[INFO] [stderr]     Checking rand_chacha v0.3.1
[INFO] [stderr]     Checking openssl-probe v0.1.5
[INFO] [stderr]     Checking minimal-lexical v0.2.1
[INFO] [stderr]    Compiling allocator-api2 v0.2.16
[INFO] [stderr]     Checking block-buffer v0.10.4
[INFO] [stderr]     Checking crypto-common v0.1.6
[INFO] [stderr]     Checking idna v0.4.0
[INFO] [stderr]     Checking rand v0.8.5
[INFO] [stderr]     Checking rustls-native-certs v0.6.3
[INFO] [stderr]     Checking digest v0.10.7
[INFO] [stderr]    Compiling cc v1.0.83
[INFO] [stderr]     Checking sha1 v0.10.5
[INFO] [stderr]    Compiling hashbrown v0.14.0
[INFO] [stderr]     Checking nom v7.1.3
[INFO] [stderr]     Checking concurrent-queue v2.2.0
[INFO] [stderr]     Checking aho-corasick v1.0.4
[INFO] [stderr]     Checking bitflags v2.4.0
[INFO] [stderr]     Checking waker-fn v1.1.0
[INFO] [stderr]     Checking regex-syntax v0.7.4
[INFO] [stderr]     Checking parking v2.1.0
[INFO] [stderr]     Checking fastrand v1.9.0
[INFO] [stderr]    Compiling ring v0.16.20
[INFO] [stderr]     Checking futures-lite v1.13.0
[INFO] [stderr]    Compiling crc-catalog v2.2.0
[INFO] [stderr]     Checking iana-time-zone v0.1.57
[INFO] [stderr]    Compiling rustix v0.38.8
[INFO] [stderr]     Checking byteorder v1.4.3
[INFO] [stderr]    Compiling unicode_categories v0.1.1
[INFO] [stderr]    Compiling equivalent v1.0.1
[INFO] [stderr]    Compiling indexmap v2.0.0
[INFO] [stderr]    Compiling chrono v0.4.26
[INFO] [stderr]    Compiling crc v3.0.1
[INFO] [stderr]    Compiling atoi v2.0.0
[INFO] [stderr]    Compiling hashlink v0.8.3
[INFO] [stderr]    Compiling sha2 v0.10.7
[INFO] [stderr]    Compiling futures-intrusive v0.5.0
[INFO] [stderr]    Compiling hmac v0.12.1
[INFO] [stderr]     Checking encoding_rs v0.8.32
[INFO] [stderr]    Compiling linux-raw-sys v0.4.5
[INFO] [stderr]     Checking ipnet v2.8.0
[INFO] [stderr]     Checking webpki-roots v0.25.2
[INFO] [stderr]    Compiling hex v0.4.3
[INFO] [stderr]    Compiling dotenvy v0.15.7
[INFO] [stderr]     Checking tower-layer v0.3.2
[INFO] [stderr]    Compiling hkdf v0.12.3
[INFO] [stderr]    Compiling axum-core v0.3.4
[INFO] [stderr]    Compiling stringprep v0.1.3
[INFO] [stderr]    Compiling md-5 v0.10.5
[INFO] [stderr]     Checking async-lock v2.8.0
[INFO] [stderr]     Checking regex-automata v0.3.6
[INFO] [stderr]    Compiling whoami v1.4.1
[INFO] [stderr]    Compiling fastrand v2.0.0
[INFO] [stderr]    Compiling io-lifetimes v1.0.11
[INFO] [stderr]    Compiling unicode-segmentation v1.10.1
[INFO] [stderr]    Compiling home v0.5.5
[INFO] [stderr]    Compiling axum v0.6.20
[INFO] [stderr]     Checking async-channel v1.9.0
[INFO] [stderr]    Compiling heck v0.4.1
[INFO] [stderr]    Compiling phf_shared v0.10.0
[INFO] [stderr]     Checking headers-core v0.2.0
[INFO] [stderr]    Compiling polling v2.8.0
[INFO] [stderr]    Compiling rustix v0.37.23
[INFO] [stderr]     Checking headers v0.3.8
[INFO] [stderr]    Compiling phf_generator v0.10.0
[INFO] [stderr]    Compiling async-io v1.13.0
[INFO] [stderr]     Checking urlencoding v2.1.3
[INFO] [stderr]     Checking async-task v4.4.0
[INFO] [stderr]     Checking matchit v0.7.2
[INFO] [stderr]     Checking lazy_static v1.4.0
[INFO] [stderr]     Checking linux-raw-sys v0.3.8
[INFO] [stderr]     Checking sync_wrapper v0.1.2
[INFO] [stderr]    Compiling unicase v2.7.0
[INFO] [stderr]    Compiling signal-hook v0.3.17
[INFO] [stderr]     Checking atomic-waker v1.1.1
[INFO] [stderr]    Compiling semver-parser v0.7.0
[INFO] [stderr]    Compiling phf_codegen v0.10.0
[INFO] [stderr]     Checking blocking v1.3.1
[INFO] [stderr]     Checking ordered-float v3.9.1
[INFO] [stderr]     Checking crossbeam-channel v0.5.8
[INFO] [stderr]    Compiling semver v0.9.0
[INFO] [stderr]    Compiling async-fs v1.6.0
[INFO] [stderr]    Compiling async-net v1.7.0
[INFO] [stderr]    Compiling async-process v1.7.0
[INFO] [stderr]    Compiling ucd-trie v0.1.6
[INFO] [stderr]     Checking regex v1.9.3
[INFO] [stderr]    Compiling rustc_version v0.2.3
[INFO] [stderr]     Checking new_debug_unreachable v1.0.4
[INFO] [stderr]     Checking zeroize v1.6.0
[INFO] [stderr]     Checking regex-syntax v0.6.29
[INFO] [stderr]     Checking async-executor v1.5.1
[INFO] [stderr]    Compiling phf_shared v0.11.2
[INFO] [stderr]    Compiling delay_timer v0.11.4 (https://github.com/MorganTwoZero/delay-timer.git#c7f4dc8f)
[INFO] [stderr]     Checking overload v0.1.1
[INFO] [stderr]    Compiling mime_guess v2.0.4
[INFO] [stderr]     Checking nu-ansi-term v0.46.0
[INFO] [stderr]    Compiling phf_generator v0.11.2
[INFO] [stderr]     Checking sharded-slab v0.1.4
[INFO] [stderr]     Checking tracing-log v0.1.3
[INFO] [stderr]    Compiling string_cache_codegen v0.5.2
[INFO] [stderr]     Checking cron_clock v0.8.0 (https://github.com/MorganTwoZero/cron_clock.git#297987dd)
[INFO] [stderr]     Checking lru v0.7.8
[INFO] [stderr]     Checking rustls-webpki v0.101.4
[INFO] [stderr]     Checking sct v0.7.0
[INFO] [stderr]     Checking dashmap v4.0.2
[INFO] [stderr]     Checking thread_local v1.1.7
[INFO] [stderr]     Checking mac v0.1.1
[INFO] [stderr]     Checking rs-snowflake v0.6.0
[INFO] [stderr]     Checking dlv-list v0.3.0
[INFO] [stderr]     Checking precomputed-hash v0.1.1
[INFO] [stderr]     Checking futf v0.1.5
[INFO] [stderr]     Checking phf v0.10.1
[INFO] [stderr]     Checking linked-hash-map v0.5.6
[INFO] [stderr]     Checking ordered-multimap v0.4.3
[INFO] [stderr]     Checking utf-8 v0.7.6
[INFO] [stderr]     Checking dtoa v1.0.9
[INFO] [stderr]     Checking webpki-roots v0.24.0
[INFO] [stderr]    Compiling markup5ever v0.11.0
[INFO] [stderr]     Checking yaml-rust v0.4.5
[INFO] [stderr]     Checking tendril v0.4.3
[INFO] [stderr]    Compiling selectors v0.25.0
[INFO] [stderr]    Compiling tempfile v3.8.0
[INFO] [stderr]     Checking dtoa-short v0.3.4
[INFO] [stderr]     Checking pathdiff v0.2.1
[INFO] [stderr]     Checking rust-ini v0.18.0
[INFO] [stderr]     Checking http-range-header v0.3.1
[INFO] [stderr]    Compiling html5ever v0.26.0
[INFO] [stderr]     Checking stable_deref_trait v1.2.0
[INFO] [stderr]    Compiling derive_more v0.99.17
[INFO] [stderr]     Checking fxhash v0.2.1
[INFO] [stderr]    Compiling getrandom v0.1.16
[INFO] [stderr]     Checking servo_arc v0.3.0
[INFO] [stderr]     Checking unicode-width v0.1.10
[INFO] [stderr]     Checking getopts v0.2.21
[INFO] [stderr]     Checking ego-tree v0.6.2
[INFO] [stderr]    Compiling http-types v2.12.0
[INFO] [stderr]     Checking deadpool-runtime v0.1.2
[INFO] [stderr]     Checking infer v0.2.3
[INFO] [stderr]     Checking time-core v0.1.1
[INFO] [stderr]     Checking deranged v0.3.8
[INFO] [stderr]     Checking retain_mut v0.1.9
[INFO] [stderr]     Checking gethostname v0.2.3
[INFO] [stderr]     Checking rand_core v0.5.1
[INFO] [stderr]     Checking futures-timer v3.0.2
[INFO] [stderr]     Checking rand_chacha v0.2.2
[INFO] [stderr]    Compiling serde_derive v1.0.185
[INFO] [stderr]    Compiling tokio-macros v2.1.0
[INFO] [stderr]    Compiling futures-macro v0.3.28
[INFO] [stderr]    Compiling tracing-attributes v0.1.26
[INFO] [stderr]    Compiling thiserror-impl v1.0.47
[INFO] [stderr]    Compiling pin-project-internal v1.1.3
[INFO] [stderr]     Checking regex-automata v0.1.10
[INFO] [stderr]    Compiling async-stream-impl v0.3.5
[INFO] [stderr]    Compiling concat-idents v1.1.5
[INFO] [stderr]    Compiling phf_macros v0.11.2
[INFO] [stderr]    Compiling cssparser-macros v0.6.1
[INFO] [stderr]    Compiling uuid-macro-internal v1.4.1
[INFO] [stderr]     Checking matchers v0.1.0
[INFO] [stderr]     Checking rand v0.7.3
[INFO] [stderr]     Checking tokio v1.32.0
[INFO] [stderr]     Checking smol v1.3.0
[INFO] [stderr]     Checking time v0.3.27
[INFO] [stderr]     Checking async-stream v0.3.5
[INFO] [stderr]     Checking pest v2.7.2
[INFO] [stderr]     Checking phf v0.11.2
[INFO] [stderr]     Checking pin-project v1.1.3
[INFO] [stderr]     Checking cssparser v0.31.2
[INFO] [stderr]     Checking tracing v0.1.37
[INFO] [stderr]    Compiling pest_meta v2.7.2
[INFO] [stderr]    Compiling pest_generator v2.7.2
[INFO] [stderr]     Checking futures-executor v0.3.28
[INFO] [stderr]     Checking opentelemetry_api v0.20.0
[INFO] [stderr]     Checking futures v0.3.28
[INFO] [stderr]    Compiling pest_derive v2.7.2
[INFO] [stderr]     Checking tokio-util v0.7.8
[INFO] [stderr]     Checking tokio-stream v0.1.14
[INFO] [stderr]     Checking tokio-rustls v0.24.1
[INFO] [stderr]     Checking tokio-io-timeout v1.2.0
[INFO] [stderr]     Checking deadpool v0.9.5
[INFO] [stdout] error[E0277]: the trait bound `StrSearcher<'_, '_>: DoubleEndedSearcher<'_>` is not satisfied
[INFO] [stdout]    --> /opt/rustwide/cargo-home/git/checkouts/delay-timer-e90726d4fa55a23c/c7f4dc8/src/utils/parse.rs:371:83
[INFO] [stdout]     |
[INFO] [stdout] 371 |         let mut sub_command_inner = command.trim().split_inclusive(angle_bracket).rev();
[INFO] [stdout]     |                                                                                   ^^^ the trait `DoubleEndedSearcher<'_>` is not implemented for `StrSearcher<'_, '_>`
[INFO] [stdout]     |
[INFO] [stdout]     = help: the following other types implement trait `DoubleEndedSearcher<'a>`:
[INFO] [stdout]               CharSearcher<'a>
[INFO] [stdout]               CharArraySearcher<'a, N>
[INFO] [stdout]               CharArrayRefSearcher<'a, 'b, N>
[INFO] [stdout]               CharSliceSearcher<'a, 'b>
[INFO] [stdout]               CharPredicateSearcher<'a, F>
[INFO] [stdout]     = note: required for `std::str::SplitInclusive<'_, &str>` to implement `DoubleEndedIterator`
[INFO] [stdout] note: required by a bound in `rev`
[INFO] [stdout]    --> /rustc/82e1608dfa6e0b5569232559e3d385fea5a93112/library/core/src/iter/traits/iterator.rs:3397:5
[INFO] [stdout] 
[INFO] [stdout] 
[INFO] [stderr]     Checking h2 v0.3.21
[INFO] [stderr]     Checking tower v0.4.13
[INFO] [stderr]     Checking tower-http v0.4.3
[INFO] [stdout] error[E0599]: the method `next` exists for struct `Rev<SplitInclusive<'_, &str>>`, but its trait bounds were not satisfied
[INFO] [stdout]    --> /opt/rustwide/cargo-home/git/checkouts/delay-timer-e90726d4fa55a23c/c7f4dc8/src/utils/parse.rs:374:14
[INFO] [stdout]     |
[INFO] [stdout] 373 | /         sub_command_inner
[INFO] [stdout] 374 | |             .next()
[INFO] [stdout]     | |             -^^^^ method cannot be called on `Rev<SplitInclusive<'_, &str>>` due to unsatisfied trait bounds
[INFO] [stdout]     | |_____________|
[INFO] [stdout]     | 
[INFO] [stdout]    --> /rustc/82e1608dfa6e0b5569232559e3d385fea5a93112/library/core/src/str/iter.rs:1216:1
[INFO] [stdout]     |
[INFO] [stdout]     = note: doesn't satisfy `_: DoubleEndedIterator`
[INFO] [stdout]    --> /rustc/82e1608dfa6e0b5569232559e3d385fea5a93112/library/core/src/iter/adapters/rev.rs:15:1
[INFO] [stdout]     |
[INFO] [stdout]     = note: doesn't satisfy `Rev<std::str::SplitInclusive<'_, &str>>: Iterator`
[INFO] [stdout]     |
[INFO] [stdout]     = note: the following trait bounds were not satisfied:
[INFO] [stdout]             `std::str::SplitInclusive<'_, &str>: DoubleEndedIterator`
[INFO] [stdout]             which is required by `Rev<std::str::SplitInclusive<'_, &str>>: Iterator`
[INFO] [stdout] 
[INFO] [stdout] 
[INFO] [stdout] error: aborting due to 2 previous errors
[INFO] [stdout] 
[INFO] [stdout] 
[INFO] [stdout] Some errors have detailed explanations: E0277, E0599.
[INFO] [stdout] 
[INFO] [stdout] For more information about an error, try `rustc --explain E0277`.
[INFO] [stdout] 
[INFO] [stderr] error: could not compile `delay_timer` (lib) due to 3 previous errors
[INFO] [stderr] warning: build failed, waiting for other jobs to finish...
[INFO] running `Command { std: "docker" "inspect" "33635b88e253e155d6adbb0a5ee9e752cf4c87127b484a58fee707acd02aa4e0", kill_on_drop: false }`
[INFO] running `Command { std: "docker" "rm" "-f" "33635b88e253e155d6adbb0a5ee9e752cf4c87127b484a58fee707acd02aa4e0", kill_on_drop: false }`
[INFO] [stdout] 33635b88e253e155d6adbb0a5ee9e752cf4c87127b484a58fee707acd02aa4e0
[INFO] documenting MorganTwoZero/pic-scraper-backend against beta-2023-12-22 for beta-1.76-rustdoc-1
[INFO] running `Command { std: "git" "clone" "/workspace/cache/git-repos/https%3A%2F%2Fgithub.com%2FMorganTwoZero%2Fpic-scraper-backend" "/workspace/builds/worker-3-tc2/source", kill_on_drop: false }`
[INFO] [stderr] Cloning into '/workspace/builds/worker-3-tc2/source'...
[INFO] [stderr] done.
[INFO] validating manifest of git repo https://github.com/MorganTwoZero/pic-scraper-backend on toolchain beta-2023-12-22
[INFO] running `Command { std: CARGO_HOME="/workspace/cargo-home" RUSTUP_HOME="/workspace/rustup-home" "/workspace/cargo-home/bin/cargo" "+beta-2023-12-22" "metadata" "--manifest-path" "Cargo.toml" "--no-deps", kill_on_drop: false }`
[INFO] started tweaking git repo https://github.com/MorganTwoZero/pic-scraper-backend
[INFO] finished tweaking git repo https://github.com/MorganTwoZero/pic-scraper-backend
[INFO] tweaked toml for git repo https://github.com/MorganTwoZero/pic-scraper-backend written to /workspace/builds/worker-3-tc2/source/Cargo.toml
[INFO] crate git repo https://github.com/MorganTwoZero/pic-scraper-backend already has a lockfile, it will not be regenerated
[INFO] running `Command { std: CARGO_HOME="/workspace/cargo-home" RUSTUP_HOME="/workspace/rustup-home" "/workspace/cargo-home/bin/cargo" "+beta-2023-12-22" "fetch" "--manifest-path" "Cargo.toml", kill_on_drop: false }`
[INFO] [stderr] warning: virtual workspace defaulting to `resolver = "1"` despite one or more workspace members being on edition 2021 which implies `resolver = "2"`
[INFO] [stderr] note: to keep the current resolver, specify `workspace.resolver = "1"` in the workspace root's manifest
[INFO] [stderr] note: to use the edition 2021 resolver, specify `workspace.resolver = "2"` in the workspace root's manifest
[INFO] [stderr] note: for more details see https://doc.rust-lang.org/cargo/reference/resolver.html#resolver-versions
[INFO] running `Command { std: "docker" "create" "-v" "/var/lib/crater-agent-workspace/builds/worker-3-tc2/target:/opt/rustwide/target:rw,Z" "-v" "/var/lib/crater-agent-workspace/builds/worker-3-tc2/source:/opt/rustwide/workdir:ro,Z" "-v" "/var/lib/crater-agent-workspace/cargo-home:/opt/rustwide/cargo-home:ro,Z" "-v" "/var/lib/crater-agent-workspace/rustup-home:/opt/rustwide/rustup-home:ro,Z" "-e" "SOURCE_DIR=/opt/rustwide/workdir" "-e" "CARGO_TARGET_DIR=/opt/rustwide/target" "-e" "CARGO_HOME=/opt/rustwide/cargo-home" "-e" "RUSTUP_HOME=/opt/rustwide/rustup-home" "-w" "/opt/rustwide/workdir" "-m" "1610612736" "--user" "0:0" "--network" "none" "ghcr.io/rust-lang/crates-build-env/linux@sha256:2788e3201cd34a07e3172128adcd8b3090168a8e3bcc40d7c032b9dda1df7d1c" "/opt/rustwide/cargo-home/bin/cargo" "+beta-2023-12-22" "metadata" "--no-deps" "--format-version=1", kill_on_drop: false }`
[INFO] [stdout] 5245d24167635a98078ef23728a5754d3b3bfd8208deb7cfbdab09fdcf12360a
[INFO] running `Command { std: "docker" "start" "-a" "5245d24167635a98078ef23728a5754d3b3bfd8208deb7cfbdab09fdcf12360a", kill_on_drop: false }`
[INFO] running `Command { std: "docker" "inspect" "5245d24167635a98078ef23728a5754d3b3bfd8208deb7cfbdab09fdcf12360a", kill_on_drop: false }`
[INFO] running `Command { std: "docker" "rm" "-f" "5245d24167635a98078ef23728a5754d3b3bfd8208deb7cfbdab09fdcf12360a", kill_on_drop: false }`
[INFO] [stdout] 5245d24167635a98078ef23728a5754d3b3bfd8208deb7cfbdab09fdcf12360a
[INFO] running `Command { std: "docker" "create" "-v" "/var/lib/crater-agent-workspace/builds/worker-3-tc2/target:/opt/rustwide/target:rw,Z" "-v" "/var/lib/crater-agent-workspace/builds/worker-3-tc2/source:/opt/rustwide/workdir:ro,Z" "-v" "/var/lib/crater-agent-workspace/cargo-home:/opt/rustwide/cargo-home:ro,Z" "-v" "/var/lib/crater-agent-workspace/rustup-home:/opt/rustwide/rustup-home:ro,Z" "-e" "SOURCE_DIR=/opt/rustwide/workdir" "-e" "CARGO_TARGET_DIR=/opt/rustwide/target" "-e" "CARGO_INCREMENTAL=0" "-e" "RUST_BACKTRACE=full" "-e" "RUSTFLAGS=--cap-lints=warn" "-e" "RUSTDOCFLAGS=--cap-lints=warn" "-e" "CARGO_HOME=/opt/rustwide/cargo-home" "-e" "RUSTUP_HOME=/opt/rustwide/rustup-home" "-w" "/opt/rustwide/workdir" "-m" "1610612736" "--user" "0:0" "--network" "none" "ghcr.io/rust-lang/crates-build-env/linux@sha256:2788e3201cd34a07e3172128adcd8b3090168a8e3bcc40d7c032b9dda1df7d1c" "/opt/rustwide/cargo-home/bin/cargo" "+beta-2023-12-22" "doc" "--frozen" "--no-deps" "--document-private-items" "--message-format=json", kill_on_drop: false }`
[INFO] [stdout] 110f99948a06723cb65fe48d862606ea70443019b188cdcbe95663f105d67155
[INFO] running `Command { std: "docker" "start" "-a" "110f99948a06723cb65fe48d862606ea70443019b188cdcbe95663f105d67155", kill_on_drop: false }`
[INFO] [stderr] warning: virtual workspace defaulting to `resolver = "1"` despite one or more workspace members being on edition 2021 which implies `resolver = "2"`
[INFO] [stderr] note: to keep the current resolver, specify `workspace.resolver = "1"` in the workspace root's manifest
[INFO] [stderr] note: to use the edition 2021 resolver, specify `workspace.resolver = "2"` in the workspace root's manifest
[INFO] [stderr] note: for more details see https://doc.rust-lang.org/cargo/reference/resolver.html#resolver-versions
[INFO] [stderr]    Compiling libc v0.2.147
[INFO] [stderr]    Compiling proc-macro2 v1.0.66
[INFO] [stderr]    Compiling unicode-ident v1.0.11
[INFO] [stderr]    Compiling autocfg v1.1.0
[INFO] [stderr]     Checking cfg-if v1.0.0
[INFO] [stderr]    Compiling version_check v0.9.4
[INFO] [stderr]    Compiling memchr v2.5.0
[INFO] [stderr]     Checking once_cell v1.18.0
[INFO] [stderr]    Compiling serde v1.0.185
[INFO] [stderr]    Compiling futures-core v0.3.28
[INFO] [stderr]     Checking pin-project-lite v0.2.12
[INFO] [stderr]    Compiling parking_lot_core v0.9.8
[INFO] [stderr]     Checking smallvec v1.11.0
[INFO] [stderr]     Checking itoa v1.0.9
[INFO] [stderr]     Checking log v0.4.20
[INFO] [stderr]     Checking futures-io v0.3.28
[INFO] [stderr]     Checking bytes v1.4.0
[INFO] [stderr]     Checking scopeguard v1.2.0
[INFO] [stderr]    Compiling futures-task v0.3.28
[INFO] [stderr]    Compiling futures-channel v0.3.28
[INFO] [stderr]    Compiling typenum v1.16.0
[INFO] [stderr]    Compiling futures-util v0.3.28
[INFO] [stderr]    Compiling crossbeam-utils v0.8.16
[INFO] [stderr]    Compiling thiserror v1.0.47
[INFO] [stderr]     Checking futures-sink v0.3.28
[INFO] [stderr]    Compiling serde_json v1.0.105
[INFO] [stderr]     Checking pin-utils v0.1.0
[INFO] [stderr]     Checking tracing-core v0.1.31
[INFO] [stderr]    Compiling generic-array v0.14.7
[INFO] [stderr]    Compiling ahash v0.7.6
[INFO] [stderr]     Checking ryu v1.0.15
[INFO] [stderr]    Compiling lock_api v0.4.10
[INFO] [stderr]    Compiling slab v0.4.9
[INFO] [stderr]    Compiling num-traits v0.2.16
[INFO] [stderr]     Checking percent-encoding v2.3.0
[INFO] [stderr]    Compiling indexmap v1.9.3
[INFO] [stderr]    Compiling ppv-lite86 v0.2.17
[INFO] [stderr]     Checking fnv v1.0.7
[INFO] [stderr]    Compiling rustls v0.21.6
[INFO] [stderr]    Compiling ahash v0.8.3
[INFO] [stderr]    Compiling syn v1.0.109
[INFO] [stderr]     Checking http v0.2.9
[INFO] [stderr]     Checking spin v0.5.2
[INFO] [stderr]     Checking untrusted v0.7.1
[INFO] [stderr]     Checking subtle v2.5.0
[INFO] [stderr]    Compiling async-trait v0.1.73
[INFO] [stderr]     Checking form_urlencoded v1.2.0
[INFO] [stderr]    Compiling quote v1.0.33
[INFO] [stderr]     Checking event-listener v2.5.3
[INFO] [stderr]     Checking tinyvec_macros v0.1.1
[INFO] [stderr]     Checking tower-service v0.3.2
[INFO] [stderr]     Checking tinyvec v1.6.0
[INFO] [stderr]     Checking httpdate v1.0.3
[INFO] [stderr]    Compiling httparse v1.8.0
[INFO] [stderr]     Checking base64 v0.21.2
[INFO] [stderr]     Checking try-lock v0.2.4
[INFO] [stderr]     Checking bitflags v1.3.2
[INFO] [stderr]    Compiling syn v2.0.29
[INFO] [stderr]     Checking unicode-bidi v0.3.13
[INFO] [stderr]     Checking want v0.3.1
[INFO] [stderr]     Checking mime v0.3.17
[INFO] [stderr]     Checking cpufeatures v0.2.9
[INFO] [stderr]     Checking rustls-pemfile v1.0.3
[INFO] [stderr]    Compiling crossbeam-queue v0.3.8
[INFO] [stderr]     Checking base64 v0.13.1
[INFO] [stderr]    Compiling paste v1.0.14
[INFO] [stderr]    Compiling siphasher v0.3.10
[INFO] [stderr]    Compiling rustversion v1.0.14
[INFO] [stderr]    Compiling anyhow v1.0.75
[INFO] [stderr]     Checking unicode-normalization v0.1.22
[INFO] [stderr]     Checking http-body v0.4.5
[INFO] [stderr]     Checking getrandom v0.2.10
[INFO] [stderr]     Checking signal-hook-registry v1.4.1
[INFO] [stderr]     Checking num_cpus v1.16.0
[INFO] [stderr]    Compiling cc v1.0.83
[INFO] [stderr]     Checking mio v0.8.8
[INFO] [stderr]     Checking socket2 v0.5.3
[INFO] [stderr]     Checking socket2 v0.4.9
[INFO] [stderr]     Checking parking_lot v0.12.1
[INFO] [stderr]     Checking rand_core v0.6.4
[INFO] [stderr]     Checking hashbrown v0.12.3
[INFO] [stderr]     Checking rand_chacha v0.3.1
[INFO] [stderr]     Checking crypto-common v0.1.6
[INFO] [stderr]     Checking block-buffer v0.10.4
[INFO] [stderr]     Checking digest v0.10.7
[INFO] [stderr]     Checking rand v0.8.5
[INFO] [stderr]    Compiling allocator-api2 v0.2.16
[INFO] [stderr]     Checking idna v0.4.0
[INFO] [stderr]     Checking openssl-probe v0.1.5
[INFO] [stderr]     Checking minimal-lexical v0.2.1
[INFO] [stderr]     Checking sha1 v0.10.5
[INFO] [stderr]     Checking rustls-native-certs v0.6.3
[INFO] [stderr]     Checking nom v7.1.3
[INFO] [stderr]    Compiling hashbrown v0.14.0
[INFO] [stderr]     Checking concurrent-queue v2.2.0
[INFO] [stderr]     Checking aho-corasick v1.0.4
[INFO] [stderr]     Checking regex-syntax v0.7.4
[INFO] [stderr]    Compiling ring v0.16.20
[INFO] [stderr]     Checking bitflags v2.4.0
[INFO] [stderr]     Checking waker-fn v1.1.0
[INFO] [stderr]     Checking fastrand v1.9.0
[INFO] [stderr]     Checking parking v2.1.0
[INFO] [stderr]     Checking futures-lite v1.13.0
[INFO] [stderr]    Compiling crc-catalog v2.2.0
[INFO] [stderr]    Compiling unicode_categories v0.1.1
[INFO] [stderr]     Checking iana-time-zone v0.1.57
[INFO] [stderr]    Compiling equivalent v1.0.1
[INFO] [stderr]     Checking byteorder v1.4.3
[INFO] [stderr]    Compiling rustix v0.38.8
[INFO] [stderr]    Compiling chrono v0.4.26
[INFO] [stderr]    Compiling atoi v2.0.0
[INFO] [stderr]    Compiling indexmap v2.0.0
[INFO] [stderr]    Compiling crc v3.0.1
[INFO] [stderr]    Compiling hashlink v0.8.3
[INFO] [stderr]    Compiling sha2 v0.10.7
[INFO] [stderr]    Compiling hmac v0.12.1
[INFO] [stderr]    Compiling futures-intrusive v0.5.0
[INFO] [stderr]     Checking encoding_rs v0.8.32
[INFO] [stderr]     Checking webpki-roots v0.25.2
[INFO] [stderr]     Checking ipnet v2.8.0
[INFO] [stderr]    Compiling hex v0.4.3
[INFO] [stderr]    Compiling dotenvy v0.15.7
[INFO] [stderr]    Compiling linux-raw-sys v0.4.5
[INFO] [stderr]     Checking tower-layer v0.3.2
[INFO] [stderr]    Compiling hkdf v0.12.3
[INFO] [stderr]    Compiling axum-core v0.3.4
[INFO] [stderr]    Compiling md-5 v0.10.5
[INFO] [stderr]    Compiling stringprep v0.1.3
[INFO] [stderr]     Checking async-lock v2.8.0
[INFO] [stderr]    Compiling home v0.5.5
[INFO] [stderr]    Compiling unicode-segmentation v1.10.1
[INFO] [stderr]    Compiling whoami v1.4.1
[INFO] [stderr]    Compiling fastrand v2.0.0
[INFO] [stderr]    Compiling io-lifetimes v1.0.11
[INFO] [stderr]    Compiling axum v0.6.20
[INFO] [stderr]     Checking async-channel v1.9.0
[INFO] [stderr]     Checking regex-automata v0.3.6
[INFO] [stderr]    Compiling heck v0.4.1
[INFO] [stderr]    Compiling phf_shared v0.10.0
[INFO] [stderr]     Checking headers-core v0.2.0
[INFO] [stderr]    Compiling polling v2.8.0
[INFO] [stderr]    Compiling rustix v0.37.23
[INFO] [stderr]     Checking headers v0.3.8
[INFO] [stderr]    Compiling phf_generator v0.10.0
[INFO] [stderr]    Compiling async-io v1.13.0
[INFO] [stderr]     Checking sync_wrapper v0.1.2
[INFO] [stderr]     Checking async-task v4.4.0
[INFO] [stderr]     Checking matchit v0.7.2
[INFO] [stderr]     Checking urlencoding v2.1.3
[INFO] [stderr]     Checking lazy_static v1.4.0
[INFO] [stderr]     Checking linux-raw-sys v0.3.8
[INFO] [stderr]    Compiling unicase v2.7.0
[INFO] [stderr]    Compiling signal-hook v0.3.17
[INFO] [stderr]     Checking atomic-waker v1.1.1
[INFO] [stderr]    Compiling semver-parser v0.7.0
[INFO] [stderr]    Compiling phf_codegen v0.10.0
[INFO] [stderr]     Checking blocking v1.3.1
[INFO] [stderr]     Checking ordered-float v3.9.1
[INFO] [stderr]     Checking crossbeam-channel v0.5.8
[INFO] [stderr]    Compiling async-fs v1.6.0
[INFO] [stderr]    Compiling async-process v1.7.0
[INFO] [stderr]    Compiling semver v0.9.0
[INFO] [stderr]    Compiling async-net v1.7.0
[INFO] [stderr]    Compiling ucd-trie v0.1.6
[INFO] [stderr]     Checking regex-syntax v0.6.29
[INFO] [stderr]    Compiling rustc_version v0.2.3
[INFO] [stderr]     Checking new_debug_unreachable v1.0.4
[INFO] [stderr]     Checking zeroize v1.6.0
[INFO] [stderr]     Checking async-executor v1.5.1
[INFO] [stderr]    Compiling phf_shared v0.11.2
[INFO] [stderr]     Checking overload v0.1.1
[INFO] [stderr]     Checking sharded-slab v0.1.4
[INFO] [stderr]    Compiling delay_timer v0.11.4 (https://github.com/MorganTwoZero/delay-timer.git#c7f4dc8f)
[INFO] [stderr]     Checking nu-ansi-term v0.46.0
[INFO] [stderr]     Checking tracing-log v0.1.3
[INFO] [stderr]    Compiling string_cache_codegen v0.5.2
[INFO] [stderr]     Checking cron_clock v0.8.0 (https://github.com/MorganTwoZero/cron_clock.git#297987dd)
[INFO] [stderr]    Compiling mime_guess v2.0.4
[INFO] [stderr]    Compiling phf_generator v0.11.2
[INFO] [stderr]     Checking lru v0.7.8
[INFO] [stderr]     Checking dashmap v4.0.2
[INFO] [stderr]     Checking thread_local v1.1.7
[INFO] [stderr]    Compiling tempfile v3.8.0
[INFO] [stderr]     Checking precomputed-hash v0.1.1
[INFO] [stderr]     Checking rs-snowflake v0.6.0
[INFO] [stderr]     Checking mac v0.1.1
[INFO] [stderr]     Checking dlv-list v0.3.0
[INFO] [stderr]     Checking phf v0.10.1
[INFO] [stderr]     Checking futf v0.1.5
[INFO] [stderr]     Checking dtoa v1.0.9
[INFO] [stderr]     Checking utf-8 v0.7.6
[INFO] [stderr]     Checking linked-hash-map v0.5.6
[INFO] [stderr]     Checking ordered-multimap v0.4.3
[INFO] [stderr]     Checking rustls-webpki v0.101.4
[INFO] [stderr]     Checking sct v0.7.0
[INFO] [stderr]    Compiling markup5ever v0.11.0
[INFO] [stderr]     Checking dtoa-short v0.3.4
[INFO] [stderr]     Checking regex v1.9.3
[INFO] [stderr]    Compiling selectors v0.25.0
[INFO] [stderr]     Checking http-range-header v0.3.1
[INFO] [stderr]     Checking yaml-rust v0.4.5
[INFO] [stderr]     Checking tendril v0.4.3
[INFO] [stderr]     Checking stable_deref_trait v1.2.0
[INFO] [stderr]     Checking pathdiff v0.2.1
[INFO] [stderr]     Checking rust-ini v0.18.0
[INFO] [stderr]     Checking fxhash v0.2.1
[INFO] [stderr]    Compiling getrandom v0.1.16
[INFO] [stderr]     Checking servo_arc v0.3.0
[INFO] [stderr]     Checking unicode-width v0.1.10
[INFO] [stderr]     Checking webpki-roots v0.24.0
[INFO] [stderr]     Checking ego-tree v0.6.2
[INFO] [stderr]    Compiling http-types v2.12.0
[INFO] [stderr]     Checking deranged v0.3.8
[INFO] [stderr]     Checking getopts v0.2.21
[INFO] [stderr]     Checking deadpool-runtime v0.1.2
[INFO] [stderr]     Checking time-core v0.1.1
[INFO] [stderr]     Checking infer v0.2.3
[INFO] [stderr]     Checking retain_mut v0.1.9
[INFO] [stderr]     Checking gethostname v0.2.3
[INFO] [stderr]     Checking regex-automata v0.1.10
[INFO] [stderr]     Checking futures-timer v3.0.2
[INFO] [stderr]     Checking rand_core v0.5.1
[INFO] [stderr]    Compiling html5ever v0.26.0
[INFO] [stderr]    Compiling derive_more v0.99.17
[INFO] [stderr]     Checking rand_chacha v0.2.2
[INFO] [stderr]     Checking rand v0.7.3
[INFO] [stderr]    Compiling serde_derive v1.0.185
[INFO] [stderr]    Compiling tokio-macros v2.1.0
[INFO] [stderr]    Compiling futures-macro v0.3.28
[INFO] [stderr]    Compiling tracing-attributes v0.1.26
[INFO] [stderr]    Compiling thiserror-impl v1.0.47
[INFO] [stderr]    Compiling pin-project-internal v1.1.3
[INFO] [stderr]    Compiling async-stream-impl v0.3.5
[INFO] [stderr]     Checking matchers v0.1.0
[INFO] [stderr]    Compiling concat-idents v1.1.5
[INFO] [stderr]    Compiling phf_macros v0.11.2
[INFO] [stderr]     Checking smol v1.3.0
[INFO] [stderr]    Compiling cssparser-macros v0.6.1
[INFO] [stderr]    Compiling uuid-macro-internal v1.4.1
[INFO] [stderr]     Checking time v0.3.27
[INFO] [stderr]     Checking async-stream v0.3.5
[INFO] [stderr]     Checking tokio v1.32.0
[INFO] [stderr]     Checking phf v0.11.2
[INFO] [stderr]    Compiling pest v2.7.2
[INFO] [stderr]     Checking cssparser v0.31.2
[INFO] [stderr]     Checking pin-project v1.1.3
[INFO] [stderr]     Checking tracing v0.1.37
[INFO] [stderr]    Compiling pest_meta v2.7.2
[INFO] [stderr]    Compiling pest_generator v2.7.2
[INFO] [stderr]     Checking futures-executor v0.3.28
[INFO] [stderr]     Checking opentelemetry_api v0.20.0
[INFO] [stderr]     Checking futures v0.3.28
[INFO] [stderr]    Compiling pest_derive v2.7.2
[INFO] [stderr]     Checking tokio-util v0.7.8
[INFO] [stderr]     Checking tokio-stream v0.1.14
[INFO] [stderr]     Checking tokio-rustls v0.24.1
[INFO] [stderr]     Checking tokio-io-timeout v1.2.0
[INFO] [stderr]     Checking deadpool v0.9.5
[INFO] [stderr]     Checking h2 v0.3.21
[INFO] [stderr]     Checking tower v0.4.13
[INFO] [stderr]     Checking tower-http v0.4.3
[INFO] [stdout] error[E0277]: the trait bound `StrSearcher<'_, '_>: DoubleEndedSearcher<'_>` is not satisfied
[INFO] [stdout]    --> /opt/rustwide/cargo-home/git/checkouts/delay-timer-e90726d4fa55a23c/c7f4dc8/src/utils/parse.rs:371:83
[INFO] [stdout]     |
[INFO] [stdout] 371 |         let mut sub_command_inner = command.trim().split_inclusive(angle_bracket).rev();
[INFO] [stdout]     |                                                                                   ^^^ the trait `DoubleEndedSearcher<'_>` is not implemented for `StrSearcher<'_, '_>`
[INFO] [stdout]     |
[INFO] [stdout]     = help: the following other types implement trait `DoubleEndedSearcher<'a>`:
[INFO] [stdout]               CharSearcher<'a>
[INFO] [stdout]               CharArraySearcher<'a, N>
[INFO] [stdout]               CharArrayRefSearcher<'a, 'b, N>
[INFO] [stdout]               CharSliceSearcher<'a, 'b>
[INFO] [stdout]               CharPredicateSearcher<'a, F>
[INFO] [stdout]     = note: required for `std::str::SplitInclusive<'_, &str>` to implement `DoubleEndedIterator`
[INFO] [stdout] note: required by a bound in `rev`
[INFO] [stdout]    --> /rustc/0e09125c6c3c2fd70d7de961bcf0e51575235fad/library/core/src/iter/traits/iterator.rs:3397:5
[INFO] [stdout] 
[INFO] [stdout] 
[INFO] [stdout] error[E0599]: the method `next` exists for struct `Rev<SplitInclusive<'_, &str>>`, but its trait bounds were not satisfied
[INFO] [stdout]    --> /opt/rustwide/cargo-home/git/checkouts/delay-timer-e90726d4fa55a23c/c7f4dc8/src/utils/parse.rs:374:14
[INFO] [stdout]     |
[INFO] [stdout] 373 | /         sub_command_inner
[INFO] [stdout] 374 | |             .next()
[INFO] [stdout]     | |             -^^^^ method cannot be called on `Rev<SplitInclusive<'_, &str>>` due to unsatisfied trait bounds
[INFO] [stdout]     | |_____________|
[INFO] [stdout]     | 
[INFO] [stdout]    --> /rustc/0e09125c6c3c2fd70d7de961bcf0e51575235fad/library/core/src/str/iter.rs:1266:1
[INFO] [stdout]     |
[INFO] [stdout]     = note: doesn't satisfy `_: DoubleEndedIterator`
[INFO] [stdout]    --> /rustc/0e09125c6c3c2fd70d7de961bcf0e51575235fad/library/core/src/iter/adapters/rev.rs:15:1
[INFO] [stdout]     |
[INFO] [stdout]     = note: doesn't satisfy `Rev<std::str::SplitInclusive<'_, &str>>: Iterator`
[INFO] [stdout]     |
[INFO] [stdout]     = note: the following trait bounds were not satisfied:
[INFO] [stdout]             `std::str::SplitInclusive<'_, &str>: DoubleEndedIterator`
[INFO] [stdout]             which is required by `Rev<std::str::SplitInclusive<'_, &str>>: Iterator`
[INFO] [stdout] 
[INFO] [stdout] 
[INFO] [stdout] error: aborting due to 2 previous errors
[INFO] [stdout] 
[INFO] [stdout] 
[INFO] [stdout] Some errors have detailed explanations: E0277, E0599.
[INFO] [stdout] 
[INFO] [stdout] For more information about an error, try `rustc --explain E0277`.
[INFO] [stdout] 
[INFO] [stderr] error: could not compile `delay_timer` (lib) due to 3 previous errors
[INFO] [stderr] warning: build failed, waiting for other jobs to finish...
[INFO] running `Command { std: "docker" "inspect" "110f99948a06723cb65fe48d862606ea70443019b188cdcbe95663f105d67155", kill_on_drop: false }`
[INFO] running `Command { std: "docker" "rm" "-f" "110f99948a06723cb65fe48d862606ea70443019b188cdcbe95663f105d67155", kill_on_drop: false }`
[INFO] [stdout] 110f99948a06723cb65fe48d862606ea70443019b188cdcbe95663f105d67155
