[INFO] cloning repository https://github.com/MordragT/nuka
[INFO] running `Command { std: "git" "-c" "credential.helper=" "-c" "credential.helper=/workspace/cargo-home/bin/git-credential-null" "clone" "--bare" "https://github.com/MordragT/nuka" "/workspace/cache/git-repos/https%3A%2F%2Fgithub.com%2FMordragT%2Fnuka", kill_on_drop: false }`
[INFO] [stderr] Cloning into bare repository '/workspace/cache/git-repos/https%3A%2F%2Fgithub.com%2FMordragT%2Fnuka'...
[INFO] running `Command { std: "git" "rev-parse" "HEAD", kill_on_drop: false }`
[INFO] [stdout] 7d63c0e05e78d4180e9872de58b376c7916005a2
[INFO] documenting MordragT/nuka against 1.75.0 for beta-1.76-rustdoc-1
[INFO] running `Command { std: "git" "clone" "/workspace/cache/git-repos/https%3A%2F%2Fgithub.com%2FMordragT%2Fnuka" "/workspace/builds/worker-2-tc1/source", kill_on_drop: false }`
[INFO] [stderr] Cloning into '/workspace/builds/worker-2-tc1/source'...
[INFO] [stderr] done.
[INFO] validating manifest of git repo https://github.com/MordragT/nuka on toolchain 1.75.0
[INFO] running `Command { std: CARGO_HOME="/workspace/cargo-home" RUSTUP_HOME="/workspace/rustup-home" "/workspace/cargo-home/bin/cargo" "+1.75.0" "metadata" "--manifest-path" "Cargo.toml" "--no-deps", kill_on_drop: false }`
[INFO] started tweaking git repo https://github.com/MordragT/nuka
[INFO] finished tweaking git repo https://github.com/MordragT/nuka
[INFO] tweaked toml for git repo https://github.com/MordragT/nuka written to /workspace/builds/worker-2-tc1/source/Cargo.toml
[INFO] crate git repo https://github.com/MordragT/nuka already has a lockfile, it will not be regenerated
[INFO] running `Command { std: CARGO_HOME="/workspace/cargo-home" RUSTUP_HOME="/workspace/rustup-home" "/workspace/cargo-home/bin/cargo" "+1.75.0" "fetch" "--manifest-path" "Cargo.toml", kill_on_drop: false }`
[INFO] [stderr]     Updating crates.io index
[INFO] [stderr]  Downloading crates ...
[INFO] [stderr]   Downloaded typetag-impl v0.2.13
[INFO] [stderr]   Downloaded nu-term-grid v0.80.0
[INFO] [stderr]   Downloaded ansi-str v0.7.2
[INFO] [stderr]   Downloaded libp2p-connection-limits v0.3.0
[INFO] [stderr]   Downloaded libproc v0.12.0
[INFO] [stderr]   Downloaded rusty-value-derive v0.1.1
[INFO] [stderr]   Downloaded powierza-coefficient v1.0.2
[INFO] [stderr]   Downloaded open v4.2.0
[INFO] [stderr]   Downloaded libp2p-allow-block-list v0.3.0
[INFO] [stderr]   Downloaded dtparse v1.5.0
[INFO] [stderr]   Downloaded lscolors v0.14.0
[INFO] [stderr]   Downloaded quic-rpc v0.6.1
[INFO] [stderr]   Downloaded nu-protocol v0.80.0
[INFO] [stderr]   Downloaded ratatui v0.20.1
[INFO] [stderr]   Downloaded quick-xml v0.25.0
[INFO] [stderr]   Downloaded papergrid v0.9.1
[INFO] [stderr]   Downloaded libp2p-swarm v0.44.0
[INFO] [stderr]   Downloaded libp2p-core v0.41.1
[INFO] [stderr]   Downloaded calamine v0.19.1
[INFO] [stderr]   Downloaded nu-json v0.80.0
[INFO] [stderr]   Downloaded typetag v0.2.13
[INFO] [stderr]   Downloaded nu-system v0.80.0
[INFO] [stderr]   Downloaded shadow-rs v0.21.0
[INFO] [stderr]   Downloaded tabled v0.12.2
[INFO] [stderr]   Downloaded libp2p v0.53.1
[INFO] [stderr]   Downloaded is-root v0.1.3
[INFO] [stderr]   Downloaded nu-utils v0.80.0
[INFO] [stderr]   Downloaded alphanumeric-sort v1.5.2
[INFO] [stderr]   Downloaded nu-color-config v0.80.0
[INFO] [stderr]   Downloaded nu-cmd-lang v0.80.0
[INFO] [stderr]   Downloaded nu-pretty-hex v0.80.0
[INFO] [stderr]   Downloaded nu-engine v0.80.0
[INFO] [stderr]   Downloaded rusty-value v0.6.0
[INFO] [stderr]   Downloaded cap-async-std v0.26.1
[INFO] [stderr]   Downloaded nu-glob v0.80.0
[INFO] [stderr]   Downloaded nu-path v0.80.0
[INFO] [stderr]   Downloaded embed-nu v0.8.0
[INFO] [stderr]   Downloaded nu-table v0.80.0
[INFO] [stderr]   Downloaded nu-parser v0.80.0
[INFO] [stderr]   Downloaded nu-explore v0.80.0
[INFO] [stderr]   Downloaded nu-command v0.80.0
[INFO] running `Command { std: "docker" "create" "-v" "/var/lib/crater-agent-workspace/builds/worker-2-tc1/target:/opt/rustwide/target:rw,Z" "-v" "/var/lib/crater-agent-workspace/builds/worker-2-tc1/source:/opt/rustwide/workdir:ro,Z" "-v" "/var/lib/crater-agent-workspace/cargo-home:/opt/rustwide/cargo-home:ro,Z" "-v" "/var/lib/crater-agent-workspace/rustup-home:/opt/rustwide/rustup-home:ro,Z" "-e" "SOURCE_DIR=/opt/rustwide/workdir" "-e" "CARGO_TARGET_DIR=/opt/rustwide/target" "-e" "CARGO_HOME=/opt/rustwide/cargo-home" "-e" "RUSTUP_HOME=/opt/rustwide/rustup-home" "-w" "/opt/rustwide/workdir" "-m" "1610612736" "--user" "0:0" "--network" "none" "ghcr.io/rust-lang/crates-build-env/linux@sha256:2788e3201cd34a07e3172128adcd8b3090168a8e3bcc40d7c032b9dda1df7d1c" "/opt/rustwide/cargo-home/bin/cargo" "+1.75.0" "metadata" "--no-deps" "--format-version=1", kill_on_drop: false }`
[INFO] [stdout] b01b3c900836e4d7794ff922a17d0e65ea5d01677c1b740b3b811cd3ebd60d58
[INFO] running `Command { std: "docker" "start" "-a" "b01b3c900836e4d7794ff922a17d0e65ea5d01677c1b740b3b811cd3ebd60d58", kill_on_drop: false }`
[INFO] running `Command { std: "docker" "inspect" "b01b3c900836e4d7794ff922a17d0e65ea5d01677c1b740b3b811cd3ebd60d58", kill_on_drop: false }`
[INFO] running `Command { std: "docker" "rm" "-f" "b01b3c900836e4d7794ff922a17d0e65ea5d01677c1b740b3b811cd3ebd60d58", kill_on_drop: false }`
[INFO] [stdout] b01b3c900836e4d7794ff922a17d0e65ea5d01677c1b740b3b811cd3ebd60d58
[INFO] running `Command { std: "docker" "create" "-v" "/var/lib/crater-agent-workspace/builds/worker-2-tc1/target:/opt/rustwide/target:rw,Z" "-v" "/var/lib/crater-agent-workspace/builds/worker-2-tc1/source:/opt/rustwide/workdir:ro,Z" "-v" "/var/lib/crater-agent-workspace/cargo-home:/opt/rustwide/cargo-home:ro,Z" "-v" "/var/lib/crater-agent-workspace/rustup-home:/opt/rustwide/rustup-home:ro,Z" "-e" "SOURCE_DIR=/opt/rustwide/workdir" "-e" "CARGO_TARGET_DIR=/opt/rustwide/target" "-e" "CARGO_INCREMENTAL=0" "-e" "RUST_BACKTRACE=full" "-e" "RUSTFLAGS=--cap-lints=warn" "-e" "RUSTDOCFLAGS=--cap-lints=warn" "-e" "CARGO_HOME=/opt/rustwide/cargo-home" "-e" "RUSTUP_HOME=/opt/rustwide/rustup-home" "-w" "/opt/rustwide/workdir" "-m" "1610612736" "--user" "0:0" "--network" "none" "ghcr.io/rust-lang/crates-build-env/linux@sha256:2788e3201cd34a07e3172128adcd8b3090168a8e3bcc40d7c032b9dda1df7d1c" "/opt/rustwide/cargo-home/bin/cargo" "+1.75.0" "doc" "--frozen" "--no-deps" "--document-private-items" "--message-format=json", kill_on_drop: false }`
[INFO] [stdout] 82577bbbf2c773efd241741c5f94b7cb71a61cf44a41d582e8aefb0ca97b03b3
[INFO] running `Command { std: "docker" "start" "-a" "82577bbbf2c773efd241741c5f94b7cb71a61cf44a41d582e8aefb0ca97b03b3", kill_on_drop: false }`
[INFO] [stderr]    Compiling libc v0.2.150
[INFO] [stderr]     Checking memchr v2.6.4
[INFO] [stderr]     Checking once_cell v1.18.0
[INFO] [stderr]     Checking value-bag v1.4.2
[INFO] [stderr]    Compiling serde v1.0.193
[INFO] [stderr]     Checking pin-project-lite v0.2.13
[INFO] [stderr]    Compiling crossbeam-utils v0.8.16
[INFO] [stderr]    Compiling syn v1.0.109
[INFO] [stderr]    Compiling futures-core v0.3.29
[INFO] [stderr]    Compiling typenum v1.17.0
[INFO] [stderr]     Checking bitflags v2.4.1
[INFO] [stderr]    Compiling slab v0.4.9
[INFO] [stderr]    Compiling generic-array v0.14.7
[INFO] [stderr]    Compiling rustix v0.38.25
[INFO] [stderr]     Checking linux-raw-sys v0.4.11
[INFO] [stderr]    Compiling syn v2.0.39
[INFO] [stderr]     Checking futures-io v0.3.29
[INFO] [stderr]    Compiling num-traits v0.2.17
[INFO] [stderr]    Compiling thiserror v1.0.50
[INFO] [stderr]     Checking log v0.4.20
[INFO] [stderr]     Checking itoa v1.0.9
[INFO] [stderr]     Checking tracing-core v0.1.32
[INFO] [stderr]     Checking parking v2.2.0
[INFO] [stderr]    Compiling io-lifetimes v1.0.11
[INFO] [stderr]     Checking subtle v2.5.0
[INFO] [stderr]     Checking arrayvec v0.7.4
[INFO] [stderr]     Checking unicode-width v0.1.11
[INFO] [stderr]    Compiling vte_generate_state_changes v0.1.1
[INFO] [stderr]     Checking either v1.9.0
[INFO] [stderr]     Checking arrayvec v0.5.2
[INFO] [stderr]    Compiling rustix v0.37.27
[INFO] [stderr]     Checking aho-corasick v1.1.2
[INFO] [stderr]     Checking regex-syntax v0.8.2
[INFO] [stderr]     Checking pure-rust-locales v0.7.0
[INFO] [stderr]     Checking cpufeatures v0.2.11
[INFO] [stderr]     Checking concurrent-queue v2.3.0
[INFO] [stderr]     Checking smallvec v1.11.2
[INFO] [stderr]     Checking byteorder v1.5.0
[INFO] [stderr]     Checking event-listener v4.0.0
[INFO] [stderr]     Checking linux-raw-sys v0.3.8
[INFO] [stderr]     Checking iana-time-zone v0.1.58
[INFO] [stderr]     Checking fastrand v2.0.1
[INFO] [stderr]     Checking vte v0.10.1
[INFO] [stderr]    Compiling lock_api v0.4.11
[INFO] [stderr]    Compiling parking_lot_core v0.9.9
[INFO] [stderr]     Checking event-listener-strategy v0.4.0
[INFO] [stderr]    Compiling semver v1.0.20
[INFO] [stderr]     Checking ryu v1.0.15
[INFO] [stderr]     Checking async-lock v3.1.2
[INFO] [stderr]     Checking futures-lite v2.0.1
[INFO] [stderr]    Compiling ahash v0.8.6
[INFO] [stderr]    Compiling futures-task v0.3.29
[INFO] [stderr]     Checking nu-ansi-term v0.47.0
[INFO] [stderr]    Compiling cc v1.0.83
[INFO] [stderr]    Compiling futures-channel v0.3.29
[INFO] [stderr]     Checking percent-encoding v2.3.1
[INFO] [stderr]     Checking signal-hook-registry v1.4.1
[INFO] [stderr]     Checking getrandom v0.2.11
[INFO] [stderr]     Checking form_urlencoded v1.2.1
[INFO] [stderr]     Checking nom v7.1.3
[INFO] [stderr]     Checking crossbeam-epoch v0.9.15
[INFO] [stderr]     Checking unicode-normalization v0.1.22
[INFO] [stderr]     Checking rand_core v0.6.4
[INFO] [stderr]    Compiling serde_json v1.0.108
[INFO] [stderr]     Checking crypto-common v0.1.6
[INFO] [stderr]     Checking block-buffer v0.10.4
[INFO] [stderr]     Checking unicode-linebreak v0.1.5
[INFO] [stderr]     Checking zerocopy v0.7.26
[INFO] [stderr]     Checking smawk v0.3.2
[INFO] [stderr]     Checking is_ci v1.1.1
[INFO] [stderr]    Compiling rustversion v1.0.14
[INFO] [stderr]     Checking digest v0.10.7
[INFO] [stderr]     Checking futures-sink v0.3.29
[INFO] [stderr]     Checking unicode-bidi v0.3.13
[INFO] [stderr]    Compiling futures-util v0.3.29
[INFO] [stderr]     Checking textwrap v0.15.2
[INFO] [stderr]     Checking regex-automata v0.4.3
[INFO] [stderr]     Checking rand_chacha v0.3.1
[INFO] [stderr]     Checking sha2 v0.10.8
[INFO] [stderr]     Checking idna v0.5.0
[INFO] [stderr]     Checking crossbeam-deque v0.8.3
[INFO] [stderr]     Checking parking_lot v0.12.1
[INFO] [stderr]    Compiling rustc_version v0.4.0
[INFO] [stderr]     Checking strip-ansi-escapes v0.1.1
[INFO] [stderr]     Checking lscolors v0.14.0
[INFO] [stderr]     Checking terminal_size v0.1.17
[INFO] [stderr]     Checking num-format v0.4.4
[INFO] [stderr]    Compiling indexmap v1.9.3
[INFO] [stderr]    Compiling polling v2.8.0
[INFO] [stderr]    Compiling platforms v3.2.0
[INFO] [stderr]     Checking event-listener v2.5.3
[INFO] [stderr]     Checking owo-colors v3.5.0
[INFO] [stderr]    Compiling unicode-xid v0.2.4
[INFO] [stderr]     Checking sys-locale v0.3.1
[INFO] [stderr]     Checking bit-vec v0.6.3
[INFO] [stderr]     Checking url v2.5.0
[INFO] [stderr]    Compiling const_format_proc_macros v0.2.32
[INFO] [stderr]     Checking rayon-core v1.12.0
[INFO] [stderr]    Compiling curve25519-dalek v4.1.1
[INFO] [stderr]     Checking bit-set v0.5.3
[INFO] [stderr]     Checking hashbrown v0.13.2
[INFO] [stderr]     Checking rand v0.8.5
[INFO] [stderr]     Checking nu-utils v0.80.0
[INFO] [stderr]     Checking dirs-sys-next v0.1.2
[INFO] [stderr]     Checking num_cpus v1.16.0
[INFO] [stderr]    Compiling async-io v1.13.0
[INFO] [stderr]    Compiling vcpkg v0.2.15
[INFO] [stderr]    Compiling siphasher v0.3.11
[INFO] [stderr]     Checking async-task v4.5.0
[INFO] [stderr]     Checking atomic-waker v1.1.2
[INFO] [stderr]     Checking waker-fn v1.1.1
[INFO] [stderr]     Checking fastrand v1.9.0
[INFO] [stderr]     Checking utf8-width v0.1.7
[INFO] [stderr]     Checking inventory v0.3.13
[INFO] [stderr]    Compiling pkg-config v0.3.27
[INFO] [stderr]     Checking piper v0.2.1
[INFO] [stderr]     Checking lru v0.10.1
[INFO] [stderr]     Checking miniz_oxide v0.7.1
[INFO] [stderr]    Compiling phf_shared v0.11.2
[INFO] [stderr]     Checking futures-lite v1.13.0
[INFO] [stderr]     Checking dirs-next v2.0.0
[INFO] [stderr]     Checking rayon v1.8.0
[INFO] [stderr]     Checking async-lock v2.8.0
[INFO] [stderr]     Checking socket2 v0.4.10
[INFO] [stderr]     Checking async-channel v2.1.1
[INFO] [stderr]     Checking signature v2.2.0
[INFO] [stderr]     Checking zeroize v1.7.0
[INFO] [stderr]    Compiling data-encoding v2.5.0
[INFO] [stderr]     Checking unsigned-varint v0.7.2
[INFO] [stderr]     Checking strum v0.24.1
[INFO] [stderr]     Checking regex v1.10.2
[INFO] [stderr]     Checking ed25519 v2.2.3
[INFO] [stderr]     Checking flate2 v1.0.28
[INFO] [stderr]     Checking async-executor v1.8.0
[INFO] [stderr]     Checking ansitok v0.2.0
[INFO] [stderr]     Checking hmac v0.12.1
[INFO] [stderr]    Compiling openssl-sys v0.9.96
[INFO] [stderr]     Checking event-listener v3.1.0
[INFO] [stderr]     Checking core2 v0.4.0
[INFO] [stderr]    Compiling unicase v2.7.0
[INFO] [stderr]     Checking fancy-regex v0.11.0
[INFO] [stderr]     Checking nu-glob v0.80.0
[INFO] [stderr]    Compiling signal-hook v0.3.17
[INFO] [stderr]    Compiling powerfmt v0.2.0
[INFO] [stderr]    Compiling deranged v0.3.9
[INFO] [stderr]    Compiling phf_generator v0.11.2
[INFO] [stderr]     Checking multihash v0.19.1
[INFO] [stderr]     Checking hkdf v0.12.3
[INFO] [stderr]    Compiling proc-macro-error-attr v1.0.4
[INFO] [stderr]     Checking async-channel v1.9.0
[INFO] [stderr]     Checking quick-protobuf v0.8.1
[INFO] [stderr]     Checking kv-log-macro v1.0.7
[INFO] [stderr]     Checking arrayref v0.3.7
[INFO] [stderr]     Checking bs58 v0.5.0
[INFO] [stderr]    Compiling time-core v0.1.2
[INFO] [stderr]    Compiling io-lifetimes v0.7.5
[INFO] [stderr]     Checking base-x v0.2.11
[INFO] [stderr]    Compiling num_threads v0.1.6
[INFO] [stderr]     Checking walkdir v2.4.0
[INFO] [stderr]     Checking is-terminal v0.4.9
[INFO] [stderr]    Compiling phf_codegen v0.11.2
[INFO] [stderr]     Checking ansi-str v0.8.0
[INFO] [stderr]    Compiling const_format v0.2.32
[INFO] [stderr]     Checking supports-hyperlinks v2.1.0
[INFO] [stderr]     Checking supports-color v2.1.0
[INFO] [stderr]     Checking supports-unicode v2.0.0
[INFO] [stderr]    Compiling phf v0.11.2
[INFO] [stderr]     Checking mio v0.8.9
[INFO] [stderr]     Checking itertools v0.10.5
[INFO] [stderr]    Compiling num-integer v0.1.45
[INFO] [stderr]     Checking encoding_rs v0.8.33
[INFO] [stderr]     Checking hashbrown v0.14.3
[INFO] [stderr]    Compiling openssl v0.10.60
[INFO] [stderr]     Checking equivalent v1.0.1
[INFO] [stderr]    Compiling proc-macro-error v1.0.4
[INFO] [stderr]    Compiling is_debug v1.0.1
[INFO] [stderr]     Checking bytes v1.5.0
[INFO] [stderr]    Compiling same-file v1.0.6
[INFO] [stderr]     Checking bytecount v0.6.7
[INFO] [stderr]    Compiling rustix v0.36.17
[INFO] [stderr]     Checking signal-hook-mio v0.2.3
[INFO] [stderr]     Checking papergrid v0.9.1
[INFO] [stderr]     Checking net2 v0.2.39
[INFO] [stderr]    Compiling time v0.3.30
[INFO] [stderr]     Checking sysinfo v0.28.4
[INFO] [stderr]     Checking indexmap v2.1.0
[INFO] [stderr]     Checking iovec v0.1.4
[INFO] [stderr]    Compiling num-bigint v0.4.4
[INFO] [stderr]    Compiling procfs v0.15.1
[INFO] [stderr]     Checking unicode-segmentation v1.10.1
[INFO] [stderr]    Compiling portable-atomic v1.5.1
[INFO] [stderr]    Compiling rustix v0.35.16
[INFO] [stderr]    Compiling native-tls v0.2.11
[INFO] [stderr]     Checking joinery v2.1.0
[INFO] [stderr]    Compiling rust_decimal v1.33.1
[INFO] [stderr]     Checking linux-raw-sys v0.1.4
[INFO] [stderr]     Checking bytesize v1.3.0
[INFO] [stderr]     Checking void v1.0.2
[INFO] [stderr]     Checking futures-timer v3.0.2
[INFO] [stderr]    Compiling serde_derive v1.0.193
[INFO] [stderr]    Compiling thiserror-impl v1.0.50
[INFO] [stderr]    Compiling tracing-attributes v0.1.27
[INFO] [stderr]    Compiling futures-macro v0.3.29
[INFO] [stderr]    Compiling miette-derive v5.10.0
[INFO] [stderr]    Compiling typetag-impl v0.2.13
[INFO] [stderr]    Compiling strum_macros v0.24.3
[INFO] [stderr]    Compiling curve25519-dalek-derive v0.1.1
[INFO] [stderr]    Compiling pin-project-internal v1.1.3
[INFO] [stderr]    Compiling data-encoding-macro-internal v0.1.12
[INFO] [stderr]    Compiling async-attributes v1.1.2
[INFO] [stderr]    Compiling tabled_derive v0.6.0
[INFO] [stderr]    Compiling parse-zoneinfo v0.3.0
[INFO] [stderr]     Checking data-encoding-macro v0.1.14
[INFO] [stderr]    Compiling shadow-rs v0.21.0
[INFO] [stderr]     Checking multibase v0.9.1
[INFO] [stderr]    Compiling openssl-macros v0.1.1
[INFO] [stderr]    Compiling chrono-tz-build v0.2.1
[INFO] [stderr]    Compiling nu-cmd-lang v0.80.0
[INFO] [stderr]     Checking mio v0.6.23
[INFO] [stderr]     Checking miette v5.10.0
[INFO] [stderr]     Checking pwd v1.4.0
[INFO] [stderr]    Compiling rust-embed-utils v7.8.1
[INFO] [stderr]    Compiling chrono-tz v0.8.4
[INFO] [stderr]     Checking tabled v0.12.2
[INFO] [stderr]     Checking pin-project v1.1.3
[INFO] [stderr]    Compiling mime_guess v2.0.4
[INFO] [stderr]     Checking nu-path v0.80.0
[INFO] [stderr]     Checking crossterm v0.26.1
[INFO] [stderr]     Checking tracing v0.1.40
[INFO] [stderr]     Checking console v0.15.7
[INFO] [stderr]     Checking inotify-sys v0.1.5
[INFO] [stderr]     Checking brownstone v3.0.0
[INFO] [stderr]     Checking ed25519-dalek v2.1.0
[INFO] [stderr]     Checking is-docker v0.2.0
[INFO] [stderr]     Checking polling v3.3.1
[INFO] [stderr]     Checking blocking v1.5.1
[INFO] [stderr]     Checking thread_local v1.1.7
[INFO] [stderr]     Checking libp2p-identity v0.2.8
[INFO] [stderr]    Compiling io-extras v0.15.0
[INFO] [stderr]     Checking linux-raw-sys v0.0.46
[INFO] [stderr]     Checking indent_write v2.2.0
[INFO] [stderr]     Checking regex-automata v0.1.10
[INFO] [stderr]     Checking async-io v2.2.1
[INFO] [stderr]     Checking winnow v0.5.19
[INFO] [stderr]     Checking cassowary v0.3.0
[INFO] [stderr]     Checking mio-extras v2.0.6
[INFO] [stderr]     Checking nom-supreme v0.8.0
[INFO] [stderr]     Checking bstr v0.2.17
[INFO] [stderr]     Checking fuzzy-matcher v0.3.7
[INFO] [stderr]     Checking ratatui v0.20.1
[INFO] [stderr]     Checking is-wsl v0.4.0
[INFO] [stderr]     Checking inotify v0.7.1
[INFO] [stderr]    Compiling rust-embed-impl v6.8.1
[INFO] [stderr]     Checking async-signal v0.2.5
[INFO] [stderr]     Checking async-global-executor v2.4.0
[INFO] [stderr]     Checking async-process v1.8.1
[INFO] [stderr]     Checking quick-xml v0.25.0
[INFO] [stderr]     Checking codepage v0.1.1
[INFO] [stderr]     Checking async-std v1.12.0
[INFO] [stderr]     Checking ansi-str v0.7.2
[INFO] [stderr]     Checking zip v0.6.6
[INFO] [stderr]     Checking terminal_size v0.2.6
[INFO] [stderr]     Checking pori v0.0.0
[INFO] [stderr]     Checking users v0.11.0
[INFO] [stderr]     Checking filetime v0.2.22
[INFO] [stderr]     Checking nix v0.26.4
[INFO] [stderr]     Checking atty v0.2.14
[INFO] [stderr]     Checking csv-core v0.1.11
[INFO] [stderr]     Checking unsafe-libyaml v0.2.9
[INFO] [stderr]    Compiling cap-primitives v0.26.1
[INFO] [stderr]     Checking mime v0.3.17
[INFO] [stderr]     Checking xmlparser v0.13.6
[INFO] [stderr]     Checking pathdiff v0.2.1
[INFO] [stderr]     Checking shell-words v1.1.0
[INFO] [stderr]     Checking base64 v0.21.5
[INFO] [stderr]     Checking rust-embed v6.8.1
[INFO] [stderr]     Checking dialoguer v0.10.4
[INFO] [stderr]     Checking open v4.2.0
[INFO] [stderr]     Checking indicatif v0.17.7
[INFO] [stderr]     Checking roxmltree v0.18.1
[INFO] [stderr]     Checking is-root v0.1.3
[INFO] [stderr]     Checking notify v4.0.17
[INFO] [stderr]     Checking wax v0.5.0
[INFO] [stderr]     Checking umask v2.1.0
[INFO] [stderr]    Compiling rusty-value-derive v0.1.1
[INFO] [stderr]    Compiling tokio-macros v2.2.0
[INFO] [stderr]     Checking print-positions v0.6.1
[INFO] [stderr]     Checking titlecase v2.2.1
[INFO] [stderr]     Checking Inflector v0.11.4
[INFO] [stderr]     Checking nu-term-grid v0.80.0
[INFO] [stderr]    Compiling blake3 v1.5.0
[INFO] [stderr]     Checking md-5 v0.10.6
[INFO] [stderr]     Checking uuid v1.6.1
[INFO] [stderr]     Checking nu-pretty-hex v0.80.0
[INFO] [stderr]     Checking os_pipe v1.1.4
[INFO] [stderr]     Checking quick-xml v0.28.2
[INFO] [stderr]     Checking maybe-owned v0.3.4
[INFO] [stderr]     Checking option-ext v0.2.0
[INFO] [stderr]     Checking ambient-authority v0.0.1
[INFO] [stderr]     Checking filesize v0.2.0
[INFO] [stderr]     Checking ipnet v2.9.0
[INFO] [stderr]     Checking futures-executor v0.3.29
[INFO] [stderr]     Checking powierza-coefficient v1.0.2
[INFO] [stderr]     Checking fs_extra v1.3.0
[INFO] [stderr]     Checking htmlescape v0.3.1
[INFO] [stderr]     Checking alphanumeric-sort v1.5.2
[INFO] [stderr]     Checking dirs-sys v0.4.1
[INFO] [stderr]     Checking futures v0.3.29
[INFO] [stderr]     Checking constant_time_eq v0.3.0
[INFO] [stderr]     Checking object v0.30.4
[INFO] [stderr]     Checking directories v5.0.1
[INFO] [stderr]     Checking multistream-select v0.13.0
[INFO] [stderr]     Checking rw-stream-sink v0.4.0
[INFO] [stderr]    Compiling enum-ordinalize v3.1.15
[INFO] [stderr]     Checking rusty-value v0.6.0
[INFO] [stderr]     Checking tokio v1.34.0
[INFO] [stderr]    Compiling educe v0.4.23
[INFO] [stderr]     Checking fs-set-times v0.17.1
[INFO] [stderr]     Checking chrono v0.4.31
[INFO] [stderr]     Checking erased-serde v0.3.31
[INFO] [stderr]     Checking byte-unit v4.0.19
[INFO] [stderr]     Checking linked-hash-map v0.5.6
[INFO] [stderr]     Checking multiaddr v0.18.1
[INFO] [stderr]     Checking serde_spanned v0.6.4
[INFO] [stderr]     Checking toml_datetime v0.6.5
[INFO] [stderr]     Checking serde_yaml v0.9.27
[INFO] [stderr]     Checking calamine v0.19.1
[INFO] [stderr]     Checking serde_urlencoded v0.7.1
[INFO] [stderr]     Checking csv v1.3.0
[INFO] [stderr]     Checking quic-rpc v0.6.1
[INFO] [stderr]     Checking toml_edit v0.19.15
[INFO] [stderr]     Checking nu-json v0.80.0
[INFO] [stderr]     Checking libp2p-core v0.41.1
[INFO] [stderr]     Checking cap-async-std v0.26.1
[INFO] [stderr]     Checking typetag v0.2.13
[INFO] [stderr]     Checking ureq v2.9.1
[INFO] [stderr]     Checking libp2p-swarm v0.44.0
[INFO] [stderr]     Checking chrono-humanize v0.2.3
[INFO] [stderr]     Checking dtparse v1.5.0
[INFO] [stderr]     Checking nu-protocol v0.80.0
[INFO] [stderr]     Checking toml v0.7.8
[INFO] [stderr]     Checking libp2p-allow-block-list v0.3.0
[INFO] [stderr]     Checking libp2p-connection-limits v0.3.0
[INFO] [stderr]     Checking libp2p v0.53.1
[INFO] [stderr]     Checking nuka-core v0.1.0 (/opt/rustwide/workdir/crates/nuka-core)
[INFO] [stdout] error[E0412]: cannot find type `Grax` in this scope
[INFO] [stdout]  --> crates/nuka-core/src/sync/store.rs:6:18
[INFO] [stdout]   |
[INFO] [stdout] 6 |     derivations: Grax<Entry>,
[INFO] [stdout]   |                  ^^^^ not found in this scope
[INFO] [stdout] 
[INFO] [stdout] 
[INFO] [stdout] error[E0412]: cannot find type `Entry` in this scope
[INFO] [stdout]  --> crates/nuka-core/src/sync/store.rs:6:23
[INFO] [stdout]   |
[INFO] [stdout] 6 |     derivations: Grax<Entry>,
[INFO] [stdout]   |                       ^^^^^ not found in this scope
[INFO] [stdout]   |
[INFO] [stdout] help: consider importing one of these items
[INFO] [stdout]   |
[INFO] [stdout] 3 + use crate::sync::entry::Entry;
[INFO] [stdout]   |
[INFO] [stdout] 3 + use std::collections::btree_map::Entry;
[INFO] [stdout]   |
[INFO] [stdout] 3 + use std::collections::hash_map::Entry;
[INFO] [stdout]   |
[INFO] [stdout] 
[INFO] [stdout] 
[INFO] [stdout] error: aborting due to 2 previous errors
[INFO] [stdout] 
[INFO] [stdout] 
[INFO] [stdout] For more information about this error, try `rustc --explain E0412`.
[INFO] [stdout] 
[INFO] [stderr] error: could not compile `nuka-core` (lib) due to 3 previous errors
[INFO] [stderr] warning: build failed, waiting for other jobs to finish...
[INFO] running `Command { std: "docker" "inspect" "82577bbbf2c773efd241741c5f94b7cb71a61cf44a41d582e8aefb0ca97b03b3", kill_on_drop: false }`
[INFO] running `Command { std: "docker" "rm" "-f" "82577bbbf2c773efd241741c5f94b7cb71a61cf44a41d582e8aefb0ca97b03b3", kill_on_drop: false }`
[INFO] [stdout] 82577bbbf2c773efd241741c5f94b7cb71a61cf44a41d582e8aefb0ca97b03b3
[INFO] documenting MordragT/nuka against beta-2023-12-22 for beta-1.76-rustdoc-1
[INFO] running `Command { std: "git" "clone" "/workspace/cache/git-repos/https%3A%2F%2Fgithub.com%2FMordragT%2Fnuka" "/workspace/builds/worker-2-tc2/source", kill_on_drop: false }`
[INFO] [stderr] Cloning into '/workspace/builds/worker-2-tc2/source'...
[INFO] [stderr] done.
[INFO] validating manifest of git repo https://github.com/MordragT/nuka on toolchain beta-2023-12-22
[INFO] running `Command { std: CARGO_HOME="/workspace/cargo-home" RUSTUP_HOME="/workspace/rustup-home" "/workspace/cargo-home/bin/cargo" "+beta-2023-12-22" "metadata" "--manifest-path" "Cargo.toml" "--no-deps", kill_on_drop: false }`
[INFO] started tweaking git repo https://github.com/MordragT/nuka
[INFO] finished tweaking git repo https://github.com/MordragT/nuka
[INFO] tweaked toml for git repo https://github.com/MordragT/nuka written to /workspace/builds/worker-2-tc2/source/Cargo.toml
[INFO] crate git repo https://github.com/MordragT/nuka already has a lockfile, it will not be regenerated
[INFO] running `Command { std: CARGO_HOME="/workspace/cargo-home" RUSTUP_HOME="/workspace/rustup-home" "/workspace/cargo-home/bin/cargo" "+beta-2023-12-22" "fetch" "--manifest-path" "Cargo.toml", kill_on_drop: false }`
[INFO] running `Command { std: "docker" "create" "-v" "/var/lib/crater-agent-workspace/builds/worker-2-tc2/target:/opt/rustwide/target:rw,Z" "-v" "/var/lib/crater-agent-workspace/builds/worker-2-tc2/source:/opt/rustwide/workdir:ro,Z" "-v" "/var/lib/crater-agent-workspace/cargo-home:/opt/rustwide/cargo-home:ro,Z" "-v" "/var/lib/crater-agent-workspace/rustup-home:/opt/rustwide/rustup-home:ro,Z" "-e" "SOURCE_DIR=/opt/rustwide/workdir" "-e" "CARGO_TARGET_DIR=/opt/rustwide/target" "-e" "CARGO_HOME=/opt/rustwide/cargo-home" "-e" "RUSTUP_HOME=/opt/rustwide/rustup-home" "-w" "/opt/rustwide/workdir" "-m" "1610612736" "--user" "0:0" "--network" "none" "ghcr.io/rust-lang/crates-build-env/linux@sha256:2788e3201cd34a07e3172128adcd8b3090168a8e3bcc40d7c032b9dda1df7d1c" "/opt/rustwide/cargo-home/bin/cargo" "+beta-2023-12-22" "metadata" "--no-deps" "--format-version=1", kill_on_drop: false }`
[INFO] [stdout] de486b61eed344792d9467be8872293a77e893747d42727efeb337c49ff0083f
[INFO] running `Command { std: "docker" "start" "-a" "de486b61eed344792d9467be8872293a77e893747d42727efeb337c49ff0083f", kill_on_drop: false }`
[INFO] running `Command { std: "docker" "inspect" "de486b61eed344792d9467be8872293a77e893747d42727efeb337c49ff0083f", kill_on_drop: false }`
[INFO] running `Command { std: "docker" "rm" "-f" "de486b61eed344792d9467be8872293a77e893747d42727efeb337c49ff0083f", kill_on_drop: false }`
[INFO] [stdout] de486b61eed344792d9467be8872293a77e893747d42727efeb337c49ff0083f
[INFO] running `Command { std: "docker" "create" "-v" "/var/lib/crater-agent-workspace/builds/worker-2-tc2/target:/opt/rustwide/target:rw,Z" "-v" "/var/lib/crater-agent-workspace/builds/worker-2-tc2/source:/opt/rustwide/workdir:ro,Z" "-v" "/var/lib/crater-agent-workspace/cargo-home:/opt/rustwide/cargo-home:ro,Z" "-v" "/var/lib/crater-agent-workspace/rustup-home:/opt/rustwide/rustup-home:ro,Z" "-e" "SOURCE_DIR=/opt/rustwide/workdir" "-e" "CARGO_TARGET_DIR=/opt/rustwide/target" "-e" "CARGO_INCREMENTAL=0" "-e" "RUST_BACKTRACE=full" "-e" "RUSTFLAGS=--cap-lints=warn" "-e" "RUSTDOCFLAGS=--cap-lints=warn" "-e" "CARGO_HOME=/opt/rustwide/cargo-home" "-e" "RUSTUP_HOME=/opt/rustwide/rustup-home" "-w" "/opt/rustwide/workdir" "-m" "1610612736" "--user" "0:0" "--network" "none" "ghcr.io/rust-lang/crates-build-env/linux@sha256:2788e3201cd34a07e3172128adcd8b3090168a8e3bcc40d7c032b9dda1df7d1c" "/opt/rustwide/cargo-home/bin/cargo" "+beta-2023-12-22" "doc" "--frozen" "--no-deps" "--document-private-items" "--message-format=json", kill_on_drop: false }`
[INFO] [stdout] 3eb6aa3bf760121be6fd7a1b834c90b81f73c7ac552ffedd0d50dfd591c76694
[INFO] running `Command { std: "docker" "start" "-a" "3eb6aa3bf760121be6fd7a1b834c90b81f73c7ac552ffedd0d50dfd591c76694", kill_on_drop: false }`
[INFO] [stderr]    Compiling libc v0.2.150
[INFO] [stderr]     Checking memchr v2.6.4
[INFO] [stderr]     Checking once_cell v1.18.0
[INFO] [stderr]     Checking value-bag v1.4.2
[INFO] [stderr]    Compiling serde v1.0.193
[INFO] [stderr]     Checking pin-project-lite v0.2.13
[INFO] [stderr]    Compiling syn v1.0.109
[INFO] [stderr]    Compiling crossbeam-utils v0.8.16
[INFO] [stderr]    Compiling futures-core v0.3.29
[INFO] [stderr]    Compiling typenum v1.17.0
[INFO] [stderr]     Checking bitflags v2.4.1
[INFO] [stderr]    Compiling slab v0.4.9
[INFO] [stderr]    Compiling generic-array v0.14.7
[INFO] [stderr]    Compiling rustix v0.38.25
[INFO] [stderr]     Checking futures-io v0.3.29
[INFO] [stderr]    Compiling syn v2.0.39
[INFO] [stderr]     Checking linux-raw-sys v0.4.11
[INFO] [stderr]    Compiling num-traits v0.2.17
[INFO] [stderr]    Compiling thiserror v1.0.50
[INFO] [stderr]     Checking itoa v1.0.9
[INFO] [stderr]     Checking log v0.4.20
[INFO] [stderr]     Checking tracing-core v0.1.32
[INFO] [stderr]     Checking parking v2.2.0
[INFO] [stderr]    Compiling io-lifetimes v1.0.11
[INFO] [stderr]     Checking unicode-width v0.1.11
[INFO] [stderr]     Checking subtle v2.5.0
[INFO] [stderr]     Checking arrayvec v0.7.4
[INFO] [stderr]    Compiling vte_generate_state_changes v0.1.1
[INFO] [stderr]     Checking either v1.9.0
[INFO] [stderr]     Checking arrayvec v0.5.2
[INFO] [stderr]    Compiling rustix v0.37.27
[INFO] [stderr]     Checking aho-corasick v1.1.2
[INFO] [stderr]     Checking byteorder v1.5.0
[INFO] [stderr]     Checking concurrent-queue v2.3.0
[INFO] [stderr]     Checking cpufeatures v0.2.11
[INFO] [stderr]     Checking pure-rust-locales v0.7.0
[INFO] [stderr]     Checking fastrand v2.0.1
[INFO] [stderr]     Checking smallvec v1.11.2
[INFO] [stderr]     Checking event-listener v4.0.0
[INFO] [stderr]     Checking regex-syntax v0.8.2
[INFO] [stderr]     Checking linux-raw-sys v0.3.8
[INFO] [stderr]     Checking iana-time-zone v0.1.58
[INFO] [stderr]    Compiling lock_api v0.4.11
[INFO] [stderr]    Compiling semver v1.0.20
[INFO] [stderr]     Checking vte v0.10.1
[INFO] [stderr]    Compiling parking_lot_core v0.9.9
[INFO] [stderr]     Checking event-listener-strategy v0.4.0
[INFO] [stderr]     Checking ryu v1.0.15
[INFO] [stderr]     Checking async-lock v3.1.2
[INFO] [stderr]     Checking futures-lite v2.0.1
[INFO] [stderr]    Compiling ahash v0.8.6
[INFO] [stderr]     Checking percent-encoding v2.3.1
[INFO] [stderr]    Compiling futures-channel v0.3.29
[INFO] [stderr]    Compiling cc v1.0.83
[INFO] [stderr]    Compiling futures-task v0.3.29
[INFO] [stderr]     Checking nu-ansi-term v0.47.0
[INFO] [stderr]     Checking form_urlencoded v1.2.1
[INFO] [stderr]     Checking nom v7.1.3
[INFO] [stderr]     Checking crossbeam-epoch v0.9.15
[INFO] [stderr]     Checking signal-hook-registry v1.4.1
[INFO] [stderr]     Checking getrandom v0.2.11
[INFO] [stderr]     Checking unicode-normalization v0.1.22
[INFO] [stderr]     Checking unicode-linebreak v0.1.5
[INFO] [stderr]     Checking rand_core v0.6.4
[INFO] [stderr]    Compiling futures-util v0.3.29
[INFO] [stderr]     Checking smawk v0.3.2
[INFO] [stderr]    Compiling serde_json v1.0.108
[INFO] [stderr]     Checking futures-sink v0.3.29
[INFO] [stderr]    Compiling rustversion v1.0.14
[INFO] [stderr]     Checking unicode-bidi v0.3.13
[INFO] [stderr]     Checking is_ci v1.1.1
[INFO] [stderr]     Checking block-buffer v0.10.4
[INFO] [stderr]     Checking crypto-common v0.1.6
[INFO] [stderr]     Checking zerocopy v0.7.26
[INFO] [stderr]     Checking rand_chacha v0.3.1
[INFO] [stderr]     Checking textwrap v0.15.2
[INFO] [stderr]     Checking digest v0.10.7
[INFO] [stderr]    Compiling rustc_version v0.4.0
[INFO] [stderr]     Checking parking_lot v0.12.1
[INFO] [stderr]     Checking idna v0.5.0
[INFO] [stderr]     Checking crossbeam-deque v0.8.3
[INFO] [stderr]     Checking sha2 v0.10.8
[INFO] [stderr]     Checking strip-ansi-escapes v0.1.1
[INFO] [stderr]     Checking lscolors v0.14.0
[INFO] [stderr]     Checking terminal_size v0.1.17
[INFO] [stderr]     Checking num-format v0.4.4
[INFO] [stderr]    Compiling indexmap v1.9.3
[INFO] [stderr]    Compiling polling v2.8.0
[INFO] [stderr]     Checking owo-colors v3.5.0
[INFO] [stderr]     Checking bit-vec v0.6.3
[INFO] [stderr]    Compiling unicode-xid v0.2.4
[INFO] [stderr]     Checking sys-locale v0.3.1
[INFO] [stderr]    Compiling platforms v3.2.0
[INFO] [stderr]     Checking regex-automata v0.4.3
[INFO] [stderr]     Checking event-listener v2.5.3
[INFO] [stderr]     Checking url v2.5.0
[INFO] [stderr]     Checking bit-set v0.5.3
[INFO] [stderr]    Compiling const_format_proc_macros v0.2.32
[INFO] [stderr]     Checking hashbrown v0.13.2
[INFO] [stderr]     Checking rayon-core v1.12.0
[INFO] [stderr]     Checking rand v0.8.5
[INFO] [stderr]    Compiling curve25519-dalek v4.1.1
[INFO] [stderr]     Checking nu-utils v0.80.0
[INFO] [stderr]     Checking num_cpus v1.16.0
[INFO] [stderr]     Checking dirs-sys-next v0.1.2
[INFO] [stderr]    Compiling async-io v1.13.0
[INFO] [stderr]    Compiling vcpkg v0.2.15
[INFO] [stderr]     Checking waker-fn v1.1.1
[INFO] [stderr]    Compiling pkg-config v0.3.27
[INFO] [stderr]     Checking atomic-waker v1.1.2
[INFO] [stderr]    Compiling siphasher v0.3.11
[INFO] [stderr]     Checking fastrand v1.9.0
[INFO] [stderr]     Checking async-task v4.5.0
[INFO] [stderr]     Checking inventory v0.3.13
[INFO] [stderr]     Checking utf8-width v0.1.7
[INFO] [stderr]     Checking miniz_oxide v0.7.1
[INFO] [stderr]     Checking piper v0.2.1
[INFO] [stderr]     Checking futures-lite v1.13.0
[INFO] [stderr]    Compiling phf_shared v0.11.2
[INFO] [stderr]     Checking lru v0.10.1
[INFO] [stderr]     Checking dirs-next v2.0.0
[INFO] [stderr]     Checking rayon v1.8.0
[INFO] [stderr]     Checking async-lock v2.8.0
[INFO] [stderr]     Checking socket2 v0.4.10
[INFO] [stderr]     Checking async-channel v2.1.1
[INFO] [stderr]     Checking zeroize v1.7.0
[INFO] [stderr]    Compiling data-encoding v2.5.0
[INFO] [stderr]     Checking signature v2.2.0
[INFO] [stderr]     Checking strum v0.24.1
[INFO] [stderr]     Checking unsigned-varint v0.7.2
[INFO] [stderr]     Checking flate2 v1.0.28
[INFO] [stderr]     Checking ed25519 v2.2.3
[INFO] [stderr]     Checking async-executor v1.8.0
[INFO] [stderr]     Checking ansitok v0.2.0
[INFO] [stderr]     Checking hmac v0.12.1
[INFO] [stderr]     Checking event-listener v3.1.0
[INFO] [stderr]     Checking core2 v0.4.0
[INFO] [stderr]    Compiling unicase v2.7.0
[INFO] [stderr]    Compiling openssl-sys v0.9.96
[INFO] [stderr]    Compiling signal-hook v0.3.17
[INFO] [stderr]    Compiling powerfmt v0.2.0
[INFO] [stderr]     Checking nu-glob v0.80.0
[INFO] [stderr]    Compiling deranged v0.3.9
[INFO] [stderr]    Compiling phf_generator v0.11.2
[INFO] [stderr]     Checking regex v1.10.2
[INFO] [stderr]     Checking multihash v0.19.1
[INFO] [stderr]     Checking hkdf v0.12.3
[INFO] [stderr]    Compiling proc-macro-error-attr v1.0.4
[INFO] [stderr]     Checking async-channel v1.9.0
[INFO] [stderr]     Checking quick-protobuf v0.8.1
[INFO] [stderr]     Checking kv-log-macro v1.0.7
[INFO] [stderr]     Checking bs58 v0.5.0
[INFO] [stderr]     Checking arrayref v0.3.7
[INFO] [stderr]    Compiling num_threads v0.1.6
[INFO] [stderr]     Checking fancy-regex v0.11.0
[INFO] [stderr]    Compiling time-core v0.1.2
[INFO] [stderr]     Checking base-x v0.2.11
[INFO] [stderr]    Compiling io-lifetimes v0.7.5
[INFO] [stderr]     Checking walkdir v2.4.0
[INFO] [stderr]    Compiling phf_codegen v0.11.2
[INFO] [stderr]     Checking is-terminal v0.4.9
[INFO] [stderr]     Checking ansi-str v0.8.0
[INFO] [stderr]     Checking supports-color v2.1.0
[INFO] [stderr]     Checking supports-unicode v2.0.0
[INFO] [stderr]     Checking supports-hyperlinks v2.1.0
[INFO] [stderr]    Compiling const_format v0.2.32
[INFO] [stderr]    Compiling phf v0.11.2
[INFO] [stderr]     Checking mio v0.8.9
[INFO] [stderr]     Checking itertools v0.10.5
[INFO] [stderr]    Compiling num-integer v0.1.45
[INFO] [stderr]     Checking encoding_rs v0.8.33
[INFO] [stderr]    Compiling proc-macro-error v1.0.4
[INFO] [stderr]    Compiling same-file v1.0.6
[INFO] [stderr]     Checking hashbrown v0.14.3
[INFO] [stderr]    Compiling rustix v0.36.17
[INFO] [stderr]    Compiling openssl v0.10.60
[INFO] [stderr]     Checking bytes v1.5.0
[INFO] [stderr]    Compiling is_debug v1.0.1
[INFO] [stderr]     Checking equivalent v1.0.1
[INFO] [stderr]     Checking bytecount v0.6.7
[INFO] [stderr]     Checking net2 v0.2.39
[INFO] [stderr]     Checking signal-hook-mio v0.2.3
[INFO] [stderr]    Compiling time v0.3.30
[INFO] [stderr]     Checking papergrid v0.9.1
[INFO] [stderr]     Checking indexmap v2.1.0
[INFO] [stderr]     Checking iovec v0.1.4
[INFO] [stderr]     Checking sysinfo v0.28.4
[INFO] [stderr]    Compiling num-bigint v0.4.4
[INFO] [stderr]     Checking futures-timer v3.0.2
[INFO] [stderr]    Compiling portable-atomic v1.5.1
[INFO] [stderr]     Checking joinery v2.1.0
[INFO] [stderr]     Checking unicode-segmentation v1.10.1
[INFO] [stderr]     Checking linux-raw-sys v0.1.4
[INFO] [stderr]     Checking bytesize v1.3.0
[INFO] [stderr]    Compiling rustix v0.35.16
[INFO] [stderr]    Compiling native-tls v0.2.11
[INFO] [stderr]     Checking void v1.0.2
[INFO] [stderr]    Compiling procfs v0.15.1
[INFO] [stderr]    Compiling rust_decimal v1.33.1
[INFO] [stderr]     Checking mio v0.6.23
[INFO] [stderr]    Compiling rust-embed-utils v7.8.1
[INFO] [stderr]    Compiling mime_guess v2.0.4
[INFO] [stderr]     Checking crossterm v0.26.1
[INFO] [stderr]     Checking console v0.15.7
[INFO] [stderr]     Checking inotify-sys v0.1.5
[INFO] [stderr]     Checking brownstone v3.0.0
[INFO] [stderr]    Compiling serde_derive v1.0.193
[INFO] [stderr]    Compiling thiserror-impl v1.0.50
[INFO] [stderr]    Compiling tracing-attributes v0.1.27
[INFO] [stderr]    Compiling futures-macro v0.3.29
[INFO] [stderr]    Compiling miette-derive v5.10.0
[INFO] [stderr]    Compiling typetag-impl v0.2.13
[INFO] [stderr]    Compiling strum_macros v0.24.3
[INFO] [stderr]    Compiling pin-project-internal v1.1.3
[INFO] [stderr]    Compiling curve25519-dalek-derive v0.1.1
[INFO] [stderr]    Compiling data-encoding-macro-internal v0.1.12
[INFO] [stderr]    Compiling async-attributes v1.1.2
[INFO] [stderr]    Compiling shadow-rs v0.21.0
[INFO] [stderr]    Compiling parse-zoneinfo v0.3.0
[INFO] [stderr]     Checking data-encoding-macro v0.1.14
[INFO] [stderr]     Checking multibase v0.9.1
[INFO] [stderr]    Compiling tabled_derive v0.6.0
[INFO] [stderr]    Compiling openssl-macros v0.1.1
[INFO] [stderr]     Checking is-docker v0.2.0
[INFO] [stderr]    Compiling chrono-tz-build v0.2.1
[INFO] [stderr]     Checking thread_local v1.1.7
[INFO] [stderr]     Checking regex-automata v0.1.10
[INFO] [stderr]    Compiling nu-cmd-lang v0.80.0
[INFO] [stderr]     Checking cassowary v0.3.0
[INFO] [stderr]     Checking winnow v0.5.19
[INFO] [stderr]     Checking indent_write v2.2.0
[INFO] [stderr]     Checking pwd v1.4.0
[INFO] [stderr]     Checking linux-raw-sys v0.0.46
[INFO] [stderr]    Compiling io-extras v0.15.0
[INFO] [stderr]     Checking nu-path v0.80.0
[INFO] [stderr]     Checking miette v5.10.0
[INFO] [stderr]    Compiling chrono-tz v0.8.4
[INFO] [stderr]     Checking pin-project v1.1.3
[INFO] [stderr]     Checking nom-supreme v0.8.0
[INFO] [stderr]     Checking ed25519-dalek v2.1.0
[INFO] [stderr]     Checking tracing v0.1.40
[INFO] [stderr]     Checking ratatui v0.20.1
[INFO] [stderr]     Checking bstr v0.2.17
[INFO] [stderr]     Checking fuzzy-matcher v0.3.7
[INFO] [stderr]     Checking mio-extras v2.0.6
[INFO] [stderr]     Checking polling v3.3.1
[INFO] [stderr]     Checking blocking v1.5.1
[INFO] [stderr]     Checking libp2p-identity v0.2.8
[INFO] [stderr]     Checking is-wsl v0.4.0
[INFO] [stderr]     Checking async-io v2.2.1
[INFO] [stderr]     Checking inotify v0.7.1
[INFO] [stderr]    Compiling rust-embed-impl v6.8.1
[INFO] [stderr]     Checking tabled v0.12.2
[INFO] [stderr]     Checking quick-xml v0.25.0
[INFO] [stderr]     Checking codepage v0.1.1
[INFO] [stderr]     Checking async-signal v0.2.5
[INFO] [stderr]     Checking async-global-executor v2.4.0
[INFO] [stderr]     Checking ansi-str v0.7.2
[INFO] [stderr]     Checking zip v0.6.6
[INFO] [stderr]     Checking async-process v1.8.1
[INFO] [stderr]     Checking terminal_size v0.2.6
[INFO] [stderr]     Checking pori v0.0.0
[INFO] [stderr]     Checking filetime v0.2.22
[INFO] [stderr]     Checking nix v0.26.4
[INFO] [stderr]     Checking users v0.11.0
[INFO] [stderr]     Checking atty v0.2.14
[INFO] [stderr]     Checking async-std v1.12.0
[INFO] [stderr]     Checking csv-core v0.1.11
[INFO] [stderr]     Checking mime v0.3.17
[INFO] [stderr]     Checking shell-words v1.1.0
[INFO] [stderr]     Checking base64 v0.21.5
[INFO] [stderr]    Compiling cap-primitives v0.26.1
[INFO] [stderr]     Checking xmlparser v0.13.6
[INFO] [stderr]     Checking unsafe-libyaml v0.2.9
[INFO] [stderr]     Checking pathdiff v0.2.1
[INFO] [stderr]     Checking open v4.2.0
[INFO] [stderr]     Checking indicatif v0.17.7
[INFO] [stderr]     Checking is-root v0.1.3
[INFO] [stderr]     Checking dialoguer v0.10.4
[INFO] [stderr]     Checking roxmltree v0.18.1
[INFO] [stderr]     Checking notify v4.0.17
[INFO] [stderr]     Checking rust-embed v6.8.1
[INFO] [stderr]     Checking wax v0.5.0
[INFO] [stderr]     Checking umask v2.1.0
[INFO] [stderr]    Compiling rusty-value-derive v0.1.1
[INFO] [stderr]    Compiling tokio-macros v2.2.0
[INFO] [stderr]     Checking print-positions v0.6.1
[INFO] [stderr]     Checking titlecase v2.2.1
[INFO] [stderr]     Checking Inflector v0.11.4
[INFO] [stderr]     Checking nu-term-grid v0.80.0
[INFO] [stderr]    Compiling blake3 v1.5.0
[INFO] [stderr]     Checking md-5 v0.10.6
[INFO] [stderr]     Checking uuid v1.6.1
[INFO] [stderr]     Checking nu-pretty-hex v0.80.0
[INFO] [stderr]     Checking os_pipe v1.1.4
[INFO] [stderr]     Checking quick-xml v0.28.2
[INFO] [stderr]     Checking htmlescape v0.3.1
[INFO] [stderr]     Checking alphanumeric-sort v1.5.2
[INFO] [stderr]     Checking ipnet v2.9.0
[INFO] [stderr]     Checking fs_extra v1.3.0
[INFO] [stderr]     Checking powierza-coefficient v1.0.2
[INFO] [stderr]     Checking option-ext v0.2.0
[INFO] [stderr]     Checking ambient-authority v0.0.1
[INFO] [stderr]     Checking filesize v0.2.0
[INFO] [stderr]     Checking futures-executor v0.3.29
[INFO] [stderr]     Checking maybe-owned v0.3.4
[INFO] [stderr]     Checking dirs-sys v0.4.1
[INFO] [stderr]     Checking constant_time_eq v0.3.0
[INFO] [stderr]    Compiling enum-ordinalize v3.1.15
[INFO] [stderr]     Checking object v0.30.4
[INFO] [stderr]     Checking directories v5.0.1
[INFO] [stderr]     Checking futures v0.3.29
[INFO] [stderr]     Checking rw-stream-sink v0.4.0
[INFO] [stderr]     Checking multistream-select v0.13.0
[INFO] [stderr]     Checking rusty-value v0.6.0
[INFO] [stderr]     Checking tokio v1.34.0
[INFO] [stderr]    Compiling educe v0.4.23
[INFO] [stderr]     Checking fs-set-times v0.17.1
[INFO] [stderr]     Checking chrono v0.4.31
[INFO] [stderr]     Checking erased-serde v0.3.31
[INFO] [stderr]     Checking byte-unit v4.0.19
[INFO] [stderr]     Checking linked-hash-map v0.5.6
[INFO] [stderr]     Checking multiaddr v0.18.1
[INFO] [stderr]     Checking serde_spanned v0.6.4
[INFO] [stderr]     Checking toml_datetime v0.6.5
[INFO] [stderr]     Checking serde_urlencoded v0.7.1
[INFO] [stderr]     Checking serde_yaml v0.9.27
[INFO] [stderr]     Checking csv v1.3.0
[INFO] [stderr]     Checking calamine v0.19.1
[INFO] [stderr]     Checking quic-rpc v0.6.1
[INFO] [stderr]     Checking cap-async-std v0.26.1
[INFO] [stderr]     Checking toml_edit v0.19.15
[INFO] [stderr]     Checking nu-json v0.80.0
[INFO] [stderr]     Checking libp2p-core v0.41.1
[INFO] [stderr]     Checking typetag v0.2.13
[INFO] [stderr]     Checking ureq v2.9.1
[INFO] [stderr]     Checking libp2p-swarm v0.44.0
[INFO] [stderr]     Checking chrono-humanize v0.2.3
[INFO] [stderr]     Checking dtparse v1.5.0
[INFO] [stderr]     Checking nu-protocol v0.80.0
[INFO] [stderr]     Checking toml v0.7.8
[INFO] [stderr]     Checking libp2p-allow-block-list v0.3.0
[INFO] [stderr]     Checking libp2p-connection-limits v0.3.0
[INFO] [stderr]     Checking libp2p v0.53.1
[INFO] [stderr]     Checking nuka-core v0.1.0 (/opt/rustwide/workdir/crates/nuka-core)
[INFO] [stdout] error[E0412]: cannot find type `Grax` in this scope
[INFO] [stdout]  --> crates/nuka-core/src/sync/store.rs:6:18
[INFO] [stdout]   |
[INFO] [stdout] 6 |     derivations: Grax<Entry>,
[INFO] [stdout]   |                  ^^^^ not found in this scope
[INFO] [stdout] 
[INFO] [stdout] 
[INFO] [stdout] error[E0412]: cannot find type `Entry` in this scope
[INFO] [stdout]  --> crates/nuka-core/src/sync/store.rs:6:23
[INFO] [stdout]   |
[INFO] [stdout] 6 |     derivations: Grax<Entry>,
[INFO] [stdout]   |                       ^^^^^ not found in this scope
[INFO] [stdout]   |
[INFO] [stdout] help: consider importing one of these items
[INFO] [stdout]   |
[INFO] [stdout] 3 + use crate::sync::entry::Entry;
[INFO] [stdout]   |
[INFO] [stdout] 3 + use std::collections::btree_map::Entry;
[INFO] [stdout]   |
[INFO] [stdout] 3 + use std::collections::hash_map::Entry;
[INFO] [stdout]   |
[INFO] [stdout] 
[INFO] [stdout] 
[INFO] [stdout] error: aborting due to 2 previous errors
[INFO] [stdout] 
[INFO] [stdout] 
[INFO] [stdout] For more information about this error, try `rustc --explain E0412`.
[INFO] [stdout] 
[INFO] [stderr] error: could not compile `nuka-core` (lib) due to 3 previous errors
[INFO] [stderr] warning: build failed, waiting for other jobs to finish...
[INFO] running `Command { std: "docker" "inspect" "3eb6aa3bf760121be6fd7a1b834c90b81f73c7ac552ffedd0d50dfd591c76694", kill_on_drop: false }`
[INFO] running `Command { std: "docker" "rm" "-f" "3eb6aa3bf760121be6fd7a1b834c90b81f73c7ac552ffedd0d50dfd591c76694", kill_on_drop: false }`
[INFO] [stdout] 3eb6aa3bf760121be6fd7a1b834c90b81f73c7ac552ffedd0d50dfd591c76694
