[INFO] cloning repository https://github.com/MoonRamp/moonramp
[INFO] running `Command { std: "git" "-c" "credential.helper=" "-c" "credential.helper=/workspace/cargo-home/bin/git-credential-null" "clone" "--bare" "https://github.com/MoonRamp/moonramp" "/workspace/cache/git-repos/https%3A%2F%2Fgithub.com%2FMoonRamp%2Fmoonramp", kill_on_drop: false }`
[INFO] [stderr] Cloning into bare repository '/workspace/cache/git-repos/https%3A%2F%2Fgithub.com%2FMoonRamp%2Fmoonramp'...
[INFO] running `Command { std: "git" "rev-parse" "HEAD", kill_on_drop: false }`
[INFO] [stdout] 9a7ab97cad86244c6f813bef7bb91519ed52f61b
[INFO] documenting MoonRamp/moonramp against 1.75.0 for beta-1.76-rustdoc-1
[INFO] running `Command { std: "git" "clone" "/workspace/cache/git-repos/https%3A%2F%2Fgithub.com%2FMoonRamp%2Fmoonramp" "/workspace/builds/worker-4-tc1/source", kill_on_drop: false }`
[INFO] [stderr] Cloning into '/workspace/builds/worker-4-tc1/source'...
[INFO] [stderr] done.
[INFO] validating manifest of git repo https://github.com/MoonRamp/moonramp on toolchain 1.75.0
[INFO] running `Command { std: CARGO_HOME="/workspace/cargo-home" RUSTUP_HOME="/workspace/rustup-home" "/workspace/cargo-home/bin/cargo" "+1.75.0" "metadata" "--manifest-path" "Cargo.toml" "--no-deps", kill_on_drop: false }`
[INFO] started tweaking git repo https://github.com/MoonRamp/moonramp
[INFO] finished tweaking git repo https://github.com/MoonRamp/moonramp
[INFO] tweaked toml for git repo https://github.com/MoonRamp/moonramp written to /workspace/builds/worker-4-tc1/source/Cargo.toml
[INFO] crate git repo https://github.com/MoonRamp/moonramp already has a lockfile, it will not be regenerated
[INFO] running `Command { std: CARGO_HOME="/workspace/cargo-home" RUSTUP_HOME="/workspace/rustup-home" "/workspace/cargo-home/bin/cargo" "+1.75.0" "fetch" "--manifest-path" "Cargo.toml", kill_on_drop: false }`
[INFO] [stderr] warning: virtual workspace defaulting to `resolver = "1"` despite one or more workspace members being on edition 2021 which implies `resolver = "2"`
[INFO] [stderr] note: to keep the current resolver, specify `workspace.resolver = "1"` in the workspace root's manifest
[INFO] [stderr] note: to use the edition 2021 resolver, specify `workspace.resolver = "2"` in the workspace root's manifest
[INFO] [stderr] note: for more details see https://doc.rust-lang.org/cargo/reference/resolver.html#resolver-versions
[INFO] [stderr]     Blocking waiting for file lock on package cache
[INFO] [stderr]     Updating crates.io index
[INFO] [stderr]  Downloading crates ...
[INFO] [stderr]   Downloaded rusty-money v0.4.1
[INFO] [stderr]   Downloaded actix-tls v3.0.3
[INFO] [stderr]   Downloaded rust_decimal_macros v1.26.1
[INFO] [stderr]   Downloaded wat v1.0.48
[INFO] [stderr]   Downloaded wasm-encoder v0.16.0
[INFO] [stderr]   Downloaded monero v0.17.2
[INFO] [stderr]   Downloaded pem-rfc7468 v0.2.3
[INFO] [stderr]   Downloaded awc v3.0.1
[INFO] [stderr]   Downloaded wast v46.0.0
[INFO] [stderr]   Downloaded ittapi-rs v0.2.0
[INFO] running `Command { std: "docker" "create" "-v" "/var/lib/crater-agent-workspace/builds/worker-4-tc1/target:/opt/rustwide/target:rw,Z" "-v" "/var/lib/crater-agent-workspace/builds/worker-4-tc1/source:/opt/rustwide/workdir:ro,Z" "-v" "/var/lib/crater-agent-workspace/cargo-home:/opt/rustwide/cargo-home:ro,Z" "-v" "/var/lib/crater-agent-workspace/rustup-home:/opt/rustwide/rustup-home:ro,Z" "-e" "SOURCE_DIR=/opt/rustwide/workdir" "-e" "CARGO_TARGET_DIR=/opt/rustwide/target" "-e" "CARGO_HOME=/opt/rustwide/cargo-home" "-e" "RUSTUP_HOME=/opt/rustwide/rustup-home" "-w" "/opt/rustwide/workdir" "-m" "1610612736" "--user" "0:0" "--network" "none" "ghcr.io/rust-lang/crates-build-env/linux@sha256:2788e3201cd34a07e3172128adcd8b3090168a8e3bcc40d7c032b9dda1df7d1c" "/opt/rustwide/cargo-home/bin/cargo" "+1.75.0" "metadata" "--no-deps" "--format-version=1", kill_on_drop: false }`
[INFO] [stdout] 889eec64887ee6505d9038e078b6b40d914bc21120f2ff76f518b5f696df38ca
[INFO] running `Command { std: "docker" "start" "-a" "889eec64887ee6505d9038e078b6b40d914bc21120f2ff76f518b5f696df38ca", kill_on_drop: false }`
[INFO] running `Command { std: "docker" "inspect" "889eec64887ee6505d9038e078b6b40d914bc21120f2ff76f518b5f696df38ca", kill_on_drop: false }`
[INFO] running `Command { std: "docker" "rm" "-f" "889eec64887ee6505d9038e078b6b40d914bc21120f2ff76f518b5f696df38ca", kill_on_drop: false }`
[INFO] [stdout] 889eec64887ee6505d9038e078b6b40d914bc21120f2ff76f518b5f696df38ca
[INFO] running `Command { std: "docker" "create" "-v" "/var/lib/crater-agent-workspace/builds/worker-4-tc1/target:/opt/rustwide/target:rw,Z" "-v" "/var/lib/crater-agent-workspace/builds/worker-4-tc1/source:/opt/rustwide/workdir:ro,Z" "-v" "/var/lib/crater-agent-workspace/cargo-home:/opt/rustwide/cargo-home:ro,Z" "-v" "/var/lib/crater-agent-workspace/rustup-home:/opt/rustwide/rustup-home:ro,Z" "-e" "SOURCE_DIR=/opt/rustwide/workdir" "-e" "CARGO_TARGET_DIR=/opt/rustwide/target" "-e" "CARGO_INCREMENTAL=0" "-e" "RUST_BACKTRACE=full" "-e" "RUSTFLAGS=--cap-lints=warn" "-e" "RUSTDOCFLAGS=--cap-lints=warn" "-e" "CARGO_HOME=/opt/rustwide/cargo-home" "-e" "RUSTUP_HOME=/opt/rustwide/rustup-home" "-w" "/opt/rustwide/workdir" "-m" "1610612736" "--user" "0:0" "--network" "none" "ghcr.io/rust-lang/crates-build-env/linux@sha256:2788e3201cd34a07e3172128adcd8b3090168a8e3bcc40d7c032b9dda1df7d1c" "/opt/rustwide/cargo-home/bin/cargo" "+1.75.0" "doc" "--frozen" "--no-deps" "--document-private-items" "--message-format=json", kill_on_drop: false }`
[INFO] [stdout] b04476c7a227d12206b680cd27633173ef4abd8497c73cf6fd99f17f7a62c918
[INFO] running `Command { std: "docker" "start" "-a" "b04476c7a227d12206b680cd27633173ef4abd8497c73cf6fd99f17f7a62c918", kill_on_drop: false }`
[INFO] [stderr] warning: virtual workspace defaulting to `resolver = "1"` despite one or more workspace members being on edition 2021 which implies `resolver = "2"`
[INFO] [stderr] note: to keep the current resolver, specify `workspace.resolver = "1"` in the workspace root's manifest
[INFO] [stderr] note: to use the edition 2021 resolver, specify `workspace.resolver = "2"` in the workspace root's manifest
[INFO] [stderr] note: for more details see https://doc.rust-lang.org/cargo/reference/resolver.html#resolver-versions
[INFO] [stderr] warning: output filename collision.
[INFO] [stderr] The bin target `moonramp-migration` in package `moonramp-migration v0.1.23 (/opt/rustwide/workdir/moonramp-migration)` has the same output filename as the lib target `moonramp_migration` in package `moonramp-migration v0.1.23 (/opt/rustwide/workdir/moonramp-migration)`.
[INFO] [stderr] Colliding filename is: /opt/rustwide/target/doc/moonramp_migration/index.html
[INFO] [stderr] The output filenames should be unique.
[INFO] [stderr] This is a known bug where multiple crates with the same name use
[INFO] [stderr] the same path; see <https://github.com/rust-lang/cargo/issues/6313>.
[INFO] [stderr] If this looks unexpected, it may be a bug in Cargo. Please file a bug report at
[INFO] [stderr] https://github.com/rust-lang/cargo/issues/ with as much information as you
[INFO] [stderr] can provide.
[INFO] [stderr] cargo 1.75.0 (1d8b05cdd 2023-11-20) running on `x86_64-unknown-linux-gnu` target `x86_64-unknown-linux-gnu`
[INFO] [stderr] First unit: Unit { pkg: Package { id: PackageId { name: "moonramp-migration", version: "0.1.23", source: "/opt/rustwide/workdir/moonramp-migration" }, ..: ".." }, target: TargetInner { name: "moonramp-migration", doc: true, ..: with_path("/opt/rustwide/workdir/moonramp-migration/src/main.rs", Edition2021) }, profile: Profile { incremental: false, ..: default_dev() }, kind: Host, mode: Doc { deps: false }, features: ["testing"], artifact: false, artifact_target_for_features: None, is_std: false, dep_hash: 16773290991432288128 }
[INFO] [stderr] Second unit: Unit { pkg: Package { id: PackageId { name: "moonramp-migration", version: "0.1.23", source: "/opt/rustwide/workdir/moonramp-migration" }, ..: ".." }, target: TargetInner { ..: lib_target("moonramp_migration", ["lib"], "/opt/rustwide/workdir/moonramp-migration/src/lib.rs", Edition2021) }, profile: Profile { incremental: false, ..: default_dev() }, kind: Host, mode: Doc { deps: false }, features: ["testing"], artifact: false, artifact_target_for_features: None, is_std: false, dep_hash: 11266798861065677120 }
[INFO] [stderr]    Compiling libc v0.2.132
[INFO] [stderr]    Compiling syn v1.0.99
[INFO] [stderr]    Compiling serde v1.0.144
[INFO] [stderr]    Compiling log v0.4.17
[INFO] [stderr]    Compiling futures-core v0.3.23
[INFO] [stderr]    Compiling value-bag v1.0.0-alpha.9
[INFO] [stderr]    Compiling indexmap v1.9.1
[INFO] [stderr]    Compiling tokio v1.20.1
[INFO] [stderr]     Checking futures-io v0.3.23
[INFO] [stderr]    Compiling futures-channel v0.3.23
[INFO] [stderr]    Compiling futures-task v0.3.23
[INFO] [stderr]    Compiling futures-util v0.3.23
[INFO] [stderr]     Checking tracing-core v0.1.29
[INFO] [stderr]     Checking subtle v2.4.1
[INFO] [stderr]    Compiling num-traits v0.2.15
[INFO] [stderr]    Compiling maybe-uninit v2.0.0
[INFO] [stderr]     Checking opaque-debug v0.3.0
[INFO] [stderr]     Checking base64 v0.13.0
[INFO] [stderr]    Compiling anyhow v1.0.62
[INFO] [stderr]    Compiling unicode-segmentation v1.9.0
[INFO] [stderr]     Checking digest v0.9.0
[INFO] [stderr]    Compiling serde_json v1.0.85
[INFO] [stderr]    Compiling io-lifetimes v0.5.3
[INFO] [stderr]    Compiling rustix v0.33.7
[INFO] [stderr]     Checking block-buffer v0.9.0
[INFO] [stderr]     Checking linux-raw-sys v0.0.42
[INFO] [stderr]    Compiling standback v0.2.17
[INFO] [stderr]     Checking stable_deref_trait v1.2.0
[INFO] [stderr]     Checking fallible-iterator v0.2.0
[INFO] [stderr]    Compiling num-integer v0.1.45
[INFO] [stderr]    Compiling proc-macro-hack v0.5.19
[INFO] [stderr]     Checking rustc-hash v1.1.0
[INFO] [stderr]    Compiling target-lexicon v0.12.4
[INFO] [stderr]     Checking either v1.8.0
[INFO] [stderr]    Compiling zstd-safe v4.1.6+zstd.1.5.2
[INFO] [stderr]    Compiling lock_api v0.4.7
[INFO] [stderr]    Compiling smallvec v1.9.0
[INFO] [stderr]    Compiling heck v0.3.3
[INFO] [stderr]    Compiling async-trait v0.1.57
[INFO] [stderr]    Compiling cranelift-codegen-shared v0.82.3
[INFO] [stderr]     Checking itertools v0.10.3
[INFO] [stderr]    Compiling typenum v1.15.0
[INFO] [stderr]     Checking smallvec v0.6.14
[INFO] [stderr]    Compiling cranelift-codegen-meta v0.82.3
[INFO] [stderr]    Compiling const_fn v0.4.9
[INFO] [stderr]     Checking unicode-normalization v0.1.9
[INFO] [stderr]    Compiling time v0.2.27
[INFO] [stderr]     Checking arrayvec v0.7.2
[INFO] [stderr]     Checking wasmparser v0.83.0
[INFO] [stderr]     Checking unicode-width v0.1.9
[INFO] [stderr]    Compiling rust_decimal v1.26.1
[INFO] [stderr]     Checking digest v0.10.3
[INFO] [stderr]     Checking sha2 v0.9.9
[INFO] [stderr]    Compiling proc-macro-error-attr v1.0.4
[INFO] [stderr]    Compiling crossbeam-epoch v0.9.10
[INFO] [stderr]     Checking leb128 v0.2.5
[INFO] [stderr]    Compiling io-extras v0.13.2
[INFO] [stderr]    Compiling jobserver v0.1.24
[INFO] [stderr]    Compiling dirs-sys v0.3.7
[INFO] [stderr]    Compiling getrandom v0.2.7
[INFO] [stderr]    Compiling dirs v4.0.0
[INFO] [stderr]    Compiling cc v1.0.73
[INFO] [stderr]     Checking num_cpus v1.13.1
[INFO] [stderr]     Checking socket2 v0.4.6
[INFO] [stderr]     Checking parking_lot_core v0.9.3
[INFO] [stderr]     Checking signal-hook-registry v1.4.0
[INFO] [stderr]     Checking rand_core v0.6.3
[INFO] [stderr]     Checking atty v0.2.14
[INFO] [stderr]     Checking ahash v0.7.6
[INFO] [stderr]    Compiling generic-array v0.14.6
[INFO] [stderr]     Checking parking_lot v0.12.1
[INFO] [stderr]    Compiling proc-macro-error v1.0.4
[INFO] [stderr]    Compiling vcpkg v0.2.15
[INFO] [stderr]    Compiling rayon-core v1.9.3
[INFO] [stderr]    Compiling cap-primitives v0.24.4
[INFO] [stderr]     Checking rand_chacha v0.3.1
[INFO] [stderr]     Checking more-asserts v0.2.2
[INFO] [stderr]     Checking ambient-authority v0.0.1
[INFO] [stderr]    Compiling pkg-config v0.3.25
[INFO] [stderr]     Checking rand v0.8.5
[INFO] [stderr]     Checking idna v0.2.1
[INFO] [stderr]     Checking sha-1 v0.9.8
[INFO] [stderr]     Checking object v0.29.0
[INFO] [stderr]    Compiling num-bigint v0.3.3
[INFO] [stderr]    Compiling crossbeam-queue v0.3.6
[INFO] [stderr]    Compiling futures-sink v0.3.23
[INFO] [stderr]     Checking ipnet v2.5.0
[INFO] [stderr]     Checking maybe-owned v0.3.4
[INFO] [stderr]     Checking byteorder v1.4.3
[INFO] [stderr]    Compiling cpp_demangle v0.3.5
[INFO] [stderr]    Compiling wast v35.0.2
[INFO] [stderr]     Checking url v2.2.2
[INFO] [stderr]    Compiling ring v0.16.20
[INFO] [stderr]    Compiling zstd-sys v1.6.3+zstd.1.5.2
[INFO] [stderr]    Compiling wasmtime-fiber v0.35.3
[INFO] [stderr]    Compiling backtrace v0.3.66
[INFO] [stderr]    Compiling libsqlite3-sys v0.23.2
[INFO] [stderr]    Compiling wasmtime-runtime v0.35.3
[INFO] [stderr]    Compiling ittapi-rs v0.2.0
[INFO] [stderr]    Compiling psm v0.1.20
[INFO] [stderr]     Checking crossbeam-deque v0.8.2
[INFO] [stderr]     Checking memfd v0.4.1
[INFO] [stderr]     Checking time v0.1.44
[INFO] [stderr]     Checking region v2.2.0
[INFO] [stderr]     Checking dirs-sys-next v0.1.2
[INFO] [stderr]     Checking wasm-encoder v0.16.0
[INFO] [stderr]     Checking crossbeam-channel v0.5.6
[INFO] [stderr]    Compiling rayon v1.5.3
[INFO] [stderr]    Compiling wasmtime-cache v0.35.3
[INFO] [stderr]    Compiling cap-std v0.24.4
[INFO] [stderr]    Compiling unicode-bidi v0.3.8
[INFO] [stderr]     Checking fs-set-times v0.15.0
[INFO] [stderr]    Compiling matches v0.1.9
[INFO] [stderr]     Checking directories-next v2.0.0
[INFO] [stderr]    Compiling parking_lot_core v0.8.5
[INFO] [stderr]    Compiling cranelift-codegen v0.82.3
[INFO] [stdout] error[E0061]: this method takes 1 argument but 2 arguments were supplied
[INFO] [stdout]   --> /opt/rustwide/cargo-home/registry/src/index.crates.io-6f17d22bba15001f/cap-primitives-0.24.4/src/rustix/linux/fs/set_times_impl.rs:20:25
[INFO] [stdout]    |
[INFO] [stdout] 20 |             return file.set_times(
[INFO] [stdout]    |                         ^^^^^^^^^
[INFO] [stdout] 21 |                 atime.map(SystemTimeSpec::into_std),
[INFO] [stdout] 22 |                 mtime.map(SystemTimeSpec::into_std),
[INFO] [stdout]    |                 ----------------------------------- unexpected argument of type `Option<fs_set_times::SystemTimeSpec>`
[INFO] [stdout]    |
[INFO] [stdout] note: expected `FileTimes`, found `Option<SystemTimeSpec>`
[INFO] [stdout]   --> /opt/rustwide/cargo-home/registry/src/index.crates.io-6f17d22bba15001f/cap-primitives-0.24.4/src/rustix/linux/fs/set_times_impl.rs:21:17
[INFO] [stdout]    |
[INFO] [stdout] 21 |                 atime.map(SystemTimeSpec::into_std),
[INFO] [stdout]    |                 ^^^^^^^^^^^^^^^^^^^^^^^^^^^^^^^^^^^
[INFO] [stdout]    = note: expected struct `FileTimes`
[INFO] [stdout]                 found enum `Option<fs_set_times::SystemTimeSpec>`
[INFO] [stdout] note: method defined here
[INFO] [stdout]   --> /rustc/82e1608dfa6e0b5569232559e3d385fea5a93112/library/std/src/fs.rs:695:12
[INFO] [stdout] help: remove the extra argument
[INFO] [stdout]    |
[INFO] [stdout] 21 -                 atime.map(SystemTimeSpec::into_std),
[INFO] [stdout] 21 +                 /* FileTimes */,
[INFO] [stdout]    |
[INFO] [stdout] 
[INFO] [stdout] 
[INFO] [stdout] error[E0061]: this method takes 1 argument but 2 arguments were supplied
[INFO] [stdout]   --> /opt/rustwide/cargo-home/registry/src/index.crates.io-6f17d22bba15001f/cap-primitives-0.24.4/src/rustix/linux/fs/set_times_impl.rs:34:25
[INFO] [stdout]    |
[INFO] [stdout] 34 |             return file.set_times(
[INFO] [stdout]    |                         ^^^^^^^^^
[INFO] [stdout] 35 |                 atime.map(SystemTimeSpec::into_std),
[INFO] [stdout] 36 |                 mtime.map(SystemTimeSpec::into_std),
[INFO] [stdout]    |                 ----------------------------------- unexpected argument of type `Option<fs_set_times::SystemTimeSpec>`
[INFO] [stdout]    |
[INFO] [stdout] note: expected `FileTimes`, found `Option<SystemTimeSpec>`
[INFO] [stdout]   --> /opt/rustwide/cargo-home/registry/src/index.crates.io-6f17d22bba15001f/cap-primitives-0.24.4/src/rustix/linux/fs/set_times_impl.rs:35:17
[INFO] [stdout]    |
[INFO] [stdout] 35 |                 atime.map(SystemTimeSpec::into_std),
[INFO] [stdout]    |                 ^^^^^^^^^^^^^^^^^^^^^^^^^^^^^^^^^^^
[INFO] [stdout]    = note: expected struct `FileTimes`
[INFO] [stdout]                 found enum `Option<fs_set_times::SystemTimeSpec>`
[INFO] [stdout] note: method defined here
[INFO] [stdout]   --> /rustc/82e1608dfa6e0b5569232559e3d385fea5a93112/library/std/src/fs.rs:695:12
[INFO] [stdout] help: remove the extra argument
[INFO] [stdout]    |
[INFO] [stdout] 35 -                 atime.map(SystemTimeSpec::into_std),
[INFO] [stdout] 35 +                 /* FileTimes */,
[INFO] [stdout]    |
[INFO] [stdout] 
[INFO] [stdout] 
[INFO] [stderr]     Checking wast v46.0.0
[INFO] [stderr]    Compiling shellexpand v2.1.2
[INFO] [stdout] error: aborting due to 2 previous errors
[INFO] [stdout] 
[INFO] [stdout] 
[INFO] [stdout] For more information about this error, try `rustc --explain E0061`.
[INFO] [stdout] 
[INFO] [stderr] error: could not compile `cap-primitives` (lib) due to 3 previous errors
[INFO] [stderr] warning: build failed, waiting for other jobs to finish...
[INFO] running `Command { std: "docker" "inspect" "b04476c7a227d12206b680cd27633173ef4abd8497c73cf6fd99f17f7a62c918", kill_on_drop: false }`
[INFO] running `Command { std: "docker" "rm" "-f" "b04476c7a227d12206b680cd27633173ef4abd8497c73cf6fd99f17f7a62c918", kill_on_drop: false }`
[INFO] [stdout] b04476c7a227d12206b680cd27633173ef4abd8497c73cf6fd99f17f7a62c918
[INFO] documenting MoonRamp/moonramp against beta-2023-12-22 for beta-1.76-rustdoc-1
[INFO] running `Command { std: "git" "clone" "/workspace/cache/git-repos/https%3A%2F%2Fgithub.com%2FMoonRamp%2Fmoonramp" "/workspace/builds/worker-4-tc2/source", kill_on_drop: false }`
[INFO] [stderr] Cloning into '/workspace/builds/worker-4-tc2/source'...
[INFO] [stderr] done.
[INFO] validating manifest of git repo https://github.com/MoonRamp/moonramp on toolchain beta-2023-12-22
[INFO] running `Command { std: CARGO_HOME="/workspace/cargo-home" RUSTUP_HOME="/workspace/rustup-home" "/workspace/cargo-home/bin/cargo" "+beta-2023-12-22" "metadata" "--manifest-path" "Cargo.toml" "--no-deps", kill_on_drop: false }`
[INFO] started tweaking git repo https://github.com/MoonRamp/moonramp
[INFO] finished tweaking git repo https://github.com/MoonRamp/moonramp
[INFO] tweaked toml for git repo https://github.com/MoonRamp/moonramp written to /workspace/builds/worker-4-tc2/source/Cargo.toml
[INFO] crate git repo https://github.com/MoonRamp/moonramp already has a lockfile, it will not be regenerated
[INFO] running `Command { std: CARGO_HOME="/workspace/cargo-home" RUSTUP_HOME="/workspace/rustup-home" "/workspace/cargo-home/bin/cargo" "+beta-2023-12-22" "fetch" "--manifest-path" "Cargo.toml", kill_on_drop: false }`
[INFO] [stderr] warning: virtual workspace defaulting to `resolver = "1"` despite one or more workspace members being on edition 2021 which implies `resolver = "2"`
[INFO] [stderr] note: to keep the current resolver, specify `workspace.resolver = "1"` in the workspace root's manifest
[INFO] [stderr] note: to use the edition 2021 resolver, specify `workspace.resolver = "2"` in the workspace root's manifest
[INFO] [stderr] note: for more details see https://doc.rust-lang.org/cargo/reference/resolver.html#resolver-versions
[INFO] running `Command { std: "docker" "create" "-v" "/var/lib/crater-agent-workspace/builds/worker-4-tc2/target:/opt/rustwide/target:rw,Z" "-v" "/var/lib/crater-agent-workspace/builds/worker-4-tc2/source:/opt/rustwide/workdir:ro,Z" "-v" "/var/lib/crater-agent-workspace/cargo-home:/opt/rustwide/cargo-home:ro,Z" "-v" "/var/lib/crater-agent-workspace/rustup-home:/opt/rustwide/rustup-home:ro,Z" "-e" "SOURCE_DIR=/opt/rustwide/workdir" "-e" "CARGO_TARGET_DIR=/opt/rustwide/target" "-e" "CARGO_HOME=/opt/rustwide/cargo-home" "-e" "RUSTUP_HOME=/opt/rustwide/rustup-home" "-w" "/opt/rustwide/workdir" "-m" "1610612736" "--user" "0:0" "--network" "none" "ghcr.io/rust-lang/crates-build-env/linux@sha256:2788e3201cd34a07e3172128adcd8b3090168a8e3bcc40d7c032b9dda1df7d1c" "/opt/rustwide/cargo-home/bin/cargo" "+beta-2023-12-22" "metadata" "--no-deps" "--format-version=1", kill_on_drop: false }`
[INFO] [stdout] cfbe5ff6d1f82e94a474e84ad68f648dd6d73191898944d7f3595d9c093356b2
[INFO] running `Command { std: "docker" "start" "-a" "cfbe5ff6d1f82e94a474e84ad68f648dd6d73191898944d7f3595d9c093356b2", kill_on_drop: false }`
[INFO] running `Command { std: "docker" "inspect" "cfbe5ff6d1f82e94a474e84ad68f648dd6d73191898944d7f3595d9c093356b2", kill_on_drop: false }`
[INFO] running `Command { std: "docker" "rm" "-f" "cfbe5ff6d1f82e94a474e84ad68f648dd6d73191898944d7f3595d9c093356b2", kill_on_drop: false }`
[INFO] [stdout] cfbe5ff6d1f82e94a474e84ad68f648dd6d73191898944d7f3595d9c093356b2
[INFO] running `Command { std: "docker" "create" "-v" "/var/lib/crater-agent-workspace/builds/worker-4-tc2/target:/opt/rustwide/target:rw,Z" "-v" "/var/lib/crater-agent-workspace/builds/worker-4-tc2/source:/opt/rustwide/workdir:ro,Z" "-v" "/var/lib/crater-agent-workspace/cargo-home:/opt/rustwide/cargo-home:ro,Z" "-v" "/var/lib/crater-agent-workspace/rustup-home:/opt/rustwide/rustup-home:ro,Z" "-e" "SOURCE_DIR=/opt/rustwide/workdir" "-e" "CARGO_TARGET_DIR=/opt/rustwide/target" "-e" "CARGO_INCREMENTAL=0" "-e" "RUST_BACKTRACE=full" "-e" "RUSTFLAGS=--cap-lints=warn" "-e" "RUSTDOCFLAGS=--cap-lints=warn" "-e" "CARGO_HOME=/opt/rustwide/cargo-home" "-e" "RUSTUP_HOME=/opt/rustwide/rustup-home" "-w" "/opt/rustwide/workdir" "-m" "1610612736" "--user" "0:0" "--network" "none" "ghcr.io/rust-lang/crates-build-env/linux@sha256:2788e3201cd34a07e3172128adcd8b3090168a8e3bcc40d7c032b9dda1df7d1c" "/opt/rustwide/cargo-home/bin/cargo" "+beta-2023-12-22" "doc" "--frozen" "--no-deps" "--document-private-items" "--message-format=json", kill_on_drop: false }`
[INFO] [stdout] 22d18f5f1a9d9706199c7d93ced22ad2ddb2198341cda4d59f7b7855641adc0e
[INFO] running `Command { std: "docker" "start" "-a" "22d18f5f1a9d9706199c7d93ced22ad2ddb2198341cda4d59f7b7855641adc0e", kill_on_drop: false }`
[INFO] [stderr] warning: virtual workspace defaulting to `resolver = "1"` despite one or more workspace members being on edition 2021 which implies `resolver = "2"`
[INFO] [stderr] note: to keep the current resolver, specify `workspace.resolver = "1"` in the workspace root's manifest
[INFO] [stderr] note: to use the edition 2021 resolver, specify `workspace.resolver = "2"` in the workspace root's manifest
[INFO] [stderr] note: for more details see https://doc.rust-lang.org/cargo/reference/resolver.html#resolver-versions
[INFO] [stderr] warning: output filename collision.
[INFO] [stderr] The bin target `moonramp-migration` in package `moonramp-migration v0.1.23 (/opt/rustwide/workdir/moonramp-migration)` has the same output filename as the lib target `moonramp_migration` in package `moonramp-migration v0.1.23 (/opt/rustwide/workdir/moonramp-migration)`.
[INFO] [stderr] Colliding filename is: /opt/rustwide/target/doc/moonramp_migration/index.html
[INFO] [stderr] The output filenames should be unique.
[INFO] [stderr] This is a known bug where multiple crates with the same name use
[INFO] [stderr] the same path; see <https://github.com/rust-lang/cargo/issues/6313>.
[INFO] [stderr] If this looks unexpected, it may be a bug in Cargo. Please file a bug report at
[INFO] [stderr] https://github.com/rust-lang/cargo/issues/ with as much information as you
[INFO] [stderr] can provide.
[INFO] [stderr] cargo 1.76.0-beta.1 (1a2666ddd 2023-12-17) running on `x86_64-unknown-linux-gnu` target `x86_64-unknown-linux-gnu`
[INFO] [stderr] First unit: Unit { pkg: Package { id: PackageId { name: "moonramp-migration", version: "0.1.23", source: "/opt/rustwide/workdir/moonramp-migration" }, ..: ".." }, target: TargetInner { name: "moonramp-migration", doc: true, ..: with_path("/opt/rustwide/workdir/moonramp-migration/src/main.rs", Edition2021) }, profile: Profile { incremental: false, ..: default_dev() }, kind: Host, mode: Doc { deps: false }, features: ["testing"], artifact: false, artifact_target_for_features: None, is_std: false, dep_hash: 4314454962181279062 }
[INFO] [stderr] Second unit: Unit { pkg: Package { id: PackageId { name: "moonramp-migration", version: "0.1.23", source: "/opt/rustwide/workdir/moonramp-migration" }, ..: ".." }, target: TargetInner { ..: lib_target("moonramp_migration", ["lib"], "/opt/rustwide/workdir/moonramp-migration/src/lib.rs", Edition2021) }, profile: Profile { incremental: false, ..: default_dev() }, kind: Host, mode: Doc { deps: false }, features: ["testing"], artifact: false, artifact_target_for_features: None, is_std: false, dep_hash: 13136103536597355447 }
[INFO] [stderr]    Compiling libc v0.2.132
[INFO] [stderr]    Compiling syn v1.0.99
[INFO] [stderr]    Compiling serde v1.0.144
[INFO] [stderr]    Compiling log v0.4.17
[INFO] [stderr]    Compiling futures-core v0.3.23
[INFO] [stderr]    Compiling value-bag v1.0.0-alpha.9
[INFO] [stderr]    Compiling indexmap v1.9.1
[INFO] [stderr]    Compiling tokio v1.20.1
[INFO] [stderr]     Checking futures-io v0.3.23
[INFO] [stderr]    Compiling futures-task v0.3.23
[INFO] [stderr]    Compiling futures-channel v0.3.23
[INFO] [stderr]    Compiling futures-util v0.3.23
[INFO] [stderr]     Checking tracing-core v0.1.29
[INFO] [stderr]     Checking subtle v2.4.1
[INFO] [stderr]    Compiling num-traits v0.2.15
[INFO] [stderr]     Checking base64 v0.13.0
[INFO] [stderr]    Compiling maybe-uninit v2.0.0
[INFO] [stderr]     Checking opaque-debug v0.3.0
[INFO] [stderr]    Compiling anyhow v1.0.62
[INFO] [stderr]    Compiling unicode-segmentation v1.9.0
[INFO] [stderr]     Checking digest v0.9.0
[INFO] [stderr]    Compiling serde_json v1.0.85
[INFO] [stderr]    Compiling io-lifetimes v0.5.3
[INFO] [stderr]    Compiling rustix v0.33.7
[INFO] [stderr]     Checking block-buffer v0.9.0
[INFO] [stderr]     Checking linux-raw-sys v0.0.42
[INFO] [stderr]    Compiling standback v0.2.17
[INFO] [stderr]     Checking fallible-iterator v0.2.0
[INFO] [stderr]     Checking stable_deref_trait v1.2.0
[INFO] [stderr]    Compiling num-integer v0.1.45
[INFO] [stderr]    Compiling target-lexicon v0.12.4
[INFO] [stderr]     Checking rustc-hash v1.1.0
[INFO] [stderr]    Compiling proc-macro-hack v0.5.19
[INFO] [stderr]     Checking either v1.8.0
[INFO] [stderr]    Compiling zstd-safe v4.1.6+zstd.1.5.2
[INFO] [stderr]    Compiling lock_api v0.4.7
[INFO] [stderr]    Compiling heck v0.3.3
[INFO] [stderr]    Compiling cranelift-codegen-shared v0.82.3
[INFO] [stderr]    Compiling async-trait v0.1.57
[INFO] [stderr]    Compiling smallvec v1.9.0
[INFO] [stderr]    Compiling cranelift-codegen-meta v0.82.3
[INFO] [stderr]     Checking smallvec v0.6.14
[INFO] [stderr]     Checking itertools v0.10.3
[INFO] [stderr]    Compiling typenum v1.15.0
[INFO] [stderr]    Compiling const_fn v0.4.9
[INFO] [stderr]    Compiling time v0.2.27
[INFO] [stderr]    Compiling rust_decimal v1.26.1
[INFO] [stderr]     Checking wasmparser v0.83.0
[INFO] [stderr]     Checking arrayvec v0.7.2
[INFO] [stderr]     Checking unicode-normalization v0.1.9
[INFO] [stderr]     Checking unicode-width v0.1.9
[INFO] [stderr]     Checking digest v0.10.3
[INFO] [stderr]     Checking sha2 v0.9.9
[INFO] [stderr]    Compiling proc-macro-error-attr v1.0.4
[INFO] [stderr]    Compiling crossbeam-epoch v0.9.10
[INFO] [stderr]    Compiling io-extras v0.13.2
[INFO] [stderr]     Checking leb128 v0.2.5
[INFO] [stderr]    Compiling proc-macro-error v1.0.4
[INFO] [stderr]     Checking getrandom v0.2.7
[INFO] [stderr]     Checking num_cpus v1.13.1
[INFO] [stderr]     Checking parking_lot_core v0.9.3
[INFO] [stderr]    Compiling jobserver v0.1.24
[INFO] [stderr]     Checking socket2 v0.4.6
[INFO] [stderr]     Checking rand_core v0.6.3
[INFO] [stderr]     Checking signal-hook-registry v1.4.0
[INFO] [stderr]    Compiling dirs-sys v0.3.7
[INFO] [stderr]     Checking atty v0.2.14
[INFO] [stderr]    Compiling cc v1.0.73
[INFO] [stderr]     Checking parking_lot v0.12.1
[INFO] [stderr]    Compiling generic-array v0.14.6
[INFO] [stderr]     Checking rand_chacha v0.3.1
[INFO] [stderr]    Compiling dirs v4.0.0
[INFO] [stderr]     Checking ahash v0.7.6
[INFO] [stderr]    Compiling pkg-config v0.3.25
[INFO] [stderr]    Compiling vcpkg v0.2.15
[INFO] [stderr]     Checking rand v0.8.5
[INFO] [stderr]    Compiling rayon-core v1.9.3
[INFO] [stderr]     Checking more-asserts v0.2.2
[INFO] [stderr]    Compiling cap-primitives v0.24.4
[INFO] [stderr]     Checking ambient-authority v0.0.1
[INFO] [stderr]     Checking idna v0.2.1
[INFO] [stderr]     Checking sha-1 v0.9.8
[INFO] [stderr]     Checking object v0.29.0
[INFO] [stderr]    Compiling num-bigint v0.3.3
[INFO] [stderr]    Compiling cpp_demangle v0.3.5
[INFO] [stderr]     Checking byteorder v1.4.3
[INFO] [stderr]    Compiling futures-sink v0.3.23
[INFO] [stderr]     Checking maybe-owned v0.3.4
[INFO] [stderr]     Checking ipnet v2.5.0
[INFO] [stderr]    Compiling crossbeam-queue v0.3.6
[INFO] [stderr]     Checking url v2.2.2
[INFO] [stderr]     Checking crossbeam-deque v0.8.2
[INFO] [stderr]    Compiling wast v35.0.2
[INFO] [stderr]     Checking dirs-sys-next v0.1.2
[INFO] [stderr]    Compiling ring v0.16.20
[INFO] [stderr]    Compiling zstd-sys v1.6.3+zstd.1.5.2
[INFO] [stderr]    Compiling wasmtime-fiber v0.35.3
[INFO] [stderr]    Compiling backtrace v0.3.66
[INFO] [stderr]    Compiling libsqlite3-sys v0.23.2
[INFO] [stderr]    Compiling ittapi-rs v0.2.0
[INFO] [stderr]    Compiling wasmtime-runtime v0.35.3
[INFO] [stderr]    Compiling psm v0.1.20
[INFO] [stderr]     Checking time v0.1.44
[INFO] [stderr]     Checking region v2.2.0
[INFO] [stderr]     Checking memfd v0.4.1
[INFO] [stderr]     Checking wasm-encoder v0.16.0
[INFO] [stderr]     Checking crossbeam-channel v0.5.6
[INFO] [stderr]    Compiling rayon v1.5.3
[INFO] [stderr]    Compiling cap-std v0.24.4
[INFO] [stderr]    Compiling unicode-bidi v0.3.8
[INFO] [stderr]    Compiling wasmtime-cache v0.35.3
[INFO] [stderr]    Compiling matches v0.1.9
[INFO] [stderr]     Checking fs-set-times v0.15.0
[INFO] [stderr]    Compiling parking_lot_core v0.8.5
[INFO] [stderr]     Checking directories-next v2.0.0
[INFO] [stderr]     Checking wast v46.0.0
[INFO] [stderr]    Compiling cranelift-codegen v0.82.3
[INFO] [stdout] error[E0061]: this method takes 1 argument but 2 arguments were supplied
[INFO] [stdout]   --> /opt/rustwide/cargo-home/registry/src/index.crates.io-6f17d22bba15001f/cap-primitives-0.24.4/src/rustix/linux/fs/set_times_impl.rs:20:25
[INFO] [stdout]    |
[INFO] [stdout] 20 |             return file.set_times(
[INFO] [stdout]    |                         ^^^^^^^^^
[INFO] [stdout] 21 |                 atime.map(SystemTimeSpec::into_std),
[INFO] [stdout] 22 |                 mtime.map(SystemTimeSpec::into_std),
[INFO] [stdout]    |                 ----------------------------------- unexpected argument of type `Option<fs_set_times::SystemTimeSpec>`
[INFO] [stdout]    |
[INFO] [stdout] note: expected `FileTimes`, found `Option<SystemTimeSpec>`
[INFO] [stdout]   --> /opt/rustwide/cargo-home/registry/src/index.crates.io-6f17d22bba15001f/cap-primitives-0.24.4/src/rustix/linux/fs/set_times_impl.rs:21:17
[INFO] [stdout]    |
[INFO] [stdout] 21 |                 atime.map(SystemTimeSpec::into_std),
[INFO] [stdout]    |                 ^^^^^^^^^^^^^^^^^^^^^^^^^^^^^^^^^^^
[INFO] [stdout]    = note: expected struct `FileTimes`
[INFO] [stdout]                 found enum `Option<fs_set_times::SystemTimeSpec>`
[INFO] [stdout] note: method defined here
[INFO] [stdout]   --> /rustc/0e09125c6c3c2fd70d7de961bcf0e51575235fad/library/std/src/fs.rs:695:12
[INFO] [stdout] help: remove the extra argument
[INFO] [stdout]    |
[INFO] [stdout] 21 -                 atime.map(SystemTimeSpec::into_std),
[INFO] [stdout] 21 +                 /* FileTimes */,
[INFO] [stdout]    |
[INFO] [stdout] 
[INFO] [stdout] 
[INFO] [stdout] error[E0061]: this method takes 1 argument but 2 arguments were supplied
[INFO] [stdout]   --> /opt/rustwide/cargo-home/registry/src/index.crates.io-6f17d22bba15001f/cap-primitives-0.24.4/src/rustix/linux/fs/set_times_impl.rs:34:25
[INFO] [stdout]    |
[INFO] [stdout] 34 |             return file.set_times(
[INFO] [stdout]    |                         ^^^^^^^^^
[INFO] [stdout] 35 |                 atime.map(SystemTimeSpec::into_std),
[INFO] [stdout] 36 |                 mtime.map(SystemTimeSpec::into_std),
[INFO] [stdout]    |                 ----------------------------------- unexpected argument of type `Option<fs_set_times::SystemTimeSpec>`
[INFO] [stdout]    |
[INFO] [stdout] note: expected `FileTimes`, found `Option<SystemTimeSpec>`
[INFO] [stdout]   --> /opt/rustwide/cargo-home/registry/src/index.crates.io-6f17d22bba15001f/cap-primitives-0.24.4/src/rustix/linux/fs/set_times_impl.rs:35:17
[INFO] [stdout]    |
[INFO] [stdout] 35 |                 atime.map(SystemTimeSpec::into_std),
[INFO] [stdout]    |                 ^^^^^^^^^^^^^^^^^^^^^^^^^^^^^^^^^^^
[INFO] [stdout]    = note: expected struct `FileTimes`
[INFO] [stdout]                 found enum `Option<fs_set_times::SystemTimeSpec>`
[INFO] [stdout] note: method defined here
[INFO] [stdout]   --> /rustc/0e09125c6c3c2fd70d7de961bcf0e51575235fad/library/std/src/fs.rs:695:12
[INFO] [stdout] help: remove the extra argument
[INFO] [stdout]    |
[INFO] [stdout] 35 -                 atime.map(SystemTimeSpec::into_std),
[INFO] [stdout] 35 +                 /* FileTimes */,
[INFO] [stdout]    |
[INFO] [stdout] 
[INFO] [stdout] 
[INFO] [stdout] error: aborting due to 2 previous errors
[INFO] [stdout] 
[INFO] [stdout] 
[INFO] [stdout] For more information about this error, try `rustc --explain E0061`.
[INFO] [stdout] 
[INFO] [stderr] error: could not compile `cap-primitives` (lib) due to 3 previous errors
[INFO] [stderr] warning: build failed, waiting for other jobs to finish...
[INFO] running `Command { std: "docker" "inspect" "22d18f5f1a9d9706199c7d93ced22ad2ddb2198341cda4d59f7b7855641adc0e", kill_on_drop: false }`
[INFO] running `Command { std: "docker" "rm" "-f" "22d18f5f1a9d9706199c7d93ced22ad2ddb2198341cda4d59f7b7855641adc0e", kill_on_drop: false }`
[INFO] [stdout] 22d18f5f1a9d9706199c7d93ced22ad2ddb2198341cda4d59f7b7855641adc0e
