[INFO] cloning repository https://github.com/MonsterEconomy/solana
[INFO] running `Command { std: "git" "-c" "credential.helper=" "-c" "credential.helper=/workspace/cargo-home/bin/git-credential-null" "clone" "--bare" "https://github.com/MonsterEconomy/solana" "/workspace/cache/git-repos/https%3A%2F%2Fgithub.com%2FMonsterEconomy%2Fsolana", kill_on_drop: false }`
[INFO] [stderr] Cloning into bare repository '/workspace/cache/git-repos/https%3A%2F%2Fgithub.com%2FMonsterEconomy%2Fsolana'...
[INFO] running `Command { std: "git" "rev-parse" "HEAD", kill_on_drop: false }`
[INFO] [stdout] 9d3afba04547fd20aa5cb75bed1c6f23424c837b
[INFO] documenting MonsterEconomy/solana against 1.75.0 for beta-1.76-rustdoc-1
[INFO] running `Command { std: "git" "clone" "/workspace/cache/git-repos/https%3A%2F%2Fgithub.com%2FMonsterEconomy%2Fsolana" "/workspace/builds/worker-2-tc1/source", kill_on_drop: false }`
[INFO] [stderr] Cloning into '/workspace/builds/worker-2-tc1/source'...
[INFO] [stderr] done.
[INFO] validating manifest of git repo https://github.com/MonsterEconomy/solana on toolchain 1.75.0
[INFO] running `Command { std: CARGO_HOME="/workspace/cargo-home" RUSTUP_HOME="/workspace/rustup-home" "/workspace/cargo-home/bin/cargo" "+1.75.0" "metadata" "--manifest-path" "Cargo.toml" "--no-deps", kill_on_drop: false }`
[INFO] started tweaking git repo https://github.com/MonsterEconomy/solana
[INFO] finished tweaking git repo https://github.com/MonsterEconomy/solana
[INFO] tweaked toml for git repo https://github.com/MonsterEconomy/solana written to /workspace/builds/worker-2-tc1/source/Cargo.toml
[INFO] crate git repo https://github.com/MonsterEconomy/solana already has a lockfile, it will not be regenerated
[INFO] running `Command { std: CARGO_HOME="/workspace/cargo-home" RUSTUP_HOME="/workspace/rustup-home" "/workspace/cargo-home/bin/cargo" "+1.75.0" "fetch" "--manifest-path" "Cargo.toml", kill_on_drop: false }`
[INFO] [stderr]     Updating crates.io index
[INFO] [stderr]  Downloading crates ...
[INFO] [stderr]   Downloaded predicates v2.0.1
[INFO] [stderr]   Downloaded jsonrpc-client-transports v17.1.0
[INFO] [stderr]   Downloaded uriparse v0.6.3
[INFO] [stderr]   Downloaded shlex v1.0.0
[INFO] [stderr]   Downloaded tarpc-plugins v0.11.0
[INFO] [stderr]   Downloaded solana-frozen-abi-macro v1.7.6
[INFO] [stderr]   Downloaded enum-ordinalize v3.1.8
[INFO] [stderr]   Downloaded utf8-width v0.1.3
[INFO] [stderr]   Downloaded tonic-build v0.5.2
[INFO] [stderr]   Downloaded sysctl v0.4.2
[INFO] [stderr]   Downloaded remove_dir_all v0.5.0
[INFO] [stderr]   Downloaded byte-unit v4.0.12
[INFO] [stderr]   Downloaded tungstenite v0.15.0
[INFO] [stderr]   Downloaded fd-lock v3.0.0
[INFO] [stderr]   Downloaded ahash v0.4.6
[INFO] [stderr]   Downloaded tokio v1.10.1
[INFO] [stderr]   Downloaded const_format v0.2.19
[INFO] [stderr]   Downloaded goblin v0.4.2
[INFO] [stderr]   Downloaded educe v0.4.13
[INFO] [stderr]   Downloaded tonic v0.5.2
[INFO] [stderr]   Downloaded raptorq v1.6.4
[INFO] [stderr]   Downloaded time v0.3.2
[INFO] [stderr]   Downloaded systemstat v0.1.8
[INFO] [stderr]   Downloaded tower v0.4.8
[INFO] [stderr]   Downloaded backtrace v0.3.48
[INFO] [stderr]   Downloaded arc-swap v1.2.0
[INFO] [stderr]   Downloaded parity-tokio-ipc v0.8.0
[INFO] [stderr]   Downloaded solana-program v1.7.6
[INFO] [stderr]   Downloaded tarpc v0.26.2
[INFO] [stderr]   Downloaded addr2line v0.12.1
[INFO] [stderr]   Downloaded hidapi v1.2.6
[INFO] [stderr]   Downloaded jsonrpc-ipc-server v17.1.0
[INFO] [stderr]   Downloaded filedescriptor v0.8.0
[INFO] [stderr]   Downloaded solana-sdk-macro v1.7.6
[INFO] [stderr]   Downloaded solana-logger v1.7.6
[INFO] [stderr]   Downloaded blake3 v1.0.0
[INFO] [stderr]   Downloaded jsonrpc-server-utils v17.1.0
[INFO] [stderr]   Downloaded solana-frozen-abi v1.7.6
[INFO] [stderr]   Downloaded dirs-sys-next v0.1.1
[INFO] [stderr]   Downloaded jsonrpc-derive v17.1.0
[INFO] [stderr]   Downloaded const_format_proc_macros v0.2.14
[INFO] [stderr]   Downloaded etcd-client v0.7.1
[INFO] [stderr]   Downloaded jsonrpc-pubsub v17.1.0
[INFO] [stderr]   Downloaded chrono-humanize v0.2.1
[INFO] [stderr]   Downloaded cargo_metadata v0.14.0
[INFO] [stderr]   Downloaded winreg v0.9.0
[INFO] [stderr]   Downloaded jsonrpc-core-client v17.1.0
[INFO] [stderr]   Downloaded solana_rbpf v0.2.14
[INFO] running `Command { std: "docker" "create" "-v" "/var/lib/crater-agent-workspace/builds/worker-2-tc1/target:/opt/rustwide/target:rw,Z" "-v" "/var/lib/crater-agent-workspace/builds/worker-2-tc1/source:/opt/rustwide/workdir:ro,Z" "-v" "/var/lib/crater-agent-workspace/cargo-home:/opt/rustwide/cargo-home:ro,Z" "-v" "/var/lib/crater-agent-workspace/rustup-home:/opt/rustwide/rustup-home:ro,Z" "-e" "SOURCE_DIR=/opt/rustwide/workdir" "-e" "CARGO_TARGET_DIR=/opt/rustwide/target" "-e" "CARGO_HOME=/opt/rustwide/cargo-home" "-e" "RUSTUP_HOME=/opt/rustwide/rustup-home" "-w" "/opt/rustwide/workdir" "-m" "1610612736" "--user" "0:0" "--network" "none" "ghcr.io/rust-lang/crates-build-env/linux@sha256:2788e3201cd34a07e3172128adcd8b3090168a8e3bcc40d7c032b9dda1df7d1c" "/opt/rustwide/cargo-home/bin/cargo" "+1.75.0" "metadata" "--no-deps" "--format-version=1", kill_on_drop: false }`
[INFO] [stdout] fa6243312655e8b406e85e8e1a1bb70b4582bdf334768d17607b8448f355071b
[INFO] running `Command { std: "docker" "start" "-a" "fa6243312655e8b406e85e8e1a1bb70b4582bdf334768d17607b8448f355071b", kill_on_drop: false }`
[INFO] running `Command { std: "docker" "inspect" "fa6243312655e8b406e85e8e1a1bb70b4582bdf334768d17607b8448f355071b", kill_on_drop: false }`
[INFO] running `Command { std: "docker" "rm" "-f" "fa6243312655e8b406e85e8e1a1bb70b4582bdf334768d17607b8448f355071b", kill_on_drop: false }`
[INFO] [stdout] fa6243312655e8b406e85e8e1a1bb70b4582bdf334768d17607b8448f355071b
[INFO] running `Command { std: "docker" "create" "-v" "/var/lib/crater-agent-workspace/builds/worker-2-tc1/target:/opt/rustwide/target:rw,Z" "-v" "/var/lib/crater-agent-workspace/builds/worker-2-tc1/source:/opt/rustwide/workdir:ro,Z" "-v" "/var/lib/crater-agent-workspace/cargo-home:/opt/rustwide/cargo-home:ro,Z" "-v" "/var/lib/crater-agent-workspace/rustup-home:/opt/rustwide/rustup-home:ro,Z" "-e" "SOURCE_DIR=/opt/rustwide/workdir" "-e" "CARGO_TARGET_DIR=/opt/rustwide/target" "-e" "CARGO_INCREMENTAL=0" "-e" "RUST_BACKTRACE=full" "-e" "RUSTFLAGS=--cap-lints=warn" "-e" "RUSTDOCFLAGS=--cap-lints=warn" "-e" "CARGO_HOME=/opt/rustwide/cargo-home" "-e" "RUSTUP_HOME=/opt/rustwide/rustup-home" "-w" "/opt/rustwide/workdir" "-m" "1610612736" "--user" "0:0" "--network" "none" "ghcr.io/rust-lang/crates-build-env/linux@sha256:2788e3201cd34a07e3172128adcd8b3090168a8e3bcc40d7c032b9dda1df7d1c" "/opt/rustwide/cargo-home/bin/cargo" "+1.75.0" "doc" "--frozen" "--no-deps" "--document-private-items" "--message-format=json", kill_on_drop: false }`
[INFO] [stdout] 39b5faa95ad00d570907e04e8f6877e158f44222ef29dd1920cf9bb98290226f
[INFO] running `Command { std: "docker" "start" "-a" "39b5faa95ad00d570907e04e8f6877e158f44222ef29dd1920cf9bb98290226f", kill_on_drop: false }`
[INFO] [stderr] warning: output filename collision.
[INFO] [stderr] The bin target `solana-faucet` in package `solana-faucet v1.8.0 (/opt/rustwide/workdir/faucet)` has the same output filename as the lib target `solana_faucet` in package `solana-faucet v1.8.0 (/opt/rustwide/workdir/faucet)`.
[INFO] [stderr] Colliding filename is: /opt/rustwide/target/doc/solana_faucet/index.html
[INFO] [stderr] The output filenames should be unique.
[INFO] [stderr] This is a known bug where multiple crates with the same name use
[INFO] [stderr] the same path; see <https://github.com/rust-lang/cargo/issues/6313>.
[INFO] [stderr] If this looks unexpected, it may be a bug in Cargo. Please file a bug report at
[INFO] [stderr] https://github.com/rust-lang/cargo/issues/ with as much information as you
[INFO] [stderr] can provide.
[INFO] [stderr] cargo 1.75.0 (1d8b05cdd 2023-11-20) running on `x86_64-unknown-linux-gnu` target `x86_64-unknown-linux-gnu`
[INFO] [stderr] First unit: Unit { pkg: Package { id: PackageId { name: "solana-faucet", version: "1.8.0", source: "/opt/rustwide/workdir/faucet" }, ..: ".." }, target: TargetInner { name: "solana-faucet", doc: true, ..: with_path("/opt/rustwide/workdir/faucet/src/bin/faucet.rs", Edition2018) }, profile: Profile { split_debuginfo: Some("unpacked"), incremental: false, ..: default_dev() }, kind: Host, mode: Doc { deps: false }, features: [], artifact: false, artifact_target_for_features: None, is_std: false, dep_hash: 11427478203982066803 }
[INFO] [stderr] Second unit: Unit { pkg: Package { id: PackageId { name: "solana-faucet", version: "1.8.0", source: "/opt/rustwide/workdir/faucet" }, ..: ".." }, target: TargetInner { ..: lib_target("solana_faucet", ["lib"], "/opt/rustwide/workdir/faucet/src/lib.rs", Edition2018) }, profile: Profile { split_debuginfo: Some("unpacked"), incremental: false, ..: default_dev() }, kind: Host, mode: Doc { deps: false }, features: [], artifact: false, artifact_target_for_features: None, is_std: false, dep_hash: 16305963674576408228 }
[INFO] [stderr] warning: output filename collision.
[INFO] [stderr] The bin target `solana-genesis` in package `solana-genesis v1.8.0 (/opt/rustwide/workdir/genesis)` has the same output filename as the lib target `solana_genesis` in package `solana-genesis v1.8.0 (/opt/rustwide/workdir/genesis)`.
[INFO] [stderr] Colliding filename is: /opt/rustwide/target/doc/solana_genesis/index.html
[INFO] [stderr] The output filenames should be unique.
[INFO] [stderr] This is a known bug where multiple crates with the same name use
[INFO] [stderr] the same path; see <https://github.com/rust-lang/cargo/issues/6313>.
[INFO] [stderr] If this looks unexpected, it may be a bug in Cargo. Please file a bug report at
[INFO] [stderr] https://github.com/rust-lang/cargo/issues/ with as much information as you
[INFO] [stderr] can provide.
[INFO] [stderr] cargo 1.75.0 (1d8b05cdd 2023-11-20) running on `x86_64-unknown-linux-gnu` target `x86_64-unknown-linux-gnu`
[INFO] [stderr] First unit: Unit { pkg: Package { id: PackageId { name: "solana-genesis", version: "1.8.0", source: "/opt/rustwide/workdir/genesis" }, ..: ".." }, target: TargetInner { name: "solana-genesis", doc: true, ..: with_path("/opt/rustwide/workdir/genesis/src/main.rs", Edition2018) }, profile: Profile { split_debuginfo: Some("unpacked"), incremental: false, ..: default_dev() }, kind: Host, mode: Doc { deps: false }, features: [], artifact: false, artifact_target_for_features: None, is_std: false, dep_hash: 3195683306604202833 }
[INFO] [stderr] Second unit: Unit { pkg: Package { id: PackageId { name: "solana-genesis", version: "1.8.0", source: "/opt/rustwide/workdir/genesis" }, ..: ".." }, target: TargetInner { ..: lib_target("solana_genesis", ["lib"], "/opt/rustwide/workdir/genesis/src/lib.rs", Edition2018) }, profile: Profile { split_debuginfo: Some("unpacked"), incremental: false, ..: default_dev() }, kind: Host, mode: Doc { deps: false }, features: [], artifact: false, artifact_target_for_features: None, is_std: false, dep_hash: 6101090967627904592 }
[INFO] [stderr] warning: output filename collision.
[INFO] [stderr] The bin target `solana-sys-tuner` in package `solana-sys-tuner v1.8.0 (/opt/rustwide/workdir/sys-tuner)` has the same output filename as the lib target `solana_sys_tuner` in package `solana-sys-tuner v1.8.0 (/opt/rustwide/workdir/sys-tuner)`.
[INFO] [stderr] Colliding filename is: /opt/rustwide/target/doc/solana_sys_tuner/index.html
[INFO] [stderr] The output filenames should be unique.
[INFO] [stderr] This is a known bug where multiple crates with the same name use
[INFO] [stderr] the same path; see <https://github.com/rust-lang/cargo/issues/6313>.
[INFO] [stderr] If this looks unexpected, it may be a bug in Cargo. Please file a bug report at
[INFO] [stderr] https://github.com/rust-lang/cargo/issues/ with as much information as you
[INFO] [stderr] can provide.
[INFO] [stderr] cargo 1.75.0 (1d8b05cdd 2023-11-20) running on `x86_64-unknown-linux-gnu` target `x86_64-unknown-linux-gnu`
[INFO] [stderr] First unit: Unit { pkg: Package { id: PackageId { name: "solana-sys-tuner", version: "1.8.0", source: "/opt/rustwide/workdir/sys-tuner" }, ..: ".." }, target: TargetInner { name: "solana-sys-tuner", doc: true, ..: with_path("/opt/rustwide/workdir/sys-tuner/src/main.rs", Edition2018) }, profile: Profile { split_debuginfo: Some("unpacked"), incremental: false, ..: default_dev() }, kind: Host, mode: Doc { deps: false }, features: [], artifact: false, artifact_target_for_features: None, is_std: false, dep_hash: 8689758785678660866 }
[INFO] [stderr] Second unit: Unit { pkg: Package { id: PackageId { name: "solana-sys-tuner", version: "1.8.0", source: "/opt/rustwide/workdir/sys-tuner" }, ..: ".." }, target: TargetInner { ..: lib_target("solana_sys_tuner", ["lib"], "/opt/rustwide/workdir/sys-tuner/src/lib.rs", Edition2018) }, profile: Profile { split_debuginfo: Some("unpacked"), incremental: false, ..: default_dev() }, kind: Host, mode: Doc { deps: false }, features: [], artifact: false, artifact_target_for_features: None, is_std: false, dep_hash: 8789573759177382786 }
[INFO] [stderr]    Compiling proc-macro2 v1.0.24
[INFO] [stderr]    Compiling unicode-xid v0.2.0
[INFO] [stderr]    Compiling syn v1.0.67
[INFO] [stderr]    Compiling libc v0.2.101
[INFO] [stderr]    Compiling autocfg v1.0.0
[INFO] [stderr]    Compiling version_check v0.9.2
[INFO] [stderr]     Checking cfg-if v0.1.10
[INFO] [stderr]     Checking cfg-if v1.0.0
[INFO] [stderr]     Checking spin v0.5.2
[INFO] [stderr]    Compiling memchr v2.4.0
[INFO] [stderr]     Checking lazy_static v1.4.0
[INFO] [stderr]    Compiling serde_derive v1.0.130
[INFO] [stderr]    Compiling serde v1.0.130
[INFO] [stderr]    Compiling log v0.4.14
[INFO] [stderr]     Checking scopeguard v1.1.0
[INFO] [stderr]    Compiling typenum v1.12.0
[INFO] [stderr]     Checking smallvec v1.6.1
[INFO] [stderr]    Compiling quote v1.0.9
[INFO] [stderr]     Checking instant v0.1.6
[INFO] [stderr]     Checking lock_api v0.4.1
[INFO] [stderr]     Checking byteorder v1.4.3
[INFO] [stderr]     Checking either v1.5.3
[INFO] [stderr]    Compiling getrandom v0.2.0
[INFO] [stderr]     Checking slab v0.4.2
[INFO] [stderr]    Compiling futures-core v0.3.17
[INFO] [stderr]     Checking pin-project-lite v0.2.7
[INFO] [stderr]     Checking futures v0.1.29
[INFO] [stderr]     Checking ppv-lite86 v0.2.8
[INFO] [stderr]    Compiling jobserver v0.1.21
[INFO] [stderr]    Compiling proc-macro-hack v0.5.19
[INFO] [stderr]    Compiling cc v1.0.67
[INFO] [stderr]     Checking futures-sink v0.3.17
[INFO] [stderr]    Compiling generic-array v0.14.4
[INFO] [stderr]    Compiling futures-macro v0.3.17
[INFO] [stderr]    Compiling futures-channel v0.3.17
[INFO] [stderr]    Compiling proc-macro-nested v0.1.4
[INFO] [stderr]     Checking itoa v0.4.5
[INFO] [stderr]    Compiling futures-task v0.3.17
[INFO] [stderr]     Checking num_cpus v1.13.0
[INFO] [stderr]     Checking parking_lot_core v0.8.0
[INFO] [stderr]    Compiling futures-util v0.3.17
[INFO] [stderr]    Compiling getrandom v0.1.14
[INFO] [stderr]     Checking parking_lot v0.11.1
[INFO] [stderr]     Checking once_cell v1.5.2
[INFO] [stderr]     Checking futures-io v0.3.17
[INFO] [stderr]     Checking pin-utils v0.1.0
[INFO] [stderr]     Checking regex-syntax v0.6.25
[INFO] [stderr]    Compiling semver v1.0.4
[INFO] [stderr]     Checking bytes v1.0.1
[INFO] [stderr]     Checking rand_core v0.5.1
[INFO] [stderr]     Checking fnv v1.0.7
[INFO] [stderr]     Checking aho-corasick v0.7.18
[INFO] [stderr]     Checking arc-swap v0.4.8
[INFO] [stderr]     Checking rand_pcg v0.2.1
[INFO] [stderr]     Checking rand_chacha v0.2.2
[INFO] [stderr]    Compiling tokio v1.10.1
[INFO] [stderr]     Checking signal-hook-registry v1.2.0
[INFO] [stderr]    Compiling ryu v1.0.4
[INFO] [stderr]    Compiling pkg-config v0.3.17
[INFO] [stderr]     Checking rand v0.7.3
[INFO] [stderr]    Compiling rustc_version v0.4.0
[INFO] [stderr]     Checking mio v0.7.13
[INFO] [stderr]    Compiling crossbeam-utils v0.8.5
[INFO] [stderr]     Checking subtle v2.2.2
[INFO] [stderr]    Compiling memoffset v0.6.1
[INFO] [stderr]     Checking bitflags v1.3.2
[INFO] [stderr]    Compiling crossbeam-epoch v0.9.5
[INFO] [stderr]    Compiling serde_json v1.0.67
[INFO] [stderr]    Compiling rayon-core v1.9.1
[INFO] [stderr]    Compiling ahash v0.7.4
[INFO] [stderr]     Checking tinyvec_macros v0.1.0
[INFO] [stderr]     Checking crossbeam-channel v0.5.1
[INFO] [stderr]     Checking iovec v0.1.4
[INFO] [stderr]     Checking tinyvec v1.1.1
[INFO] [stderr]    Compiling rayon v1.5.1
[INFO] [stderr]     Checking matches v0.1.9
[INFO] [stderr]    Compiling httparse v1.4.1
[INFO] [stderr]     Checking crossbeam-deque v0.8.1
[INFO] [stderr]     Checking regex v1.5.4
[INFO] [stderr]     Checking block-padding v0.2.1
[INFO] [stderr]    Compiling openssl-sys v0.9.57
[INFO] [stderr]     Checking hashbrown v0.11.2
[INFO] [stderr]    Compiling indexmap v1.7.0
[INFO] [stderr]     Checking unicode-normalization v0.1.16
[INFO] [stderr]    Compiling synstructure v0.12.3
[INFO] [stderr]     Checking opaque-debug v0.3.0
[INFO] [stderr]     Checking unicode-bidi v0.3.4
[INFO] [stderr]    Compiling crunchy v0.2.2
[INFO] [stderr]     Checking tracing-core v0.1.18
[INFO] [stderr] The following warnings were emitted during compilation:
[INFO] [stderr] 
[INFO] [stderr] warning: openssl-sys@0.9.57: build/expando.c:4:24: error: pasting "RUST_VERSION_OPENSSL_" and "(" does not give a valid preprocessing token
[INFO] [stderr] warning: openssl-sys@0.9.57:     4 | #define VERSION2(n, v) RUST_VERSION_##n##_##v
[INFO] [stderr] warning: openssl-sys@0.9.57:       |                        ^~~~~~~~~~~~~
[INFO] [stderr] warning: openssl-sys@0.9.57: build/expando.c:5:23: note: in expansion of macro 'VERSION2'
[INFO] [stderr] warning: openssl-sys@0.9.57:     5 | #define VERSION(n, v) VERSION2(n, v)
[INFO] [stderr] warning: openssl-sys@0.9.57:       |                       ^~~~~~~~
[INFO] [stderr] warning: openssl-sys@0.9.57: build/expando.c:10:1: note: in expansion of macro 'VERSION'
[INFO] [stderr] warning: openssl-sys@0.9.57:    10 | VERSION(OPENSSL, OPENSSL_VERSION_NUMBER)
[INFO] [stderr] warning: openssl-sys@0.9.57:       | ^~~~~~~
[INFO] [stderr] 
[INFO] [stderr] error: failed to run custom build command for `openssl-sys v0.9.57`
[INFO] [stderr] note: To improve backtraces for build dependencies, set the CARGO_PROFILE_DEV_BUILD_OVERRIDE_DEBUG=true environment variable to enable debug information generation.
[INFO] [stderr] 
[INFO] [stderr] Caused by:
[INFO] [stderr]   process didn't exit successfully: `/opt/rustwide/target/debug/build/openssl-sys-1a46a9dfe99d88c0/build-script-main` (exit status: 101)
[INFO] [stderr]   --- stdout
[INFO] [stderr]   cargo:rustc-cfg=const_fn
[INFO] [stderr]   cargo:rerun-if-env-changed=X86_64_UNKNOWN_LINUX_GNU_OPENSSL_LIB_DIR
[INFO] [stderr]   X86_64_UNKNOWN_LINUX_GNU_OPENSSL_LIB_DIR unset
[INFO] [stderr]   cargo:rerun-if-env-changed=OPENSSL_LIB_DIR
[INFO] [stderr]   OPENSSL_LIB_DIR unset
[INFO] [stderr]   cargo:rerun-if-env-changed=X86_64_UNKNOWN_LINUX_GNU_OPENSSL_INCLUDE_DIR
[INFO] [stderr]   X86_64_UNKNOWN_LINUX_GNU_OPENSSL_INCLUDE_DIR unset
[INFO] [stderr]   cargo:rerun-if-env-changed=OPENSSL_INCLUDE_DIR
[INFO] [stderr]   OPENSSL_INCLUDE_DIR unset
[INFO] [stderr]   cargo:rerun-if-env-changed=X86_64_UNKNOWN_LINUX_GNU_OPENSSL_DIR
[INFO] [stderr]   X86_64_UNKNOWN_LINUX_GNU_OPENSSL_DIR unset
[INFO] [stderr]   cargo:rerun-if-env-changed=OPENSSL_DIR
[INFO] [stderr]   OPENSSL_DIR unset
[INFO] [stderr]   cargo:rustc-link-lib=ssl
[INFO] [stderr]   cargo:rustc-link-lib=crypto
[INFO] [stderr]   OPT_LEVEL = Some("0")
[INFO] [stderr]   TARGET = Some("x86_64-unknown-linux-gnu")
[INFO] [stderr]   HOST = Some("x86_64-unknown-linux-gnu")
[INFO] [stderr]   CC_x86_64-unknown-linux-gnu = None
[INFO] [stderr]   CC_x86_64_unknown_linux_gnu = None
[INFO] [stderr]   HOST_CC = None
[INFO] [stderr]   CC = None
[INFO] [stderr]   CFLAGS_x86_64-unknown-linux-gnu = None
[INFO] [stderr]   CFLAGS_x86_64_unknown_linux_gnu = None
[INFO] [stderr]   HOST_CFLAGS = None
[INFO] [stderr]   CFLAGS = None
[INFO] [stderr]   CRATE_CC_NO_DEFAULTS = None
[INFO] [stderr]   DEBUG = Some("true")
[INFO] [stderr]   CARGO_CFG_TARGET_FEATURE = Some("fxsr,sse,sse2")
[INFO] [stderr]   running: "cc" "-O0" "-ffunction-sections" "-fdata-sections" "-fPIC" "-g" "-fno-omit-frame-pointer" "-m64" "-I" "/usr/include" "-Wall" "-Wextra" "-E" "build/expando.c"
[INFO] [stderr]   cargo:warning=build/expando.c:4:24: error: pasting "RUST_VERSION_OPENSSL_" and "(" does not give a valid preprocessing token
[INFO] [stderr]   cargo:warning=    4 | #define VERSION2(n, v) RUST_VERSION_##n##_##v
[INFO] [stderr]   cargo:warning=      |                        ^~~~~~~~~~~~~
[INFO] [stderr]   cargo:warning=build/expando.c:5:23: note: in expansion of macro 'VERSION2'
[INFO] [stderr]   cargo:warning=    5 | #define VERSION(n, v) VERSION2(n, v)
[INFO] [stderr]   cargo:warning=      |                       ^~~~~~~~
[INFO] [stderr]   cargo:warning=build/expando.c:10:1: note: in expansion of macro 'VERSION'
[INFO] [stderr]   cargo:warning=   10 | VERSION(OPENSSL, OPENSSL_VERSION_NUMBER)
[INFO] [stderr]   cargo:warning=      | ^~~~~~~
[INFO] [stderr]   exit status: 1
[INFO] [stderr] 
[INFO] [stderr]   --- stderr
[INFO] [stderr]   thread 'main' panicked at /opt/rustwide/cargo-home/registry/src/index.crates.io-6f17d22bba15001f/openssl-sys-0.9.57/build/main.rs:138:13:
[INFO] [stderr] 
[INFO] [stderr]   Header expansion error:
[INFO] [stderr]   Error { kind: ToolExecError, message: "Command \"cc\" \"-O0\" \"-ffunction-sections\" \"-fdata-sections\" \"-fPIC\" \"-g\" \"-fno-omit-frame-pointer\" \"-m64\" \"-I\" \"/usr/include\" \"-Wall\" \"-Wextra\" \"-E\" \"build/expando.c\" with args \"cc\" did not execute successfully (status code exit status: 1)." }
[INFO] [stderr] 
[INFO] [stderr]   Failed to find OpenSSL development headers.
[INFO] [stderr] 
[INFO] [stderr]   You can try fixing this setting the `OPENSSL_DIR` environment variable
[INFO] [stderr]   pointing to your OpenSSL installation or installing OpenSSL headers package
[INFO] [stderr]   specific to your distribution:
[INFO] [stderr] 
[INFO] [stderr]       # On Ubuntu
[INFO] [stderr]       sudo apt-get install libssl-dev
[INFO] [stderr]       # On Arch Linux
[INFO] [stderr]       sudo pacman -S openssl
[INFO] [stderr]       # On Fedora
[INFO] [stderr]       sudo dnf install openssl-devel
[INFO] [stderr] 
[INFO] [stderr]   See rust-openssl README for more information:
[INFO] [stderr] 
[INFO] [stderr]       https://github.com/sfackler/rust-openssl#linux
[INFO] [stderr] 
[INFO] [stderr]   stack backtrace:
[INFO] [stderr]      0:     0x56168bd230bc - std::backtrace_rs::backtrace::libunwind::trace::ha637c64ce894333a
[INFO] [stderr]                                  at /rustc/82e1608dfa6e0b5569232559e3d385fea5a93112/library/std/src/../../backtrace/src/backtrace/libunwind.rs:104:5
[INFO] [stderr]      1:     0x56168bd230bc - std::backtrace_rs::backtrace::trace_unsynchronized::h47f62dea28e0c88d
[INFO] [stderr]                                  at /rustc/82e1608dfa6e0b5569232559e3d385fea5a93112/library/std/src/../../backtrace/src/backtrace/mod.rs:66:5
[INFO] [stderr]      2:     0x56168bd230bc - std::sys_common::backtrace::_print_fmt::h9eef0abe20ede486
[INFO] [stderr]                                  at /rustc/82e1608dfa6e0b5569232559e3d385fea5a93112/library/std/src/sys_common/backtrace.rs:67:5
[INFO] [stderr]      3:     0x56168bd230bc - <std::sys_common::backtrace::_print::DisplayBacktrace as core::fmt::Display>::fmt::hed7f999df88cc644
[INFO] [stderr]                                  at /rustc/82e1608dfa6e0b5569232559e3d385fea5a93112/library/std/src/sys_common/backtrace.rs:44:22
[INFO] [stderr]      4:     0x56168bd49220 - core::fmt::rt::Argument::fmt::h1539a9308b8d058d
[INFO] [stderr]                                  at /rustc/82e1608dfa6e0b5569232559e3d385fea5a93112/library/core/src/fmt/rt.rs:142:9
[INFO] [stderr]      5:     0x56168bd49220 - core::fmt::write::h3a39390d8560d9c9
[INFO] [stderr]                                  at /rustc/82e1608dfa6e0b5569232559e3d385fea5a93112/library/core/src/fmt/mod.rs:1120:17
[INFO] [stderr]      6:     0x56168bd2093f - std::io::Write::write_fmt::h5fc9997dfe05f882
[INFO] [stderr]                                  at /rustc/82e1608dfa6e0b5569232559e3d385fea5a93112/library/std/src/io/mod.rs:1762:15
[INFO] [stderr]      7:     0x56168bd22ea4 - std::sys_common::backtrace::_print::h894006fb5c6f3d45
[INFO] [stderr]                                  at /rustc/82e1608dfa6e0b5569232559e3d385fea5a93112/library/std/src/sys_common/backtrace.rs:47:5
[INFO] [stderr]      8:     0x56168bd22ea4 - std::sys_common::backtrace::print::h23a2d212c6fff936
[INFO] [stderr]                                  at /rustc/82e1608dfa6e0b5569232559e3d385fea5a93112/library/std/src/sys_common/backtrace.rs:34:9
[INFO] [stderr]      9:     0x56168bd246b7 - std::panicking::default_hook::{{closure}}::h8a1d2ee00185001a
[INFO] [stderr]     10:     0x56168bd2441f - std::panicking::default_hook::h6038f2eba384e475
[INFO] [stderr]                                  at /rustc/82e1608dfa6e0b5569232559e3d385fea5a93112/library/std/src/panicking.rs:292:9
[INFO] [stderr]     11:     0x56168bd24b38 - std::panicking::rust_panic_with_hook::h2b5517d590cab22e
[INFO] [stderr]                                  at /rustc/82e1608dfa6e0b5569232559e3d385fea5a93112/library/std/src/panicking.rs:779:13
[INFO] [stderr]     12:     0x56168bd24a1e - std::panicking::begin_panic_handler::{{closure}}::h233112c06e0ef43e
[INFO] [stderr]                                  at /rustc/82e1608dfa6e0b5569232559e3d385fea5a93112/library/std/src/panicking.rs:657:13
[INFO] [stderr]     13:     0x56168bd23586 - std::sys_common::backtrace::__rust_end_short_backtrace::h6e893f24d7ebbff8
[INFO] [stderr]                                  at /rustc/82e1608dfa6e0b5569232559e3d385fea5a93112/library/std/src/sys_common/backtrace.rs:170:18
[INFO] [stderr]     14:     0x56168bd24782 - rust_begin_unwind
[INFO] [stderr]                                  at /rustc/82e1608dfa6e0b5569232559e3d385fea5a93112/library/std/src/panicking.rs:645:5
[INFO] [stderr]     15:     0x56168bc8c685 - core::panicking::panic_fmt::hbf0e066aabfa482c
[INFO] [stderr]                                  at /rustc/82e1608dfa6e0b5569232559e3d385fea5a93112/library/core/src/panicking.rs:72:14
[INFO] [stderr]     16:     0x56168bc94d80 - build_script_main::validate_headers::hd5eb7a05439cf12a
[INFO] [stderr]     17:     0x56168bc919e2 - build_script_main::find_normal::try_pkg_config::h0b60d89c0987f72b
[INFO] [stderr]     18:     0x56168bc90804 - build_script_main::find_normal::find_openssl_dir::hd5392554b7616b40
[INFO] [stderr]     19:     0x56168bc906a2 - build_script_main::find_normal::get_openssl::{{closure}}::h6de745dd7429a4a2
[INFO] [stderr]     20:     0x56168bc998b9 - core::option::Option<T>::unwrap_or_else::h2e864764447c133b
[INFO] [stderr]     21:     0x56168bc904a1 - build_script_main::find_normal::get_openssl::h738e0ba08e44bfe6
[INFO] [stderr]     22:     0x56168bc926bd - build_script_main::find_openssl::h625337b0fcad18a5
[INFO] [stderr]     23:     0x56168bc92795 - build_script_main::main::hefb0e3152483e11b
[INFO] [stderr]     24:     0x56168bc8d813 - core::ops::function::FnOnce::call_once::hecc5653810d7fe59
[INFO] [stderr]     25:     0x56168bc8d3b6 - std::sys_common::backtrace::__rust_begin_short_backtrace::h8d79fff5558e37e0
[INFO] [stderr]     26:     0x56168bc8d4b9 - std::rt::lang_start::{{closure}}::hc9fe4cf2e2a27776
[INFO] [stderr]     27:     0x56168bd1cc17 - core::ops::function::impls::<impl core::ops::function::FnOnce<A> for &F>::call_once::hd95060ecd5e1ca24
[INFO] [stderr]                                  at /rustc/82e1608dfa6e0b5569232559e3d385fea5a93112/library/core/src/ops/function.rs:284:13
[INFO] [stderr]     28:     0x56168bd1cc17 - std::panicking::try::do_call::h6e8cf51db32a6e4b
[INFO] [stderr]                                  at /rustc/82e1608dfa6e0b5569232559e3d385fea5a93112/library/std/src/panicking.rs:552:40
[INFO] [stderr]     29:     0x56168bd1cc17 - std::panicking::try::h3a52eefe24fe3c29
[INFO] [stderr]                                  at /rustc/82e1608dfa6e0b5569232559e3d385fea5a93112/library/std/src/panicking.rs:516:19
[INFO] [stderr]     30:     0x56168bd1cc17 - std::panic::catch_unwind::h24c28c23c02c3841
[INFO] [stderr]                                  at /rustc/82e1608dfa6e0b5569232559e3d385fea5a93112/library/std/src/panic.rs:142:14
[INFO] [stderr]     31:     0x56168bd1cc17 - std::rt::lang_start_internal::{{closure}}::h705d3c9cbc06ef47
[INFO] [stderr]                                  at /rustc/82e1608dfa6e0b5569232559e3d385fea5a93112/library/std/src/rt.rs:148:48
[INFO] [stderr]     32:     0x56168bd1cc17 - std::panicking::try::do_call::ha21f52ba13158470
[INFO] [stderr]                                  at /rustc/82e1608dfa6e0b5569232559e3d385fea5a93112/library/std/src/panicking.rs:552:40
[INFO] [stderr]     33:     0x56168bd1cc17 - std::panicking::try::h5581346bf6aeb1f8
[INFO] [stderr]                                  at /rustc/82e1608dfa6e0b5569232559e3d385fea5a93112/library/std/src/panicking.rs:516:19
[INFO] [stderr]     34:     0x56168bd1cc17 - std::panic::catch_unwind::h7919645a6b72e25b
[INFO] [stderr]                                  at /rustc/82e1608dfa6e0b5569232559e3d385fea5a93112/library/std/src/panic.rs:142:14
[INFO] [stderr]     35:     0x56168bd1cc17 - std::rt::lang_start_internal::h12de51168669836e
[INFO] [stderr]                                  at /rustc/82e1608dfa6e0b5569232559e3d385fea5a93112/library/std/src/rt.rs:148:20
[INFO] [stderr]     36:     0x56168bc8d497 - std::rt::lang_start::h44761770dd139e60
[INFO] [stderr]     37:     0x56168bc95ac5 - main
[INFO] [stderr]     38:     0x7fc6e773ed90 - <unknown>
[INFO] [stderr]     39:     0x7fc6e773ee40 - __libc_start_main
[INFO] [stderr]     40:     0x56168bc8ce95 - _start
[INFO] [stderr]     41:                0x0 - <unknown>
[INFO] [stderr] warning: build failed, waiting for other jobs to finish...
[INFO] running `Command { std: "docker" "inspect" "39b5faa95ad00d570907e04e8f6877e158f44222ef29dd1920cf9bb98290226f", kill_on_drop: false }`
[INFO] running `Command { std: "docker" "rm" "-f" "39b5faa95ad00d570907e04e8f6877e158f44222ef29dd1920cf9bb98290226f", kill_on_drop: false }`
[INFO] [stdout] 39b5faa95ad00d570907e04e8f6877e158f44222ef29dd1920cf9bb98290226f
[INFO] documenting MonsterEconomy/solana against beta-2023-12-22 for beta-1.76-rustdoc-1
[INFO] running `Command { std: "git" "clone" "/workspace/cache/git-repos/https%3A%2F%2Fgithub.com%2FMonsterEconomy%2Fsolana" "/workspace/builds/worker-2-tc2/source", kill_on_drop: false }`
[INFO] [stderr] Cloning into '/workspace/builds/worker-2-tc2/source'...
[INFO] [stderr] done.
[INFO] validating manifest of git repo https://github.com/MonsterEconomy/solana on toolchain beta-2023-12-22
[INFO] running `Command { std: CARGO_HOME="/workspace/cargo-home" RUSTUP_HOME="/workspace/rustup-home" "/workspace/cargo-home/bin/cargo" "+beta-2023-12-22" "metadata" "--manifest-path" "Cargo.toml" "--no-deps", kill_on_drop: false }`
[INFO] started tweaking git repo https://github.com/MonsterEconomy/solana
[INFO] finished tweaking git repo https://github.com/MonsterEconomy/solana
[INFO] tweaked toml for git repo https://github.com/MonsterEconomy/solana written to /workspace/builds/worker-2-tc2/source/Cargo.toml
[INFO] crate git repo https://github.com/MonsterEconomy/solana already has a lockfile, it will not be regenerated
[INFO] running `Command { std: CARGO_HOME="/workspace/cargo-home" RUSTUP_HOME="/workspace/rustup-home" "/workspace/cargo-home/bin/cargo" "+beta-2023-12-22" "fetch" "--manifest-path" "Cargo.toml", kill_on_drop: false }`
[INFO] running `Command { std: "docker" "create" "-v" "/var/lib/crater-agent-workspace/builds/worker-2-tc2/target:/opt/rustwide/target:rw,Z" "-v" "/var/lib/crater-agent-workspace/builds/worker-2-tc2/source:/opt/rustwide/workdir:ro,Z" "-v" "/var/lib/crater-agent-workspace/cargo-home:/opt/rustwide/cargo-home:ro,Z" "-v" "/var/lib/crater-agent-workspace/rustup-home:/opt/rustwide/rustup-home:ro,Z" "-e" "SOURCE_DIR=/opt/rustwide/workdir" "-e" "CARGO_TARGET_DIR=/opt/rustwide/target" "-e" "CARGO_HOME=/opt/rustwide/cargo-home" "-e" "RUSTUP_HOME=/opt/rustwide/rustup-home" "-w" "/opt/rustwide/workdir" "-m" "1610612736" "--user" "0:0" "--network" "none" "ghcr.io/rust-lang/crates-build-env/linux@sha256:2788e3201cd34a07e3172128adcd8b3090168a8e3bcc40d7c032b9dda1df7d1c" "/opt/rustwide/cargo-home/bin/cargo" "+beta-2023-12-22" "metadata" "--no-deps" "--format-version=1", kill_on_drop: false }`
[INFO] [stdout] a27541c1916e64a29b79ddf1f413582392344912634297c73dd053d5e693f9c9
[INFO] running `Command { std: "docker" "start" "-a" "a27541c1916e64a29b79ddf1f413582392344912634297c73dd053d5e693f9c9", kill_on_drop: false }`
[INFO] running `Command { std: "docker" "inspect" "a27541c1916e64a29b79ddf1f413582392344912634297c73dd053d5e693f9c9", kill_on_drop: false }`
[INFO] running `Command { std: "docker" "rm" "-f" "a27541c1916e64a29b79ddf1f413582392344912634297c73dd053d5e693f9c9", kill_on_drop: false }`
[INFO] [stdout] a27541c1916e64a29b79ddf1f413582392344912634297c73dd053d5e693f9c9
[INFO] running `Command { std: "docker" "create" "-v" "/var/lib/crater-agent-workspace/builds/worker-2-tc2/target:/opt/rustwide/target:rw,Z" "-v" "/var/lib/crater-agent-workspace/builds/worker-2-tc2/source:/opt/rustwide/workdir:ro,Z" "-v" "/var/lib/crater-agent-workspace/cargo-home:/opt/rustwide/cargo-home:ro,Z" "-v" "/var/lib/crater-agent-workspace/rustup-home:/opt/rustwide/rustup-home:ro,Z" "-e" "SOURCE_DIR=/opt/rustwide/workdir" "-e" "CARGO_TARGET_DIR=/opt/rustwide/target" "-e" "CARGO_INCREMENTAL=0" "-e" "RUST_BACKTRACE=full" "-e" "RUSTFLAGS=--cap-lints=warn" "-e" "RUSTDOCFLAGS=--cap-lints=warn" "-e" "CARGO_HOME=/opt/rustwide/cargo-home" "-e" "RUSTUP_HOME=/opt/rustwide/rustup-home" "-w" "/opt/rustwide/workdir" "-m" "1610612736" "--user" "0:0" "--network" "none" "ghcr.io/rust-lang/crates-build-env/linux@sha256:2788e3201cd34a07e3172128adcd8b3090168a8e3bcc40d7c032b9dda1df7d1c" "/opt/rustwide/cargo-home/bin/cargo" "+beta-2023-12-22" "doc" "--frozen" "--no-deps" "--document-private-items" "--message-format=json", kill_on_drop: false }`
[INFO] [stdout] 4f5803d3ce60fdaccf746b598b1e5d31f43aee16fc67ee63aa3e4d21ba69c68f
[INFO] running `Command { std: "docker" "start" "-a" "4f5803d3ce60fdaccf746b598b1e5d31f43aee16fc67ee63aa3e4d21ba69c68f", kill_on_drop: false }`
[INFO] [stderr] warning: output filename collision.
[INFO] [stderr] The bin target `solana-faucet` in package `solana-faucet v1.8.0 (/opt/rustwide/workdir/faucet)` has the same output filename as the lib target `solana_faucet` in package `solana-faucet v1.8.0 (/opt/rustwide/workdir/faucet)`.
[INFO] [stderr] Colliding filename is: /opt/rustwide/target/doc/solana_faucet/index.html
[INFO] [stderr] The output filenames should be unique.
[INFO] [stderr] This is a known bug where multiple crates with the same name use
[INFO] [stderr] the same path; see <https://github.com/rust-lang/cargo/issues/6313>.
[INFO] [stderr] If this looks unexpected, it may be a bug in Cargo. Please file a bug report at
[INFO] [stderr] https://github.com/rust-lang/cargo/issues/ with as much information as you
[INFO] [stderr] can provide.
[INFO] [stderr] cargo 1.76.0-beta.1 (1a2666ddd 2023-12-17) running on `x86_64-unknown-linux-gnu` target `x86_64-unknown-linux-gnu`
[INFO] [stderr] First unit: Unit { pkg: Package { id: PackageId { name: "solana-faucet", version: "1.8.0", source: "/opt/rustwide/workdir/faucet" }, ..: ".." }, target: TargetInner { name: "solana-faucet", doc: true, ..: with_path("/opt/rustwide/workdir/faucet/src/bin/faucet.rs", Edition2018) }, profile: Profile { split_debuginfo: Some("unpacked"), incremental: false, ..: default_dev() }, kind: Host, mode: Doc { deps: false }, features: [], artifact: false, artifact_target_for_features: None, is_std: false, dep_hash: 9855639105473578587 }
[INFO] [stderr] Second unit: Unit { pkg: Package { id: PackageId { name: "solana-faucet", version: "1.8.0", source: "/opt/rustwide/workdir/faucet" }, ..: ".." }, target: TargetInner { ..: lib_target("solana_faucet", ["lib"], "/opt/rustwide/workdir/faucet/src/lib.rs", Edition2018) }, profile: Profile { split_debuginfo: Some("unpacked"), incremental: false, ..: default_dev() }, kind: Host, mode: Doc { deps: false }, features: [], artifact: false, artifact_target_for_features: None, is_std: false, dep_hash: 12542899979887866381 }
[INFO] [stderr] warning: output filename collision.
[INFO] [stderr] The bin target `solana-genesis` in package `solana-genesis v1.8.0 (/opt/rustwide/workdir/genesis)` has the same output filename as the lib target `solana_genesis` in package `solana-genesis v1.8.0 (/opt/rustwide/workdir/genesis)`.
[INFO] [stderr] Colliding filename is: /opt/rustwide/target/doc/solana_genesis/index.html
[INFO] [stderr] The output filenames should be unique.
[INFO] [stderr] This is a known bug where multiple crates with the same name use
[INFO] [stderr] the same path; see <https://github.com/rust-lang/cargo/issues/6313>.
[INFO] [stderr] If this looks unexpected, it may be a bug in Cargo. Please file a bug report at
[INFO] [stderr] https://github.com/rust-lang/cargo/issues/ with as much information as you
[INFO] [stderr] can provide.
[INFO] [stderr] cargo 1.76.0-beta.1 (1a2666ddd 2023-12-17) running on `x86_64-unknown-linux-gnu` target `x86_64-unknown-linux-gnu`
[INFO] [stderr] First unit: Unit { pkg: Package { id: PackageId { name: "solana-genesis", version: "1.8.0", source: "/opt/rustwide/workdir/genesis" }, ..: ".." }, target: TargetInner { name: "solana-genesis", doc: true, ..: with_path("/opt/rustwide/workdir/genesis/src/main.rs", Edition2018) }, profile: Profile { split_debuginfo: Some("unpacked"), incremental: false, ..: default_dev() }, kind: Host, mode: Doc { deps: false }, features: [], artifact: false, artifact_target_for_features: None, is_std: false, dep_hash: 13583425721494446832 }
[INFO] [stderr] Second unit: Unit { pkg: Package { id: PackageId { name: "solana-genesis", version: "1.8.0", source: "/opt/rustwide/workdir/genesis" }, ..: ".." }, target: TargetInner { ..: lib_target("solana_genesis", ["lib"], "/opt/rustwide/workdir/genesis/src/lib.rs", Edition2018) }, profile: Profile { split_debuginfo: Some("unpacked"), incremental: false, ..: default_dev() }, kind: Host, mode: Doc { deps: false }, features: [], artifact: false, artifact_target_for_features: None, is_std: false, dep_hash: 17972090640195877565 }
[INFO] [stderr] warning: output filename collision.
[INFO] [stderr] The bin target `solana-sys-tuner` in package `solana-sys-tuner v1.8.0 (/opt/rustwide/workdir/sys-tuner)` has the same output filename as the lib target `solana_sys_tuner` in package `solana-sys-tuner v1.8.0 (/opt/rustwide/workdir/sys-tuner)`.
[INFO] [stderr] Colliding filename is: /opt/rustwide/target/doc/solana_sys_tuner/index.html
[INFO] [stderr] The output filenames should be unique.
[INFO] [stderr] This is a known bug where multiple crates with the same name use
[INFO] [stderr] the same path; see <https://github.com/rust-lang/cargo/issues/6313>.
[INFO] [stderr] If this looks unexpected, it may be a bug in Cargo. Please file a bug report at
[INFO] [stderr] https://github.com/rust-lang/cargo/issues/ with as much information as you
[INFO] [stderr] can provide.
[INFO] [stderr] cargo 1.76.0-beta.1 (1a2666ddd 2023-12-17) running on `x86_64-unknown-linux-gnu` target `x86_64-unknown-linux-gnu`
[INFO] [stderr] First unit: Unit { pkg: Package { id: PackageId { name: "solana-sys-tuner", version: "1.8.0", source: "/opt/rustwide/workdir/sys-tuner" }, ..: ".." }, target: TargetInner { name: "solana-sys-tuner", doc: true, ..: with_path("/opt/rustwide/workdir/sys-tuner/src/main.rs", Edition2018) }, profile: Profile { split_debuginfo: Some("unpacked"), incremental: false, ..: default_dev() }, kind: Host, mode: Doc { deps: false }, features: [], artifact: false, artifact_target_for_features: None, is_std: false, dep_hash: 14524218652507772085 }
[INFO] [stderr] Second unit: Unit { pkg: Package { id: PackageId { name: "solana-sys-tuner", version: "1.8.0", source: "/opt/rustwide/workdir/sys-tuner" }, ..: ".." }, target: TargetInner { ..: lib_target("solana_sys_tuner", ["lib"], "/opt/rustwide/workdir/sys-tuner/src/lib.rs", Edition2018) }, profile: Profile { split_debuginfo: Some("unpacked"), incremental: false, ..: default_dev() }, kind: Host, mode: Doc { deps: false }, features: [], artifact: false, artifact_target_for_features: None, is_std: false, dep_hash: 2788791159547430632 }
[INFO] [stderr]    Compiling proc-macro2 v1.0.24
[INFO] [stderr]    Compiling unicode-xid v0.2.0
[INFO] [stderr]    Compiling syn v1.0.67
[INFO] [stderr]    Compiling libc v0.2.101
[INFO] [stderr]    Compiling autocfg v1.0.0
[INFO] [stderr]    Compiling version_check v0.9.2
[INFO] [stderr]     Checking cfg-if v0.1.10
[INFO] [stderr]     Checking cfg-if v1.0.0
[INFO] [stderr]     Checking spin v0.5.2
[INFO] [stderr]    Compiling memchr v2.4.0
[INFO] [stderr]     Checking lazy_static v1.4.0
[INFO] [stderr]    Compiling serde_derive v1.0.130
[INFO] [stderr]    Compiling serde v1.0.130
[INFO] [stderr]    Compiling log v0.4.14
[INFO] [stderr]     Checking scopeguard v1.1.0
[INFO] [stderr]    Compiling typenum v1.12.0
[INFO] [stderr]     Checking smallvec v1.6.1
[INFO] [stderr]     Checking instant v0.1.6
[INFO] [stderr]     Checking lock_api v0.4.1
[INFO] [stderr]     Checking byteorder v1.4.3
[INFO] [stderr]     Checking either v1.5.3
[INFO] [stderr]    Compiling getrandom v0.2.0
[INFO] [stderr]    Compiling quote v1.0.9
[INFO] [stderr]    Compiling jobserver v0.1.21
[INFO] [stderr]     Checking slab v0.4.2
[INFO] [stderr]    Compiling futures-core v0.3.17
[INFO] [stderr]     Checking pin-project-lite v0.2.7
[INFO] [stderr]     Checking futures v0.1.29
[INFO] [stderr]    Compiling cc v1.0.67
[INFO] [stderr]     Checking ppv-lite86 v0.2.8
[INFO] [stderr]    Compiling proc-macro-hack v0.5.19
[INFO] [stderr]     Checking futures-sink v0.3.17
[INFO] [stderr]    Compiling generic-array v0.14.4
[INFO] [stderr]     Checking num_cpus v1.13.0
[INFO] [stderr]     Checking parking_lot_core v0.8.0
[INFO] [stderr]    Compiling futures-macro v0.3.17
[INFO] [stderr]    Compiling futures-task v0.3.17
[INFO] [stderr]     Checking parking_lot v0.11.1
[INFO] [stderr]    Compiling proc-macro-nested v0.1.4
[INFO] [stderr]     Checking once_cell v1.5.2
[INFO] [stderr]    Compiling futures-channel v0.3.17
[INFO] [stderr]     Checking itoa v0.4.5
[INFO] [stderr]    Compiling futures-util v0.3.17
[INFO] [stderr]    Compiling getrandom v0.1.14
[INFO] [stderr]     Checking futures-io v0.3.17
[INFO] [stderr]     Checking pin-utils v0.1.0
[INFO] [stderr]     Checking bytes v1.0.1
[INFO] [stderr]     Checking regex-syntax v0.6.25
[INFO] [stderr]    Compiling semver v1.0.4
[INFO] [stderr]     Checking fnv v1.0.7
[INFO] [stderr]     Checking aho-corasick v0.7.18
[INFO] [stderr]     Checking arc-swap v0.4.8
[INFO] [stderr]    Compiling tokio v1.10.1
[INFO] [stderr]     Checking rand_core v0.5.1
[INFO] [stderr]    Compiling ryu v1.0.4
[INFO] [stderr]     Checking rand_chacha v0.2.2
[INFO] [stderr]     Checking signal-hook-registry v1.2.0
[INFO] [stderr]     Checking rand_pcg v0.2.1
[INFO] [stderr]    Compiling pkg-config v0.3.17
[INFO] [stderr]     Checking rand v0.7.3
[INFO] [stderr]    Compiling rustc_version v0.4.0
[INFO] [stderr]     Checking mio v0.7.13
[INFO] [stderr]     Checking subtle v2.2.2
[INFO] [stderr]    Compiling crossbeam-utils v0.8.5
[INFO] [stderr]    Compiling memoffset v0.6.1
[INFO] [stderr]     Checking bitflags v1.3.2
[INFO] [stderr]    Compiling crossbeam-epoch v0.9.5
[INFO] [stderr]    Compiling serde_json v1.0.67
[INFO] [stderr]    Compiling rayon-core v1.9.1
[INFO] [stderr]    Compiling ahash v0.7.4
[INFO] [stderr]     Checking tinyvec_macros v0.1.0
[INFO] [stderr]     Checking tinyvec v1.1.1
[INFO] [stderr]     Checking iovec v0.1.4
[INFO] [stderr]    Compiling rayon v1.5.1
[INFO] [stderr]     Checking matches v0.1.9
[INFO] [stderr]     Checking crossbeam-channel v0.5.1
[INFO] [stderr]    Compiling httparse v1.4.1
[INFO] [stderr]     Checking crossbeam-deque v0.8.1
[INFO] [stderr]     Checking regex v1.5.4
[INFO] [stderr]     Checking block-padding v0.2.1
[INFO] [stderr]     Checking hashbrown v0.11.2
[INFO] [stderr]    Compiling openssl-sys v0.9.57
[INFO] [stderr]    Compiling indexmap v1.7.0
[INFO] [stderr]     Checking unicode-normalization v0.1.16
[INFO] [stderr]     Checking opaque-debug v0.3.0
[INFO] [stderr]     Checking unicode-bidi v0.3.4
[INFO] [stderr]    Compiling crunchy v0.2.2
[INFO] [stderr]     Checking tracing-core v0.1.18
[INFO] [stderr]     Checking percent-encoding v2.1.0
[INFO] [stderr]     Checking atty v0.2.14
[INFO] [stderr] The following warnings were emitted during compilation:
[INFO] [stderr] 
[INFO] [stderr] warning: openssl-sys@0.9.57: build/expando.c:4:24: error: pasting "RUST_VERSION_OPENSSL_" and "(" does not give a valid preprocessing token
[INFO] [stderr] warning: openssl-sys@0.9.57:     4 | #define VERSION2(n, v) RUST_VERSION_##n##_##v
[INFO] [stderr] warning: openssl-sys@0.9.57:       |                        ^~~~~~~~~~~~~
[INFO] [stderr] warning: openssl-sys@0.9.57: build/expando.c:5:23: note: in expansion of macro 'VERSION2'
[INFO] [stderr] warning: openssl-sys@0.9.57:     5 | #define VERSION(n, v) VERSION2(n, v)
[INFO] [stderr] warning: openssl-sys@0.9.57:       |                       ^~~~~~~~
[INFO] [stderr] warning: openssl-sys@0.9.57: build/expando.c:10:1: note: in expansion of macro 'VERSION'
[INFO] [stderr] warning: openssl-sys@0.9.57:    10 | VERSION(OPENSSL, OPENSSL_VERSION_NUMBER)
[INFO] [stderr] warning: openssl-sys@0.9.57:       | ^~~~~~~
[INFO] [stderr] 
[INFO] [stderr] error: failed to run custom build command for `openssl-sys v0.9.57`
[INFO] [stderr] note: To improve backtraces for build dependencies, set the CARGO_PROFILE_DEV_BUILD_OVERRIDE_DEBUG=true environment variable to enable debug information generation.
[INFO] [stderr] 
[INFO] [stderr] Caused by:
[INFO] [stderr]   process didn't exit successfully: `/opt/rustwide/target/debug/build/openssl-sys-f0df0f7dfa93d2c2/build-script-main` (exit status: 101)
[INFO] [stderr]   --- stdout
[INFO] [stderr]   cargo:rustc-cfg=const_fn
[INFO] [stderr]   cargo:rerun-if-env-changed=X86_64_UNKNOWN_LINUX_GNU_OPENSSL_LIB_DIR
[INFO] [stderr]   X86_64_UNKNOWN_LINUX_GNU_OPENSSL_LIB_DIR unset
[INFO] [stderr]   cargo:rerun-if-env-changed=OPENSSL_LIB_DIR
[INFO] [stderr]   OPENSSL_LIB_DIR unset
[INFO] [stderr]   cargo:rerun-if-env-changed=X86_64_UNKNOWN_LINUX_GNU_OPENSSL_INCLUDE_DIR
[INFO] [stderr]   X86_64_UNKNOWN_LINUX_GNU_OPENSSL_INCLUDE_DIR unset
[INFO] [stderr]   cargo:rerun-if-env-changed=OPENSSL_INCLUDE_DIR
[INFO] [stderr]   OPENSSL_INCLUDE_DIR unset
[INFO] [stderr]   cargo:rerun-if-env-changed=X86_64_UNKNOWN_LINUX_GNU_OPENSSL_DIR
[INFO] [stderr]   X86_64_UNKNOWN_LINUX_GNU_OPENSSL_DIR unset
[INFO] [stderr]   cargo:rerun-if-env-changed=OPENSSL_DIR
[INFO] [stderr]   OPENSSL_DIR unset
[INFO] [stderr]   cargo:rustc-link-lib=ssl
[INFO] [stderr]   cargo:rustc-link-lib=crypto
[INFO] [stderr]   OPT_LEVEL = Some("0")
[INFO] [stderr]   TARGET = Some("x86_64-unknown-linux-gnu")
[INFO] [stderr]   HOST = Some("x86_64-unknown-linux-gnu")
[INFO] [stderr]   CC_x86_64-unknown-linux-gnu = None
[INFO] [stderr]   CC_x86_64_unknown_linux_gnu = None
[INFO] [stderr]   HOST_CC = None
[INFO] [stderr]   CC = None
[INFO] [stderr]   CFLAGS_x86_64-unknown-linux-gnu = None
[INFO] [stderr]   CFLAGS_x86_64_unknown_linux_gnu = None
[INFO] [stderr]   HOST_CFLAGS = None
[INFO] [stderr]   CFLAGS = None
[INFO] [stderr]   CRATE_CC_NO_DEFAULTS = None
[INFO] [stderr]   DEBUG = Some("true")
[INFO] [stderr]   CARGO_CFG_TARGET_FEATURE = Some("fxsr,sse,sse2")
[INFO] [stderr]   running: "cc" "-O0" "-ffunction-sections" "-fdata-sections" "-fPIC" "-g" "-fno-omit-frame-pointer" "-m64" "-I" "/usr/include" "-Wall" "-Wextra" "-E" "build/expando.c"
[INFO] [stderr]   cargo:warning=build/expando.c:4:24: error: pasting "RUST_VERSION_OPENSSL_" and "(" does not give a valid preprocessing token
[INFO] [stderr]   cargo:warning=    4 | #define VERSION2(n, v) RUST_VERSION_##n##_##v
[INFO] [stderr]   cargo:warning=      |                        ^~~~~~~~~~~~~
[INFO] [stderr]   cargo:warning=build/expando.c:5:23: note: in expansion of macro 'VERSION2'
[INFO] [stderr]   cargo:warning=    5 | #define VERSION(n, v) VERSION2(n, v)
[INFO] [stderr]   cargo:warning=      |                       ^~~~~~~~
[INFO] [stderr]   cargo:warning=build/expando.c:10:1: note: in expansion of macro 'VERSION'
[INFO] [stderr]   cargo:warning=   10 | VERSION(OPENSSL, OPENSSL_VERSION_NUMBER)
[INFO] [stderr]   cargo:warning=      | ^~~~~~~
[INFO] [stderr]   exit status: 1
[INFO] [stderr] 
[INFO] [stderr]   --- stderr
[INFO] [stderr]   thread 'main' panicked at /opt/rustwide/cargo-home/registry/src/index.crates.io-6f17d22bba15001f/openssl-sys-0.9.57/build/main.rs:138:13:
[INFO] [stderr] 
[INFO] [stderr]   Header expansion error:
[INFO] [stderr]   Error { kind: ToolExecError, message: "Command \"cc\" \"-O0\" \"-ffunction-sections\" \"-fdata-sections\" \"-fPIC\" \"-g\" \"-fno-omit-frame-pointer\" \"-m64\" \"-I\" \"/usr/include\" \"-Wall\" \"-Wextra\" \"-E\" \"build/expando.c\" with args \"cc\" did not execute successfully (status code exit status: 1)." }
[INFO] [stderr] 
[INFO] [stderr]   Failed to find OpenSSL development headers.
[INFO] [stderr] 
[INFO] [stderr]   You can try fixing this setting the `OPENSSL_DIR` environment variable
[INFO] [stderr]   pointing to your OpenSSL installation or installing OpenSSL headers package
[INFO] [stderr]   specific to your distribution:
[INFO] [stderr] 
[INFO] [stderr]       # On Ubuntu
[INFO] [stderr]       sudo apt-get install libssl-dev
[INFO] [stderr]       # On Arch Linux
[INFO] [stderr]       sudo pacman -S openssl
[INFO] [stderr]       # On Fedora
[INFO] [stderr]       sudo dnf install openssl-devel
[INFO] [stderr] 
[INFO] [stderr]   See rust-openssl README for more information:
[INFO] [stderr] 
[INFO] [stderr]       https://github.com/sfackler/rust-openssl#linux
[INFO] [stderr] 
[INFO] [stderr]   stack backtrace:
[INFO] [stderr]      0:     0x55bbbca20e96 - std::backtrace_rs::backtrace::libunwind::trace::h261606ad26a499c1
[INFO] [stderr]                                  at /rustc/0e09125c6c3c2fd70d7de961bcf0e51575235fad/library/std/src/../../backtrace/src/backtrace/libunwind.rs:104:5
[INFO] [stderr]      1:     0x55bbbca20e96 - std::backtrace_rs::backtrace::trace_unsynchronized::hd183f0625477fb28
[INFO] [stderr]                                  at /rustc/0e09125c6c3c2fd70d7de961bcf0e51575235fad/library/std/src/../../backtrace/src/backtrace/mod.rs:66:5
[INFO] [stderr]      2:     0x55bbbca20e96 - std::sys_common::backtrace::_print_fmt::hd7f8fef21b4eda67
[INFO] [stderr]                                  at /rustc/0e09125c6c3c2fd70d7de961bcf0e51575235fad/library/std/src/sys_common/backtrace.rs:68:5
[INFO] [stderr]      3:     0x55bbbca20e96 - <std::sys_common::backtrace::_print::DisplayBacktrace as core::fmt::Display>::fmt::h623d9b51f2f453f1
[INFO] [stderr]                                  at /rustc/0e09125c6c3c2fd70d7de961bcf0e51575235fad/library/std/src/sys_common/backtrace.rs:44:22
[INFO] [stderr]      4:     0x55bbbca463e0 - core::fmt::rt::Argument::fmt::h9f417ac76a86f368
[INFO] [stderr]                                  at /rustc/0e09125c6c3c2fd70d7de961bcf0e51575235fad/library/core/src/fmt/rt.rs:142:9
[INFO] [stderr]      5:     0x55bbbca463e0 - core::fmt::write::hc9b6faf4ac2aeff7
[INFO] [stderr]                                  at /rustc/0e09125c6c3c2fd70d7de961bcf0e51575235fad/library/core/src/fmt/mod.rs:1120:17
[INFO] [stderr]      6:     0x55bbbca1e83f - std::io::Write::write_fmt::hfead1eee52c2e65e
[INFO] [stderr]                                  at /rustc/0e09125c6c3c2fd70d7de961bcf0e51575235fad/library/std/src/io/mod.rs:1810:15
[INFO] [stderr]      7:     0x55bbbca20c74 - std::sys_common::backtrace::_print::hd5d66399c7df88a2
[INFO] [stderr]                                  at /rustc/0e09125c6c3c2fd70d7de961bcf0e51575235fad/library/std/src/sys_common/backtrace.rs:47:5
[INFO] [stderr]      8:     0x55bbbca20c74 - std::sys_common::backtrace::print::he81ed2da642d37e5
[INFO] [stderr]                                  at /rustc/0e09125c6c3c2fd70d7de961bcf0e51575235fad/library/std/src/sys_common/backtrace.rs:34:9
[INFO] [stderr]      9:     0x55bbbca22557 - std::panicking::default_hook::{{closure}}::h85773f4fa117163d
[INFO] [stderr]     10:     0x55bbbca222b9 - std::panicking::default_hook::h6a1694a91d09b278
[INFO] [stderr]                                  at /rustc/0e09125c6c3c2fd70d7de961bcf0e51575235fad/library/std/src/panicking.rs:292:9
[INFO] [stderr]     11:     0x55bbbca229e8 - std::panicking::rust_panic_with_hook::h0a7ad96e90f7145b
[INFO] [stderr]                                  at /rustc/0e09125c6c3c2fd70d7de961bcf0e51575235fad/library/std/src/panicking.rs:779:13
[INFO] [stderr]     12:     0x55bbbca228c2 - std::panicking::begin_panic_handler::{{closure}}::h7919090525c6485e
[INFO] [stderr]                                  at /rustc/0e09125c6c3c2fd70d7de961bcf0e51575235fad/library/std/src/panicking.rs:657:13
[INFO] [stderr]     13:     0x55bbbca21396 - std::sys_common::backtrace::__rust_end_short_backtrace::hf3289479464f7dfe
[INFO] [stderr]                                  at /rustc/0e09125c6c3c2fd70d7de961bcf0e51575235fad/library/std/src/sys_common/backtrace.rs:171:18
[INFO] [stderr]     14:     0x55bbbca22620 - rust_begin_unwind
[INFO] [stderr]                                  at /rustc/0e09125c6c3c2fd70d7de961bcf0e51575235fad/library/std/src/panicking.rs:645:5
[INFO] [stderr]     15:     0x55bbbc988685 - core::panicking::panic_fmt::hcc9f77c5c132af55
[INFO] [stderr]                                  at /rustc/0e09125c6c3c2fd70d7de961bcf0e51575235fad/library/core/src/panicking.rs:72:14
[INFO] [stderr]     16:     0x55bbbc990620 - build_script_main::validate_headers::h5fa44e643a8f4cfe
[INFO] [stderr]     17:     0x55bbbc98d268 - build_script_main::find_normal::try_pkg_config::h53f136cd74eff57c
[INFO] [stderr]     18:     0x55bbbc98c074 - build_script_main::find_normal::find_openssl_dir::he556988cc948d60b
[INFO] [stderr]     19:     0x55bbbc98bf12 - build_script_main::find_normal::get_openssl::{{closure}}::habe9f553a27ad9e1
[INFO] [stderr]     20:     0x55bbbc9950ef - core::option::Option<T>::unwrap_or_else::hf580f098d511de2e
[INFO] [stderr]     21:     0x55bbbc98bd0f - build_script_main::find_normal::get_openssl::h813faf1f5fbbbeb3
[INFO] [stderr]     22:     0x55bbbc98df5d - build_script_main::find_openssl::h15637a4d7fa8f519
[INFO] [stderr]     23:     0x55bbbc98e035 - build_script_main::main::hc1fc1d9b289b47ed
[INFO] [stderr]     24:     0x55bbbc9942a3 - core::ops::function::FnOnce::call_once::h52435f2a9f90e676
[INFO] [stderr]     25:     0x55bbbc993a96 - std::sys_common::backtrace::__rust_begin_short_backtrace::hf10fcf34fc0d2ac1
[INFO] [stderr]     26:     0x55bbbc9897f9 - std::rt::lang_start::{{closure}}::h19b64588993adca1
[INFO] [stderr]     27:     0x55bbbca1a8c1 - core::ops::function::impls::<impl core::ops::function::FnOnce<A> for &F>::call_once::h4eb4c5e1620f29b0
[INFO] [stderr]                                  at /rustc/0e09125c6c3c2fd70d7de961bcf0e51575235fad/library/core/src/ops/function.rs:284:13
[INFO] [stderr]     28:     0x55bbbca1a8c1 - std::panicking::try::do_call::h73fd26535faffcdf
[INFO] [stderr]                                  at /rustc/0e09125c6c3c2fd70d7de961bcf0e51575235fad/library/std/src/panicking.rs:552:40
[INFO] [stderr]     29:     0x55bbbca1a8c1 - std::panicking::try::h77ff1d98f0fb9f39
[INFO] [stderr]                                  at /rustc/0e09125c6c3c2fd70d7de961bcf0e51575235fad/library/std/src/panicking.rs:516:19
[INFO] [stderr]     30:     0x55bbbca1a8c1 - std::panic::catch_unwind::hab3caf2448b95e37
[INFO] [stderr]                                  at /rustc/0e09125c6c3c2fd70d7de961bcf0e51575235fad/library/std/src/panic.rs:142:14
[INFO] [stderr]     31:     0x55bbbca1a8c1 - std::rt::lang_start_internal::{{closure}}::h8086711f9c783f78
[INFO] [stderr]                                  at /rustc/0e09125c6c3c2fd70d7de961bcf0e51575235fad/library/std/src/rt.rs:148:48
[INFO] [stderr]     32:     0x55bbbca1a8c1 - std::panicking::try::do_call::hf920d4dc291cd6ca
[INFO] [stderr]                                  at /rustc/0e09125c6c3c2fd70d7de961bcf0e51575235fad/library/std/src/panicking.rs:552:40
[INFO] [stderr]     33:     0x55bbbca1a8c1 - std::panicking::try::h2b806ccc0a85db74
[INFO] [stderr]                                  at /rustc/0e09125c6c3c2fd70d7de961bcf0e51575235fad/library/std/src/panicking.rs:516:19
[INFO] [stderr]     34:     0x55bbbca1a8c1 - std::panic::catch_unwind::h038489539c507df2
[INFO] [stderr]                                  at /rustc/0e09125c6c3c2fd70d7de961bcf0e51575235fad/library/std/src/panic.rs:142:14
[INFO] [stderr]     35:     0x55bbbca1a8c1 - std::rt::lang_start_internal::h28503b88912e8a5c
[INFO] [stderr]                                  at /rustc/0e09125c6c3c2fd70d7de961bcf0e51575235fad/library/std/src/rt.rs:148:20
[INFO] [stderr]     36:     0x55bbbc9897d7 - std::rt::lang_start::hb7ce9881eb472ec7
[INFO] [stderr]     37:     0x55bbbc991365 - main
[INFO] [stderr]     38:     0x7f92669d3d90 - <unknown>
[INFO] [stderr]     39:     0x7f92669d3e40 - __libc_start_main
[INFO] [stderr]     40:     0x55bbbc988ea5 - _start
[INFO] [stderr]     41:                0x0 - <unknown>
[INFO] [stderr] warning: build failed, waiting for other jobs to finish...
[INFO] running `Command { std: "docker" "inspect" "4f5803d3ce60fdaccf746b598b1e5d31f43aee16fc67ee63aa3e4d21ba69c68f", kill_on_drop: false }`
[INFO] running `Command { std: "docker" "rm" "-f" "4f5803d3ce60fdaccf746b598b1e5d31f43aee16fc67ee63aa3e4d21ba69c68f", kill_on_drop: false }`
[INFO] [stdout] 4f5803d3ce60fdaccf746b598b1e5d31f43aee16fc67ee63aa3e4d21ba69c68f
