[INFO] cloning repository https://github.com/Mononofu/tenki
[INFO] running `Command { std: "git" "-c" "credential.helper=" "-c" "credential.helper=/workspace/cargo-home/bin/git-credential-null" "clone" "--bare" "https://github.com/Mononofu/tenki" "/workspace/cache/git-repos/https%3A%2F%2Fgithub.com%2FMononofu%2Ftenki", kill_on_drop: false }`
[INFO] [stderr] Cloning into bare repository '/workspace/cache/git-repos/https%3A%2F%2Fgithub.com%2FMononofu%2Ftenki'...
[INFO] running `Command { std: "git" "rev-parse" "HEAD", kill_on_drop: false }`
[INFO] [stdout] 49dce5fbdd0978abfd2025bb4def42d480b670b4
[INFO] documenting Mononofu/tenki against 1.75.0 for beta-1.76-rustdoc-1
[INFO] running `Command { std: "git" "clone" "/workspace/cache/git-repos/https%3A%2F%2Fgithub.com%2FMononofu%2Ftenki" "/workspace/builds/worker-1-tc1/source", kill_on_drop: false }`
[INFO] [stderr] Cloning into '/workspace/builds/worker-1-tc1/source'...
[INFO] [stderr] done.
[INFO] validating manifest of git repo https://github.com/Mononofu/tenki on toolchain 1.75.0
[INFO] running `Command { std: CARGO_HOME="/workspace/cargo-home" RUSTUP_HOME="/workspace/rustup-home" "/workspace/cargo-home/bin/cargo" "+1.75.0" "metadata" "--manifest-path" "Cargo.toml" "--no-deps", kill_on_drop: false }`
[INFO] started tweaking git repo https://github.com/Mononofu/tenki
[INFO] finished tweaking git repo https://github.com/Mononofu/tenki
[INFO] tweaked toml for git repo https://github.com/Mononofu/tenki written to /workspace/builds/worker-1-tc1/source/Cargo.toml
[INFO] crate git repo https://github.com/Mononofu/tenki already has a lockfile, it will not be regenerated
[INFO] running `Command { std: CARGO_HOME="/workspace/cargo-home" RUSTUP_HOME="/workspace/rustup-home" "/workspace/cargo-home/bin/cargo" "+1.75.0" "fetch" "--manifest-path" "Cargo.toml", kill_on_drop: false }`
[INFO] [stderr]     Updating crates.io index
[INFO] [stderr]  Downloading crates ...
[INFO] [stderr]   Downloaded gcc v0.3.43
[INFO] [stderr]   Downloaded num_cpus v1.2.1
[INFO] [stderr]   Downloaded state v0.2.0
[INFO] [stderr]   Downloaded lazy_static v0.2.2
[INFO] [stderr]   Downloaded mime v0.2.2
[INFO] [stderr]   Downloaded redox_syscall v0.1.16
[INFO] [stderr]   Downloaded term-painter v0.2.3
[INFO] [stderr]   Downloaded adler32 v0.3.0
[INFO] [stderr]   Downloaded cookie v0.6.0
[INFO] [stderr]   Downloaded term_size v0.2.2
[INFO] [stderr]   Downloaded threadpool v1.3.2
[INFO] [stderr]   Downloaded deque v0.3.1
[INFO] [stderr]   Downloaded serde_json v0.9.6
[INFO] [stderr]   Downloaded serde v0.9.7
[INFO] [stderr]   Downloaded flate2 v0.2.17
[INFO] [stderr]   Downloaded cpuprofiler v0.0.3
[INFO] [stderr]   Downloaded scoped_threadpool v0.1.7
[INFO] [stderr]   Downloaded deflate v0.7.4
[INFO] [stderr]   Downloaded libc v0.2.20
[INFO] [stderr]   Downloaded image v0.12.2
[INFO] [stderr]   Downloaded hyper v0.10.4
[INFO] [stderr]   Downloaded unidecode v0.2.0
[INFO] [stderr]   Downloaded idna v0.1.0
[INFO] [stderr]   Downloaded clap v2.20.3
[INFO] [stderr]   Downloaded libz-sys v1.0.12
[INFO] [stderr]   Downloaded rocket v0.2.0
[INFO] [stderr]   Downloaded jpeg-decoder v0.1.11
[INFO] [stderr]   Downloaded rocket_codegen v0.2.0
[INFO] [stderr]   Downloaded pest v0.4.1
[INFO] [stderr]   Downloaded backtrace v0.3.0
[INFO] [stderr]   Downloaded thread_local v0.3.2
[INFO] [stderr]   Downloaded gif v0.9.0
[INFO] [stderr]   Downloaded httparse v1.2.1
[INFO] [stderr]   Downloaded backtrace-sys v0.1.6
[INFO] [stderr]   Downloaded cfg-if v0.1.0
[INFO] [stderr]   Downloaded rustc-demangle v0.1.3
[INFO] [stderr]   Downloaded version_check v0.1.0
[INFO] [stderr]   Downloaded slug v0.1.2
[INFO] [stderr]   Downloaded rocket_contrib v0.2.0
[INFO] [stderr]   Downloaded humansize v1.0.0
[INFO] [stderr]   Downloaded tera v0.7.1
[INFO] running `Command { std: "docker" "create" "-v" "/var/lib/crater-agent-workspace/builds/worker-1-tc1/target:/opt/rustwide/target:rw,Z" "-v" "/var/lib/crater-agent-workspace/builds/worker-1-tc1/source:/opt/rustwide/workdir:ro,Z" "-v" "/var/lib/crater-agent-workspace/cargo-home:/opt/rustwide/cargo-home:ro,Z" "-v" "/var/lib/crater-agent-workspace/rustup-home:/opt/rustwide/rustup-home:ro,Z" "-e" "SOURCE_DIR=/opt/rustwide/workdir" "-e" "CARGO_TARGET_DIR=/opt/rustwide/target" "-e" "CARGO_HOME=/opt/rustwide/cargo-home" "-e" "RUSTUP_HOME=/opt/rustwide/rustup-home" "-w" "/opt/rustwide/workdir" "-m" "1610612736" "--user" "0:0" "--network" "none" "ghcr.io/rust-lang/crates-build-env/linux@sha256:2788e3201cd34a07e3172128adcd8b3090168a8e3bcc40d7c032b9dda1df7d1c" "/opt/rustwide/cargo-home/bin/cargo" "+1.75.0" "metadata" "--no-deps" "--format-version=1", kill_on_drop: false }`
[INFO] [stdout] d6a9020ea5b92a99fd67b18fccd71d2dc7e0e7af92200dbf877d612a43304a81
[INFO] running `Command { std: "docker" "start" "-a" "d6a9020ea5b92a99fd67b18fccd71d2dc7e0e7af92200dbf877d612a43304a81", kill_on_drop: false }`
[INFO] running `Command { std: "docker" "inspect" "d6a9020ea5b92a99fd67b18fccd71d2dc7e0e7af92200dbf877d612a43304a81", kill_on_drop: false }`
[INFO] running `Command { std: "docker" "rm" "-f" "d6a9020ea5b92a99fd67b18fccd71d2dc7e0e7af92200dbf877d612a43304a81", kill_on_drop: false }`
[INFO] [stdout] d6a9020ea5b92a99fd67b18fccd71d2dc7e0e7af92200dbf877d612a43304a81
[INFO] running `Command { std: "docker" "create" "-v" "/var/lib/crater-agent-workspace/builds/worker-1-tc1/target:/opt/rustwide/target:rw,Z" "-v" "/var/lib/crater-agent-workspace/builds/worker-1-tc1/source:/opt/rustwide/workdir:ro,Z" "-v" "/var/lib/crater-agent-workspace/cargo-home:/opt/rustwide/cargo-home:ro,Z" "-v" "/var/lib/crater-agent-workspace/rustup-home:/opt/rustwide/rustup-home:ro,Z" "-e" "SOURCE_DIR=/opt/rustwide/workdir" "-e" "CARGO_TARGET_DIR=/opt/rustwide/target" "-e" "CARGO_INCREMENTAL=0" "-e" "RUST_BACKTRACE=full" "-e" "RUSTFLAGS=--cap-lints=warn" "-e" "RUSTDOCFLAGS=--cap-lints=warn" "-e" "CARGO_HOME=/opt/rustwide/cargo-home" "-e" "RUSTUP_HOME=/opt/rustwide/rustup-home" "-w" "/opt/rustwide/workdir" "-m" "1610612736" "--user" "0:0" "--network" "none" "ghcr.io/rust-lang/crates-build-env/linux@sha256:2788e3201cd34a07e3172128adcd8b3090168a8e3bcc40d7c032b9dda1df7d1c" "/opt/rustwide/cargo-home/bin/cargo" "+1.75.0" "doc" "--frozen" "--no-deps" "--document-private-items" "--message-format=json", kill_on_drop: false }`
[INFO] [stdout] fb83102606e845a22e87b063ae0536972a977479567704de47026ad2e9983acb
[INFO] running `Command { std: "docker" "start" "-a" "fb83102606e845a22e87b063ae0536972a977479567704de47026ad2e9983acb", kill_on_drop: false }`
[INFO] [stderr]     Checking libc v0.2.20
[INFO] [stderr]    Compiling winapi-build v0.1.1
[INFO] [stderr]    Compiling gcc v0.3.43
[INFO] [stderr]    Compiling semver v0.1.20
[INFO] [stderr]     Checking num-traits v0.1.36
[INFO] [stderr]     Checking winapi v0.2.8
[INFO] [stderr]    Compiling version_check v0.1.0
[INFO] [stderr]    Compiling ansi_term v0.9.0
[INFO] [stderr]     Checking matches v0.1.4
[INFO] [stderr]     Checking cfg-if v0.1.0
[INFO] [stderr]     Checking unicode-normalization v0.1.4
[INFO] [stderr]     Checking rustc-demangle v0.1.3
[INFO] [stderr]     Checking void v1.0.2
[INFO] [stderr]    Compiling backtrace v0.3.0
[INFO] [stderr]    Compiling unicode-bidi v0.2.5
[INFO] [stderr]     Checking unreachable v0.1.1
[INFO] [stderr]    Compiling log v0.3.6
[INFO] [stderr]    Compiling pkg-config v0.3.9
[INFO] [stderr]    Compiling dbghelp-sys v0.2.0
[INFO] [stderr]    Compiling kernel32-sys v0.2.2
[INFO] [stderr]    Compiling rustc_version v0.1.7
[INFO] [stderr]     Checking byteorder v1.0.0
[INFO] [stderr]     Checking num-integer v0.1.32
[INFO] [stderr]     Checking time v0.1.36
[INFO] [stderr]     Checking num_cpus v1.2.1
[INFO] [stderr]    Compiling rocket v0.2.0
[INFO] [stderr]     Checking memchr v1.0.1
[INFO] [stderr]     Checking thread-id v3.0.0
[INFO] [stderr]     Checking num-iter v0.1.32
[INFO] [stderr]     Checking rand v0.3.15
[INFO] [stderr]    Compiling unicase v1.4.0
[INFO] [stderr]    Compiling hyper v0.10.4
[INFO] [stderr]    Compiling backtrace v0.2.3
[INFO] [stderr]     Checking thread_local v0.3.2
[INFO] [stderr]     Checking aho-corasick v0.6.2
[INFO] [stderr]     Checking mime v0.2.2
[INFO] [stderr]     Checking num v0.1.36
[INFO] [stderr]     Checking idna v0.1.0
[INFO] [stderr]     Checking glob v0.2.11
[INFO] [stderr]    Compiling language-tags v0.2.2
[INFO] [stderr]     Checking serde v0.9.7
[INFO] [stderr]     Checking term v0.4.5
[INFO] [stderr] error: failed to run custom build command for `rocket v0.2.0`
[INFO] [stderr] note: To improve backtraces for build dependencies, set the CARGO_PROFILE_DEV_BUILD_OVERRIDE_DEBUG=true environment variable to enable debug information generation.
[INFO] [stderr] 
[INFO] [stderr] Caused by:
[INFO] [stderr]   process didn't exit successfully: `/opt/rustwide/target/debug/build/rocket-0dd646b0640482c2/build-script-build` (exit status: 101)
[INFO] [stderr]   --- stderr
[INFO] [stderr]   Error: Rocket requires a nightly version of Rust.
[INFO] [stderr]   Installed version is: 1.75.0. Minimum required: 1.16.0-nightly.
[INFO] [stderr]   See the getting started guide (https://rocket.rs/guide/getting-started/) for more information.
[INFO] [stderr]   thread 'main' panicked at /opt/rustwide/cargo-home/registry/src/index.crates.io-6f17d22bba15001f/rocket-0.2.0/build.rs:42:13:
[INFO] [stderr]   Aborting compilation due to incompatible compiler.
[INFO] [stderr]   stack backtrace:
[INFO] [stderr]      0:     0x560bcb2162fc - std::backtrace_rs::backtrace::libunwind::trace::ha637c64ce894333a
[INFO] [stderr]                                  at /rustc/82e1608dfa6e0b5569232559e3d385fea5a93112/library/std/src/../../backtrace/src/backtrace/libunwind.rs:104:5
[INFO] [stderr]      1:     0x560bcb2162fc - std::backtrace_rs::backtrace::trace_unsynchronized::h47f62dea28e0c88d
[INFO] [stderr]                                  at /rustc/82e1608dfa6e0b5569232559e3d385fea5a93112/library/std/src/../../backtrace/src/backtrace/mod.rs:66:5
[INFO] [stderr]      2:     0x560bcb2162fc - std::sys_common::backtrace::_print_fmt::h9eef0abe20ede486
[INFO] [stderr]                                  at /rustc/82e1608dfa6e0b5569232559e3d385fea5a93112/library/std/src/sys_common/backtrace.rs:67:5
[INFO] [stderr]      3:     0x560bcb2162fc - <std::sys_common::backtrace::_print::DisplayBacktrace as core::fmt::Display>::fmt::hed7f999df88cc644
[INFO] [stderr]                                  at /rustc/82e1608dfa6e0b5569232559e3d385fea5a93112/library/std/src/sys_common/backtrace.rs:44:22
[INFO] [stderr]      4:     0x560bcb2394e0 - core::fmt::rt::Argument::fmt::h1539a9308b8d058d
[INFO] [stderr]                                  at /rustc/82e1608dfa6e0b5569232559e3d385fea5a93112/library/core/src/fmt/rt.rs:142:9
[INFO] [stderr]      5:     0x560bcb2394e0 - core::fmt::write::h3a39390d8560d9c9
[INFO] [stderr]                                  at /rustc/82e1608dfa6e0b5569232559e3d385fea5a93112/library/core/src/fmt/mod.rs:1120:17
[INFO] [stderr]      6:     0x560bcb21429f - std::io::Write::write_fmt::h5fc9997dfe05f882
[INFO] [stderr]                                  at /rustc/82e1608dfa6e0b5569232559e3d385fea5a93112/library/std/src/io/mod.rs:1762:15
[INFO] [stderr]      7:     0x560bcb2160e4 - std::sys_common::backtrace::_print::h894006fb5c6f3d45
[INFO] [stderr]                                  at /rustc/82e1608dfa6e0b5569232559e3d385fea5a93112/library/std/src/sys_common/backtrace.rs:47:5
[INFO] [stderr]      8:     0x560bcb2160e4 - std::sys_common::backtrace::print::h23a2d212c6fff936
[INFO] [stderr]                                  at /rustc/82e1608dfa6e0b5569232559e3d385fea5a93112/library/std/src/sys_common/backtrace.rs:34:9
[INFO] [stderr]      9:     0x560bcb2175f7 - std::panicking::default_hook::{{closure}}::h8a1d2ee00185001a
[INFO] [stderr]     10:     0x560bcb21735f - std::panicking::default_hook::h6038f2eba384e475
[INFO] [stderr]                                  at /rustc/82e1608dfa6e0b5569232559e3d385fea5a93112/library/std/src/panicking.rs:292:9
[INFO] [stderr]     11:     0x560bcb217a78 - std::panicking::rust_panic_with_hook::h2b5517d590cab22e
[INFO] [stderr]                                  at /rustc/82e1608dfa6e0b5569232559e3d385fea5a93112/library/std/src/panicking.rs:779:13
[INFO] [stderr]     12:     0x560bcb1e7b7e - std::panicking::begin_panic::{{closure}}::hcdea44bfa1042ecc
[INFO] [stderr]     13:     0x560bcb1e7a36 - std::sys_common::backtrace::__rust_end_short_backtrace::hf1ac9a7c071a6739
[INFO] [stderr]     14:     0x560bcb1e7af7 - std::panicking::begin_panic::h91cc1a68a9297628
[INFO] [stderr]     15:     0x560bcb1e8be7 - build_script_build::main::hff97d480ba19d81e
[INFO] [stderr]     16:     0x560bcb1e7cb3 - core::ops::function::FnOnce::call_once::h19a91c4a724e7c01
[INFO] [stderr]     17:     0x560bcb1e7a46 - std::sys_common::backtrace::__rust_begin_short_backtrace::h9afe2b1f6f6779fc
[INFO] [stderr]     18:     0x560bcb1e7ab9 - std::rt::lang_start::{{closure}}::h6371ffc5a453fe90
[INFO] [stderr]     19:     0x560bcb210dc7 - core::ops::function::impls::<impl core::ops::function::FnOnce<A> for &F>::call_once::hd95060ecd5e1ca24
[INFO] [stderr]                                  at /rustc/82e1608dfa6e0b5569232559e3d385fea5a93112/library/core/src/ops/function.rs:284:13
[INFO] [stderr]     20:     0x560bcb210dc7 - std::panicking::try::do_call::h6e8cf51db32a6e4b
[INFO] [stderr]                                  at /rustc/82e1608dfa6e0b5569232559e3d385fea5a93112/library/std/src/panicking.rs:552:40
[INFO] [stderr]     21:     0x560bcb210dc7 - std::panicking::try::h3a52eefe24fe3c29
[INFO] [stderr]                                  at /rustc/82e1608dfa6e0b5569232559e3d385fea5a93112/library/std/src/panicking.rs:516:19
[INFO] [stderr]     22:     0x560bcb210dc7 - std::panic::catch_unwind::h24c28c23c02c3841
[INFO] [stderr]                                  at /rustc/82e1608dfa6e0b5569232559e3d385fea5a93112/library/std/src/panic.rs:142:14
[INFO] [stderr]     23:     0x560bcb210dc7 - std::rt::lang_start_internal::{{closure}}::h705d3c9cbc06ef47
[INFO] [stderr]                                  at /rustc/82e1608dfa6e0b5569232559e3d385fea5a93112/library/std/src/rt.rs:148:48
[INFO] [stderr]     24:     0x560bcb210dc7 - std::panicking::try::do_call::ha21f52ba13158470
[INFO] [stderr]                                  at /rustc/82e1608dfa6e0b5569232559e3d385fea5a93112/library/std/src/panicking.rs:552:40
[INFO] [stderr]     25:     0x560bcb210dc7 - std::panicking::try::h5581346bf6aeb1f8
[INFO] [stderr]                                  at /rustc/82e1608dfa6e0b5569232559e3d385fea5a93112/library/std/src/panicking.rs:516:19
[INFO] [stderr]     26:     0x560bcb210dc7 - std::panic::catch_unwind::h7919645a6b72e25b
[INFO] [stderr]                                  at /rustc/82e1608dfa6e0b5569232559e3d385fea5a93112/library/std/src/panic.rs:142:14
[INFO] [stderr]     27:     0x560bcb210dc7 - std::rt::lang_start_internal::h12de51168669836e
[INFO] [stderr]                                  at /rustc/82e1608dfa6e0b5569232559e3d385fea5a93112/library/std/src/rt.rs:148:20
[INFO] [stderr]     28:     0x560bcb1e7a97 - std::rt::lang_start::he45f8abe73f43cc5
[INFO] [stderr]     29:     0x560bcb1e96a5 - main
[INFO] [stderr]     30:     0x7f9030abcd90 - <unknown>
[INFO] [stderr]     31:     0x7f9030abce40 - __libc_start_main
[INFO] [stderr]     32:     0x560bcb1e7925 - _start
[INFO] [stderr]     33:                0x0 - <unknown>
[INFO] [stderr] warning: build failed, waiting for other jobs to finish...
[INFO] running `Command { std: "docker" "inspect" "fb83102606e845a22e87b063ae0536972a977479567704de47026ad2e9983acb", kill_on_drop: false }`
[INFO] running `Command { std: "docker" "rm" "-f" "fb83102606e845a22e87b063ae0536972a977479567704de47026ad2e9983acb", kill_on_drop: false }`
[INFO] [stdout] fb83102606e845a22e87b063ae0536972a977479567704de47026ad2e9983acb
[INFO] documenting Mononofu/tenki against beta-2023-12-22 for beta-1.76-rustdoc-1
[INFO] running `Command { std: "git" "clone" "/workspace/cache/git-repos/https%3A%2F%2Fgithub.com%2FMononofu%2Ftenki" "/workspace/builds/worker-1-tc2/source", kill_on_drop: false }`
[INFO] [stderr] Cloning into '/workspace/builds/worker-1-tc2/source'...
[INFO] [stderr] done.
[INFO] validating manifest of git repo https://github.com/Mononofu/tenki on toolchain beta-2023-12-22
[INFO] running `Command { std: CARGO_HOME="/workspace/cargo-home" RUSTUP_HOME="/workspace/rustup-home" "/workspace/cargo-home/bin/cargo" "+beta-2023-12-22" "metadata" "--manifest-path" "Cargo.toml" "--no-deps", kill_on_drop: false }`
[INFO] started tweaking git repo https://github.com/Mononofu/tenki
[INFO] finished tweaking git repo https://github.com/Mononofu/tenki
[INFO] tweaked toml for git repo https://github.com/Mononofu/tenki written to /workspace/builds/worker-1-tc2/source/Cargo.toml
[INFO] crate git repo https://github.com/Mononofu/tenki already has a lockfile, it will not be regenerated
[INFO] running `Command { std: CARGO_HOME="/workspace/cargo-home" RUSTUP_HOME="/workspace/rustup-home" "/workspace/cargo-home/bin/cargo" "+beta-2023-12-22" "fetch" "--manifest-path" "Cargo.toml", kill_on_drop: false }`
[INFO] running `Command { std: "docker" "create" "-v" "/var/lib/crater-agent-workspace/builds/worker-1-tc2/target:/opt/rustwide/target:rw,Z" "-v" "/var/lib/crater-agent-workspace/builds/worker-1-tc2/source:/opt/rustwide/workdir:ro,Z" "-v" "/var/lib/crater-agent-workspace/cargo-home:/opt/rustwide/cargo-home:ro,Z" "-v" "/var/lib/crater-agent-workspace/rustup-home:/opt/rustwide/rustup-home:ro,Z" "-e" "SOURCE_DIR=/opt/rustwide/workdir" "-e" "CARGO_TARGET_DIR=/opt/rustwide/target" "-e" "CARGO_HOME=/opt/rustwide/cargo-home" "-e" "RUSTUP_HOME=/opt/rustwide/rustup-home" "-w" "/opt/rustwide/workdir" "-m" "1610612736" "--user" "0:0" "--network" "none" "ghcr.io/rust-lang/crates-build-env/linux@sha256:2788e3201cd34a07e3172128adcd8b3090168a8e3bcc40d7c032b9dda1df7d1c" "/opt/rustwide/cargo-home/bin/cargo" "+beta-2023-12-22" "metadata" "--no-deps" "--format-version=1", kill_on_drop: false }`
[INFO] [stdout] 0196d7af2c85fc2593a645e15b4fa25c7c35c65b4855745616ebbda367b3fa85
[INFO] running `Command { std: "docker" "start" "-a" "0196d7af2c85fc2593a645e15b4fa25c7c35c65b4855745616ebbda367b3fa85", kill_on_drop: false }`
[INFO] running `Command { std: "docker" "inspect" "0196d7af2c85fc2593a645e15b4fa25c7c35c65b4855745616ebbda367b3fa85", kill_on_drop: false }`
[INFO] running `Command { std: "docker" "rm" "-f" "0196d7af2c85fc2593a645e15b4fa25c7c35c65b4855745616ebbda367b3fa85", kill_on_drop: false }`
[INFO] [stdout] 0196d7af2c85fc2593a645e15b4fa25c7c35c65b4855745616ebbda367b3fa85
[INFO] running `Command { std: "docker" "create" "-v" "/var/lib/crater-agent-workspace/builds/worker-1-tc2/target:/opt/rustwide/target:rw,Z" "-v" "/var/lib/crater-agent-workspace/builds/worker-1-tc2/source:/opt/rustwide/workdir:ro,Z" "-v" "/var/lib/crater-agent-workspace/cargo-home:/opt/rustwide/cargo-home:ro,Z" "-v" "/var/lib/crater-agent-workspace/rustup-home:/opt/rustwide/rustup-home:ro,Z" "-e" "SOURCE_DIR=/opt/rustwide/workdir" "-e" "CARGO_TARGET_DIR=/opt/rustwide/target" "-e" "CARGO_INCREMENTAL=0" "-e" "RUST_BACKTRACE=full" "-e" "RUSTFLAGS=--cap-lints=warn" "-e" "RUSTDOCFLAGS=--cap-lints=warn" "-e" "CARGO_HOME=/opt/rustwide/cargo-home" "-e" "RUSTUP_HOME=/opt/rustwide/rustup-home" "-w" "/opt/rustwide/workdir" "-m" "1610612736" "--user" "0:0" "--network" "none" "ghcr.io/rust-lang/crates-build-env/linux@sha256:2788e3201cd34a07e3172128adcd8b3090168a8e3bcc40d7c032b9dda1df7d1c" "/opt/rustwide/cargo-home/bin/cargo" "+beta-2023-12-22" "doc" "--frozen" "--no-deps" "--document-private-items" "--message-format=json", kill_on_drop: false }`
[INFO] [stdout] 647036a082b8afa5b8d6d84e339ab428bb9b2958f6d48b815d8f43afb91dc50a
[INFO] running `Command { std: "docker" "start" "-a" "647036a082b8afa5b8d6d84e339ab428bb9b2958f6d48b815d8f43afb91dc50a", kill_on_drop: false }`
[INFO] [stderr]     Checking libc v0.2.20
[INFO] [stderr]    Compiling winapi-build v0.1.1
[INFO] [stderr]    Compiling gcc v0.3.43
[INFO] [stderr]    Compiling semver v0.1.20
[INFO] [stderr]     Checking num-traits v0.1.36
[INFO] [stderr]     Checking winapi v0.2.8
[INFO] [stderr]    Compiling version_check v0.1.0
[INFO] [stderr]    Compiling ansi_term v0.9.0
[INFO] [stderr]     Checking matches v0.1.4
[INFO] [stderr]     Checking unicode-normalization v0.1.4
[INFO] [stderr]     Checking rustc-demangle v0.1.3
[INFO] [stderr]     Checking cfg-if v0.1.0
[INFO] [stderr]    Compiling backtrace v0.3.0
[INFO] [stderr]    Compiling unicode-bidi v0.2.5
[INFO] [stderr]     Checking void v1.0.2
[INFO] [stderr]    Compiling log v0.3.6
[INFO] [stderr]     Checking unreachable v0.1.1
[INFO] [stderr]    Compiling backtrace v0.2.3
[INFO] [stderr]    Compiling dbghelp-sys v0.2.0
[INFO] [stderr]    Compiling kernel32-sys v0.2.2
[INFO] [stderr]    Compiling rustc_version v0.1.7
[INFO] [stderr]    Compiling pkg-config v0.3.9
[INFO] [stderr]    Compiling time v0.1.36
[INFO] [stderr]    Compiling rocket v0.2.0
[INFO] [stderr]     Checking byteorder v1.0.0
[INFO] [stderr]     Checking num_cpus v1.2.1
[INFO] [stderr]     Checking memchr v1.0.1
[INFO] [stderr]     Checking idna v0.1.0
[INFO] [stderr]     Checking rand v0.3.15
[INFO] [stderr]     Checking num-integer v0.1.32
[INFO] [stderr]     Checking thread-id v3.0.0
[INFO] [stderr]    Compiling mime v0.2.2
[INFO] [stderr]     Checking aho-corasick v0.6.2
[INFO] [stderr]    Compiling unicase v1.4.0
[INFO] [stderr]    Compiling hyper v0.10.4
[INFO] [stderr]     Checking thread_local v0.3.2
[INFO] [stderr]     Checking num-iter v0.1.32
[INFO] [stderr]     Checking term v0.4.5
[INFO] [stderr]     Checking itoa v0.3.1
[INFO] [stderr]     Checking num v0.1.36
[INFO] [stderr]    Compiling rustc-serialize v0.3.22
[INFO] [stderr]     Checking regex-syntax v0.4.0
[INFO] [stderr]     Checking httparse v1.2.1
[INFO] [stderr] error: failed to run custom build command for `rocket v0.2.0`
[INFO] [stderr] note: To improve backtraces for build dependencies, set the CARGO_PROFILE_DEV_BUILD_OVERRIDE_DEBUG=true environment variable to enable debug information generation.
[INFO] [stderr] 
[INFO] [stderr] Caused by:
[INFO] [stderr]   process didn't exit successfully: `/opt/rustwide/target/debug/build/rocket-a1ee141a6aee04b2/build-script-build` (exit status: 101)
[INFO] [stderr]   --- stderr
[INFO] [stderr]   Error: Rocket requires a nightly version of Rust.
[INFO] [stderr]   Installed version is: 1.76.0-beta.1. Minimum required: 1.16.0-nightly.
[INFO] [stderr]   See the getting started guide (https://rocket.rs/guide/getting-started/) for more information.
[INFO] [stderr]   thread 'main' panicked at /opt/rustwide/cargo-home/registry/src/index.crates.io-6f17d22bba15001f/rocket-0.2.0/build.rs:42:13:
[INFO] [stderr]   Aborting compilation due to incompatible compiler.
[INFO] [stderr]   stack backtrace:
[INFO] [stderr]      0:     0x556e901e6886 - std::backtrace_rs::backtrace::libunwind::trace::h261606ad26a499c1
[INFO] [stderr]                                  at /rustc/0e09125c6c3c2fd70d7de961bcf0e51575235fad/library/std/src/../../backtrace/src/backtrace/libunwind.rs:104:5
[INFO] [stderr]      1:     0x556e901e6886 - std::backtrace_rs::backtrace::trace_unsynchronized::hd183f0625477fb28
[INFO] [stderr]                                  at /rustc/0e09125c6c3c2fd70d7de961bcf0e51575235fad/library/std/src/../../backtrace/src/backtrace/mod.rs:66:5
[INFO] [stderr]      2:     0x556e901e6886 - std::sys_common::backtrace::_print_fmt::hd7f8fef21b4eda67
[INFO] [stderr]                                  at /rustc/0e09125c6c3c2fd70d7de961bcf0e51575235fad/library/std/src/sys_common/backtrace.rs:68:5
[INFO] [stderr]      3:     0x556e901e6886 - <std::sys_common::backtrace::_print::DisplayBacktrace as core::fmt::Display>::fmt::h623d9b51f2f453f1
[INFO] [stderr]                                  at /rustc/0e09125c6c3c2fd70d7de961bcf0e51575235fad/library/std/src/sys_common/backtrace.rs:44:22
[INFO] [stderr]      4:     0x556e90208d80 - core::fmt::rt::Argument::fmt::h9f417ac76a86f368
[INFO] [stderr]                                  at /rustc/0e09125c6c3c2fd70d7de961bcf0e51575235fad/library/core/src/fmt/rt.rs:142:9
[INFO] [stderr]      5:     0x556e90208d80 - core::fmt::write::hc9b6faf4ac2aeff7
[INFO] [stderr]                                  at /rustc/0e09125c6c3c2fd70d7de961bcf0e51575235fad/library/core/src/fmt/mod.rs:1120:17
[INFO] [stderr]      6:     0x556e901e48bf - std::io::Write::write_fmt::hfead1eee52c2e65e
[INFO] [stderr]                                  at /rustc/0e09125c6c3c2fd70d7de961bcf0e51575235fad/library/std/src/io/mod.rs:1810:15
[INFO] [stderr]      7:     0x556e901e6664 - std::sys_common::backtrace::_print::hd5d66399c7df88a2
[INFO] [stderr]                                  at /rustc/0e09125c6c3c2fd70d7de961bcf0e51575235fad/library/std/src/sys_common/backtrace.rs:47:5
[INFO] [stderr]      8:     0x556e901e6664 - std::sys_common::backtrace::print::he81ed2da642d37e5
[INFO] [stderr]                                  at /rustc/0e09125c6c3c2fd70d7de961bcf0e51575235fad/library/std/src/sys_common/backtrace.rs:34:9
[INFO] [stderr]      9:     0x556e901e7bc7 - std::panicking::default_hook::{{closure}}::h85773f4fa117163d
[INFO] [stderr]     10:     0x556e901e7929 - std::panicking::default_hook::h6a1694a91d09b278
[INFO] [stderr]                                  at /rustc/0e09125c6c3c2fd70d7de961bcf0e51575235fad/library/std/src/panicking.rs:292:9
[INFO] [stderr]     11:     0x556e901e8058 - std::panicking::rust_panic_with_hook::h0a7ad96e90f7145b
[INFO] [stderr]                                  at /rustc/0e09125c6c3c2fd70d7de961bcf0e51575235fad/library/std/src/panicking.rs:779:13
[INFO] [stderr]     12:     0x556e901b7b6e - std::panicking::begin_panic::{{closure}}::h60f4d9bf97d29ddf
[INFO] [stderr]     13:     0x556e901b7a36 - std::sys_common::backtrace::__rust_end_short_backtrace::he35400f140d4976d
[INFO] [stderr]     14:     0x556e901b7af7 - std::panicking::begin_panic::h22ab71bf2fd4feb1
[INFO] [stderr]     15:     0x556e901b8be1 - build_script_build::main::h9169e1a70ee92ae0
[INFO] [stderr]     16:     0x556e901b7cd3 - core::ops::function::FnOnce::call_once::h0812bb2ebec8b60f
[INFO] [stderr]     17:     0x556e901b7a46 - std::sys_common::backtrace::__rust_begin_short_backtrace::h981d7af9f0242161
[INFO] [stderr]     18:     0x556e901b7ab9 - std::rt::lang_start::{{closure}}::h337f42349cf52e57
[INFO] [stderr]     19:     0x556e901e1151 - core::ops::function::impls::<impl core::ops::function::FnOnce<A> for &F>::call_once::h4eb4c5e1620f29b0
[INFO] [stderr]                                  at /rustc/0e09125c6c3c2fd70d7de961bcf0e51575235fad/library/core/src/ops/function.rs:284:13
[INFO] [stderr]     20:     0x556e901e1151 - std::panicking::try::do_call::h73fd26535faffcdf
[INFO] [stderr]                                  at /rustc/0e09125c6c3c2fd70d7de961bcf0e51575235fad/library/std/src/panicking.rs:552:40
[INFO] [stderr]     21:     0x556e901e1151 - std::panicking::try::h77ff1d98f0fb9f39
[INFO] [stderr]                                  at /rustc/0e09125c6c3c2fd70d7de961bcf0e51575235fad/library/std/src/panicking.rs:516:19
[INFO] [stderr]     22:     0x556e901e1151 - std::panic::catch_unwind::hab3caf2448b95e37
[INFO] [stderr]                                  at /rustc/0e09125c6c3c2fd70d7de961bcf0e51575235fad/library/std/src/panic.rs:142:14
[INFO] [stderr]     23:     0x556e901e1151 - std::rt::lang_start_internal::{{closure}}::h8086711f9c783f78
[INFO] [stderr]                                  at /rustc/0e09125c6c3c2fd70d7de961bcf0e51575235fad/library/std/src/rt.rs:148:48
[INFO] [stderr]     24:     0x556e901e1151 - std::panicking::try::do_call::hf920d4dc291cd6ca
[INFO] [stderr]                                  at /rustc/0e09125c6c3c2fd70d7de961bcf0e51575235fad/library/std/src/panicking.rs:552:40
[INFO] [stderr]     25:     0x556e901e1151 - std::panicking::try::h2b806ccc0a85db74
[INFO] [stderr]                                  at /rustc/0e09125c6c3c2fd70d7de961bcf0e51575235fad/library/std/src/panicking.rs:516:19
[INFO] [stderr]     26:     0x556e901e1151 - std::panic::catch_unwind::h038489539c507df2
[INFO] [stderr]                                  at /rustc/0e09125c6c3c2fd70d7de961bcf0e51575235fad/library/std/src/panic.rs:142:14
[INFO] [stderr]     27:     0x556e901e1151 - std::rt::lang_start_internal::h28503b88912e8a5c
[INFO] [stderr]                                  at /rustc/0e09125c6c3c2fd70d7de961bcf0e51575235fad/library/std/src/rt.rs:148:20
[INFO] [stderr]     28:     0x556e901b7a97 - std::rt::lang_start::h66302ea746a43eb1
[INFO] [stderr]     29:     0x556e901b96a5 - main
[INFO] [stderr]     30:     0x7fb2de26bd90 - <unknown>
[INFO] [stderr]     31:     0x7fb2de26be40 - __libc_start_main
[INFO] [stderr]     32:     0x556e901b7925 - _start
[INFO] [stderr]     33:                0x0 - <unknown>
[INFO] [stderr] warning: build failed, waiting for other jobs to finish...
[INFO] [stdout] error[E0310]: the parameter type `T` may not live long enough
[INFO] [stdout]     --> /opt/rustwide/cargo-home/registry/src/index.crates.io-6f17d22bba15001f/rustc-serialize-0.3.22/src/serialize.rs:1155:5
[INFO] [stdout]      |
[INFO] [stdout] 1155 |     fn decode<D: Decoder>(d: &mut D) -> Result<Cow<'static, T>, D::Error> {
[INFO] [stdout]      |     ^^^^^^^^^^^^^^^^^^^^^^^^^^^^^^^^^^^^^^^^^^^^^^^^^^^^^^^^^^^^^^^^^^^^^
[INFO] [stdout]      |     |
[INFO] [stdout]      |     the parameter type `T` must be valid for the static lifetime...
[INFO] [stdout]      |     ...so that the type `T` will meet its required lifetime bounds...
[INFO] [stdout]      |
[INFO] [stdout] note: ...that is required by this bound
[INFO] [stdout]     --> /rustc/0e09125c6c3c2fd70d7de961bcf0e51575235fad/library/alloc/src/borrow.rs:180:30
[INFO] [stdout] help: consider adding an explicit lifetime bound
[INFO] [stdout]      |
[INFO] [stdout] 1151 | impl<'a, T: ?Sized + 'static> Decodable for Cow<'a, T>
[INFO] [stdout]      |                    +++++++++
[INFO] [stdout] 
[INFO] [stdout] 
[INFO] [stdout] error: aborting due to 1 previous error
[INFO] [stdout] 
[INFO] [stdout] 
[INFO] [stdout] For more information about this error, try `rustc --explain E0310`.
[INFO] [stdout] 
[INFO] [stderr] error: could not compile `rustc-serialize` (lib) due to 2 previous errors
[INFO] running `Command { std: "docker" "inspect" "647036a082b8afa5b8d6d84e339ab428bb9b2958f6d48b815d8f43afb91dc50a", kill_on_drop: false }`
[INFO] running `Command { std: "docker" "rm" "-f" "647036a082b8afa5b8d6d84e339ab428bb9b2958f6d48b815d8f43afb91dc50a", kill_on_drop: false }`
[INFO] [stdout] 647036a082b8afa5b8d6d84e339ab428bb9b2958f6d48b815d8f43afb91dc50a
