[INFO] cloning repository https://github.com/MohanSharmav/zero2prod1
[INFO] running `Command { std: "git" "-c" "credential.helper=" "-c" "credential.helper=/workspace/cargo-home/bin/git-credential-null" "clone" "--bare" "https://github.com/MohanSharmav/zero2prod1" "/workspace/cache/git-repos/https%3A%2F%2Fgithub.com%2FMohanSharmav%2Fzero2prod1", kill_on_drop: false }`
[INFO] [stderr] Cloning into bare repository '/workspace/cache/git-repos/https%3A%2F%2Fgithub.com%2FMohanSharmav%2Fzero2prod1'...
[INFO] running `Command { std: "git" "rev-parse" "HEAD", kill_on_drop: false }`
[INFO] [stdout] 3e3923e49df9f44b868e18bb70b58575ab9c5133
[INFO] documenting MohanSharmav/zero2prod1 against 1.75.0 for beta-1.76-rustdoc-1
[INFO] running `Command { std: "git" "clone" "/workspace/cache/git-repos/https%3A%2F%2Fgithub.com%2FMohanSharmav%2Fzero2prod1" "/workspace/builds/worker-2-tc1/source", kill_on_drop: false }`
[INFO] [stderr] Cloning into '/workspace/builds/worker-2-tc1/source'...
[INFO] [stderr] done.
[INFO] [stderr] Updating files:  44% (7824/17430)
Updating files:  45% (7844/17430)
Updating files:  46% (8018/17430)
Updating files:  47% (8193/17430)
Updating files:  48% (8367/17430)
Updating files:  49% (8541/17430)
Updating files:  50% (8715/17430)
Updating files:  51% (8890/17430)
Updating files:  52% (9064/17430)
Updating files:  53% (9238/17430)
Updating files:  53% (9289/17430)
Updating files:  54% (9413/17430)
Updating files:  55% (9587/17430)
Updating files:  56% (9761/17430)
Updating files:  57% (9936/17430)
Updating files:  57% (9942/17430)
Updating files:  58% (10110/17430)
Updating files:  59% (10284/17430)
Updating files:  59% (10326/17430)
Updating files:  60% (10458/17430)
Updating files:  60% (10498/17430)
Updating files:  61% (10633/17430)
Updating files:  61% (10744/17430)
Updating files:  62% (10807/17430)
Updating files:  62% (10859/17430)
Updating files:  63% (10981/17430)
Updating files:  63% (11119/17430)
Updating files:  64% (11156/17430)
Updating files:  64% (11220/17430)
Updating files:  64% (11298/17430)
Updating files:  65% (11330/17430)
Updating files:  65% (11423/17430)
Updating files:  65% (11438/17430)
Updating files:  65% (11477/17430)
Updating files:  66% (11504/17430)
Updating files:  66% (11544/17430)
Updating files:  67% (11679/17430)
Updating files:  67% (11693/17430)
Updating files:  67% (11786/17430)
Updating files:  68% (11853/17430)
Updating files:  69% (12027/17430)
Updating files:  70% (12201/17430)
Updating files:  71% (12376/17430)
Updating files:  72% (12550/17430)
Updating files:  73% (12724/17430)
Updating files:  74% (12899/17430)
Updating files:  75% (13073/17430)
Updating files:  75% (13141/17430)
Updating files:  76% (13247/17430)
Updating files:  77% (13422/17430)
Updating files:  78% (13596/17430)
Updating files:  78% (13681/17430)
Updating files:  79% (13770/17430)
Updating files:  80% (13944/17430)
Updating files:  81% (14119/17430)
Updating files:  82% (14293/17430)
Updating files:  82% (14400/17430)
Updating files:  83% (14467/17430)
Updating files:  84% (14642/17430)
Updating files:  85% (14816/17430)
Updating files:  86% (14990/17430)
Updating files:  87% (15165/17430)
Updating files:  88% (15339/17430)
Updating files:  89% (15513/17430)
Updating files:  89% (15672/17430)
Updating files:  90% (15687/17430)
Updating files:  91% (15862/17430)
Updating files:  92% (16036/17430)
Updating files:  93% (16210/17430)
Updating files:  93% (16344/17430)
Updating files:  94% (16385/17430)
Updating files:  95% (16559/17430)
Updating files:  96% (16733/17430)
Updating files:  97% (16908/17430)
Updating files:  98% (17082/17430)
Updating files:  99% (17256/17430)
Updating files:  99% (17389/17430)
Updating files: 100% (17430/17430)
Updating files: 100% (17430/17430), done.
[INFO] validating manifest of git repo https://github.com/MohanSharmav/zero2prod1 on toolchain 1.75.0
[INFO] running `Command { std: CARGO_HOME="/workspace/cargo-home" RUSTUP_HOME="/workspace/rustup-home" "/workspace/cargo-home/bin/cargo" "+1.75.0" "metadata" "--manifest-path" "Cargo.toml" "--no-deps", kill_on_drop: false }`
[INFO] started tweaking git repo https://github.com/MohanSharmav/zero2prod1
[INFO] finished tweaking git repo https://github.com/MohanSharmav/zero2prod1
[INFO] tweaked toml for git repo https://github.com/MohanSharmav/zero2prod1 written to /workspace/builds/worker-2-tc1/source/Cargo.toml
[INFO] crate git repo https://github.com/MohanSharmav/zero2prod1 already has a lockfile, it will not be regenerated
[INFO] running `Command { std: CARGO_HOME="/workspace/cargo-home" RUSTUP_HOME="/workspace/rustup-home" "/workspace/cargo-home/bin/cargo" "+1.75.0" "fetch" "--manifest-path" "Cargo.toml", kill_on_drop: false }`
[INFO] [stderr]  Downloading crates ...
[INFO] [stderr]   Downloaded tracing-actix-web v0.7.2
[INFO] [stderr]   Downloaded tracing-bunyan-formatter v0.3.6
[INFO] running `Command { std: "docker" "create" "-v" "/var/lib/crater-agent-workspace/builds/worker-2-tc1/target:/opt/rustwide/target:rw,Z" "-v" "/var/lib/crater-agent-workspace/builds/worker-2-tc1/source:/opt/rustwide/workdir:ro,Z" "-v" "/var/lib/crater-agent-workspace/cargo-home:/opt/rustwide/cargo-home:ro,Z" "-v" "/var/lib/crater-agent-workspace/rustup-home:/opt/rustwide/rustup-home:ro,Z" "-e" "SOURCE_DIR=/opt/rustwide/workdir" "-e" "CARGO_TARGET_DIR=/opt/rustwide/target" "-e" "CARGO_HOME=/opt/rustwide/cargo-home" "-e" "RUSTUP_HOME=/opt/rustwide/rustup-home" "-w" "/opt/rustwide/workdir" "-m" "1610612736" "--user" "0:0" "--network" "none" "ghcr.io/rust-lang/crates-build-env/linux@sha256:2788e3201cd34a07e3172128adcd8b3090168a8e3bcc40d7c032b9dda1df7d1c" "/opt/rustwide/cargo-home/bin/cargo" "+1.75.0" "metadata" "--no-deps" "--format-version=1", kill_on_drop: false }`
[INFO] [stdout] 6da2ef929dae4d40dafb50fd1dfc2f7d951c301efdee7f97a118d87bdb26e848
[INFO] running `Command { std: "docker" "start" "-a" "6da2ef929dae4d40dafb50fd1dfc2f7d951c301efdee7f97a118d87bdb26e848", kill_on_drop: false }`
[INFO] running `Command { std: "docker" "inspect" "6da2ef929dae4d40dafb50fd1dfc2f7d951c301efdee7f97a118d87bdb26e848", kill_on_drop: false }`
[INFO] running `Command { std: "docker" "rm" "-f" "6da2ef929dae4d40dafb50fd1dfc2f7d951c301efdee7f97a118d87bdb26e848", kill_on_drop: false }`
[INFO] [stdout] 6da2ef929dae4d40dafb50fd1dfc2f7d951c301efdee7f97a118d87bdb26e848
[INFO] running `Command { std: "docker" "create" "-v" "/var/lib/crater-agent-workspace/builds/worker-2-tc1/target:/opt/rustwide/target:rw,Z" "-v" "/var/lib/crater-agent-workspace/builds/worker-2-tc1/source:/opt/rustwide/workdir:ro,Z" "-v" "/var/lib/crater-agent-workspace/cargo-home:/opt/rustwide/cargo-home:ro,Z" "-v" "/var/lib/crater-agent-workspace/rustup-home:/opt/rustwide/rustup-home:ro,Z" "-e" "SOURCE_DIR=/opt/rustwide/workdir" "-e" "CARGO_TARGET_DIR=/opt/rustwide/target" "-e" "CARGO_INCREMENTAL=0" "-e" "RUST_BACKTRACE=full" "-e" "RUSTFLAGS=--cap-lints=warn" "-e" "RUSTDOCFLAGS=--cap-lints=warn" "-e" "CARGO_HOME=/opt/rustwide/cargo-home" "-e" "RUSTUP_HOME=/opt/rustwide/rustup-home" "-w" "/opt/rustwide/workdir" "-m" "1610612736" "--user" "0:0" "--network" "none" "ghcr.io/rust-lang/crates-build-env/linux@sha256:2788e3201cd34a07e3172128adcd8b3090168a8e3bcc40d7c032b9dda1df7d1c" "/opt/rustwide/cargo-home/bin/cargo" "+1.75.0" "doc" "--frozen" "--no-deps" "--document-private-items" "--message-format=json", kill_on_drop: false }`
[INFO] [stdout] 740ce0d66dce67a7b733cf190a6e10d011d09c60231f5b1e57172adef5bd3077
[INFO] running `Command { std: "docker" "start" "-a" "740ce0d66dce67a7b733cf190a6e10d011d09c60231f5b1e57172adef5bd3077", kill_on_drop: false }`
[INFO] [stderr]    Compiling libc v0.2.139
[INFO] [stderr]    Compiling proc-macro2 v1.0.51
[INFO] [stderr]    Compiling unicode-ident v1.0.8
[INFO] [stderr]    Compiling syn v1.0.109
[INFO] [stderr]    Compiling memchr v2.5.0
[INFO] [stderr]     Checking once_cell v1.17.1
[INFO] [stderr]    Compiling futures-core v0.3.26
[INFO] [stderr]    Compiling generic-array v0.14.6
[INFO] [stderr]    Compiling lock_api v0.4.9
[INFO] [stderr]     Checking pin-project-lite v0.2.9
[INFO] [stderr]     Checking smallvec v1.10.0
[INFO] [stderr]    Compiling parking_lot_core v0.9.7
[INFO] [stderr]    Compiling log v0.4.17
[INFO] [stderr]    Compiling tokio v1.26.0
[INFO] [stderr]    Compiling futures-task v0.3.26
[INFO] [stderr]     Checking itoa v1.0.6
[INFO] [stderr]    Compiling thiserror v1.0.39
[INFO] [stderr]    Compiling num-traits v0.2.15
[INFO] [stderr]    Compiling futures-util v0.3.26
[INFO] [stderr]    Compiling bytes v1.4.0
[INFO] [stderr]     Checking tracing-core v0.1.30
[INFO] [stderr]     Checking futures-sink v0.3.26
[INFO] [stderr]    Compiling paste v1.0.12
[INFO] [stderr]     Checking subtle v2.4.1
[INFO] [stderr]    Compiling rustls v0.20.8
[INFO] [stderr]    Compiling serde_json v1.0.94
[INFO] [stderr]    Compiling parking_lot_core v0.8.6
[INFO] [stderr]    Compiling untrusted v0.7.1
[INFO] [stderr]    Compiling spin v0.5.2
[INFO] [stderr]    Compiling num-integer v0.1.45
[INFO] [stderr]     Checking tinyvec_macros v0.1.1
[INFO] [stderr]    Compiling quote v1.0.23
[INFO] [stderr]    Compiling crossbeam-utils v0.8.15
[INFO] [stderr]    Compiling pkg-config v0.3.26
[INFO] [stderr]     Checking crypto-common v0.1.6
[INFO] [stderr]     Checking block-buffer v0.10.3
[INFO] [stderr]     Checking tinyvec v1.6.0
[INFO] [stderr]    Compiling indexmap v1.9.2
[INFO] [stderr]     Checking digest v0.10.6
[INFO] [stderr]     Checking ryu v1.0.13
[INFO] [stderr]     Checking aho-corasick v0.7.20
[INFO] [stderr]    Compiling crossbeam-queue v0.3.8
[INFO] [stderr]     Checking unicode-bidi v0.3.10
[INFO] [stderr]    Compiling futures-channel v0.3.26
[INFO] [stderr]     Checking form_urlencoded v1.1.0
[INFO] [stderr]    Compiling jobserver v0.1.26
[INFO] [stderr]    Compiling getrandom v0.2.8
[INFO] [stderr]    Compiling mio v0.8.6
[INFO] [stderr]    Compiling socket2 v0.4.9
[INFO] [stderr]     Checking signal-hook-registry v1.4.1
[INFO] [stderr]     Checking num_cpus v1.15.0
[INFO] [stderr]    Compiling cc v1.0.79
[INFO] [stderr]     Checking ahash v0.7.6
[INFO] [stderr]     Checking rand_core v0.6.4
[INFO] [stderr]     Checking parking_lot v0.12.1
[INFO] [stderr]     Checking unicode-normalization v0.1.22
[INFO] [stderr]    Compiling ahash v0.8.3
[INFO] [stderr]     Checking hashbrown v0.12.3
[INFO] [stderr]     Checking regex v1.7.1
[INFO] [stderr]     Checking rand_chacha v0.3.1
[INFO] [stderr]    Compiling slab v0.4.8
[INFO] [stderr]    Compiling instant v0.1.12
[INFO] [stderr]    Compiling ucd-trie v0.1.5
[INFO] [stderr]    Compiling scopeguard v1.1.0
[INFO] [stderr]    Compiling crc32fast v1.3.2
[INFO] [stderr]    Compiling zstd-safe v6.0.4+zstd.1.5.4
[INFO] [stderr]     Checking base64 v0.21.0
[INFO] [stderr]     Checking alloc-no-stdlib v2.0.4
[INFO] [stderr]    Compiling time-core v0.1.0
[INFO] [stderr]     Checking local-waker v0.1.3
[INFO] [stderr]     Checking alloc-stdlib v0.2.2
[INFO] [stderr]    Compiling time-macros v0.2.8
[INFO] [stderr]     Checking idna v0.3.0
[INFO] [stderr]     Checking rand v0.8.5
[INFO] [stderr]     Checking http v0.2.9
[INFO] [stderr]     Checking sha1 v0.10.5
[INFO] [stderr]     Checking minimal-lexical v0.2.1
[INFO] [stderr]     Checking adler v1.0.2
[INFO] [stderr]    Compiling cpufeatures v0.2.5
[INFO] [stderr]    Compiling ppv-lite86 v0.2.17
[INFO] [stderr]    Compiling percent-encoding v2.2.0
[INFO] [stderr]    Compiling regex-syntax v0.6.28
[INFO] [stderr]    Compiling fnv v1.0.7
[INFO] [stderr]     Checking nom v7.1.3
[INFO] [stderr]    Compiling tracing v0.1.37
[INFO] [stderr]     Checking miniz_oxide v0.6.2
[INFO] [stderr]    Compiling ring v0.16.20
[INFO] [stderr]    Compiling zstd-sys v2.0.7+zstd.1.5.4
[INFO] [stderr]     Checking url v2.3.1
[INFO] [stderr]    Compiling parking_lot v0.11.2
[INFO] [stderr]     Checking brotli-decompressor v2.3.4
[INFO] [stderr]     Checking actix-utils v3.0.1
[INFO] [stderr]     Checking actix-service v2.0.2
[INFO] [stderr]    Compiling hmac v0.12.1
[INFO] [stderr]    Compiling dirs-sys v0.3.7
[INFO] [stderr]    Compiling bytestring v1.3.0
[INFO] [stderr]    Compiling cookie v0.16.2
[INFO] [stderr]    Compiling convert_case v0.4.0
[INFO] [stderr]    Compiling pin-utils v0.1.0
[INFO] [stderr]    Compiling iana-time-zone v0.1.53
[INFO] [stderr]    Compiling crc-catalog v2.2.0
[INFO] [stderr]     Checking time v0.3.20
[INFO] [stderr]     Checking base64 v0.13.1
[INFO] [stderr]    Compiling unicode_categories v0.1.1
[INFO] [stderr]    Compiling rustls-pemfile v1.0.2
[INFO] [stderr]    Compiling crc v3.0.1
[INFO] [stderr]    Compiling chrono v0.4.23
[INFO] [stderr]    Compiling dirs v4.0.0
[INFO] [stderr]    Compiling hkdf v0.12.3
[INFO] [stderr]     Checking flate2 v1.0.25
[INFO] [stderr]    Compiling futures-intrusive v0.4.2
[INFO] [stderr]    Compiling hashlink v0.8.1
[INFO] [stderr]     Checking brotli v3.3.4
[INFO] [stderr]     Checking local-channel v0.1.3
[INFO] [stderr]    Compiling sha2 v0.10.6
[INFO] [stderr]    Compiling stringprep v0.1.2
[INFO] [stderr]    Compiling atoi v1.0.0
[INFO] [stderr]     Checking uuid v1.3.0
[INFO] [stderr]    Compiling md-5 v0.10.5
[INFO] [stderr]     Checking regex-automata v0.1.10
[INFO] [stderr]     Checking encoding_rs v0.8.32
[INFO] [stderr]    Compiling hex v0.4.3
[INFO] [stderr]    Compiling dotenvy v0.15.6
[INFO] [stderr]    Compiling async-trait v0.1.66
[INFO] [stderr]    Compiling bitflags v1.3.2
[INFO] [stderr]     Checking dlv-list v0.3.0
[INFO] [stderr]     Checking language-tags v0.3.2
[INFO] [stderr]    Compiling byteorder v1.4.3
[INFO] [stderr]    Compiling event-listener v2.5.3
[INFO] [stderr]    Compiling whoami v1.3.0
[INFO] [stderr]     Checking overload v0.1.1
[INFO] [stderr]     Checking nu-ansi-term v0.46.0
[INFO] [stderr]     Checking ordered-multimap v0.4.3
[INFO] [stderr]     Checking matchers v0.1.0
[INFO] [stderr]    Compiling heck v0.4.1
[INFO] [stderr]    Compiling tokio-stream v0.1.12
[INFO] [stderr]     Checking sharded-slab v0.1.4
[INFO] [stderr]     Checking tracing-log v0.1.3
[INFO] [stderr]     Checking thread_local v1.1.7
[INFO] [stderr]     Checking webpki v0.22.0
[INFO] [stderr]     Checking sct v0.7.0
[INFO] [stderr]     Checking linked-hash-map v0.5.6
[INFO] [stderr]     Checking rust-ini v0.18.0
[INFO] [stderr]     Checking gethostname v0.2.3
[INFO] [stderr]     Checking atty v0.2.14
[INFO] [stderr]     Checking pathdiff v0.2.1
[INFO] [stderr]     Checking termcolor v1.2.0
[INFO] [stderr]     Checking zeroize v1.5.7
[INFO] [stderr]     Checking yaml-rust v0.4.5
[INFO] [stderr]     Checking webpki-roots v0.22.6
[INFO] [stderr]     Checking env_logger v0.9.3
[INFO] [stderr]    Compiling serde_derive v1.0.152
[INFO] [stderr]    Compiling tokio-macros v1.8.2
[INFO] [stderr]    Compiling thiserror-impl v1.0.39
[INFO] [stderr]    Compiling tracing-attributes v0.1.23
[INFO] [stderr]    Compiling derive_more v0.99.17
[INFO] [stderr]    Compiling actix-macros v0.2.3
[INFO] [stderr]    Compiling pin-project-internal v1.0.12
[INFO] [stderr]    Compiling pest v2.5.6
[INFO] [stderr]     Checking pin-project v1.0.12
[INFO] [stderr]     Checking tracing-subscriber v0.3.16
[INFO] [stderr]    Compiling tokio-rustls v0.23.4
[INFO] [stderr]    Compiling sqlx-rt v0.6.2
[INFO] [stderr]    Compiling pest_meta v2.5.6
[INFO] [stderr]     Checking serde v1.0.152
[INFO] [stderr]     Checking zstd v0.12.3+zstd.1.5.2
[INFO] [stderr]    Compiling pest_generator v2.5.6
[INFO] [stderr]    Compiling pest_derive v2.5.6
[INFO] [stderr]     Checking tokio-util v0.7.7
[INFO] [stderr]     Checking actix-rt v2.8.0
[INFO] [stderr]     Checking actix-server v2.2.0
[INFO] [stderr]     Checking actix-codec v0.5.0
[INFO] [stderr]     Checking h2 v0.3.16
[INFO] [stderr]     Checking either v1.8.1
[INFO] [stderr]     Checking serde_urlencoded v0.7.1
[INFO] [stderr]     Checking actix-router v0.5.1
[INFO] [stderr]     Checking ron v0.7.1
[INFO] [stderr]     Checking json5 v0.4.1
[INFO] [stderr]     Checking toml v0.5.11
[INFO] [stderr]     Checking secrecy v0.8.0
[INFO] [stderr]     Checking itertools v0.10.5
[INFO] [stderr]     Checking tracing-bunyan-formatter v0.3.6
[INFO] [stderr]     Checking config v0.13.3
[INFO] [stderr]    Compiling actix-web-codegen v4.2.0
[INFO] [stderr]    Compiling sqlformat v0.2.1
[INFO] [stderr]     Checking sqlx-core v0.6.2
[INFO] [stderr]     Checking actix-http v3.3.1
[INFO] [stderr]     Checking actix-web v4.3.1
[INFO] [stderr]     Checking tracing-actix-web v0.7.2
[INFO] [stderr]    Compiling sqlx-macros v0.6.2
[INFO] [stderr]     Checking sqlx v0.6.2
[INFO] [stderr]  Documenting zero2prod1 v0.1.0 (/opt/rustwide/workdir)
[INFO] [stderr]     Checking zero2prod1 v0.1.0 (/opt/rustwide/workdir)
[INFO] [stdout] error: error communicating with database: Cannot assign requested address (os error 99)
[INFO] [stdout]   --> src/routes/subscriptions.rs:41:5
[INFO] [stdout]    |
[INFO] [stdout] 41 | /     sqlx::query!(
[INFO] [stdout] 42 | |         r#"
[INFO] [stdout] 43 | |         INSERT INTO subscriptions (id, email, name, subscribed_at)
[INFO] [stdout] 44 | |         VALUES ($1, $2, $3, $4)
[INFO] [stdout] ...  |
[INFO] [stdout] 49 | |         Utc::now()
[INFO] [stdout] 50 | |     )
[INFO] [stdout]    | |_____^
[INFO] [stdout]    |
[INFO] [stdout]    = note: this error originates in the macro `$crate::sqlx_macros::expand_query` which comes from the expansion of the macro `sqlx::query` (in Nightly builds, run with -Z macro-backtrace for more info)
[INFO] [stdout] 
[INFO] [stdout] 
[INFO] [stdout] error: error communicating with database: Cannot assign requested address (os error 99)
[INFO] [stdout]   --> src/routes/subscriptions.rs:41:5
[INFO] [stdout]    |
[INFO] [stdout] 41 | /     sqlx::query!(
[INFO] [stdout] 42 | |         r#"
[INFO] [stdout] 43 | |         INSERT INTO subscriptions (id, email, name, subscribed_at)
[INFO] [stdout] 44 | |         VALUES ($1, $2, $3, $4)
[INFO] [stdout] ...  |
[INFO] [stdout] 49 | |         Utc::now()
[INFO] [stdout] 50 | |     )
[INFO] [stdout]    | |_____^
[INFO] [stdout]    |
[INFO] [stdout]    = note: this error originates in the macro `$crate::sqlx_macros::expand_query` which comes from the expansion of the macro `sqlx::query` (in Nightly builds, run with -Z macro-backtrace for more info)
[INFO] [stdout] 
[INFO] [stdout] 
[INFO] [stdout] warning: unused import: `PgConnection`
[INFO] [stdout]  --> src/lib.rs:4:12
[INFO] [stdout]   |
[INFO] [stdout] 4 | use sqlx::{PgConnection, Pool, Postgres};
[INFO] [stdout]   |            ^^^^^^^^^^^^
[INFO] [stdout]   |
[INFO] [stdout]   = note: `#[warn(unused_imports)]` on by default
[INFO] [stdout] 
[INFO] [stdout] 
[INFO] [stdout] warning: unused import: `std::arch::asm`
[INFO] [stdout]  --> src/routes/health_check.rs:1:5
[INFO] [stdout]   |
[INFO] [stdout] 1 | use std::arch::asm;
[INFO] [stdout]   |     ^^^^^^^^^^^^^^
[INFO] [stdout] 
[INFO] [stdout] 
[INFO] [stdout] warning: unused import: `sqlx::types::Uuid`
[INFO] [stdout]  --> src/routes/subscriptions.rs:2:5
[INFO] [stdout]   |
[INFO] [stdout] 2 | use sqlx::types::Uuid;
[INFO] [stdout]   |     ^^^^^^^^^^^^^^^^^
[INFO] [stdout] 
[INFO] [stdout] 
[INFO] [stdout] warning: unused imports: `Error`, `PgConnection`
[INFO] [stdout]  --> src/routes/subscriptions.rs:3:12
[INFO] [stdout]   |
[INFO] [stdout] 3 | use sqlx::{Error, PgConnection, PgPool};
[INFO] [stdout]   |            ^^^^^  ^^^^^^^^^^^^
[INFO] [stdout] 
[INFO] [stdout] 
[INFO] [stdout] warning: unused import: `sqlx::postgres::PgQueryResult`
[INFO] [stdout]  --> src/routes/subscriptions.rs:4:5
[INFO] [stdout]   |
[INFO] [stdout] 4 | use sqlx::postgres::PgQueryResult;
[INFO] [stdout]   |     ^^^^^^^^^^^^^^^^^^^^^^^^^^^^^
[INFO] [stdout] 
[INFO] [stdout] 
[INFO] [stdout] warning: unused import: `sqlx::types::chrono::Utc`
[INFO] [stdout]  --> src/routes/subscriptions.rs:6:5
[INFO] [stdout]   |
[INFO] [stdout] 6 | use sqlx::types::chrono::Utc;
[INFO] [stdout]   |     ^^^^^^^^^^^^^^^^^^^^^^^^
[INFO] [stdout] 
[INFO] [stdout] 
[INFO] [stdout] warning: unused import: `tracing::Instrument`
[INFO] [stdout]  --> src/routes/subscriptions.rs:7:5
[INFO] [stdout]   |
[INFO] [stdout] 7 | use tracing::Instrument;
[INFO] [stdout]   |     ^^^^^^^^^^^^^^^^^^^
[INFO] [stdout] 
[INFO] [stdout] 
[INFO] [stdout] warning: unused import: `PgConnection`
[INFO] [stdout]  --> src/startup.rs:4:12
[INFO] [stdout]   |
[INFO] [stdout] 4 | use sqlx::{PgConnection, PgPool};
[INFO] [stdout]   |            ^^^^^^^^^^^^
[INFO] [stdout] 
[INFO] [stdout] 
[INFO] [stdout] warning: unused import: `actix_web::middleware::Logger`
[INFO] [stdout]  --> src/startup.rs:6:5
[INFO] [stdout]   |
[INFO] [stdout] 6 | use actix_web::middleware::Logger;
[INFO] [stdout]   |     ^^^^^^^^^^^^^^^^^^^^^^^^^^^^^
[INFO] [stdout] 
[INFO] [stdout] 
[INFO] [stdout] warning: unused import: `tokio::io::Sink`
[INFO] [stdout]  --> src/telemetry.rs:1:5
[INFO] [stdout]   |
[INFO] [stdout] 1 | use tokio::io::Sink;
[INFO] [stdout]   |     ^^^^^^^^^^^^^^^
[INFO] [stdout] 
[INFO] [stdout] 
[INFO] [stdout] error: aborting due to previous error
[INFO] [stdout] 
[INFO] [stdout] 
[INFO] [stderr] error: could not document `zero2prod1`
[INFO] [stderr] 
[INFO] [stderr] Caused by:
[INFO] [stderr]   process didn't exit successfully: `/opt/rustwide/rustup-home/toolchains/1.75.0-x86_64-unknown-linux-gnu/bin/rustdoc --edition=2021 --crate-type lib --crate-name zero2prod1 src/lib.rs -o /opt/rustwide/target/doc --error-format=json --json=diagnostic-rendered-ansi,artifacts,future-incompat --document-private-items -C metadata=134115aa9f8adb15 -L dependency=/opt/rustwide/target/debug/deps --extern actix_web=/opt/rustwide/target/debug/deps/libactix_web-577afb7ecc93f0b6.rmeta --extern chrono=/opt/rustwide/target/debug/deps/libchrono-2fdcefca3820499e.rmeta --extern config=/opt/rustwide/target/debug/deps/libconfig-1c2fe7b5b04581f1.rmeta --extern env_logger=/opt/rustwide/target/debug/deps/libenv_logger-03e5694bb02148ba.rmeta --extern log=/opt/rustwide/target/debug/deps/liblog-db3182d8979d3809.rmeta --extern once_cell=/opt/rustwide/target/debug/deps/libonce_cell-8c69fe34444187e9.rmeta --extern secrecy=/opt/rustwide/target/debug/deps/libsecrecy-51ec5778a286e2e3.rmeta --extern serde=/opt/rustwide/target/debug/deps/libserde-bd02431535422bc2.rmeta --extern sqlx=/opt/rustwide/target/debug/deps/libsqlx-228a8a0f0310183a.rmeta --extern tokio=/opt/rustwide/target/debug/deps/libtokio-d2a7cc89edb8d2f7.rmeta --extern tracing=/opt/rustwide/target/debug/deps/libtracing-f059dc0a720878e7.rmeta --extern tracing_actix_web=/opt/rustwide/target/debug/deps/libtracing_actix_web-87a5c376cd2a3a57.rmeta --extern tracing_bunyan_formatter=/opt/rustwide/target/debug/deps/libtracing_bunyan_formatter-df0e8462a7929fda.rmeta --extern tracing_log=/opt/rustwide/target/debug/deps/libtracing_log-8e9c2737a4806833.rmeta --extern tracing_subscriber=/opt/rustwide/target/debug/deps/libtracing_subscriber-6c1c4b29b5bea55d.rmeta --extern uuid=/opt/rustwide/target/debug/deps/libuuid-b5b3dd5aecfa32e1.rmeta --cap-lints=warn --crate-version 0.1.0` (exit status: 1)
[INFO] [stderr] warning: build failed, waiting for other jobs to finish...
[INFO] [stdout] error: aborting due to previous error; 10 warnings emitted
[INFO] [stdout] 
[INFO] [stdout] 
[INFO] [stderr] error: could not compile `zero2prod1` (lib) due to 2 previous errors; 10 warnings emitted
[INFO] running `Command { std: "docker" "inspect" "740ce0d66dce67a7b733cf190a6e10d011d09c60231f5b1e57172adef5bd3077", kill_on_drop: false }`
[INFO] running `Command { std: "docker" "rm" "-f" "740ce0d66dce67a7b733cf190a6e10d011d09c60231f5b1e57172adef5bd3077", kill_on_drop: false }`
[INFO] [stdout] 740ce0d66dce67a7b733cf190a6e10d011d09c60231f5b1e57172adef5bd3077
[INFO] documenting MohanSharmav/zero2prod1 against beta-2023-12-22 for beta-1.76-rustdoc-1
[INFO] running `Command { std: "git" "clone" "/workspace/cache/git-repos/https%3A%2F%2Fgithub.com%2FMohanSharmav%2Fzero2prod1" "/workspace/builds/worker-2-tc2/source", kill_on_drop: false }`
[INFO] [stderr] Cloning into '/workspace/builds/worker-2-tc2/source'...
[INFO] [stderr] done.
[INFO] [stderr] Updating files:  40% (7036/17430)
Updating files:  41% (7147/17430)
Updating files:  42% (7321/17430)
Updating files:  43% (7495/17430)
Updating files:  44% (7670/17430)
Updating files:  45% (7844/17430)
Updating files:  46% (8018/17430)
Updating files:  47% (8193/17430)
Updating files:  47% (8267/17430)
Updating files:  48% (8367/17430)
Updating files:  49% (8541/17430)
Updating files:  50% (8715/17430)
Updating files:  51% (8890/17430)
Updating files:  52% (9064/17430)
Updating files:  53% (9238/17430)
Updating files:  53% (9289/17430)
Updating files:  54% (9413/17430)
Updating files:  55% (9587/17430)
Updating files:  55% (9611/17430)
Updating files:  56% (9761/17430)
Updating files:  57% (9936/17430)
Updating files:  58% (10110/17430)
Updating files:  58% (10235/17430)
Updating files:  59% (10284/17430)
Updating files:  59% (10289/17430)
Updating files:  59% (10331/17430)
Updating files:  60% (10458/17430)
Updating files:  60% (10503/17430)
Updating files:  61% (10633/17430)
Updating files:  61% (10744/17430)
Updating files:  62% (10807/17430)
Updating files:  62% (10853/17430)
Updating files:  63% (10981/17430)
Updating files:  63% (11110/17430)
Updating files:  64% (11156/17430)
Updating files:  64% (11203/17430)
Updating files:  64% (11224/17430)
Updating files:  64% (11307/17430)
Updating files:  65% (11330/17430)
Updating files:  65% (11425/17430)
Updating files:  65% (11444/17430)
Updating files:  66% (11504/17430)
Updating files:  66% (11534/17430)
Updating files:  66% (11587/17430)
Updating files:  67% (11679/17430)
Updating files:  67% (11758/17430)
Updating files:  68% (11853/17430)
Updating files:  69% (12027/17430)
Updating files:  70% (12201/17430)
Updating files:  71% (12376/17430)
Updating files:  72% (12550/17430)
Updating files:  73% (12724/17430)
Updating files:  73% (12768/17430)
Updating files:  74% (12899/17430)
Updating files:  75% (13073/17430)
Updating files:  76% (13247/17430)
Updating files:  76% (13419/17430)
Updating files:  77% (13422/17430)
Updating files:  78% (13596/17430)
Updating files:  79% (13770/17430)
Updating files:  80% (13944/17430)
Updating files:  81% (14119/17430)
Updating files:  81% (14233/17430)
Updating files:  82% (14293/17430)
Updating files:  83% (14467/17430)
Updating files:  84% (14642/17430)
Updating files:  85% (14816/17430)
Updating files:  86% (14990/17430)
Updating files:  86% (15082/17430)
Updating files:  87% (15165/17430)
Updating files:  88% (15339/17430)
Updating files:  89% (15513/17430)
Updating files:  90% (15687/17430)
Updating files:  91% (15862/17430)
Updating files:  91% (15925/17430)
Updating files:  92% (16036/17430)
Updating files:  93% (16210/17430)
Updating files:  94% (16385/17430)
Updating files:  95% (16559/17430)
Updating files:  96% (16733/17430)
Updating files:  97% (16908/17430)
Updating files:  97% (16918/17430)
Updating files:  98% (17082/17430)
Updating files:  99% (17256/17430)
Updating files: 100% (17430/17430)
Updating files: 100% (17430/17430), done.
[INFO] validating manifest of git repo https://github.com/MohanSharmav/zero2prod1 on toolchain beta-2023-12-22
[INFO] running `Command { std: CARGO_HOME="/workspace/cargo-home" RUSTUP_HOME="/workspace/rustup-home" "/workspace/cargo-home/bin/cargo" "+beta-2023-12-22" "metadata" "--manifest-path" "Cargo.toml" "--no-deps", kill_on_drop: false }`
[INFO] started tweaking git repo https://github.com/MohanSharmav/zero2prod1
[INFO] finished tweaking git repo https://github.com/MohanSharmav/zero2prod1
[INFO] tweaked toml for git repo https://github.com/MohanSharmav/zero2prod1 written to /workspace/builds/worker-2-tc2/source/Cargo.toml
[INFO] crate git repo https://github.com/MohanSharmav/zero2prod1 already has a lockfile, it will not be regenerated
[INFO] running `Command { std: CARGO_HOME="/workspace/cargo-home" RUSTUP_HOME="/workspace/rustup-home" "/workspace/cargo-home/bin/cargo" "+beta-2023-12-22" "fetch" "--manifest-path" "Cargo.toml", kill_on_drop: false }`
[INFO] running `Command { std: "docker" "create" "-v" "/var/lib/crater-agent-workspace/builds/worker-2-tc2/target:/opt/rustwide/target:rw,Z" "-v" "/var/lib/crater-agent-workspace/builds/worker-2-tc2/source:/opt/rustwide/workdir:ro,Z" "-v" "/var/lib/crater-agent-workspace/cargo-home:/opt/rustwide/cargo-home:ro,Z" "-v" "/var/lib/crater-agent-workspace/rustup-home:/opt/rustwide/rustup-home:ro,Z" "-e" "SOURCE_DIR=/opt/rustwide/workdir" "-e" "CARGO_TARGET_DIR=/opt/rustwide/target" "-e" "CARGO_HOME=/opt/rustwide/cargo-home" "-e" "RUSTUP_HOME=/opt/rustwide/rustup-home" "-w" "/opt/rustwide/workdir" "-m" "1610612736" "--user" "0:0" "--network" "none" "ghcr.io/rust-lang/crates-build-env/linux@sha256:2788e3201cd34a07e3172128adcd8b3090168a8e3bcc40d7c032b9dda1df7d1c" "/opt/rustwide/cargo-home/bin/cargo" "+beta-2023-12-22" "metadata" "--no-deps" "--format-version=1", kill_on_drop: false }`
[INFO] [stdout] 05651050cd9a155174a0fb43c31e73aaaa0f0e6e61dbbe51247dd20405e17597
[INFO] running `Command { std: "docker" "start" "-a" "05651050cd9a155174a0fb43c31e73aaaa0f0e6e61dbbe51247dd20405e17597", kill_on_drop: false }`
[INFO] running `Command { std: "docker" "inspect" "05651050cd9a155174a0fb43c31e73aaaa0f0e6e61dbbe51247dd20405e17597", kill_on_drop: false }`
[INFO] running `Command { std: "docker" "rm" "-f" "05651050cd9a155174a0fb43c31e73aaaa0f0e6e61dbbe51247dd20405e17597", kill_on_drop: false }`
[INFO] [stdout] 05651050cd9a155174a0fb43c31e73aaaa0f0e6e61dbbe51247dd20405e17597
[INFO] running `Command { std: "docker" "create" "-v" "/var/lib/crater-agent-workspace/builds/worker-2-tc2/target:/opt/rustwide/target:rw,Z" "-v" "/var/lib/crater-agent-workspace/builds/worker-2-tc2/source:/opt/rustwide/workdir:ro,Z" "-v" "/var/lib/crater-agent-workspace/cargo-home:/opt/rustwide/cargo-home:ro,Z" "-v" "/var/lib/crater-agent-workspace/rustup-home:/opt/rustwide/rustup-home:ro,Z" "-e" "SOURCE_DIR=/opt/rustwide/workdir" "-e" "CARGO_TARGET_DIR=/opt/rustwide/target" "-e" "CARGO_INCREMENTAL=0" "-e" "RUST_BACKTRACE=full" "-e" "RUSTFLAGS=--cap-lints=warn" "-e" "RUSTDOCFLAGS=--cap-lints=warn" "-e" "CARGO_HOME=/opt/rustwide/cargo-home" "-e" "RUSTUP_HOME=/opt/rustwide/rustup-home" "-w" "/opt/rustwide/workdir" "-m" "1610612736" "--user" "0:0" "--network" "none" "ghcr.io/rust-lang/crates-build-env/linux@sha256:2788e3201cd34a07e3172128adcd8b3090168a8e3bcc40d7c032b9dda1df7d1c" "/opt/rustwide/cargo-home/bin/cargo" "+beta-2023-12-22" "doc" "--frozen" "--no-deps" "--document-private-items" "--message-format=json", kill_on_drop: false }`
[INFO] [stdout] f47d6b565b529f95a5a027cbf00370fe33d9281242fa2bbe5b175c507b2c8a22
[INFO] running `Command { std: "docker" "start" "-a" "f47d6b565b529f95a5a027cbf00370fe33d9281242fa2bbe5b175c507b2c8a22", kill_on_drop: false }`
[INFO] [stderr]    Compiling libc v0.2.139
[INFO] [stderr]    Compiling proc-macro2 v1.0.51
[INFO] [stderr]    Compiling unicode-ident v1.0.8
[INFO] [stderr]    Compiling syn v1.0.109
[INFO] [stderr]    Compiling memchr v2.5.0
[INFO] [stderr]     Checking once_cell v1.17.1
[INFO] [stderr]    Compiling futures-core v0.3.26
[INFO] [stderr]    Compiling generic-array v0.14.6
[INFO] [stderr]    Compiling lock_api v0.4.9
[INFO] [stderr]     Checking pin-project-lite v0.2.9
[INFO] [stderr]     Checking smallvec v1.10.0
[INFO] [stderr]    Compiling parking_lot_core v0.9.7
[INFO] [stderr]    Compiling log v0.4.17
[INFO] [stderr]    Compiling tokio v1.26.0
[INFO] [stderr]    Compiling futures-task v0.3.26
[INFO] [stderr]     Checking itoa v1.0.6
[INFO] [stderr]    Compiling thiserror v1.0.39
[INFO] [stderr]    Compiling num-traits v0.2.15
[INFO] [stderr]    Compiling futures-util v0.3.26
[INFO] [stderr]    Compiling bytes v1.4.0
[INFO] [stderr]     Checking tracing-core v0.1.30
[INFO] [stderr]     Checking futures-sink v0.3.26
[INFO] [stderr]     Checking subtle v2.4.1
[INFO] [stderr]    Compiling paste v1.0.12
[INFO] [stderr]    Compiling parking_lot_core v0.8.6
[INFO] [stderr]    Compiling serde_json v1.0.94
[INFO] [stderr]    Compiling rustls v0.20.8
[INFO] [stderr]    Compiling untrusted v0.7.1
[INFO] [stderr]    Compiling spin v0.5.2
[INFO] [stderr]    Compiling num-integer v0.1.45
[INFO] [stderr]    Compiling crossbeam-utils v0.8.15
[INFO] [stderr]    Compiling pkg-config v0.3.26
[INFO] [stderr]     Checking tinyvec_macros v0.1.1
[INFO] [stderr]     Checking tinyvec v1.6.0
[INFO] [stderr]    Compiling indexmap v1.9.2
[INFO] [stderr]    Compiling quote v1.0.23
[INFO] [stderr]     Checking ryu v1.0.13
[INFO] [stderr]     Checking crypto-common v0.1.6
[INFO] [stderr]     Checking block-buffer v0.10.3
[INFO] [stderr]     Checking digest v0.10.6
[INFO] [stderr]    Compiling jobserver v0.1.26
[INFO] [stderr]     Checking getrandom v0.2.8
[INFO] [stderr]     Checking socket2 v0.4.9
[INFO] [stderr]     Checking num_cpus v1.15.0
[INFO] [stderr]     Checking signal-hook-registry v1.4.1
[INFO] [stderr]     Checking mio v0.8.6
[INFO] [stderr]     Checking ahash v0.7.6
[INFO] [stderr]    Compiling cc v1.0.79
[INFO] [stderr]     Checking rand_core v0.6.4
[INFO] [stderr]     Checking parking_lot v0.12.1
[INFO] [stderr]     Checking aho-corasick v0.7.20
[INFO] [stderr]     Checking hashbrown v0.12.3
[INFO] [stderr]    Compiling futures-channel v0.3.26
[INFO] [stderr]    Compiling crossbeam-queue v0.3.8
[INFO] [stderr]     Checking unicode-bidi v0.3.10
[INFO] [stderr]     Checking rand_chacha v0.3.1
[INFO] [stderr]     Checking unicode-normalization v0.1.22
[INFO] [stderr]     Checking form_urlencoded v1.1.0
[INFO] [stderr]    Compiling instant v0.1.12
[INFO] [stderr]    Compiling ahash v0.8.3
[INFO] [stderr]    Compiling slab v0.4.8
[INFO] [stderr]    Compiling ucd-trie v0.1.5
[INFO] [stderr]     Checking base64 v0.21.0
[INFO] [stderr]     Checking alloc-no-stdlib v2.0.4
[INFO] [stderr]    Compiling crc32fast v1.3.2
[INFO] [stderr]     Checking regex v1.7.1
[INFO] [stderr]    Compiling scopeguard v1.1.0
[INFO] [stderr]    Compiling zstd-safe v6.0.4+zstd.1.5.4
[INFO] [stderr]     Checking local-waker v0.1.3
[INFO] [stderr]    Compiling time-core v0.1.0
[INFO] [stderr]     Checking alloc-stdlib v0.2.2
[INFO] [stderr]    Compiling time-macros v0.2.8
[INFO] [stderr]     Checking idna v0.3.0
[INFO] [stderr]     Checking http v0.2.9
[INFO] [stderr]     Checking rand v0.8.5
[INFO] [stderr]     Checking sha1 v0.10.5
[INFO] [stderr]    Compiling percent-encoding v2.2.0
[INFO] [stderr]     Checking adler v1.0.2
[INFO] [stderr]     Checking minimal-lexical v0.2.1
[INFO] [stderr]    Compiling cpufeatures v0.2.5
[INFO] [stderr]    Compiling ring v0.16.20
[INFO] [stderr]    Compiling zstd-sys v2.0.7+zstd.1.5.4
[INFO] [stderr]    Compiling regex-syntax v0.6.28
[INFO] [stderr]    Compiling fnv v1.0.7
[INFO] [stderr]    Compiling ppv-lite86 v0.2.17
[INFO] [stderr]     Checking nom v7.1.3
[INFO] [stderr]    Compiling tracing v0.1.37
[INFO] [stderr]     Checking miniz_oxide v0.6.2
[INFO] [stderr]     Checking url v2.3.1
[INFO] [stderr]    Compiling parking_lot v0.11.2
[INFO] [stderr]     Checking brotli-decompressor v2.3.4
[INFO] [stderr]     Checking actix-utils v3.0.1
[INFO] [stderr]     Checking actix-service v2.0.2
[INFO] [stderr]    Compiling hmac v0.12.1
[INFO] [stderr]    Compiling dirs-sys v0.3.7
[INFO] [stderr]    Compiling bytestring v1.3.0
[INFO] [stderr]    Compiling cookie v0.16.2
[INFO] [stderr]    Compiling convert_case v0.4.0
[INFO] [stderr]    Compiling unicode_categories v0.1.1
[INFO] [stderr]    Compiling pin-utils v0.1.0
[INFO] [stderr]     Checking base64 v0.13.1
[INFO] [stderr]    Compiling iana-time-zone v0.1.53
[INFO] [stderr]    Compiling crc-catalog v2.2.0
[INFO] [stderr]     Checking time v0.3.20
[INFO] [stderr]    Compiling chrono v0.4.23
[INFO] [stderr]    Compiling crc v3.0.1
[INFO] [stderr]    Compiling dirs v4.0.0
[INFO] [stderr]    Compiling hkdf v0.12.3
[INFO] [stderr]     Checking flate2 v1.0.25
[INFO] [stderr]    Compiling futures-intrusive v0.4.2
[INFO] [stderr]    Compiling rustls-pemfile v1.0.2
[INFO] [stderr]     Checking local-channel v0.1.3
[INFO] [stderr]     Checking brotli v3.3.4
[INFO] [stderr]    Compiling hashlink v0.8.1
[INFO] [stderr]    Compiling stringprep v0.1.2
[INFO] [stderr]    Compiling sha2 v0.10.6
[INFO] [stderr]    Compiling atoi v1.0.0
[INFO] [stderr]    Compiling md-5 v0.10.5
[INFO] [stderr]     Checking uuid v1.3.0
[INFO] [stderr]     Checking regex-automata v0.1.10
[INFO] [stderr]     Checking encoding_rs v0.8.32
[INFO] [stderr]     Checking dlv-list v0.3.0
[INFO] [stderr]    Compiling async-trait v0.1.66
[INFO] [stderr]     Checking overload v0.1.1
[INFO] [stderr]    Compiling whoami v1.3.0
[INFO] [stderr]     Checking language-tags v0.3.2
[INFO] [stderr]    Compiling bitflags v1.3.2
[INFO] [stderr]    Compiling dotenvy v0.15.6
[INFO] [stderr]    Compiling hex v0.4.3
[INFO] [stderr]    Compiling tokio-stream v0.1.12
[INFO] [stderr]    Compiling byteorder v1.4.3
[INFO] [stderr]    Compiling event-listener v2.5.3
[INFO] [stderr]    Compiling heck v0.4.1
[INFO] [stderr]     Checking matchers v0.1.0
[INFO] [stderr]     Checking ordered-multimap v0.4.3
[INFO] [stderr]     Checking nu-ansi-term v0.46.0
[INFO] [stderr]     Checking sharded-slab v0.1.4
[INFO] [stderr]     Checking tracing-log v0.1.3
[INFO] [stderr]    Compiling webpki v0.22.0
[INFO] [stderr]    Compiling sct v0.7.0
[INFO] [stderr]     Checking thread_local v1.1.7
[INFO] [stderr]     Checking webpki-roots v0.22.6
[INFO] [stderr]     Checking linked-hash-map v0.5.6
[INFO] [stderr]     Checking rust-ini v0.18.0
[INFO] [stderr]     Checking atty v0.2.14
[INFO] [stderr]     Checking gethostname v0.2.3
[INFO] [stderr]     Checking termcolor v1.2.0
[INFO] [stderr]     Checking pathdiff v0.2.1
[INFO] [stderr]     Checking zeroize v1.5.7
[INFO] [stderr]     Checking yaml-rust v0.4.5
[INFO] [stderr]     Checking env_logger v0.9.3
[INFO] [stderr]    Compiling serde_derive v1.0.152
[INFO] [stderr]    Compiling tokio-macros v1.8.2
[INFO] [stderr]    Compiling thiserror-impl v1.0.39
[INFO] [stderr]    Compiling tracing-attributes v0.1.23
[INFO] [stderr]    Compiling derive_more v0.99.17
[INFO] [stderr]    Compiling actix-macros v0.2.3
[INFO] [stderr]    Compiling pin-project-internal v1.0.12
[INFO] [stderr]    Compiling tokio-rustls v0.23.4
[INFO] [stderr]    Compiling sqlx-rt v0.6.2
[INFO] [stderr]    Compiling pest v2.5.6
[INFO] [stderr]     Checking pin-project v1.0.12
[INFO] [stderr]     Checking tracing-subscriber v0.3.16
[INFO] [stderr]    Compiling pest_meta v2.5.6
[INFO] [stderr]    Compiling pest_generator v2.5.6
[INFO] [stderr]     Checking zstd v0.12.3+zstd.1.5.2
[INFO] [stderr]     Checking serde v1.0.152
[INFO] [stderr]    Compiling pest_derive v2.5.6
[INFO] [stderr]     Checking tokio-util v0.7.7
[INFO] [stderr]     Checking actix-rt v2.8.0
[INFO] [stderr]     Checking actix-server v2.2.0
[INFO] [stderr]     Checking actix-codec v0.5.0
[INFO] [stderr]     Checking h2 v0.3.16
[INFO] [stderr]     Checking either v1.8.1
[INFO] [stderr]     Checking serde_urlencoded v0.7.1
[INFO] [stderr]     Checking actix-router v0.5.1
[INFO] [stderr]     Checking toml v0.5.11
[INFO] [stderr]     Checking ron v0.7.1
[INFO] [stderr]     Checking json5 v0.4.1
[INFO] [stderr]     Checking secrecy v0.8.0
[INFO] [stderr]     Checking itertools v0.10.5
[INFO] [stderr]     Checking config v0.13.3
[INFO] [stderr]     Checking tracing-bunyan-formatter v0.3.6
[INFO] [stderr]     Checking sqlformat v0.2.1
[INFO] [stderr]    Compiling actix-web-codegen v4.2.0
[INFO] [stderr]     Checking sqlx-core v0.6.2
[INFO] [stderr]     Checking actix-http v3.3.1
[INFO] [stderr]     Checking actix-web v4.3.1
[INFO] [stderr]     Checking tracing-actix-web v0.7.2
[INFO] [stderr]    Compiling sqlx-macros v0.6.2
[INFO] [stderr]     Checking sqlx v0.6.2
[INFO] [stderr]  Documenting zero2prod1 v0.1.0 (/opt/rustwide/workdir)
[INFO] [stderr]     Checking zero2prod1 v0.1.0 (/opt/rustwide/workdir)
[INFO] [stdout] error: error communicating with database: Cannot assign requested address (os error 99)
[INFO] [stdout]   --> src/routes/subscriptions.rs:41:5
[INFO] [stdout]    |
[INFO] [stdout] 41 | /     sqlx::query!(
[INFO] [stdout] 42 | |         r#"
[INFO] [stdout] 43 | |         INSERT INTO subscriptions (id, email, name, subscribed_at)
[INFO] [stdout] 44 | |         VALUES ($1, $2, $3, $4)
[INFO] [stdout] ...  |
[INFO] [stdout] 49 | |         Utc::now()
[INFO] [stdout] 50 | |     )
[INFO] [stdout]    | |_____^
[INFO] [stdout]    |
[INFO] [stdout]    = note: this error originates in the macro `$crate::sqlx_macros::expand_query` which comes from the expansion of the macro `sqlx::query` (in Nightly builds, run with -Z macro-backtrace for more info)
[INFO] [stdout] 
[INFO] [stdout] 
[INFO] [stdout] error: error communicating with database: Cannot assign requested address (os error 99)
[INFO] [stdout]   --> src/routes/subscriptions.rs:41:5
[INFO] [stdout]    |
[INFO] [stdout] 41 | /     sqlx::query!(
[INFO] [stdout] 42 | |         r#"
[INFO] [stdout] 43 | |         INSERT INTO subscriptions (id, email, name, subscribed_at)
[INFO] [stdout] 44 | |         VALUES ($1, $2, $3, $4)
[INFO] [stdout] ...  |
[INFO] [stdout] 49 | |         Utc::now()
[INFO] [stdout] 50 | |     )
[INFO] [stdout]    | |_____^
[INFO] [stdout]    |
[INFO] [stdout]    = note: this error originates in the macro `$crate::sqlx_macros::expand_query` which comes from the expansion of the macro `sqlx::query` (in Nightly builds, run with -Z macro-backtrace for more info)
[INFO] [stdout] 
[INFO] [stdout] 
[INFO] [stdout] warning: unused import: `PgConnection`
[INFO] [stdout]  --> src/lib.rs:4:12
[INFO] [stdout]   |
[INFO] [stdout] 4 | use sqlx::{PgConnection, Pool, Postgres};
[INFO] [stdout]   |            ^^^^^^^^^^^^
[INFO] [stdout]   |
[INFO] [stdout]   = note: `#[warn(unused_imports)]` on by default
[INFO] [stdout] 
[INFO] [stdout] 
[INFO] [stdout] warning: unused import: `std::arch::asm`
[INFO] [stdout]  --> src/routes/health_check.rs:1:5
[INFO] [stdout]   |
[INFO] [stdout] 1 | use std::arch::asm;
[INFO] [stdout]   |     ^^^^^^^^^^^^^^
[INFO] [stdout] 
[INFO] [stdout] 
[INFO] [stdout] warning: unused import: `sqlx::types::Uuid`
[INFO] [stdout]  --> src/routes/subscriptions.rs:2:5
[INFO] [stdout]   |
[INFO] [stdout] 2 | use sqlx::types::Uuid;
[INFO] [stdout]   |     ^^^^^^^^^^^^^^^^^
[INFO] [stdout] 
[INFO] [stdout] 
[INFO] [stdout] warning: unused imports: `Error`, `PgConnection`
[INFO] [stdout]  --> src/routes/subscriptions.rs:3:12
[INFO] [stdout]   |
[INFO] [stdout] 3 | use sqlx::{Error, PgConnection, PgPool};
[INFO] [stdout]   |            ^^^^^  ^^^^^^^^^^^^
[INFO] [stdout] 
[INFO] [stdout] 
[INFO] [stdout] warning: unused import: `sqlx::postgres::PgQueryResult`
[INFO] [stdout]  --> src/routes/subscriptions.rs:4:5
[INFO] [stdout]   |
[INFO] [stdout] 4 | use sqlx::postgres::PgQueryResult;
[INFO] [stdout]   |     ^^^^^^^^^^^^^^^^^^^^^^^^^^^^^
[INFO] [stdout] 
[INFO] [stdout] 
[INFO] [stdout] warning: unused import: `sqlx::types::chrono::Utc`
[INFO] [stdout]  --> src/routes/subscriptions.rs:6:5
[INFO] [stdout]   |
[INFO] [stdout] 6 | use sqlx::types::chrono::Utc;
[INFO] [stdout]   |     ^^^^^^^^^^^^^^^^^^^^^^^^
[INFO] [stdout] 
[INFO] [stdout] 
[INFO] [stdout] warning: unused import: `tracing::Instrument`
[INFO] [stdout]  --> src/routes/subscriptions.rs:7:5
[INFO] [stdout]   |
[INFO] [stdout] 7 | use tracing::Instrument;
[INFO] [stdout]   |     ^^^^^^^^^^^^^^^^^^^
[INFO] [stdout] 
[INFO] [stdout] 
[INFO] [stdout] warning: unused import: `PgConnection`
[INFO] [stdout]  --> src/startup.rs:4:12
[INFO] [stdout]   |
[INFO] [stdout] 4 | use sqlx::{PgConnection, PgPool};
[INFO] [stdout]   |            ^^^^^^^^^^^^
[INFO] [stdout] 
[INFO] [stdout] 
[INFO] [stdout] warning: unused import: `actix_web::middleware::Logger`
[INFO] [stdout]  --> src/startup.rs:6:5
[INFO] [stdout]   |
[INFO] [stdout] 6 | use actix_web::middleware::Logger;
[INFO] [stdout]   |     ^^^^^^^^^^^^^^^^^^^^^^^^^^^^^
[INFO] [stdout] 
[INFO] [stdout] 
[INFO] [stdout] warning: unused import: `tokio::io::Sink`
[INFO] [stdout]  --> src/telemetry.rs:1:5
[INFO] [stdout]   |
[INFO] [stdout] 1 | use tokio::io::Sink;
[INFO] [stdout]   |     ^^^^^^^^^^^^^^^
[INFO] [stdout] 
[INFO] [stdout] 
[INFO] [stdout] error: aborting due to 1 previous error
[INFO] [stdout] 
[INFO] [stdout] 
[INFO] [stderr] error: could not document `zero2prod1`
[INFO] [stderr] 
[INFO] [stderr] Caused by:
[INFO] [stderr]   process didn't exit successfully: `/opt/rustwide/rustup-home/toolchains/beta-2023-12-22-x86_64-unknown-linux-gnu/bin/rustdoc --edition=2021 --crate-type lib --crate-name zero2prod1 src/lib.rs -o /opt/rustwide/target/doc --error-format=json --json=diagnostic-rendered-ansi,artifacts,future-incompat --document-private-items -C metadata=1aac7523c6e448fb -L dependency=/opt/rustwide/target/debug/deps --extern actix_web=/opt/rustwide/target/debug/deps/libactix_web-eefba71f77d83906.rmeta --extern chrono=/opt/rustwide/target/debug/deps/libchrono-77f0a8ef56c5f92c.rmeta --extern config=/opt/rustwide/target/debug/deps/libconfig-158dd18e14d729cd.rmeta --extern env_logger=/opt/rustwide/target/debug/deps/libenv_logger-717f36c66c17def4.rmeta --extern log=/opt/rustwide/target/debug/deps/liblog-50d361c8d69d49a5.rmeta --extern once_cell=/opt/rustwide/target/debug/deps/libonce_cell-e785d55d05e0daa6.rmeta --extern secrecy=/opt/rustwide/target/debug/deps/libsecrecy-63c3ecbf6bb9f843.rmeta --extern serde=/opt/rustwide/target/debug/deps/libserde-c0fecb8dd258c837.rmeta --extern sqlx=/opt/rustwide/target/debug/deps/libsqlx-e00f00c981b30f20.rmeta --extern tokio=/opt/rustwide/target/debug/deps/libtokio-c6f92535cec58d41.rmeta --extern tracing=/opt/rustwide/target/debug/deps/libtracing-3b3760171616f0e5.rmeta --extern tracing_actix_web=/opt/rustwide/target/debug/deps/libtracing_actix_web-a99c516abcc052d0.rmeta --extern tracing_bunyan_formatter=/opt/rustwide/target/debug/deps/libtracing_bunyan_formatter-27add0a97496d11d.rmeta --extern tracing_log=/opt/rustwide/target/debug/deps/libtracing_log-10d4e1e6ad4ff69b.rmeta --extern tracing_subscriber=/opt/rustwide/target/debug/deps/libtracing_subscriber-405d0b555f13a0d6.rmeta --extern uuid=/opt/rustwide/target/debug/deps/libuuid-f8ac43fcfb678e37.rmeta --cap-lints=warn --crate-version 0.1.0` (exit status: 1)
[INFO] [stderr] warning: build failed, waiting for other jobs to finish...
[INFO] [stdout] error: aborting due to 1 previous error; 10 warnings emitted
[INFO] [stdout] 
[INFO] [stdout] 
[INFO] [stderr] error: could not compile `zero2prod1` (lib) due to 2 previous errors; 10 warnings emitted
[INFO] running `Command { std: "docker" "inspect" "f47d6b565b529f95a5a027cbf00370fe33d9281242fa2bbe5b175c507b2c8a22", kill_on_drop: false }`
[INFO] running `Command { std: "docker" "rm" "-f" "f47d6b565b529f95a5a027cbf00370fe33d9281242fa2bbe5b175c507b2c8a22", kill_on_drop: false }`
[INFO] [stdout] f47d6b565b529f95a5a027cbf00370fe33d9281242fa2bbe5b175c507b2c8a22
