[INFO] cloning repository https://github.com/Mohamadol/delphi_bench
[INFO] running `Command { std: "git" "-c" "credential.helper=" "-c" "credential.helper=/workspace/cargo-home/bin/git-credential-null" "clone" "--bare" "https://github.com/Mohamadol/delphi_bench" "/workspace/cache/git-repos/https%3A%2F%2Fgithub.com%2FMohamadol%2Fdelphi_bench", kill_on_drop: false }`
[INFO] [stderr] Cloning into bare repository '/workspace/cache/git-repos/https%3A%2F%2Fgithub.com%2FMohamadol%2Fdelphi_bench'...
[INFO] running `Command { std: "git" "rev-parse" "HEAD", kill_on_drop: false }`
[INFO] [stdout] c0f37bcd60616da67543f3ff8bf4ff5b04a226e3
[INFO] documenting Mohamadol/delphi_bench against 1.75.0 for beta-1.76-rustdoc-1
[INFO] running `Command { std: "git" "clone" "/workspace/cache/git-repos/https%3A%2F%2Fgithub.com%2FMohamadol%2Fdelphi_bench" "/workspace/builds/worker-4-tc1/source", kill_on_drop: false }`
[INFO] [stderr] Cloning into '/workspace/builds/worker-4-tc1/source'...
[INFO] [stderr] done.
[INFO] validating manifest of git repo https://github.com/Mohamadol/delphi_bench on toolchain 1.75.0
[INFO] running `Command { std: CARGO_HOME="/workspace/cargo-home" RUSTUP_HOME="/workspace/rustup-home" "/workspace/cargo-home/bin/cargo" "+1.75.0" "metadata" "--manifest-path" "Cargo.toml" "--no-deps", kill_on_drop: false }`
[INFO] removed /workspace/builds/worker-4-tc1/source/.cargo/config
[INFO] started tweaking git repo https://github.com/Mohamadol/delphi_bench
[INFO] finished tweaking git repo https://github.com/Mohamadol/delphi_bench
[INFO] tweaked toml for git repo https://github.com/Mohamadol/delphi_bench written to /workspace/builds/worker-4-tc1/source/Cargo.toml
[INFO] crate git repo https://github.com/Mohamadol/delphi_bench already has a lockfile, it will not be regenerated
[INFO] running `Command { std: CARGO_HOME="/workspace/cargo-home" RUSTUP_HOME="/workspace/rustup-home" "/workspace/cargo-home/bin/cargo" "+1.75.0" "fetch" "--manifest-path" "Cargo.toml", kill_on_drop: false }`
[INFO] [stderr]     Updating git repository `https://github.com/pratyush/fancy-garbling/`
[INFO] [stderr]     Updating crates.io index
[INFO] [stderr]     Updating git repository `https://github.com/ryanleh/io-utils`
[INFO] [stderr]     Updating git repository `https://github.com/GaloisInc/ocelot/`
[INFO] [stderr]     Updating git repository `https://github.com/GaloisInc/scuttlebutt/`
[INFO] [stderr]  Downloading crates ...
[INFO] [stderr]   Downloaded npy v0.4.0
[INFO] [stderr]   Downloaded torch-sys v0.14.0
[INFO] [stderr]   Downloaded tch v0.14.0
[INFO] [stderr]   Downloaded npy-derive v0.4.0
[INFO] running `Command { std: "docker" "create" "-v" "/var/lib/crater-agent-workspace/builds/worker-4-tc1/target:/opt/rustwide/target:rw,Z" "-v" "/var/lib/crater-agent-workspace/builds/worker-4-tc1/source:/opt/rustwide/workdir:ro,Z" "-v" "/var/lib/crater-agent-workspace/cargo-home:/opt/rustwide/cargo-home:ro,Z" "-v" "/var/lib/crater-agent-workspace/rustup-home:/opt/rustwide/rustup-home:ro,Z" "-e" "SOURCE_DIR=/opt/rustwide/workdir" "-e" "CARGO_TARGET_DIR=/opt/rustwide/target" "-e" "CARGO_HOME=/opt/rustwide/cargo-home" "-e" "RUSTUP_HOME=/opt/rustwide/rustup-home" "-w" "/opt/rustwide/workdir" "-m" "1610612736" "--user" "0:0" "--network" "none" "ghcr.io/rust-lang/crates-build-env/linux@sha256:2788e3201cd34a07e3172128adcd8b3090168a8e3bcc40d7c032b9dda1df7d1c" "/opt/rustwide/cargo-home/bin/cargo" "+1.75.0" "metadata" "--no-deps" "--format-version=1", kill_on_drop: false }`
[INFO] [stdout] e869234bf1e442b4acc4179390bf915794d835b6ba4b8e3ddea5438f5b953f3f
[INFO] running `Command { std: "docker" "start" "-a" "e869234bf1e442b4acc4179390bf915794d835b6ba4b8e3ddea5438f5b953f3f", kill_on_drop: false }`
[INFO] running `Command { std: "docker" "inspect" "e869234bf1e442b4acc4179390bf915794d835b6ba4b8e3ddea5438f5b953f3f", kill_on_drop: false }`
[INFO] running `Command { std: "docker" "rm" "-f" "e869234bf1e442b4acc4179390bf915794d835b6ba4b8e3ddea5438f5b953f3f", kill_on_drop: false }`
[INFO] [stdout] e869234bf1e442b4acc4179390bf915794d835b6ba4b8e3ddea5438f5b953f3f
[INFO] running `Command { std: "docker" "create" "-v" "/var/lib/crater-agent-workspace/builds/worker-4-tc1/target:/opt/rustwide/target:rw,Z" "-v" "/var/lib/crater-agent-workspace/builds/worker-4-tc1/source:/opt/rustwide/workdir:ro,Z" "-v" "/var/lib/crater-agent-workspace/cargo-home:/opt/rustwide/cargo-home:ro,Z" "-v" "/var/lib/crater-agent-workspace/rustup-home:/opt/rustwide/rustup-home:ro,Z" "-e" "SOURCE_DIR=/opt/rustwide/workdir" "-e" "CARGO_TARGET_DIR=/opt/rustwide/target" "-e" "CARGO_INCREMENTAL=0" "-e" "RUST_BACKTRACE=full" "-e" "RUSTFLAGS=--cap-lints=warn" "-e" "RUSTDOCFLAGS=--cap-lints=warn" "-e" "CARGO_HOME=/opt/rustwide/cargo-home" "-e" "RUSTUP_HOME=/opt/rustwide/rustup-home" "-w" "/opt/rustwide/workdir" "-m" "1610612736" "--user" "0:0" "--network" "none" "ghcr.io/rust-lang/crates-build-env/linux@sha256:2788e3201cd34a07e3172128adcd8b3090168a8e3bcc40d7c032b9dda1df7d1c" "/opt/rustwide/cargo-home/bin/cargo" "+1.75.0" "doc" "--frozen" "--no-deps" "--document-private-items" "--message-format=json", kill_on_drop: false }`
[INFO] [stdout] d55694337ffdfc6a2df9478d84a7a7f046921aec61089da2b1673db0f1ffb1ca
[INFO] running `Command { std: "docker" "start" "-a" "d55694337ffdfc6a2df9478d84a7a7f046921aec61089da2b1673db0f1ffb1ca", kill_on_drop: false }`
[INFO] [stderr]    Compiling libc v0.2.150
[INFO] [stderr]    Compiling proc-macro2 v1.0.69
[INFO] [stderr]     Checking memchr v2.6.4
[INFO] [stderr]    Compiling subtle v2.5.0
[INFO] [stderr]    Compiling serde v1.0.192
[INFO] [stderr]    Compiling crossbeam-utils v0.8.16
[INFO] [stderr]    Compiling byteorder v1.5.0
[INFO] [stderr]     Checking rand_core v0.3.1
[INFO] [stderr]    Compiling zstd-safe v5.0.2+zstd.1.5.2
[INFO] [stderr]    Compiling num-traits v0.2.17
[INFO] [stderr]    Compiling generic-array v0.12.4
[INFO] [stderr]    Compiling rand v0.6.5
[INFO] [stderr]    Compiling rand_core v0.4.2
[INFO] [stderr]    Compiling syn v1.0.109
[INFO] [stderr]    Compiling digest v0.10.7
[INFO] [stderr]     Checking rand_chacha v0.1.1
[INFO] [stderr]     Checking rand_xorshift v0.1.1
[INFO] [stderr]     Checking rand_isaac v0.1.1
[INFO] [stderr]     Checking rand_hc v0.1.0
[INFO] [stderr]    Compiling inout v0.1.3
[INFO] [stderr]    Compiling matrixmultiply v0.3.8
[INFO] [stderr]     Checking parking v2.2.0
[INFO] [stderr]    Compiling digest v0.8.1
[INFO] [stderr]    Compiling powerfmt v0.2.0
[INFO] [stderr]    Compiling adler v1.0.2
[INFO] [stderr]    Compiling base64ct v1.6.0
[INFO] [stderr]    Compiling hmac v0.12.1
[INFO] [stderr]    Compiling sha2 v0.10.8
[INFO] [stderr]    Compiling cipher v0.4.4
[INFO] [stderr]    Compiling miniz_oxide v0.7.1
[INFO] [stderr]    Compiling crc32fast v1.3.2
[INFO] [stderr]     Checking gimli v0.28.0
[INFO] [stderr]    Compiling deranged v0.3.9
[INFO] [stderr]    Compiling anyhow v1.0.75
[INFO] [stderr]     Checking rawpointer v0.2.1
[INFO] [stderr]    Compiling unicode-xid v0.2.4
[INFO] [stderr]    Compiling time-core v0.1.2
[INFO] [stderr]    Compiling syn v0.15.44
[INFO] [stderr]     Checking object v0.32.1
[INFO] [stderr]    Compiling aes v0.8.3
[INFO] [stderr]     Checking concurrent-queue v2.3.0
[INFO] [stderr]     Checking block-buffer v0.7.3
[INFO] [stderr]    Compiling sha1 v0.10.6
[INFO] [stderr]    Compiling quote v1.0.33
[INFO] [stderr]    Compiling constant_time_eq v0.1.5
[INFO] [stderr]     Checking rustc-demangle v0.1.23
[INFO] [stderr]    Compiling flate2 v1.0.28
[INFO] [stderr]     Checking sha2 v0.8.2
[INFO] [stderr]    Compiling syn v2.0.39
[INFO] [stderr]     Checking aho-corasick v1.1.2
[INFO] [stderr]    Compiling glob v0.3.1
[INFO] [stderr]     Checking regex-syntax v0.8.2
[INFO] [stderr]     Checking either v1.9.0
[INFO] [stderr]    Compiling version_check v0.1.5
[INFO] [stderr]     Checking event-listener v3.1.0
[INFO] [stderr]     Checking num-complex v0.4.4
[INFO] [stderr]     Checking num-integer v0.1.45
[INFO] [stderr]    Compiling time v0.3.30
[INFO] [stderr]    Compiling nom v4.2.3
[INFO] [stderr]    Compiling clang-sys v0.28.1
[INFO] [stderr]     Checking bit-vec v0.4.4
[INFO] [stderr]    Compiling serde_json v1.0.108
[INFO] [stderr]     Checking rand_os v0.1.3
[INFO] [stderr]     Checking getrandom v0.2.11
[INFO] [stderr]    Compiling jobserver v0.1.27
[INFO] [stderr]     Checking rand_core v0.6.4
[INFO] [stderr]     Checking itoa v1.0.9
[INFO] [stderr]    Compiling cc v1.0.83
[INFO] [stderr]     Checking ryu v1.0.15
[INFO] [stderr]    Compiling password-hash v0.4.2
[INFO] [stderr]    Compiling atty v0.2.14
[INFO] [stderr]     Checking event-listener-strategy v0.3.0
[INFO] [stderr]     Checking itertools v0.8.2
[INFO] [stderr]    Compiling pbkdf2 v0.11.0
[INFO] [stderr]    Compiling crossbeam-utils v0.7.2
[INFO] [stderr]     Checking fastrand v2.0.1
[INFO] [stderr]    Compiling quick-error v1.2.3
[INFO] [stderr]     Checking addr2line v0.21.0
[INFO] [stderr]    Compiling unicode-width v0.1.11
[INFO] [stderr]    Compiling io-lifetimes v1.0.11
[INFO] [stderr]    Compiling value-bag v1.4.2
[INFO] [stderr]     Checking rand_chacha v0.3.1
[INFO] [stderr]     Checking log v0.4.20
[INFO] [stderr]    Compiling textwrap v0.11.0
[INFO] [stderr]    Compiling humantime v1.3.0
[INFO] [stderr]     Checking regex-automata v0.4.3
[INFO] [stderr]     Checking memchr v1.0.2
[INFO] [stderr]    Compiling memoffset v0.9.0
[INFO] [stderr]    Compiling polling v2.8.0
[INFO] [stderr]    Compiling bitflags v1.3.2
[INFO] [stderr]    Compiling synstructure v0.12.6
[INFO] [stderr]    Compiling termcolor v1.4.0
[INFO] [stderr]    Compiling ansi_term v0.12.1
[INFO] [stderr]    Compiling rustix v0.37.27
[INFO] [stderr]    Compiling bindgen v0.52.0
[INFO] [stderr]    Compiling rustix v0.38.25
[INFO] [stderr]    Compiling vec_map v0.8.2
[INFO] [stderr]    Compiling zstd-sys v2.0.9+zstd.1.5.5
[INFO] [stderr]    Compiling bzip2-sys v0.1.11+1.0.8
[INFO] [stderr]    Compiling clear_on_drop v0.2.5
[INFO] [stderr]    Compiling backtrace v0.3.69
[INFO] [stderr]    Compiling base_conversion v0.1.0 (https://github.com/pratyush/fancy-garbling/?branch=add-serde#848216e1)
[INFO] [stderr]    Compiling libloading v0.5.2
[INFO] [stderr]    Compiling strsim v0.8.0
[INFO] [stderr]    Compiling tch v0.14.0
[INFO] [stderr]    Compiling clap v2.34.0
[INFO] [stderr]    Compiling cexpr v0.3.6
[INFO] [stderr]     Checking nom v3.2.1
[INFO] [stderr]    Compiling curve25519-dalek v1.2.6
[INFO] [stderr]     Checking rand v0.8.5
[INFO] [stderr]     Checking futures-lite v2.0.1
[INFO] [stderr]     Checking async-lock v3.1.1
[INFO] [stderr]    Compiling derivative v1.0.4
[INFO] [stderr]    Compiling which v3.1.1
[INFO] [stderr]    Compiling memoffset v0.5.6
[INFO] [stderr]    Compiling crossbeam-epoch v0.9.15
[INFO] [stderr]     Checking half v2.3.1
[INFO] [stderr]    Compiling async-io v1.13.0
[INFO] [stderr]     Checking linux-raw-sys v0.4.11
[INFO] [stderr]     Checking futures-sink v0.3.29
[INFO] [stderr]     Checking waker-fn v1.1.1
[INFO] [stderr]    Compiling lazycell v1.3.0
[INFO] [stderr]    Compiling futures-util v0.3.29
[INFO] [stderr]    Compiling failure_derive v0.1.8
[INFO] [stderr]     Checking linux-raw-sys v0.3.8
[INFO] [stderr]    Compiling peeking_take_while v0.1.2
[INFO] [stderr]     Checking regex v1.10.2
[INFO] [stderr]     Checking atomic-waker v1.1.2
[INFO] [stderr]     Checking fastrand v1.9.0
[INFO] [stderr]    Compiling rustc-hash v1.1.0
[INFO] [stderr]    Compiling shlex v0.1.1
[INFO] [stderr]     Checking bitflags v2.4.1
[INFO] [stderr]     Checking async-task v4.5.0
[INFO] [stderr]     Checking tracing-core v0.1.32
[INFO] [stderr]     Checking futures-lite v1.13.0
[INFO] [stderr]     Checking piper v0.2.1
[INFO] [stderr]     Checking futures-channel v0.3.29
[INFO] [stderr]     Checking npy v0.4.0
[INFO] [stderr]    Compiling npy-derive v0.4.0
[INFO] [stderr]     Checking async-lock v2.8.0
[INFO] [stderr]    Compiling cmake v0.1.50
[INFO] [stderr]     Checking async-channel v2.1.0
[INFO] [stderr]     Checking tracing v0.1.40
[INFO] [stderr]     Checking socket2 v0.4.10
[INFO] [stderr]    Compiling crossbeam-epoch v0.8.2
[INFO] [stderr]     Checking failure v0.1.8
[INFO] [stderr]     Checking blocking v1.5.1
[INFO] [stderr]     Checking async-executor v1.7.2
[INFO] [stderr]     Checking async-channel v1.9.0
[INFO] [stderr]    Compiling rayon-core v1.12.0
[INFO] [stderr]     Checking is-terminal v0.4.9
[INFO] [stderr]     Checking once_cell v1.18.0
[INFO] [stderr]    Compiling ocelot v0.3.1 (https://github.com/GaloisInc/ocelot/#849883b8)
[INFO] [stderr]     Checking colored v1.9.4
[INFO] [stderr]     Checking kv-log-macro v1.0.7
[INFO] [stderr]     Checking crossbeam-channel v0.4.4
[INFO] [stderr]     Checking crossbeam-queue v0.2.3
[INFO] [stderr]     Checking crossbeam-deque v0.8.3
[INFO] [stderr]     Checking csv-core v0.1.11
[INFO] [stderr]     Checking bench-utils v0.1.0 (/opt/rustwide/workdir/bench-utils)
[INFO] [stderr]    Compiling serde_derive v1.0.192
[INFO] [stderr]    Compiling thiserror-impl v1.0.50
[INFO] [stderr]    Compiling futures-macro v0.3.29
[INFO] [stderr]     Checking crossbeam-deque v0.7.4
[INFO] [stderr]     Checking num_cpus v1.16.0
[INFO] [stderr]  Documenting bench-utils v0.1.0 (/opt/rustwide/workdir/bench-utils)
[INFO] [stderr]     Checking crossbeam v0.7.3
[INFO] [stderr]    Compiling env_logger v0.7.1
[INFO] [stderr]     Checking rayon v1.8.0
[INFO] [stderr]     Checking async-global-executor v2.3.1
[INFO] [stderr]     Checking thiserror v1.0.50
[INFO] [stderr]    Compiling bzip2 v0.4.4
[INFO] [stderr]     Checking async-std v1.12.0
[INFO] [stderr]     Checking futures-executor v0.3.29
[INFO] [stderr]     Checking futures v0.3.29
[INFO] [stderr]     Checking io-utils v0.1.0 (https://github.com/ryanleh/io-utils?branch=main#a216d411)
[INFO] [stderr]    Compiling protocols-sys v0.1.0 (/opt/rustwide/workdir/protocols-sys)
[INFO] [stderr]    Compiling zstd v0.11.2+zstd.1.5.2
[INFO] [stderr]     Checking zip v0.6.6
[INFO] [stderr]     Checking ndarray v0.15.6
[INFO] [stderr]     Checking scuttlebutt v0.3.2 (https://github.com/GaloisInc/scuttlebutt/?tag=0.3.2#b57d46b2)
[INFO] [stderr]     Checking bincode v1.3.3
[INFO] [stderr]     Checking csv v1.3.0
[INFO] [stderr]    Compiling torch-sys v0.14.0
[INFO] [stderr]     Checking safetensors v0.3.3
[INFO] [stderr] error: failed to run custom build command for `torch-sys v0.14.0`
[INFO] [stderr] note: To improve backtraces for build dependencies, set the CARGO_PROFILE_DEV_BUILD_OVERRIDE_DEBUG=true environment variable to enable debug information generation.
[INFO] [stderr] 
[INFO] [stderr] Caused by:
[INFO] [stderr]   process didn't exit successfully: `/opt/rustwide/target/debug/build/torch-sys-3d86988899f9da3d/build-script-build` (exit status: 1)
[INFO] [stderr]   --- stdout
[INFO] [stderr]   cargo:rerun-if-env-changed=LIBTORCH_USE_PYTORCH
[INFO] [stderr]   cargo:rerun-if-env-changed=LIBTORCH
[INFO] [stderr] 
[INFO] [stderr]   --- stderr
[INFO] [stderr]   Error: 
[INFO] [stderr]   Cannot find a libtorch install, you can either:
[INFO] [stderr]   - Install libtorch manually and set the LIBTORCH environment variable to appropriate path.
[INFO] [stderr]   - Use a system wide install in /usr/lib/libtorch.so.
[INFO] [stderr]   - Use a Python environment with PyTorch installed by setting LIBTORCH_USE_PYTORCH=1
[INFO] [stderr] 
[INFO] [stderr]   See the readme for more details:
[INFO] [stderr]   https://github.com/LaurentMazare/tch-rs/blob/main/README.md
[INFO] [stderr] 
[INFO] [stderr] warning: build failed, waiting for other jobs to finish...
[INFO] [stderr] error: failed to run custom build command for `protocols-sys v0.1.0 (/opt/rustwide/workdir/protocols-sys)`
[INFO] [stderr] note: To improve backtraces for build dependencies, set the CARGO_PROFILE_DEV_BUILD_OVERRIDE_DEBUG=true environment variable to enable debug information generation.
[INFO] [stderr] 
[INFO] [stderr] Caused by:
[INFO] [stderr]   process didn't exit successfully: `/opt/rustwide/target/debug/build/protocols-sys-be35571305919140/build-script-build` (exit status: 101)
[INFO] [stderr]   --- stdout
[INFO] [stderr]   CMAKE_TOOLCHAIN_FILE_x86_64-unknown-linux-gnu = None
[INFO] [stderr]   CMAKE_TOOLCHAIN_FILE_x86_64_unknown_linux_gnu = None
[INFO] [stderr]   HOST_CMAKE_TOOLCHAIN_FILE = None
[INFO] [stderr]   CMAKE_TOOLCHAIN_FILE = None
[INFO] [stderr]   CMAKE_GENERATOR_x86_64-unknown-linux-gnu = None
[INFO] [stderr]   CMAKE_GENERATOR_x86_64_unknown_linux_gnu = None
[INFO] [stderr]   HOST_CMAKE_GENERATOR = None
[INFO] [stderr]   CMAKE_GENERATOR = None
[INFO] [stderr]   CMAKE_PREFIX_PATH_x86_64-unknown-linux-gnu = None
[INFO] [stderr]   CMAKE_PREFIX_PATH_x86_64_unknown_linux_gnu = None
[INFO] [stderr]   HOST_CMAKE_PREFIX_PATH = None
[INFO] [stderr]   CMAKE_PREFIX_PATH = None
[INFO] [stderr]   CMAKE_x86_64-unknown-linux-gnu = None
[INFO] [stderr]   CMAKE_x86_64_unknown_linux_gnu = None
[INFO] [stderr]   HOST_CMAKE = None
[INFO] [stderr]   CMAKE = None
[INFO] [stderr]   running: cd "/opt/rustwide/target/debug/build/protocols-sys-7e4c7ba37f964c6b/out/build" && CMAKE_PREFIX_PATH="" "cmake" "/opt/rustwide/workdir/protocols-sys/c++" "-DUNITTESTS=0" "-DCMAKE_INSTALL_PREFIX=/opt/rustwide/target/debug/build/protocols-sys-7e4c7ba37f964c6b/out" "-DCMAKE_C_FLAGS= -ffunction-sections -fdata-sections -fPIC -m64" "-DCMAKE_C_COMPILER=/usr/bin/cc" "-DCMAKE_CXX_FLAGS= -ffunction-sections -fdata-sections -fPIC -m64" "-DCMAKE_CXX_COMPILER=/usr/bin/c++" "-DCMAKE_ASM_FLAGS= -ffunction-sections -fdata-sections -fPIC -m64" "-DCMAKE_ASM_COMPILER=/usr/bin/cc" "-DCMAKE_BUILD_TYPE=Debug"
[INFO] [stderr]   -- The C compiler identification is GNU 11.4.0
[INFO] [stderr]   -- The CXX compiler identification is GNU 11.4.0
[INFO] [stderr]   -- Detecting C compiler ABI info
[INFO] [stderr]   -- Detecting C compiler ABI info - done
[INFO] [stderr]   -- Check for working C compiler: /usr/bin/cc - skipped
[INFO] [stderr]   -- Detecting C compile features
[INFO] [stderr]   -- Detecting C compile features - done
[INFO] [stderr]   -- Detecting CXX compiler ABI info
[INFO] [stderr]   -- Detecting CXX compiler ABI info - done
[INFO] [stderr]   -- Check for working CXX compiler: /usr/bin/c++ - skipped
[INFO] [stderr]   -- Detecting CXX compile features
[INFO] [stderr]   -- Detecting CXX compile features - done
[INFO] [stderr]   -- Configuring incomplete, errors occurred!
[INFO] [stderr]   See also "/opt/rustwide/target/debug/build/protocols-sys-7e4c7ba37f964c6b/out/build/CMakeFiles/CMakeOutput.log".
[INFO] [stderr] 
[INFO] [stderr]   --- stderr
[INFO] [stderr]   [ 11%] Creating directories for 'seal-populate'
[INFO] [stderr]   [ 22%] Performing download step (git clone) for 'seal-populate'
[INFO] [stderr]   Cloning into 'seal-src'...
[INFO] [stderr]   fatal: unable to access 'https://github.com/microsoft/SEAL/': Could not resolve host: github.com
[INFO] [stderr]   Cloning into 'seal-src'...
[INFO] [stderr]   fatal: unable to access 'https://github.com/microsoft/SEAL/': Could not resolve host: github.com
[INFO] [stderr]   Cloning into 'seal-src'...
[INFO] [stderr]   fatal: unable to access 'https://github.com/microsoft/SEAL/': Could not resolve host: github.com
[INFO] [stderr]   -- Had to git clone more than once:
[INFO] [stderr]             3 times.
[INFO] [stderr]   CMake Error at seal-subbuild/seal-populate-prefix/tmp/seal-populate-gitclone.cmake:31 (message):
[INFO] [stderr]     Failed to clone repository: 'https://github.com/microsoft/SEAL'
[INFO] [stderr] 
[INFO] [stderr] 
[INFO] [stderr]   gmake[2]: *** [CMakeFiles/seal-populate.dir/build.make:102: seal-populate-prefix/src/seal-populate-stamp/seal-populate-download] Error 1
[INFO] [stderr]   gmake[1]: *** [CMakeFiles/Makefile2:83: CMakeFiles/seal-populate.dir/all] Error 2
[INFO] [stderr]   gmake: *** [Makefile:91: all] Error 2
[INFO] [stderr] 
[INFO] [stderr]   CMake Error at /usr/share/cmake-3.22/Modules/FetchContent.cmake:1087 (message):
[INFO] [stderr]     Build step for seal failed: 2
[INFO] [stderr]   Call Stack (most recent call first):
[INFO] [stderr]     /usr/share/cmake-3.22/Modules/FetchContent.cmake:1216:EVAL:2 (__FetchContent_directPopulate)
[INFO] [stderr]     /usr/share/cmake-3.22/Modules/FetchContent.cmake:1216 (cmake_language)
[INFO] [stderr]     /usr/share/cmake-3.22/Modules/FetchContent.cmake:1259 (FetchContent_Populate)
[INFO] [stderr]     CMakeLists.txt:24 (FetchContent_MakeAvailable)
[INFO] [stderr] 
[INFO] [stderr] 
[INFO] [stderr]   thread 'main' panicked at /opt/rustwide/cargo-home/registry/src/index.crates.io-6f17d22bba15001f/cmake-0.1.50/src/lib.rs:1098:5:
[INFO] [stderr] 
[INFO] [stderr]   command did not execute successfully, got: exit status: 1
[INFO] [stderr] 
[INFO] [stderr]   build script failed, must exit now
[INFO] [stderr]   stack backtrace:
[INFO] [stderr]      0:     0x55f0cf9b1dac - std::backtrace_rs::backtrace::libunwind::trace::ha637c64ce894333a
[INFO] [stderr]                                  at /rustc/82e1608dfa6e0b5569232559e3d385fea5a93112/library/std/src/../../backtrace/src/backtrace/libunwind.rs:104:5
[INFO] [stderr]      1:     0x55f0cf9b1dac - std::backtrace_rs::backtrace::trace_unsynchronized::h47f62dea28e0c88d
[INFO] [stderr]                                  at /rustc/82e1608dfa6e0b5569232559e3d385fea5a93112/library/std/src/../../backtrace/src/backtrace/mod.rs:66:5
[INFO] [stderr]      2:     0x55f0cf9b1dac - std::sys_common::backtrace::_print_fmt::h9eef0abe20ede486
[INFO] [stderr]                                  at /rustc/82e1608dfa6e0b5569232559e3d385fea5a93112/library/std/src/sys_common/backtrace.rs:67:5
[INFO] [stderr]      3:     0x55f0cf9b1dac - <std::sys_common::backtrace::_print::DisplayBacktrace as core::fmt::Display>::fmt::hed7f999df88cc644
[INFO] [stderr]                                  at /rustc/82e1608dfa6e0b5569232559e3d385fea5a93112/library/std/src/sys_common/backtrace.rs:44:22
[INFO] [stderr]      4:     0x55f0cf9dd9f0 - core::fmt::rt::Argument::fmt::h1539a9308b8d058d
[INFO] [stderr]                                  at /rustc/82e1608dfa6e0b5569232559e3d385fea5a93112/library/core/src/fmt/rt.rs:142:9
[INFO] [stderr]      5:     0x55f0cf9dd9f0 - core::fmt::write::h3a39390d8560d9c9
[INFO] [stderr]                                  at /rustc/82e1608dfa6e0b5569232559e3d385fea5a93112/library/core/src/fmt/mod.rs:1120:17
[INFO] [stderr]      6:     0x55f0cf9af0ff - std::io::Write::write_fmt::h5fc9997dfe05f882
[INFO] [stderr]                                  at /rustc/82e1608dfa6e0b5569232559e3d385fea5a93112/library/std/src/io/mod.rs:1762:15
[INFO] [stderr]      7:     0x55f0cf9b1b94 - std::sys_common::backtrace::_print::h894006fb5c6f3d45
[INFO] [stderr]                                  at /rustc/82e1608dfa6e0b5569232559e3d385fea5a93112/library/std/src/sys_common/backtrace.rs:47:5
[INFO] [stderr]      8:     0x55f0cf9b1b94 - std::sys_common::backtrace::print::h23a2d212c6fff936
[INFO] [stderr]                                  at /rustc/82e1608dfa6e0b5569232559e3d385fea5a93112/library/std/src/sys_common/backtrace.rs:34:9
[INFO] [stderr]      9:     0x55f0cf9b33a7 - std::panicking::default_hook::{{closure}}::h8a1d2ee00185001a
[INFO] [stderr]     10:     0x55f0cf9b310f - std::panicking::default_hook::h6038f2eba384e475
[INFO] [stderr]                                  at /rustc/82e1608dfa6e0b5569232559e3d385fea5a93112/library/std/src/panicking.rs:292:9
[INFO] [stderr]     11:     0x55f0cf9b3828 - std::panicking::rust_panic_with_hook::h2b5517d590cab22e
[INFO] [stderr]                                  at /rustc/82e1608dfa6e0b5569232559e3d385fea5a93112/library/std/src/panicking.rs:779:13
[INFO] [stderr]     12:     0x55f0cf9b370e - std::panicking::begin_panic_handler::{{closure}}::h233112c06e0ef43e
[INFO] [stderr]                                  at /rustc/82e1608dfa6e0b5569232559e3d385fea5a93112/library/std/src/panicking.rs:657:13
[INFO] [stderr]     13:     0x55f0cf9b2276 - std::sys_common::backtrace::__rust_end_short_backtrace::h6e893f24d7ebbff8
[INFO] [stderr]                                  at /rustc/82e1608dfa6e0b5569232559e3d385fea5a93112/library/std/src/sys_common/backtrace.rs:170:18
[INFO] [stderr]     14:     0x55f0cf9b3472 - rust_begin_unwind
[INFO] [stderr]                                  at /rustc/82e1608dfa6e0b5569232559e3d385fea5a93112/library/std/src/panicking.rs:645:5
[INFO] [stderr]     15:     0x55f0cf4537d5 - core::panicking::panic_fmt::hbf0e066aabfa482c
[INFO] [stderr]                                  at /rustc/82e1608dfa6e0b5569232559e3d385fea5a93112/library/core/src/panicking.rs:72:14
[INFO] [stderr]     16:     0x55f0cf949991 - cmake::fail::hd9f554a045703b99
[INFO] [stderr]     17:     0x55f0cf949117 - cmake::run::hfb1b204fe626f8b5
[INFO] [stderr]     18:     0x55f0cf945266 - cmake::Config::build::hd08eb12b36ba6123
[INFO] [stderr]     19:     0x55f0cf4573e2 - build_script_build::main::hf93425a2690314a3
[INFO] [stderr]     20:     0x55f0cf454ba3 - core::ops::function::FnOnce::call_once::h832d705e43c9efb6
[INFO] [stderr]     21:     0x55f0cf454176 - std::sys_common::backtrace::__rust_begin_short_backtrace::h0d47fd2d2ff6fd19
[INFO] [stderr]     22:     0x55f0cf454839 - std::rt::lang_start::{{closure}}::h45112aaa9a61942e
[INFO] [stderr]     23:     0x55f0cf9aabd7 - core::ops::function::impls::<impl core::ops::function::FnOnce<A> for &F>::call_once::hd95060ecd5e1ca24
[INFO] [stderr]                                  at /rustc/82e1608dfa6e0b5569232559e3d385fea5a93112/library/core/src/ops/function.rs:284:13
[INFO] [stderr]     24:     0x55f0cf9aabd7 - std::panicking::try::do_call::h6e8cf51db32a6e4b
[INFO] [stderr]                                  at /rustc/82e1608dfa6e0b5569232559e3d385fea5a93112/library/std/src/panicking.rs:552:40
[INFO] [stderr]     25:     0x55f0cf9aabd7 - std::panicking::try::h3a52eefe24fe3c29
[INFO] [stderr]                                  at /rustc/82e1608dfa6e0b5569232559e3d385fea5a93112/library/std/src/panicking.rs:516:19
[INFO] [stderr]     26:     0x55f0cf9aabd7 - std::panic::catch_unwind::h24c28c23c02c3841
[INFO] [stderr]                                  at /rustc/82e1608dfa6e0b5569232559e3d385fea5a93112/library/std/src/panic.rs:142:14
[INFO] [stderr]     27:     0x55f0cf9aabd7 - std::rt::lang_start_internal::{{closure}}::h705d3c9cbc06ef47
[INFO] [stderr]                                  at /rustc/82e1608dfa6e0b5569232559e3d385fea5a93112/library/std/src/rt.rs:148:48
[INFO] [stderr]     28:     0x55f0cf9aabd7 - std::panicking::try::do_call::ha21f52ba13158470
[INFO] [stderr]                                  at /rustc/82e1608dfa6e0b5569232559e3d385fea5a93112/library/std/src/panicking.rs:552:40
[INFO] [stderr]     29:     0x55f0cf9aabd7 - std::panicking::try::h5581346bf6aeb1f8
[INFO] [stderr]                                  at /rustc/82e1608dfa6e0b5569232559e3d385fea5a93112/library/std/src/panicking.rs:516:19
[INFO] [stderr]     30:     0x55f0cf9aabd7 - std::panic::catch_unwind::h7919645a6b72e25b
[INFO] [stderr]                                  at /rustc/82e1608dfa6e0b5569232559e3d385fea5a93112/library/std/src/panic.rs:142:14
[INFO] [stderr]     31:     0x55f0cf9aabd7 - std::rt::lang_start_internal::h12de51168669836e
[INFO] [stderr]                                  at /rustc/82e1608dfa6e0b5569232559e3d385fea5a93112/library/std/src/rt.rs:148:20
[INFO] [stderr]     32:     0x55f0cf454817 - std::rt::lang_start::h5689e6efbe11df69
[INFO] [stderr]     33:     0x55f0cf457bc5 - main
[INFO] [stderr]     34:     0x7fa8fad14d90 - <unknown>
[INFO] [stderr]     35:     0x7fa8fad14e40 - __libc_start_main
[INFO] [stderr]     36:     0x55f0cf4540a5 - _start
[INFO] [stderr]     37:                0x0 - <unknown>
[INFO] running `Command { std: "docker" "inspect" "d55694337ffdfc6a2df9478d84a7a7f046921aec61089da2b1673db0f1ffb1ca", kill_on_drop: false }`
[INFO] running `Command { std: "docker" "rm" "-f" "d55694337ffdfc6a2df9478d84a7a7f046921aec61089da2b1673db0f1ffb1ca", kill_on_drop: false }`
[INFO] [stdout] d55694337ffdfc6a2df9478d84a7a7f046921aec61089da2b1673db0f1ffb1ca
