[INFO] cloning repository https://github.com/Modort/gerty
[INFO] running `Command { std: "git" "-c" "credential.helper=" "-c" "credential.helper=/workspace/cargo-home/bin/git-credential-null" "clone" "--bare" "https://github.com/Modort/gerty" "/workspace/cache/git-repos/https%3A%2F%2Fgithub.com%2FModort%2Fgerty", kill_on_drop: false }`
[INFO] [stderr] Cloning into bare repository '/workspace/cache/git-repos/https%3A%2F%2Fgithub.com%2FModort%2Fgerty'...
[INFO] running `Command { std: "git" "rev-parse" "HEAD", kill_on_drop: false }`
[INFO] [stdout] a01c5a29861b74990938e2ae311f4767f9085f33
[INFO] documenting Modort/gerty against 1.75.0 for beta-1.76-rustdoc-1
[INFO] running `Command { std: "git" "clone" "/workspace/cache/git-repos/https%3A%2F%2Fgithub.com%2FModort%2Fgerty" "/workspace/builds/worker-4-tc1/source", kill_on_drop: false }`
[INFO] [stderr] Cloning into '/workspace/builds/worker-4-tc1/source'...
[INFO] [stderr] done.
[INFO] validating manifest of git repo https://github.com/Modort/gerty on toolchain 1.75.0
[INFO] running `Command { std: CARGO_HOME="/workspace/cargo-home" RUSTUP_HOME="/workspace/rustup-home" "/workspace/cargo-home/bin/cargo" "+1.75.0" "metadata" "--manifest-path" "Cargo.toml" "--no-deps", kill_on_drop: false }`
[INFO] removed /workspace/builds/worker-4-tc1/source/.cargo/config.toml
[INFO] removed /workspace/builds/worker-4-tc1/source/rust-toolchain
[INFO] started tweaking git repo https://github.com/Modort/gerty
[INFO] finished tweaking git repo https://github.com/Modort/gerty
[INFO] tweaked toml for git repo https://github.com/Modort/gerty written to /workspace/builds/worker-4-tc1/source/Cargo.toml
[INFO] crate git repo https://github.com/Modort/gerty already has a lockfile, it will not be regenerated
[INFO] running `Command { std: CARGO_HOME="/workspace/cargo-home" RUSTUP_HOME="/workspace/rustup-home" "/workspace/cargo-home/bin/cargo" "+1.75.0" "fetch" "--manifest-path" "Cargo.toml", kill_on_drop: false }`
[INFO] [stderr] warning: virtual workspace defaulting to `resolver = "1"` despite one or more workspace members being on edition 2021 which implies `resolver = "2"`
[INFO] [stderr] note: to keep the current resolver, specify `workspace.resolver = "1"` in the workspace root's manifest
[INFO] [stderr] note: to use the edition 2021 resolver, specify `workspace.resolver = "2"` in the workspace root's manifest
[INFO] [stderr] note: for more details see https://doc.rust-lang.org/cargo/reference/resolver.html#resolver-versions
[INFO] [stderr]     Blocking waiting for file lock on package cache
[INFO] [stderr]     Updating git repository `https://github.com/scroll-tech/halo2.git`
[INFO] [stderr]     Updating git repository `https://github.com/scroll-tech/ethers-rs.git`
[INFO] [stderr]     Updating git repository `https://github.com/scroll-tech/halo2wrong`
[INFO] [stderr]     Updating git repository `https://github.com/scroll-tech/poseidon.git`
[INFO] [stderr]     Updating git repository `https://github.com/scroll-tech/halo2curves.git`
[INFO] [stderr]     Updating git repository `https://github.com/scroll-tech/halo2-lib`
[INFO] [stderr]     Updating git repository `https://github.com/scroll-tech/poseidon-circuit.git`
[INFO] [stderr]     Updating git repository `https://github.com/scroll-tech/misc-precompiled-circuit.git`
[INFO] [stderr]     Updating git repository `https://github.com/scroll-tech/snark-verifier`
[INFO] [stderr]     Updating git repository `https://github.com/scroll-tech/revm`
[INFO] [stderr]     Updating git repository `https://github.com/scroll-tech/gobuild.git`
[INFO] [stderr]     Updating git repository `https://github.com/scroll-tech/mpt-circuit.git`
[INFO] [stderr]     Updating git repository `https://github.com/scroll-tech/zktrie.git`
[INFO] [stderr]     Updating crates.io index
[INFO] [stderr]     Updating git repository `https://github.com/scroll-tech/halo2gategen.git`
[INFO] [stderr]     Blocking waiting for file lock on package cache
[INFO] [stderr]  Downloading crates ...
[INFO] [stderr]   Downloaded substrate-bn v0.6.0
[INFO] [stderr]   Downloaded ruint-macro v1.1.0
[INFO] [stderr]   Downloaded ethers v2.0.7
[INFO] [stderr]   Downloaded serde_stacker v0.1.10
[INFO] [stderr]   Downloaded thread-id v4.2.0
[INFO] [stderr]   Downloaded ethers-addressbook v2.0.7
[INFO] [stderr]   Downloaded gobuild v0.1.0-alpha.2
[INFO] [stderr]   Downloaded alloy-rlp v0.3.2
[INFO] [stderr]   Downloaded ethers-signers v2.0.7
[INFO] [stderr]   Downloaded pasta_curves v0.4.1
[INFO] [stderr]   Downloaded solang-parser v0.3.0
[INFO] [stderr]   Downloaded ruint v1.10.1
[INFO] [stderr]   Downloaded revm v2.3.1
[INFO] [stderr]   Downloaded sha3 v0.7.3
[INFO] [stderr]   Downloaded ethers-contract-abigen v2.0.7
[INFO] [stderr]   Downloaded scale-info v2.9.0
[INFO] [stderr]   Downloaded ethers-solc v2.0.7
[INFO] [stderr]   Downloaded ethers-providers v2.0.7
[INFO] [stderr]   Downloaded fastrlp v0.3.1
[INFO] [stderr]   Downloaded enr v0.8.1
[INFO] [stderr]   Downloaded scale-info-derive v2.9.0
[INFO] [stderr]   Downloaded tabbycat v0.1.2
[INFO] [stderr]   Downloaded revm_precompiles v1.1.2
[INFO] [stderr]   Downloaded generic-array v0.9.1
[INFO] [stderr]   Downloaded ethers-contract-derive v2.0.7
[INFO] [stderr]   Downloaded ethers-contract v2.0.7
[INFO] [stderr]   Downloaded ethers-middleware v2.0.7
[INFO] [stderr]   Downloaded svm-rs v0.2.23
[INFO] [stderr]   Downloaded rustls-webpki v0.100.2
[INFO] running `Command { std: "docker" "create" "-v" "/var/lib/crater-agent-workspace/builds/worker-4-tc1/target:/opt/rustwide/target:rw,Z" "-v" "/var/lib/crater-agent-workspace/builds/worker-4-tc1/source:/opt/rustwide/workdir:ro,Z" "-v" "/var/lib/crater-agent-workspace/cargo-home:/opt/rustwide/cargo-home:ro,Z" "-v" "/var/lib/crater-agent-workspace/rustup-home:/opt/rustwide/rustup-home:ro,Z" "-e" "SOURCE_DIR=/opt/rustwide/workdir" "-e" "CARGO_TARGET_DIR=/opt/rustwide/target" "-e" "CARGO_HOME=/opt/rustwide/cargo-home" "-e" "RUSTUP_HOME=/opt/rustwide/rustup-home" "-w" "/opt/rustwide/workdir" "-m" "1610612736" "--user" "0:0" "--network" "none" "ghcr.io/rust-lang/crates-build-env/linux@sha256:2788e3201cd34a07e3172128adcd8b3090168a8e3bcc40d7c032b9dda1df7d1c" "/opt/rustwide/cargo-home/bin/cargo" "+1.75.0" "metadata" "--no-deps" "--format-version=1", kill_on_drop: false }`
[INFO] [stdout] ce4f516e69e8ed3c7672ab058164871c828191a4f08d7fc8e59d9fa5c8cb0213
[INFO] running `Command { std: "docker" "start" "-a" "ce4f516e69e8ed3c7672ab058164871c828191a4f08d7fc8e59d9fa5c8cb0213", kill_on_drop: false }`
[INFO] running `Command { std: "docker" "inspect" "ce4f516e69e8ed3c7672ab058164871c828191a4f08d7fc8e59d9fa5c8cb0213", kill_on_drop: false }`
[INFO] running `Command { std: "docker" "rm" "-f" "ce4f516e69e8ed3c7672ab058164871c828191a4f08d7fc8e59d9fa5c8cb0213", kill_on_drop: false }`
[INFO] [stdout] ce4f516e69e8ed3c7672ab058164871c828191a4f08d7fc8e59d9fa5c8cb0213
[INFO] running `Command { std: "docker" "create" "-v" "/var/lib/crater-agent-workspace/builds/worker-4-tc1/target:/opt/rustwide/target:rw,Z" "-v" "/var/lib/crater-agent-workspace/builds/worker-4-tc1/source:/opt/rustwide/workdir:ro,Z" "-v" "/var/lib/crater-agent-workspace/cargo-home:/opt/rustwide/cargo-home:ro,Z" "-v" "/var/lib/crater-agent-workspace/rustup-home:/opt/rustwide/rustup-home:ro,Z" "-e" "SOURCE_DIR=/opt/rustwide/workdir" "-e" "CARGO_TARGET_DIR=/opt/rustwide/target" "-e" "CARGO_INCREMENTAL=0" "-e" "RUST_BACKTRACE=full" "-e" "RUSTFLAGS=--cap-lints=warn" "-e" "RUSTDOCFLAGS=--cap-lints=warn" "-e" "CARGO_HOME=/opt/rustwide/cargo-home" "-e" "RUSTUP_HOME=/opt/rustwide/rustup-home" "-w" "/opt/rustwide/workdir" "-m" "1610612736" "--user" "0:0" "--network" "none" "ghcr.io/rust-lang/crates-build-env/linux@sha256:2788e3201cd34a07e3172128adcd8b3090168a8e3bcc40d7c032b9dda1df7d1c" "/opt/rustwide/cargo-home/bin/cargo" "+1.75.0" "doc" "--frozen" "--no-deps" "--document-private-items" "--message-format=json", kill_on_drop: false }`
[INFO] [stdout] 68cab277cd3df37f678d44920a4f28310c34e0224249a778819c282f766fbed0
[INFO] running `Command { std: "docker" "start" "-a" "68cab277cd3df37f678d44920a4f28310c34e0224249a778819c282f766fbed0", kill_on_drop: false }`
[INFO] [stderr] warning: virtual workspace defaulting to `resolver = "1"` despite one or more workspace members being on edition 2021 which implies `resolver = "2"`
[INFO] [stderr] note: to keep the current resolver, specify `workspace.resolver = "1"` in the workspace root's manifest
[INFO] [stderr] note: to use the edition 2021 resolver, specify `workspace.resolver = "2"` in the workspace root's manifest
[INFO] [stderr] note: for more details see https://doc.rust-lang.org/cargo/reference/resolver.html#resolver-versions
[INFO] [stderr]    Compiling proc-macro2 v1.0.66
[INFO] [stderr]    Compiling libc v0.2.147
[INFO] [stderr]    Compiling unicode-ident v1.0.11
[INFO] [stderr]    Compiling version_check v0.9.4
[INFO] [stderr]    Compiling serde v1.0.188
[INFO] [stderr]     Checking cfg-if v1.0.0
[INFO] [stderr]    Compiling typenum v1.16.0
[INFO] [stderr]    Compiling autocfg v1.1.0
[INFO] [stderr]     Checking zeroize v1.6.0
[INFO] [stderr]     Checking subtle v2.5.0
[INFO] [stderr]    Compiling syn v1.0.109
[INFO] [stderr]    Compiling once_cell v1.18.0
[INFO] [stderr]    Compiling generic-array v0.14.7
[INFO] [stderr]    Compiling hashbrown v0.14.0
[INFO] [stderr]    Compiling equivalent v1.0.1
[INFO] [stderr]     Checking const-oid v0.9.5
[INFO] [stderr]    Compiling crunchy v0.2.2
[INFO] [stderr]     Checking ppv-lite86 v0.2.17
[INFO] [stderr]    Compiling winnow v0.5.15
[INFO] [stderr]    Compiling quote v1.0.33
[INFO] [stderr]    Compiling indexmap v2.0.0
[INFO] [stderr]    Compiling num-traits v0.2.16
[INFO] [stderr]    Compiling syn v2.0.32
[INFO] [stderr]     Checking memchr v2.6.3
[INFO] [stderr]     Checking spin v0.5.2
[INFO] [stderr]     Checking getrandom v0.2.10
[INFO] [stderr]     Checking arrayvec v0.7.4
[INFO] [stderr]     Checking rand_core v0.6.4
[INFO] [stderr]    Compiling cc v1.0.83
[INFO] [stderr]     Checking rand_chacha v0.3.1
[INFO] [stderr]     Checking crypto-common v0.1.6
[INFO] [stderr]     Checking block-buffer v0.10.4
[INFO] [stderr]     Checking static_assertions v1.1.0
[INFO] [stderr]    Compiling thiserror v1.0.48
[INFO] [stderr]     Checking digest v0.10.7
[INFO] [stderr]     Checking rand v0.8.5
[INFO] [stderr]     Checking keccak v0.1.4
[INFO] [stderr]    Compiling convert_case v0.4.0
[INFO] [stderr]     Checking itoa v1.0.9
[INFO] [stderr]     Checking cpufeatures v0.2.9
[INFO] [stderr]    Compiling tiny-keccak v2.0.2
[INFO] [stderr]     Checking byteorder v1.4.3
[INFO] [stderr]     Checking pin-project-lite v0.2.13
[INFO] [stderr]    Compiling serde_json v1.0.106
[INFO] [stderr]     Checking aho-corasick v1.0.5
[INFO] [stderr]     Checking rustc-hex v2.1.0
[INFO] [stderr]    Compiling rustix v0.38.13
[INFO] [stderr]     Checking regex-syntax v0.7.5
[INFO] [stderr]     Checking hex v0.4.3
[INFO] [stderr]     Checking num_cpus v1.16.0
[INFO] [stderr]    Compiling proc-macro-error-attr v1.0.4
[INFO] [stderr]     Checking log v0.4.20
[INFO] [stderr]    Compiling proc-macro-error v1.0.4
[INFO] [stderr]     Checking byte-slice-cast v1.2.2
[INFO] [stderr]    Compiling radium v0.7.0
[INFO] [stderr]     Checking sha2 v0.10.7
[INFO] [stderr]     Checking tracing-core v0.1.31
[INFO] [stderr]     Checking ryu v1.0.15
[INFO] [stderr]     Checking tap v1.0.1
[INFO] [stderr]     Checking sha3 v0.10.8
[INFO] [stderr]     Checking wyz v0.5.1
[INFO] [stderr]     Checking hmac v0.12.1
[INFO] [stderr]    Compiling crossbeam-utils v0.8.16
[INFO] [stderr]     Checking funty v2.0.0
[INFO] [stderr]     Checking fixed-hash v0.8.0
[INFO] [stderr]     Checking lazy_static v1.4.0
[INFO] [stderr]     Checking scopeguard v1.2.0
[INFO] [stderr]     Checking uint v0.9.5
[INFO] [stderr]    Compiling memoffset v0.9.0
[INFO] [stderr]    Compiling crossbeam-epoch v0.9.15
[INFO] [stderr]    Compiling num-integer v0.1.45
[INFO] [stderr]    Compiling rustversion v1.0.14
[INFO] [stderr]    Compiling heck v0.4.1
[INFO] [stderr]     Checking regex-automata v0.3.8
[INFO] [stderr]     Checking bitvec v1.0.1
[INFO] [stderr]     Checking der v0.7.8
[INFO] [stderr]    Compiling num-bigint v0.4.4
[INFO] [stderr]    Compiling camino v1.1.6
[INFO] [stderr]    Compiling semver v1.0.18
[INFO] [stderr]     Checking spki v0.7.2
[INFO] [stderr]     Checking crossbeam-deque v0.8.3
[INFO] [stderr]     Checking crossbeam-channel v0.5.8
[INFO] [stderr]     Checking ff v0.13.0
[INFO] [stderr]     Checking arrayref v0.3.7
[INFO] [stderr]     Checking either v1.9.0
[INFO] [stderr]    Compiling rayon-core v1.11.0
[INFO] [stderr]     Checking base16ct v0.2.0
[INFO] [stderr]     Checking group v0.13.0
[INFO] [stderr]     Checking sec1 v0.7.3
[INFO] [stderr]     Checking pkcs8 v0.10.2
[INFO] [stderr]     Checking crypto-bigint v0.5.3
[INFO] [stderr]     Checking linux-raw-sys v0.4.7
[INFO] [stderr]     Checking bitflags v2.4.0
[INFO] [stderr]     Checking regex v1.9.5
[INFO] [stderr]     Checking rfc6979 v0.4.0
[INFO] [stderr]     Checking signature v2.1.0
[INFO] [stderr]     Checking digest v0.9.0
[INFO] [stderr]     Checking ff v0.12.1
[INFO] [stderr]     Checking rayon v1.7.0
[INFO] [stderr]     Checking group v0.12.1
[INFO] [stderr]     Checking constant_time_eq v0.3.0
[INFO] [stderr]    Compiling paste v1.0.14
[INFO] [stderr]     Checking termcolor v1.2.0
[INFO] [stderr]     Checking block-padding v0.2.1
[INFO] [stderr]     Checking elliptic-curve v0.13.5
[INFO] [stderr]     Checking block-buffer v0.9.0
[INFO] [stderr]     Checking blake2b_simd v1.0.2
[INFO] [stderr]     Checking atty v0.2.14
[INFO] [stderr]    Compiling serde_derive v1.0.188
[INFO] [stderr]    Compiling thiserror-impl v1.0.48
[INFO] [stderr]    Compiling tracing-attributes v0.1.26
[INFO] [stderr]    Compiling impl-trait-for-tuples v0.2.2
[INFO] [stderr]    Compiling rlp-derive v0.1.0
[INFO] [stderr]    Compiling derive_more v0.99.17
[INFO] [stderr]    Compiling auto_impl v1.1.0
[INFO] [stderr]    Compiling strum_macros v0.24.3
[INFO] [stderr]     Checking ecdsa v0.16.8
[INFO] [stderr]     Checking tracing v0.1.37
[INFO] [stderr]     Checking k256 v0.13.1
[INFO] [stderr]     Checking iana-time-zone v0.1.57
[INFO] [stderr]     Checking opaque-debug v0.3.0
[INFO] [stderr]    Compiling crossbeam-queue v0.3.8
[INFO] [stderr]    Compiling halo2curves v0.3.1 (https://github.com/scroll-tech/halo2curves.git?branch=0.3.1-derive-serde#969f1e44)
[INFO] [stderr]     Checking humantime v2.1.0
[INFO] [stderr]     Checking chrono v0.4.30
[INFO] [stderr]     Checking pasta_curves v0.4.1
[INFO] [stderr]     Checking fastrand v2.0.0
[INFO] [stderr]     Checking unicode-xid v0.2.4
[INFO] [stderr]     Checking tempfile v3.8.0
[INFO] [stderr]     Checking strum v0.24.1
[INFO] [stderr]     Checking env_logger v0.8.4
[INFO] [stderr]     Checking sha3 v0.9.1
[INFO] [stderr]     Checking crossbeam v0.8.2
[INFO] [stderr]     Checking itertools v0.10.5
[INFO] [stderr]     Checking ark-std v0.3.0
[INFO] [stderr]     Checking ripemd v0.1.3
[INFO] [stderr]     Checking base64 v0.21.4
[INFO] [stderr]     Checking cfg-if v0.1.10
[INFO] [stderr]     Checking inout v0.1.3
[INFO] [stderr]    Compiling num-iter v0.1.43
[INFO] [stderr]     Checking cipher v0.4.4
[INFO] [stderr]    Compiling num-rational v0.4.1
[INFO] [stderr]    Compiling ring v0.16.20
[INFO] [stderr]    Compiling async-trait v0.1.73
[INFO] [stderr]     Checking bs58 v0.5.0
[INFO] [stderr]     Checking num-complex v0.4.4
[INFO] [stderr]     Checking bech32 v0.9.1
[INFO] [stderr]     Checking base64 v0.13.1
[INFO] [stderr]    Compiling futures-core v0.3.28
[INFO] [stderr]    Compiling libsecp256k1-core v0.3.0
[INFO] [stderr]     Checking num v0.4.1
[INFO] [stderr]     Checking salsa20 v0.10.2
[INFO] [stderr]     Checking pbkdf2 v0.11.0
[INFO] [stderr]    Compiling ident_case v1.0.1
[INFO] [stderr]    Compiling fnv v1.0.7
[INFO] [stderr]    Compiling strsim v0.10.0
[INFO] [stderr]     Checking untrusted v0.7.1
[INFO] [stderr]     Checking scrypt v0.10.0
[INFO] [stderr]    Compiling darling_core v0.13.4
[INFO] [stderr]     Checking ctr v0.9.2
[INFO] [stderr]     Checking aes v0.8.3
[INFO] [stderr]     Checking bytes v1.5.0
[INFO] [stderr]     Checking impl-serde v0.4.0
[INFO] [stderr]    Compiling toml_datetime v0.6.3
[INFO] [stderr]    Compiling serde_spanned v0.6.3
[INFO] [stderr]    Compiling toml_edit v0.19.15
[INFO] [stderr]     Checking rlp v0.5.2
[INFO] [stderr]     Checking cargo-platform v0.1.3
[INFO] [stderr]     Checking impl-rlp v0.3.0
[INFO] [stderr]     Checking coins-core v0.8.7
[INFO] [stdout] error[E0583]: file not found for module `table`
[INFO] [stdout]  --> /opt/rustwide/cargo-home/git/checkouts/halo2curves-7825ac469f67e4ff/969f1e4/src/bn256/fr.rs:8:1
[INFO] [stdout]   |
[INFO] [stdout] 8 | mod table;
[INFO] [stdout]   | ^^^^^^^^^^
[INFO] [stdout]   |
[INFO] [stdout]   = help: to create the module `table`, create file "/opt/rustwide/cargo-home/git/checkouts/halo2curves-7825ac469f67e4ff/969f1e4/src/bn256/fr/table.rs" or "/opt/rustwide/cargo-home/git/checkouts/halo2curves-7825ac469f67e4ff/969f1e4/src/bn256/fr/table/mod.rs"
[INFO] [stdout]   = note: if there is a `mod table` elsewhere in the crate already, import it with `use crate::...` instead
[INFO] [stdout] 
[INFO] [stdout] 
[INFO] [stdout] error[E0432]: unresolved import `table::FR_TABLE`
[INFO] [stdout]   --> /opt/rustwide/cargo-home/git/checkouts/halo2curves-7825ac469f67e4ff/969f1e4/src/bn256/fr.rs:16:9
[INFO] [stdout]    |
[INFO] [stdout] 16 | pub use table::FR_TABLE;
[INFO] [stdout]    |         ^^^^^^^^^^^^^^^ no `FR_TABLE` in `bn256::fr::table`
[INFO] [stdout] 
[INFO] [stdout] 
[INFO] [stderr]     Checking uuid v0.8.2
[INFO] [stderr]    Compiling open-fastrlp-derive v0.1.1
[INFO] [stderr]     Checking coins-bip32 v0.8.7
[INFO] [stderr]     Checking pbkdf2 v0.12.2
[INFO] [stderr]    Compiling futures-channel v0.3.28
[INFO] [stderr]     Checking cargo_metadata v0.15.4
[INFO] [stdout] error: aborting due to 2 previous errors
[INFO] [stdout] 
[INFO] [stdout] 
[INFO] [stdout] Some errors have detailed explanations: E0432, E0583.
[INFO] [stdout] 
[INFO] [stdout] For more information about an error, try `rustc --explain E0432`.
[INFO] [stdout] 
[INFO] [stderr] error: could not compile `halo2curves` (lib) due to 3 previous errors
[INFO] [stderr] warning: build failed, waiting for other jobs to finish...
[INFO] running `Command { std: "docker" "inspect" "68cab277cd3df37f678d44920a4f28310c34e0224249a778819c282f766fbed0", kill_on_drop: false }`
[INFO] running `Command { std: "docker" "rm" "-f" "68cab277cd3df37f678d44920a4f28310c34e0224249a778819c282f766fbed0", kill_on_drop: false }`
[INFO] [stdout] 68cab277cd3df37f678d44920a4f28310c34e0224249a778819c282f766fbed0
[INFO] documenting Modort/gerty against beta-2023-12-22 for beta-1.76-rustdoc-1
[INFO] running `Command { std: "git" "clone" "/workspace/cache/git-repos/https%3A%2F%2Fgithub.com%2FModort%2Fgerty" "/workspace/builds/worker-4-tc2/source", kill_on_drop: false }`
[INFO] [stderr] Cloning into '/workspace/builds/worker-4-tc2/source'...
[INFO] [stderr] done.
[INFO] validating manifest of git repo https://github.com/Modort/gerty on toolchain beta-2023-12-22
[INFO] running `Command { std: CARGO_HOME="/workspace/cargo-home" RUSTUP_HOME="/workspace/rustup-home" "/workspace/cargo-home/bin/cargo" "+beta-2023-12-22" "metadata" "--manifest-path" "Cargo.toml" "--no-deps", kill_on_drop: false }`
[INFO] removed /workspace/builds/worker-4-tc2/source/.cargo/config.toml
[INFO] removed /workspace/builds/worker-4-tc2/source/rust-toolchain
[INFO] started tweaking git repo https://github.com/Modort/gerty
[INFO] finished tweaking git repo https://github.com/Modort/gerty
[INFO] tweaked toml for git repo https://github.com/Modort/gerty written to /workspace/builds/worker-4-tc2/source/Cargo.toml
[INFO] crate git repo https://github.com/Modort/gerty already has a lockfile, it will not be regenerated
[INFO] running `Command { std: CARGO_HOME="/workspace/cargo-home" RUSTUP_HOME="/workspace/rustup-home" "/workspace/cargo-home/bin/cargo" "+beta-2023-12-22" "fetch" "--manifest-path" "Cargo.toml", kill_on_drop: false }`
[INFO] [stderr] warning: virtual workspace defaulting to `resolver = "1"` despite one or more workspace members being on edition 2021 which implies `resolver = "2"`
[INFO] [stderr] note: to keep the current resolver, specify `workspace.resolver = "1"` in the workspace root's manifest
[INFO] [stderr] note: to use the edition 2021 resolver, specify `workspace.resolver = "2"` in the workspace root's manifest
[INFO] [stderr] note: for more details see https://doc.rust-lang.org/cargo/reference/resolver.html#resolver-versions
[INFO] running `Command { std: "docker" "create" "-v" "/var/lib/crater-agent-workspace/builds/worker-4-tc2/target:/opt/rustwide/target:rw,Z" "-v" "/var/lib/crater-agent-workspace/builds/worker-4-tc2/source:/opt/rustwide/workdir:ro,Z" "-v" "/var/lib/crater-agent-workspace/cargo-home:/opt/rustwide/cargo-home:ro,Z" "-v" "/var/lib/crater-agent-workspace/rustup-home:/opt/rustwide/rustup-home:ro,Z" "-e" "SOURCE_DIR=/opt/rustwide/workdir" "-e" "CARGO_TARGET_DIR=/opt/rustwide/target" "-e" "CARGO_HOME=/opt/rustwide/cargo-home" "-e" "RUSTUP_HOME=/opt/rustwide/rustup-home" "-w" "/opt/rustwide/workdir" "-m" "1610612736" "--user" "0:0" "--network" "none" "ghcr.io/rust-lang/crates-build-env/linux@sha256:2788e3201cd34a07e3172128adcd8b3090168a8e3bcc40d7c032b9dda1df7d1c" "/opt/rustwide/cargo-home/bin/cargo" "+beta-2023-12-22" "metadata" "--no-deps" "--format-version=1", kill_on_drop: false }`
[INFO] [stdout] adfc9e3925f84240e9b84f84baf7cb8ce9a583b167438f5989cbaf5c8cccb455
[INFO] running `Command { std: "docker" "start" "-a" "adfc9e3925f84240e9b84f84baf7cb8ce9a583b167438f5989cbaf5c8cccb455", kill_on_drop: false }`
[INFO] running `Command { std: "docker" "inspect" "adfc9e3925f84240e9b84f84baf7cb8ce9a583b167438f5989cbaf5c8cccb455", kill_on_drop: false }`
[INFO] running `Command { std: "docker" "rm" "-f" "adfc9e3925f84240e9b84f84baf7cb8ce9a583b167438f5989cbaf5c8cccb455", kill_on_drop: false }`
[INFO] [stdout] adfc9e3925f84240e9b84f84baf7cb8ce9a583b167438f5989cbaf5c8cccb455
[INFO] running `Command { std: "docker" "create" "-v" "/var/lib/crater-agent-workspace/builds/worker-4-tc2/target:/opt/rustwide/target:rw,Z" "-v" "/var/lib/crater-agent-workspace/builds/worker-4-tc2/source:/opt/rustwide/workdir:ro,Z" "-v" "/var/lib/crater-agent-workspace/cargo-home:/opt/rustwide/cargo-home:ro,Z" "-v" "/var/lib/crater-agent-workspace/rustup-home:/opt/rustwide/rustup-home:ro,Z" "-e" "SOURCE_DIR=/opt/rustwide/workdir" "-e" "CARGO_TARGET_DIR=/opt/rustwide/target" "-e" "CARGO_INCREMENTAL=0" "-e" "RUST_BACKTRACE=full" "-e" "RUSTFLAGS=--cap-lints=warn" "-e" "RUSTDOCFLAGS=--cap-lints=warn" "-e" "CARGO_HOME=/opt/rustwide/cargo-home" "-e" "RUSTUP_HOME=/opt/rustwide/rustup-home" "-w" "/opt/rustwide/workdir" "-m" "1610612736" "--user" "0:0" "--network" "none" "ghcr.io/rust-lang/crates-build-env/linux@sha256:2788e3201cd34a07e3172128adcd8b3090168a8e3bcc40d7c032b9dda1df7d1c" "/opt/rustwide/cargo-home/bin/cargo" "+beta-2023-12-22" "doc" "--frozen" "--no-deps" "--document-private-items" "--message-format=json", kill_on_drop: false }`
[INFO] [stdout] ef20989d85722e4aed45a145f1678848135844e626179febc5b6dba0a18481fc
[INFO] running `Command { std: "docker" "start" "-a" "ef20989d85722e4aed45a145f1678848135844e626179febc5b6dba0a18481fc", kill_on_drop: false }`
[INFO] [stderr] warning: virtual workspace defaulting to `resolver = "1"` despite one or more workspace members being on edition 2021 which implies `resolver = "2"`
[INFO] [stderr] note: to keep the current resolver, specify `workspace.resolver = "1"` in the workspace root's manifest
[INFO] [stderr] note: to use the edition 2021 resolver, specify `workspace.resolver = "2"` in the workspace root's manifest
[INFO] [stderr] note: for more details see https://doc.rust-lang.org/cargo/reference/resolver.html#resolver-versions
[INFO] [stderr]    Compiling proc-macro2 v1.0.66
[INFO] [stderr]    Compiling libc v0.2.147
[INFO] [stderr]    Compiling unicode-ident v1.0.11
[INFO] [stderr]    Compiling version_check v0.9.4
[INFO] [stderr]    Compiling serde v1.0.188
[INFO] [stderr]     Checking cfg-if v1.0.0
[INFO] [stderr]    Compiling typenum v1.16.0
[INFO] [stderr]    Compiling autocfg v1.1.0
[INFO] [stderr]     Checking zeroize v1.6.0
[INFO] [stderr]    Compiling syn v1.0.109
[INFO] [stderr]     Checking subtle v2.5.0
[INFO] [stderr]    Compiling generic-array v0.14.7
[INFO] [stderr]    Compiling once_cell v1.18.0
[INFO] [stderr]     Checking const-oid v0.9.5
[INFO] [stderr]    Compiling hashbrown v0.14.0
[INFO] [stderr]    Compiling equivalent v1.0.1
[INFO] [stderr]    Compiling crunchy v0.2.2
[INFO] [stderr]     Checking ppv-lite86 v0.2.17
[INFO] [stderr]    Compiling winnow v0.5.15
[INFO] [stderr]    Compiling quote v1.0.33
[INFO] [stderr]    Compiling num-traits v0.2.16
[INFO] [stderr]    Compiling syn v2.0.32
[INFO] [stderr]    Compiling indexmap v2.0.0
[INFO] [stderr]     Checking getrandom v0.2.10
[INFO] [stderr]     Checking rand_core v0.6.4
[INFO] [stderr]     Checking memchr v2.6.3
[INFO] [stderr]     Checking spin v0.5.2
[INFO] [stderr]     Checking rand_chacha v0.3.1
[INFO] [stderr]    Compiling cc v1.0.83
[INFO] [stderr]     Checking arrayvec v0.7.4
[INFO] [stderr]     Checking rand v0.8.5
[INFO] [stderr]     Checking crypto-common v0.1.6
[INFO] [stderr]     Checking block-buffer v0.10.4
[INFO] [stderr]     Checking static_assertions v1.1.0
[INFO] [stderr]     Checking digest v0.10.7
[INFO] [stderr]    Compiling thiserror v1.0.48
[INFO] [stderr]     Checking keccak v0.1.4
[INFO] [stderr]    Compiling convert_case v0.4.0
[INFO] [stderr]     Checking cpufeatures v0.2.9
[INFO] [stderr]     Checking itoa v1.0.9
[INFO] [stderr]    Compiling tiny-keccak v2.0.2
[INFO] [stderr]     Checking byteorder v1.4.3
[INFO] [stderr]     Checking pin-project-lite v0.2.13
[INFO] [stderr]    Compiling serde_json v1.0.106
[INFO] [stderr]     Checking aho-corasick v1.0.5
[INFO] [stderr]     Checking hex v0.4.3
[INFO] [stderr]     Checking regex-syntax v0.7.5
[INFO] [stderr]    Compiling rustix v0.38.13
[INFO] [stderr]     Checking rustc-hex v2.1.0
[INFO] [stderr]     Checking num_cpus v1.16.0
[INFO] [stderr]    Compiling proc-macro-error-attr v1.0.4
[INFO] [stderr]     Checking log v0.4.20
[INFO] [stderr]    Compiling proc-macro-error v1.0.4
[INFO] [stderr]     Checking byte-slice-cast v1.2.2
[INFO] [stderr]    Compiling radium v0.7.0
[INFO] [stderr]     Checking sha2 v0.10.7
[INFO] [stderr]     Checking tracing-core v0.1.31
[INFO] [stderr]     Checking ryu v1.0.15
[INFO] [stderr]     Checking tap v1.0.1
[INFO] [stderr]     Checking wyz v0.5.1
[INFO] [stderr]     Checking sha3 v0.10.8
[INFO] [stderr]     Checking hmac v0.12.1
[INFO] [stderr]     Checking funty v2.0.0
[INFO] [stderr]    Compiling crossbeam-utils v0.8.16
[INFO] [stderr]     Checking fixed-hash v0.8.0
[INFO] [stderr]     Checking lazy_static v1.4.0
[INFO] [stderr]     Checking scopeguard v1.2.0
[INFO] [stderr]     Checking uint v0.9.5
[INFO] [stderr]    Compiling memoffset v0.9.0
[INFO] [stderr]    Compiling crossbeam-epoch v0.9.15
[INFO] [stderr]    Compiling num-integer v0.1.45
[INFO] [stderr]    Compiling rustversion v1.0.14
[INFO] [stderr]    Compiling heck v0.4.1
[INFO] [stderr]     Checking der v0.7.8
[INFO] [stderr]     Checking bitvec v1.0.1
[INFO] [stderr]     Checking regex-automata v0.3.8
[INFO] [stderr]    Compiling num-bigint v0.4.4
[INFO] [stderr]    Compiling camino v1.1.6
[INFO] [stderr]    Compiling semver v1.0.18
[INFO] [stderr]     Checking spki v0.7.2
[INFO] [stderr]     Checking crossbeam-deque v0.8.3
[INFO] [stderr]     Checking crossbeam-channel v0.5.8
[INFO] [stderr]     Checking ff v0.13.0
[INFO] [stderr]     Checking either v1.9.0
[INFO] [stderr]    Compiling rayon-core v1.11.0
[INFO] [stderr]     Checking arrayref v0.3.7
[INFO] [stderr]     Checking base16ct v0.2.0
[INFO] [stderr]     Checking group v0.13.0
[INFO] [stderr]     Checking sec1 v0.7.3
[INFO] [stderr]     Checking pkcs8 v0.10.2
[INFO] [stderr]     Checking crypto-bigint v0.5.3
[INFO] [stderr]     Checking linux-raw-sys v0.4.7
[INFO] [stderr]     Checking bitflags v2.4.0
[INFO] [stderr]     Checking rfc6979 v0.4.0
[INFO] [stderr]     Checking signature v2.1.0
[INFO] [stderr]     Checking digest v0.9.0
[INFO] [stderr]     Checking rayon v1.7.0
[INFO] [stderr]    Compiling serde_derive v1.0.188
[INFO] [stderr]    Compiling thiserror-impl v1.0.48
[INFO] [stderr]     Checking regex v1.9.5
[INFO] [stderr]    Compiling tracing-attributes v0.1.26
[INFO] [stderr]     Checking ff v0.12.1
[INFO] [stderr]     Checking group v0.12.1
[INFO] [stderr]     Checking elliptic-curve v0.13.5
[INFO] [stderr]    Compiling paste v1.0.14
[INFO] [stderr]     Checking ecdsa v0.16.8
[INFO] [stderr]    Compiling impl-trait-for-tuples v0.2.2
[INFO] [stderr]    Compiling rlp-derive v0.1.0
[INFO] [stderr]    Compiling derive_more v0.99.17
[INFO] [stderr]    Compiling auto_impl v1.1.0
[INFO] [stderr]    Compiling strum_macros v0.24.3
[INFO] [stderr]     Checking k256 v0.13.1
[INFO] [stderr]     Checking termcolor v1.2.0
[INFO] [stderr]     Checking block-padding v0.2.1
[INFO] [stderr]     Checking constant_time_eq v0.3.0
[INFO] [stderr]     Checking blake2b_simd v1.0.2
[INFO] [stderr]     Checking block-buffer v0.9.0
[INFO] [stderr]     Checking tracing v0.1.37
[INFO] [stderr]     Checking atty v0.2.14
[INFO] [stderr]     Checking opaque-debug v0.3.0
[INFO] [stderr]    Compiling halo2curves v0.3.1 (https://github.com/scroll-tech/halo2curves.git?branch=0.3.1-derive-serde#969f1e44)
[INFO] [stderr]     Checking humantime v2.1.0
[INFO] [stderr]    Compiling crossbeam-queue v0.3.8
[INFO] [stderr]     Checking iana-time-zone v0.1.57
[INFO] [stderr]     Checking chrono v0.4.30
[INFO] [stderr]     Checking strum v0.24.1
[INFO] [stderr]     Checking pasta_curves v0.4.1
[INFO] [stderr]     Checking unicode-xid v0.2.4
[INFO] [stderr]     Checking fastrand v2.0.0
[INFO] [stderr]     Checking tempfile v3.8.0
[INFO] [stderr]     Checking crossbeam v0.8.2
[INFO] [stderr]     Checking env_logger v0.8.4
[INFO] [stderr]     Checking sha3 v0.9.1
[INFO] [stderr]     Checking itertools v0.10.5
[INFO] [stderr]     Checking ark-std v0.3.0
[INFO] [stderr]     Checking ripemd v0.1.3
[INFO] [stderr]     Checking base64 v0.21.4
[INFO] [stderr]     Checking cfg-if v0.1.10
[INFO] [stderr]     Checking inout v0.1.3
[INFO] [stderr]     Checking cipher v0.4.4
[INFO] [stderr]    Compiling num-iter v0.1.43
[INFO] [stderr]    Compiling num-rational v0.4.1
[INFO] [stderr]    Compiling ring v0.16.20
[INFO] [stderr]    Compiling async-trait v0.1.73
[INFO] [stderr]     Checking bs58 v0.5.0
[INFO] [stderr]     Checking num-complex v0.4.4
[INFO] [stderr]     Checking bech32 v0.9.1
[INFO] [stderr]     Checking bytes v1.5.0
[INFO] [stderr]     Checking impl-serde v0.4.0
[INFO] [stderr]     Checking cargo-platform v0.1.3
[INFO] [stderr]     Checking rlp v0.5.2
[INFO] [stderr]    Compiling futures-core v0.3.28
[INFO] [stderr]     Checking base64 v0.13.1
[INFO] [stdout] error[E0583]: file not found for module `table`
[INFO] [stdout]  --> /opt/rustwide/cargo-home/git/checkouts/halo2curves-7825ac469f67e4ff/969f1e4/src/bn256/fr.rs:8:1
[INFO] [stdout]   |
[INFO] [stdout] 8 | mod table;
[INFO] [stdout]   | ^^^^^^^^^^
[INFO] [stdout]   |
[INFO] [stdout]   = help: to create the module `table`, create file "/opt/rustwide/cargo-home/git/checkouts/halo2curves-7825ac469f67e4ff/969f1e4/src/bn256/fr/table.rs" or "/opt/rustwide/cargo-home/git/checkouts/halo2curves-7825ac469f67e4ff/969f1e4/src/bn256/fr/table/mod.rs"
[INFO] [stdout]   = note: if there is a `mod table` elsewhere in the crate already, import it with `use crate::...` instead
[INFO] [stdout] 
[INFO] [stdout] 
[INFO] [stdout] error[E0432]: unresolved import `table::FR_TABLE`
[INFO] [stdout]   --> /opt/rustwide/cargo-home/git/checkouts/halo2curves-7825ac469f67e4ff/969f1e4/src/bn256/fr.rs:16:9
[INFO] [stdout]    |
[INFO] [stdout] 16 | pub use table::FR_TABLE;
[INFO] [stdout]    |         ^^^^^^^^^^^^^^^ no `FR_TABLE` in `bn256::fr::table`
[INFO] [stdout] 
[INFO] [stdout] 
[INFO] [stderr]    Compiling serde_spanned v0.6.3
[INFO] [stderr]    Compiling toml_datetime v0.6.3
[INFO] [stderr]     Checking impl-rlp v0.3.0
[INFO] [stderr]     Checking num v0.4.1
[INFO] [stderr]     Checking coins-core v0.8.7
[INFO] [stderr]    Compiling toml_edit v0.19.15
[INFO] [stderr]     Checking cargo_metadata v0.15.4
[INFO] [stderr]    Compiling libsecp256k1-core v0.3.0
[INFO] [stdout] error: aborting due to 2 previous errors
[INFO] [stdout] 
[INFO] [stdout] 
[INFO] [stdout] Some errors have detailed explanations: E0432, E0583.
[INFO] [stdout] 
[INFO] [stdout] For more information about an error, try `rustc --explain E0432`.
[INFO] [stdout] 
[INFO] [stderr]    Compiling open-fastrlp-derive v0.1.1
[INFO] [stderr] error: could not compile `halo2curves` (lib) due to 3 previous errors
[INFO] [stderr] warning: build failed, waiting for other jobs to finish...
[INFO] running `Command { std: "docker" "inspect" "ef20989d85722e4aed45a145f1678848135844e626179febc5b6dba0a18481fc", kill_on_drop: false }`
[INFO] running `Command { std: "docker" "rm" "-f" "ef20989d85722e4aed45a145f1678848135844e626179febc5b6dba0a18481fc", kill_on_drop: false }`
[INFO] [stdout] ef20989d85722e4aed45a145f1678848135844e626179febc5b6dba0a18481fc
