[INFO] cloning repository https://github.com/MitinPavel/todo_turbolinks
[INFO] running `Command { std: "git" "-c" "credential.helper=" "-c" "credential.helper=/workspace/cargo-home/bin/git-credential-null" "clone" "--bare" "https://github.com/MitinPavel/todo_turbolinks" "/workspace/cache/git-repos/https%3A%2F%2Fgithub.com%2FMitinPavel%2Ftodo_turbolinks", kill_on_drop: false }`
[INFO] [stderr] Cloning into bare repository '/workspace/cache/git-repos/https%3A%2F%2Fgithub.com%2FMitinPavel%2Ftodo_turbolinks'...
[INFO] running `Command { std: "git" "rev-parse" "HEAD", kill_on_drop: false }`
[INFO] [stdout] b4ec30e32eb2d61a495b7b9fc2ad9901b01215a6
[INFO] documenting MitinPavel/todo_turbolinks against 1.75.0 for beta-1.76-rustdoc-1
[INFO] running `Command { std: "git" "clone" "/workspace/cache/git-repos/https%3A%2F%2Fgithub.com%2FMitinPavel%2Ftodo_turbolinks" "/workspace/builds/worker-2-tc1/source", kill_on_drop: false }`
[INFO] [stderr] Cloning into '/workspace/builds/worker-2-tc1/source'...
[INFO] [stderr] done.
[INFO] validating manifest of git repo https://github.com/MitinPavel/todo_turbolinks on toolchain 1.75.0
[INFO] running `Command { std: CARGO_HOME="/workspace/cargo-home" RUSTUP_HOME="/workspace/rustup-home" "/workspace/cargo-home/bin/cargo" "+1.75.0" "metadata" "--manifest-path" "Cargo.toml" "--no-deps", kill_on_drop: false }`
[INFO] started tweaking git repo https://github.com/MitinPavel/todo_turbolinks
[INFO] finished tweaking git repo https://github.com/MitinPavel/todo_turbolinks
[INFO] tweaked toml for git repo https://github.com/MitinPavel/todo_turbolinks written to /workspace/builds/worker-2-tc1/source/Cargo.toml
[INFO] crate git repo https://github.com/MitinPavel/todo_turbolinks already has a lockfile, it will not be regenerated
[INFO] running `Command { std: CARGO_HOME="/workspace/cargo-home" RUSTUP_HOME="/workspace/rustup-home" "/workspace/cargo-home/bin/cargo" "+1.75.0" "fetch" "--manifest-path" "Cargo.toml", kill_on_drop: false }`
[INFO] [stderr]     Updating crates.io index
[INFO] [stderr]  Downloading crates ...
[INFO] [stderr]   Downloaded isatty v0.1.5
[INFO] [stderr]   Downloaded rocket v0.3.3
[INFO] [stderr]   Downloaded pear_codegen v0.0.10
[INFO] [stderr]   Downloaded pear v0.0.10
[INFO] [stderr]   Downloaded state v0.3.2
[INFO] [stderr]   Downloaded rocket_contrib v0.3.3
[INFO] [stderr]   Downloaded log v0.3.8
[INFO] [stderr]   Downloaded pest v0.3.3
[INFO] [stderr]   Downloaded lazy_static v0.2.9
[INFO] [stderr]   Downloaded rayon-core v1.2.1
[INFO] [stderr]   Downloaded futures v0.1.16
[INFO] [stderr]   Downloaded libc v0.2.32
[INFO] [stderr]   Downloaded serde v1.0.16
[INFO] [stderr]   Downloaded url v1.5.1
[INFO] [stderr]   Downloaded rand v0.3.17
[INFO] [stderr]   Downloaded serde_json v1.0.4
[INFO] [stderr]   Downloaded handlebars v0.27.0
[INFO] [stderr]   Downloaded byteorder v1.1.0
[INFO] [stderr]   Downloaded r2d2 v0.7.4
[INFO] [stderr]   Downloaded scheduled-thread-pool v0.1.0
[INFO] [stderr]   Downloaded serde_derive_internals v0.16.0
[INFO] [stderr]   Downloaded yansi v0.3.4
[INFO] [stderr]   Downloaded coco v0.1.1
[INFO] [stderr]   Downloaded serde_derive v1.0.16
[INFO] [stderr]   Downloaded either v1.3.0
[INFO] [stderr]   Downloaded rocket_codegen v0.3.3
[INFO] [stderr]   Downloaded r2d2_redis v0.6.0
[INFO] running `Command { std: "docker" "create" "-v" "/var/lib/crater-agent-workspace/builds/worker-2-tc1/target:/opt/rustwide/target:rw,Z" "-v" "/var/lib/crater-agent-workspace/builds/worker-2-tc1/source:/opt/rustwide/workdir:ro,Z" "-v" "/var/lib/crater-agent-workspace/cargo-home:/opt/rustwide/cargo-home:ro,Z" "-v" "/var/lib/crater-agent-workspace/rustup-home:/opt/rustwide/rustup-home:ro,Z" "-e" "SOURCE_DIR=/opt/rustwide/workdir" "-e" "CARGO_TARGET_DIR=/opt/rustwide/target" "-e" "CARGO_HOME=/opt/rustwide/cargo-home" "-e" "RUSTUP_HOME=/opt/rustwide/rustup-home" "-w" "/opt/rustwide/workdir" "-m" "1610612736" "--user" "0:0" "--network" "none" "ghcr.io/rust-lang/crates-build-env/linux@sha256:2788e3201cd34a07e3172128adcd8b3090168a8e3bcc40d7c032b9dda1df7d1c" "/opt/rustwide/cargo-home/bin/cargo" "+1.75.0" "metadata" "--no-deps" "--format-version=1", kill_on_drop: false }`
[INFO] [stdout] d51e9b92f61123a07c34ee87b648f2cdb848ae72c68514f3cdc9dc54ad50191f
[INFO] running `Command { std: "docker" "start" "-a" "d51e9b92f61123a07c34ee87b648f2cdb848ae72c68514f3cdc9dc54ad50191f", kill_on_drop: false }`
[INFO] running `Command { std: "docker" "inspect" "d51e9b92f61123a07c34ee87b648f2cdb848ae72c68514f3cdc9dc54ad50191f", kill_on_drop: false }`
[INFO] running `Command { std: "docker" "rm" "-f" "d51e9b92f61123a07c34ee87b648f2cdb848ae72c68514f3cdc9dc54ad50191f", kill_on_drop: false }`
[INFO] [stdout] d51e9b92f61123a07c34ee87b648f2cdb848ae72c68514f3cdc9dc54ad50191f
[INFO] running `Command { std: "docker" "create" "-v" "/var/lib/crater-agent-workspace/builds/worker-2-tc1/target:/opt/rustwide/target:rw,Z" "-v" "/var/lib/crater-agent-workspace/builds/worker-2-tc1/source:/opt/rustwide/workdir:ro,Z" "-v" "/var/lib/crater-agent-workspace/cargo-home:/opt/rustwide/cargo-home:ro,Z" "-v" "/var/lib/crater-agent-workspace/rustup-home:/opt/rustwide/rustup-home:ro,Z" "-e" "SOURCE_DIR=/opt/rustwide/workdir" "-e" "CARGO_TARGET_DIR=/opt/rustwide/target" "-e" "CARGO_INCREMENTAL=0" "-e" "RUST_BACKTRACE=full" "-e" "RUSTFLAGS=--cap-lints=warn" "-e" "RUSTDOCFLAGS=--cap-lints=warn" "-e" "CARGO_HOME=/opt/rustwide/cargo-home" "-e" "RUSTUP_HOME=/opt/rustwide/rustup-home" "-w" "/opt/rustwide/workdir" "-m" "1610612736" "--user" "0:0" "--network" "none" "ghcr.io/rust-lang/crates-build-env/linux@sha256:2788e3201cd34a07e3172128adcd8b3090168a8e3bcc40d7c032b9dda1df7d1c" "/opt/rustwide/cargo-home/bin/cargo" "+1.75.0" "doc" "--frozen" "--no-deps" "--document-private-items" "--message-format=json", kill_on_drop: false }`
[INFO] [stdout] 549602bf69829298b0939fda96af18bce037a7793fc14a74658e678f7b38301b
[INFO] running `Command { std: "docker" "start" "-a" "549602bf69829298b0939fda96af18bce037a7793fc14a74658e678f7b38301b", kill_on_drop: false }`
[INFO] [stderr]    Compiling libc v0.2.32
[INFO] [stderr]    Compiling version_check v0.1.3
[INFO] [stderr]    Compiling scopeguard v0.3.3
[INFO] [stderr]    Compiling either v1.3.0
[INFO] [stderr]    Compiling rayon-core v1.2.1
[INFO] [stderr]    Compiling lazy_static v0.2.9
[INFO] [stderr]    Compiling futures v0.1.16
[INFO] [stderr]    Compiling gcc v0.3.54
[INFO] [stderr]     Checking matches v0.1.6
[INFO] [stderr]    Compiling coco v0.1.1
[INFO] [stderr]     Checking unicode-bidi v0.3.4
[INFO] [stderr]    Compiling yansi v0.3.4
[INFO] [stderr]    Compiling unicase v1.4.2
[INFO] [stdout] error[E0554]: `#![feature]` may not be used on the stable release channel
[INFO] [stdout]  --> /opt/rustwide/cargo-home/registry/src/index.crates.io-6f17d22bba15001f/yansi-0.3.4/src/lib.rs:1:40
[INFO] [stdout]   |
[INFO] [stdout] 1 | #![cfg_attr(feature="nightly", feature(const_atomic_bool_new))]
[INFO] [stdout]   |                                        ^^^^^^^^^^^^^^^^^^^^^
[INFO] [stdout] 
[INFO] [stdout] 
[INFO] [stdout] error[E0635]: unknown feature `const_atomic_bool_new`
[INFO] [stdout]  --> /opt/rustwide/cargo-home/registry/src/index.crates.io-6f17d22bba15001f/yansi-0.3.4/src/lib.rs:1:40
[INFO] [stdout]   |
[INFO] [stdout] 1 | #![cfg_attr(feature="nightly", feature(const_atomic_bool_new))]
[INFO] [stdout]   |                                        ^^^^^^^^^^^^^^^^^^^^^
[INFO] [stdout] 
[INFO] [stdout] 
[INFO] [stderr]     Checking unicode-normalization v0.1.5
[INFO] [stdout] error: aborting due to 2 previous errors
[INFO] [stdout] 
[INFO] [stdout] 
[INFO] [stdout] Some errors have detailed explanations: E0554, E0635.
[INFO] [stdout] 
[INFO] [stdout] For more information about an error, try `rustc --explain E0554`.
[INFO] [stdout] 
[INFO] [stderr] error: could not compile `yansi` (lib) due to 3 previous errors
[INFO] [stderr] warning: build failed, waiting for other jobs to finish...
[INFO] running `Command { std: "docker" "inspect" "549602bf69829298b0939fda96af18bce037a7793fc14a74658e678f7b38301b", kill_on_drop: false }`
[INFO] running `Command { std: "docker" "rm" "-f" "549602bf69829298b0939fda96af18bce037a7793fc14a74658e678f7b38301b", kill_on_drop: false }`
[INFO] [stdout] 549602bf69829298b0939fda96af18bce037a7793fc14a74658e678f7b38301b
[INFO] documenting MitinPavel/todo_turbolinks against beta-2023-12-22 for beta-1.76-rustdoc-1
[INFO] running `Command { std: "git" "clone" "/workspace/cache/git-repos/https%3A%2F%2Fgithub.com%2FMitinPavel%2Ftodo_turbolinks" "/workspace/builds/worker-2-tc2/source", kill_on_drop: false }`
[INFO] [stderr] Cloning into '/workspace/builds/worker-2-tc2/source'...
[INFO] [stderr] done.
[INFO] validating manifest of git repo https://github.com/MitinPavel/todo_turbolinks on toolchain beta-2023-12-22
[INFO] running `Command { std: CARGO_HOME="/workspace/cargo-home" RUSTUP_HOME="/workspace/rustup-home" "/workspace/cargo-home/bin/cargo" "+beta-2023-12-22" "metadata" "--manifest-path" "Cargo.toml" "--no-deps", kill_on_drop: false }`
[INFO] started tweaking git repo https://github.com/MitinPavel/todo_turbolinks
[INFO] finished tweaking git repo https://github.com/MitinPavel/todo_turbolinks
[INFO] tweaked toml for git repo https://github.com/MitinPavel/todo_turbolinks written to /workspace/builds/worker-2-tc2/source/Cargo.toml
[INFO] crate git repo https://github.com/MitinPavel/todo_turbolinks already has a lockfile, it will not be regenerated
[INFO] running `Command { std: CARGO_HOME="/workspace/cargo-home" RUSTUP_HOME="/workspace/rustup-home" "/workspace/cargo-home/bin/cargo" "+beta-2023-12-22" "fetch" "--manifest-path" "Cargo.toml", kill_on_drop: false }`
[INFO] running `Command { std: "docker" "create" "-v" "/var/lib/crater-agent-workspace/builds/worker-2-tc2/target:/opt/rustwide/target:rw,Z" "-v" "/var/lib/crater-agent-workspace/builds/worker-2-tc2/source:/opt/rustwide/workdir:ro,Z" "-v" "/var/lib/crater-agent-workspace/cargo-home:/opt/rustwide/cargo-home:ro,Z" "-v" "/var/lib/crater-agent-workspace/rustup-home:/opt/rustwide/rustup-home:ro,Z" "-e" "SOURCE_DIR=/opt/rustwide/workdir" "-e" "CARGO_TARGET_DIR=/opt/rustwide/target" "-e" "CARGO_HOME=/opt/rustwide/cargo-home" "-e" "RUSTUP_HOME=/opt/rustwide/rustup-home" "-w" "/opt/rustwide/workdir" "-m" "1610612736" "--user" "0:0" "--network" "none" "ghcr.io/rust-lang/crates-build-env/linux@sha256:2788e3201cd34a07e3172128adcd8b3090168a8e3bcc40d7c032b9dda1df7d1c" "/opt/rustwide/cargo-home/bin/cargo" "+beta-2023-12-22" "metadata" "--no-deps" "--format-version=1", kill_on_drop: false }`
[INFO] [stdout] 1d9e53f316d1ba32f8bfb61e24ece229816a4144725809da564d3fc0b671f039
[INFO] running `Command { std: "docker" "start" "-a" "1d9e53f316d1ba32f8bfb61e24ece229816a4144725809da564d3fc0b671f039", kill_on_drop: false }`
[INFO] running `Command { std: "docker" "inspect" "1d9e53f316d1ba32f8bfb61e24ece229816a4144725809da564d3fc0b671f039", kill_on_drop: false }`
[INFO] running `Command { std: "docker" "rm" "-f" "1d9e53f316d1ba32f8bfb61e24ece229816a4144725809da564d3fc0b671f039", kill_on_drop: false }`
[INFO] [stdout] 1d9e53f316d1ba32f8bfb61e24ece229816a4144725809da564d3fc0b671f039
[INFO] running `Command { std: "docker" "create" "-v" "/var/lib/crater-agent-workspace/builds/worker-2-tc2/target:/opt/rustwide/target:rw,Z" "-v" "/var/lib/crater-agent-workspace/builds/worker-2-tc2/source:/opt/rustwide/workdir:ro,Z" "-v" "/var/lib/crater-agent-workspace/cargo-home:/opt/rustwide/cargo-home:ro,Z" "-v" "/var/lib/crater-agent-workspace/rustup-home:/opt/rustwide/rustup-home:ro,Z" "-e" "SOURCE_DIR=/opt/rustwide/workdir" "-e" "CARGO_TARGET_DIR=/opt/rustwide/target" "-e" "CARGO_INCREMENTAL=0" "-e" "RUST_BACKTRACE=full" "-e" "RUSTFLAGS=--cap-lints=warn" "-e" "RUSTDOCFLAGS=--cap-lints=warn" "-e" "CARGO_HOME=/opt/rustwide/cargo-home" "-e" "RUSTUP_HOME=/opt/rustwide/rustup-home" "-w" "/opt/rustwide/workdir" "-m" "1610612736" "--user" "0:0" "--network" "none" "ghcr.io/rust-lang/crates-build-env/linux@sha256:2788e3201cd34a07e3172128adcd8b3090168a8e3bcc40d7c032b9dda1df7d1c" "/opt/rustwide/cargo-home/bin/cargo" "+beta-2023-12-22" "doc" "--frozen" "--no-deps" "--document-private-items" "--message-format=json", kill_on_drop: false }`
[INFO] [stdout] 24b181b8cb4e13c1bc6f66e89ecb6992e012375092b8909ca6548d30da9ac104
[INFO] running `Command { std: "docker" "start" "-a" "24b181b8cb4e13c1bc6f66e89ecb6992e012375092b8909ca6548d30da9ac104", kill_on_drop: false }`
[INFO] [stderr]    Compiling libc v0.2.32
[INFO] [stderr]    Compiling version_check v0.1.3
[INFO] [stderr]    Compiling scopeguard v0.3.3
[INFO] [stderr]    Compiling rayon-core v1.2.1
[INFO] [stderr]    Compiling either v1.3.0
[INFO] [stderr]    Compiling futures v0.1.16
[INFO] [stderr]    Compiling lazy_static v0.2.9
[INFO] [stderr]    Compiling gcc v0.3.54
[INFO] [stderr]     Checking matches v0.1.6
[INFO] [stderr]    Compiling coco v0.1.1
[INFO] [stderr]     Checking unicode-bidi v0.3.4
[INFO] [stderr]     Checking unicode-normalization v0.1.5
[INFO] [stderr]    Compiling unicase v1.4.2
[INFO] [stderr]    Compiling yansi v0.3.4
[INFO] [stdout] error[E0554]: `#![feature]` may not be used on the beta release channel
[INFO] [stdout]  --> /opt/rustwide/cargo-home/registry/src/index.crates.io-6f17d22bba15001f/yansi-0.3.4/src/lib.rs:1:40
[INFO] [stdout]   |
[INFO] [stdout] 1 | #![cfg_attr(feature="nightly", feature(const_atomic_bool_new))]
[INFO] [stdout]   |                                        ^^^^^^^^^^^^^^^^^^^^^
[INFO] [stdout] 
[INFO] [stdout] 
[INFO] [stdout] error[E0635]: unknown feature `const_atomic_bool_new`
[INFO] [stdout]  --> /opt/rustwide/cargo-home/registry/src/index.crates.io-6f17d22bba15001f/yansi-0.3.4/src/lib.rs:1:40
[INFO] [stdout]   |
[INFO] [stdout] 1 | #![cfg_attr(feature="nightly", feature(const_atomic_bool_new))]
[INFO] [stdout]   |                                        ^^^^^^^^^^^^^^^^^^^^^
[INFO] [stdout] 
[INFO] [stdout] 
[INFO] [stderr]    Compiling num_cpus v1.7.0
[INFO] [stdout] error: aborting due to 2 previous errors
[INFO] [stdout] 
[INFO] [stdout] 
[INFO] [stdout] Some errors have detailed explanations: E0554, E0635.
[INFO] [stdout] 
[INFO] [stdout] For more information about an error, try `rustc --explain E0554`.
[INFO] [stdout] 
[INFO] [stderr] error: could not compile `yansi` (lib) due to 3 previous errors
[INFO] [stderr] warning: build failed, waiting for other jobs to finish...
[INFO] running `Command { std: "docker" "inspect" "24b181b8cb4e13c1bc6f66e89ecb6992e012375092b8909ca6548d30da9ac104", kill_on_drop: false }`
[INFO] running `Command { std: "docker" "rm" "-f" "24b181b8cb4e13c1bc6f66e89ecb6992e012375092b8909ca6548d30da9ac104", kill_on_drop: false }`
[INFO] [stdout] 24b181b8cb4e13c1bc6f66e89ecb6992e012375092b8909ca6548d30da9ac104
