[INFO] cloning repository https://github.com/Miraj98/rust-experiments
[INFO] running `Command { std: "git" "-c" "credential.helper=" "-c" "credential.helper=/workspace/cargo-home/bin/git-credential-null" "clone" "--bare" "https://github.com/Miraj98/rust-experiments" "/workspace/cache/git-repos/https%3A%2F%2Fgithub.com%2FMiraj98%2Frust-experiments", kill_on_drop: false }`
[INFO] [stderr] Cloning into bare repository '/workspace/cache/git-repos/https%3A%2F%2Fgithub.com%2FMiraj98%2Frust-experiments'...
[INFO] running `Command { std: "git" "rev-parse" "HEAD", kill_on_drop: false }`
[INFO] [stdout] a9a6c2ba5003e3db4a4739212114861caf33f69e
[INFO] documenting Miraj98/rust-experiments against 1.75.0 for beta-1.76-rustdoc-1
[INFO] running `Command { std: "git" "clone" "/workspace/cache/git-repos/https%3A%2F%2Fgithub.com%2FMiraj98%2Frust-experiments" "/workspace/builds/worker-3-tc1/source", kill_on_drop: false }`
[INFO] [stderr] Cloning into '/workspace/builds/worker-3-tc1/source'...
[INFO] [stderr] done.
[INFO] validating manifest of git repo https://github.com/Miraj98/rust-experiments on toolchain 1.75.0
[INFO] running `Command { std: CARGO_HOME="/workspace/cargo-home" RUSTUP_HOME="/workspace/rustup-home" "/workspace/cargo-home/bin/cargo" "+1.75.0" "metadata" "--manifest-path" "Cargo.toml" "--no-deps", kill_on_drop: false }`
[INFO] started tweaking git repo https://github.com/Miraj98/rust-experiments
[INFO] finished tweaking git repo https://github.com/Miraj98/rust-experiments
[INFO] tweaked toml for git repo https://github.com/Miraj98/rust-experiments written to /workspace/builds/worker-3-tc1/source/Cargo.toml
[INFO] crate git repo https://github.com/Miraj98/rust-experiments already has a lockfile, it will not be regenerated
[INFO] running `Command { std: CARGO_HOME="/workspace/cargo-home" RUSTUP_HOME="/workspace/rustup-home" "/workspace/cargo-home/bin/cargo" "+1.75.0" "fetch" "--manifest-path" "Cargo.toml", kill_on_drop: false }`
[INFO] [stderr] warning: unused manifest key: dependencies.matrixmultiply.threading
[INFO] running `Command { std: "docker" "create" "-v" "/var/lib/crater-agent-workspace/builds/worker-3-tc1/target:/opt/rustwide/target:rw,Z" "-v" "/var/lib/crater-agent-workspace/builds/worker-3-tc1/source:/opt/rustwide/workdir:ro,Z" "-v" "/var/lib/crater-agent-workspace/cargo-home:/opt/rustwide/cargo-home:ro,Z" "-v" "/var/lib/crater-agent-workspace/rustup-home:/opt/rustwide/rustup-home:ro,Z" "-e" "SOURCE_DIR=/opt/rustwide/workdir" "-e" "CARGO_TARGET_DIR=/opt/rustwide/target" "-e" "CARGO_HOME=/opt/rustwide/cargo-home" "-e" "RUSTUP_HOME=/opt/rustwide/rustup-home" "-w" "/opt/rustwide/workdir" "-m" "1610612736" "--user" "0:0" "--network" "none" "ghcr.io/rust-lang/crates-build-env/linux@sha256:2788e3201cd34a07e3172128adcd8b3090168a8e3bcc40d7c032b9dda1df7d1c" "/opt/rustwide/cargo-home/bin/cargo" "+1.75.0" "metadata" "--no-deps" "--format-version=1", kill_on_drop: false }`
[INFO] [stdout] 550c529eafa5689d26749f948520e10a224bfa265f6fc61a40049b8502df2e51
[INFO] running `Command { std: "docker" "start" "-a" "550c529eafa5689d26749f948520e10a224bfa265f6fc61a40049b8502df2e51", kill_on_drop: false }`
[INFO] running `Command { std: "docker" "inspect" "550c529eafa5689d26749f948520e10a224bfa265f6fc61a40049b8502df2e51", kill_on_drop: false }`
[INFO] running `Command { std: "docker" "rm" "-f" "550c529eafa5689d26749f948520e10a224bfa265f6fc61a40049b8502df2e51", kill_on_drop: false }`
[INFO] [stdout] 550c529eafa5689d26749f948520e10a224bfa265f6fc61a40049b8502df2e51
[INFO] running `Command { std: "docker" "create" "-v" "/var/lib/crater-agent-workspace/builds/worker-3-tc1/target:/opt/rustwide/target:rw,Z" "-v" "/var/lib/crater-agent-workspace/builds/worker-3-tc1/source:/opt/rustwide/workdir:ro,Z" "-v" "/var/lib/crater-agent-workspace/cargo-home:/opt/rustwide/cargo-home:ro,Z" "-v" "/var/lib/crater-agent-workspace/rustup-home:/opt/rustwide/rustup-home:ro,Z" "-e" "SOURCE_DIR=/opt/rustwide/workdir" "-e" "CARGO_TARGET_DIR=/opt/rustwide/target" "-e" "CARGO_INCREMENTAL=0" "-e" "RUST_BACKTRACE=full" "-e" "RUSTFLAGS=--cap-lints=warn" "-e" "RUSTDOCFLAGS=--cap-lints=warn" "-e" "CARGO_HOME=/opt/rustwide/cargo-home" "-e" "RUSTUP_HOME=/opt/rustwide/rustup-home" "-w" "/opt/rustwide/workdir" "-m" "1610612736" "--user" "0:0" "--network" "none" "ghcr.io/rust-lang/crates-build-env/linux@sha256:2788e3201cd34a07e3172128adcd8b3090168a8e3bcc40d7c032b9dda1df7d1c" "/opt/rustwide/cargo-home/bin/cargo" "+1.75.0" "doc" "--frozen" "--no-deps" "--document-private-items" "--message-format=json", kill_on_drop: false }`
[INFO] [stdout] 04f7b308f64e0ed452e4fe093d4da2c68c6946c45f1d48fb212648ccd3c9abcb
[INFO] running `Command { std: "docker" "start" "-a" "04f7b308f64e0ed452e4fe093d4da2c68c6946c45f1d48fb212648ccd3c9abcb", kill_on_drop: false }`
[INFO] [stderr] warning: unused manifest key: dependencies.matrixmultiply.threading
[INFO] [stderr]    Compiling libc v0.2.137
[INFO] [stderr]    Compiling crossbeam-utils v0.8.14
[INFO] [stderr]    Compiling memoffset v0.7.1
[INFO] [stderr]    Compiling crossbeam-epoch v0.9.13
[INFO] [stderr]    Compiling rayon-core v1.10.1
[INFO] [stderr]     Checking rawpointer v0.2.1
[INFO] [stderr]     Checking matrixmultiply v0.3.2
[INFO] [stderr]     Checking crossbeam-channel v0.5.6
[INFO] [stderr]     Checking crossbeam-deque v0.8.2
[INFO] [stderr]     Checking getrandom v0.2.8
[INFO] [stderr]     Checking num_cpus v1.14.0
[INFO] [stderr]     Checking rand_core v0.6.4
[INFO] [stderr]     Checking rand_chacha v0.3.1
[INFO] [stderr]     Checking rand v0.8.5
[INFO] [stderr]     Checking rayon v1.6.0
[INFO] [stderr]  Documenting rust-experiments v0.1.0 (/opt/rustwide/workdir)
[INFO] [stdout] error[E0554]: `#![feature]` may not be used on the stable release channel
[INFO] [stdout]  --> src/bin/simd.rs:2:12
[INFO] [stdout]   |
[INFO] [stdout] 2 | #![feature(test)]
[INFO] [stdout]   |            ^^^^
[INFO] [stdout] 
[INFO] [stdout] 
[INFO] [stdout] error[E0554]: `#![feature]` may not be used on the stable release channel
[INFO] [stdout]  --> src/bin/simd.rs:3:12
[INFO] [stdout]   |
[INFO] [stdout] 3 | #![feature(portable_simd)]
[INFO] [stdout]   |            ^^^^^^^^^^^^^
[INFO] [stdout] 
[INFO] [stdout] 
[INFO] [stdout] error: aborting due to 2 previous errors
[INFO] [stdout] 
[INFO] [stdout] 
[INFO] [stdout] For more information about this error, try `rustc --explain E0554`.
[INFO] [stdout] 
[INFO] [stderr] error: could not document `rust-experiments`
[INFO] [stderr] 
[INFO] [stderr] Caused by:
[INFO] [stderr]   process didn't exit successfully: `/opt/rustwide/rustup-home/toolchains/1.75.0-x86_64-unknown-linux-gnu/bin/rustdoc --edition=2021 --crate-type bin --crate-name simd src/bin/simd.rs -o /opt/rustwide/target/doc --error-format=json --json=diagnostic-rendered-ansi,artifacts,future-incompat --document-private-items '-Arustdoc::private-intra-doc-links' -C metadata=a723e1e1c85e0f5b -L dependency=/opt/rustwide/target/debug/deps --extern itertools=/opt/rustwide/target/debug/deps/libitertools-af381fadbc730c49.rmeta --extern matrixmultiply=/opt/rustwide/target/debug/deps/libmatrixmultiply-4dec818a67f09e23.rmeta --extern rand=/opt/rustwide/target/debug/deps/librand-136c34e0902c09e2.rmeta --extern rayon=/opt/rustwide/target/debug/deps/librayon-253c2a915dfd993f.rmeta --cap-lints=warn --crate-version 0.1.0` (exit status: 1)
[INFO] [stderr] warning: build failed, waiting for other jobs to finish...
[INFO] running `Command { std: "docker" "inspect" "04f7b308f64e0ed452e4fe093d4da2c68c6946c45f1d48fb212648ccd3c9abcb", kill_on_drop: false }`
[INFO] running `Command { std: "docker" "rm" "-f" "04f7b308f64e0ed452e4fe093d4da2c68c6946c45f1d48fb212648ccd3c9abcb", kill_on_drop: false }`
[INFO] [stdout] 04f7b308f64e0ed452e4fe093d4da2c68c6946c45f1d48fb212648ccd3c9abcb
[INFO] documenting Miraj98/rust-experiments against beta-2023-12-22 for beta-1.76-rustdoc-1
[INFO] running `Command { std: "git" "clone" "/workspace/cache/git-repos/https%3A%2F%2Fgithub.com%2FMiraj98%2Frust-experiments" "/workspace/builds/worker-3-tc2/source", kill_on_drop: false }`
[INFO] [stderr] Cloning into '/workspace/builds/worker-3-tc2/source'...
[INFO] [stderr] done.
[INFO] validating manifest of git repo https://github.com/Miraj98/rust-experiments on toolchain beta-2023-12-22
[INFO] running `Command { std: CARGO_HOME="/workspace/cargo-home" RUSTUP_HOME="/workspace/rustup-home" "/workspace/cargo-home/bin/cargo" "+beta-2023-12-22" "metadata" "--manifest-path" "Cargo.toml" "--no-deps", kill_on_drop: false }`
[INFO] started tweaking git repo https://github.com/Miraj98/rust-experiments
[INFO] finished tweaking git repo https://github.com/Miraj98/rust-experiments
[INFO] tweaked toml for git repo https://github.com/Miraj98/rust-experiments written to /workspace/builds/worker-3-tc2/source/Cargo.toml
[INFO] crate git repo https://github.com/Miraj98/rust-experiments already has a lockfile, it will not be regenerated
[INFO] running `Command { std: CARGO_HOME="/workspace/cargo-home" RUSTUP_HOME="/workspace/rustup-home" "/workspace/cargo-home/bin/cargo" "+beta-2023-12-22" "fetch" "--manifest-path" "Cargo.toml", kill_on_drop: false }`
[INFO] [stderr] warning: unused manifest key: dependencies.matrixmultiply.threading
[INFO] running `Command { std: "docker" "create" "-v" "/var/lib/crater-agent-workspace/builds/worker-3-tc2/target:/opt/rustwide/target:rw,Z" "-v" "/var/lib/crater-agent-workspace/builds/worker-3-tc2/source:/opt/rustwide/workdir:ro,Z" "-v" "/var/lib/crater-agent-workspace/cargo-home:/opt/rustwide/cargo-home:ro,Z" "-v" "/var/lib/crater-agent-workspace/rustup-home:/opt/rustwide/rustup-home:ro,Z" "-e" "SOURCE_DIR=/opt/rustwide/workdir" "-e" "CARGO_TARGET_DIR=/opt/rustwide/target" "-e" "CARGO_HOME=/opt/rustwide/cargo-home" "-e" "RUSTUP_HOME=/opt/rustwide/rustup-home" "-w" "/opt/rustwide/workdir" "-m" "1610612736" "--user" "0:0" "--network" "none" "ghcr.io/rust-lang/crates-build-env/linux@sha256:2788e3201cd34a07e3172128adcd8b3090168a8e3bcc40d7c032b9dda1df7d1c" "/opt/rustwide/cargo-home/bin/cargo" "+beta-2023-12-22" "metadata" "--no-deps" "--format-version=1", kill_on_drop: false }`
[INFO] [stdout] e8343d47aadfb5b6d2344a37a505bfbf6fc865df4451018b4aed533d085d1fc4
[INFO] running `Command { std: "docker" "start" "-a" "e8343d47aadfb5b6d2344a37a505bfbf6fc865df4451018b4aed533d085d1fc4", kill_on_drop: false }`
[INFO] running `Command { std: "docker" "inspect" "e8343d47aadfb5b6d2344a37a505bfbf6fc865df4451018b4aed533d085d1fc4", kill_on_drop: false }`
[INFO] running `Command { std: "docker" "rm" "-f" "e8343d47aadfb5b6d2344a37a505bfbf6fc865df4451018b4aed533d085d1fc4", kill_on_drop: false }`
[INFO] [stdout] e8343d47aadfb5b6d2344a37a505bfbf6fc865df4451018b4aed533d085d1fc4
[INFO] running `Command { std: "docker" "create" "-v" "/var/lib/crater-agent-workspace/builds/worker-3-tc2/target:/opt/rustwide/target:rw,Z" "-v" "/var/lib/crater-agent-workspace/builds/worker-3-tc2/source:/opt/rustwide/workdir:ro,Z" "-v" "/var/lib/crater-agent-workspace/cargo-home:/opt/rustwide/cargo-home:ro,Z" "-v" "/var/lib/crater-agent-workspace/rustup-home:/opt/rustwide/rustup-home:ro,Z" "-e" "SOURCE_DIR=/opt/rustwide/workdir" "-e" "CARGO_TARGET_DIR=/opt/rustwide/target" "-e" "CARGO_INCREMENTAL=0" "-e" "RUST_BACKTRACE=full" "-e" "RUSTFLAGS=--cap-lints=warn" "-e" "RUSTDOCFLAGS=--cap-lints=warn" "-e" "CARGO_HOME=/opt/rustwide/cargo-home" "-e" "RUSTUP_HOME=/opt/rustwide/rustup-home" "-w" "/opt/rustwide/workdir" "-m" "1610612736" "--user" "0:0" "--network" "none" "ghcr.io/rust-lang/crates-build-env/linux@sha256:2788e3201cd34a07e3172128adcd8b3090168a8e3bcc40d7c032b9dda1df7d1c" "/opt/rustwide/cargo-home/bin/cargo" "+beta-2023-12-22" "doc" "--frozen" "--no-deps" "--document-private-items" "--message-format=json", kill_on_drop: false }`
[INFO] [stdout] d0c23daf0e03a4b70aed42d324cc13f158d2c657347367dcccb9e16b5929dfb1
[INFO] running `Command { std: "docker" "start" "-a" "d0c23daf0e03a4b70aed42d324cc13f158d2c657347367dcccb9e16b5929dfb1", kill_on_drop: false }`
[INFO] [stderr] warning: unused manifest key: dependencies.matrixmultiply.threading
[INFO] [stderr]    Compiling libc v0.2.137
[INFO] [stderr]    Compiling crossbeam-utils v0.8.14
[INFO] [stderr]    Compiling rayon-core v1.10.1
[INFO] [stderr]     Checking rawpointer v0.2.1
[INFO] [stderr]    Compiling memoffset v0.7.1
[INFO] [stderr]    Compiling crossbeam-epoch v0.9.13
[INFO] [stderr]     Checking matrixmultiply v0.3.2
[INFO] [stderr]     Checking crossbeam-channel v0.5.6
[INFO] [stderr]     Checking crossbeam-deque v0.8.2
[INFO] [stderr]     Checking getrandom v0.2.8
[INFO] [stderr]     Checking num_cpus v1.14.0
[INFO] [stderr]     Checking rand_core v0.6.4
[INFO] [stderr]     Checking rand_chacha v0.3.1
[INFO] [stderr]     Checking rand v0.8.5
[INFO] [stderr]     Checking rayon v1.6.0
[INFO] [stderr]  Documenting rust-experiments v0.1.0 (/opt/rustwide/workdir)
[INFO] [stdout] error[E0554]: `#![feature]` may not be used on the beta release channel
[INFO] [stdout]  --> src/bin/simd.rs:2:12
[INFO] [stdout]   |
[INFO] [stdout] 2 | #![feature(test)]
[INFO] [stdout]   |            ^^^^
[INFO] [stdout] 
[INFO] [stdout] 
[INFO] [stdout] error[E0554]: `#![feature]` may not be used on the beta release channel
[INFO] [stdout]  --> src/bin/simd.rs:3:12
[INFO] [stdout]   |
[INFO] [stdout] 3 | #![feature(portable_simd)]
[INFO] [stdout]   |            ^^^^^^^^^^^^^
[INFO] [stdout] 
[INFO] [stdout] 
[INFO] [stdout] error: aborting due to 2 previous errors
[INFO] [stdout] 
[INFO] [stdout] 
[INFO] [stdout] For more information about this error, try `rustc --explain E0554`.
[INFO] [stdout] 
[INFO] [stderr] error: could not document `rust-experiments`
[INFO] [stderr] 
[INFO] [stderr] Caused by:
[INFO] [stderr]   process didn't exit successfully: `/opt/rustwide/rustup-home/toolchains/beta-2023-12-22-x86_64-unknown-linux-gnu/bin/rustdoc --edition=2021 --crate-type bin --crate-name simd src/bin/simd.rs -o /opt/rustwide/target/doc --error-format=json --json=diagnostic-rendered-ansi,artifacts,future-incompat --document-private-items '-Arustdoc::private-intra-doc-links' -C metadata=6a3e427a6be49c94 -L dependency=/opt/rustwide/target/debug/deps --extern itertools=/opt/rustwide/target/debug/deps/libitertools-7dfd06ad0ec9f5c0.rmeta --extern matrixmultiply=/opt/rustwide/target/debug/deps/libmatrixmultiply-c843c481cb3f7124.rmeta --extern rand=/opt/rustwide/target/debug/deps/librand-555666804e79c978.rmeta --extern rayon=/opt/rustwide/target/debug/deps/librayon-3e74ebe25bf6286d.rmeta --cap-lints=warn --crate-version 0.1.0` (exit status: 1)
[INFO] [stderr] warning: build failed, waiting for other jobs to finish...
[INFO] running `Command { std: "docker" "inspect" "d0c23daf0e03a4b70aed42d324cc13f158d2c657347367dcccb9e16b5929dfb1", kill_on_drop: false }`
[INFO] running `Command { std: "docker" "rm" "-f" "d0c23daf0e03a4b70aed42d324cc13f158d2c657347367dcccb9e16b5929dfb1", kill_on_drop: false }`
[INFO] [stdout] d0c23daf0e03a4b70aed42d324cc13f158d2c657347367dcccb9e16b5929dfb1
