[INFO] cloning repository https://github.com/Migorithm/rustiful-backend
[INFO] running `Command { std: "git" "-c" "credential.helper=" "-c" "credential.helper=/workspace/cargo-home/bin/git-credential-null" "clone" "--bare" "https://github.com/Migorithm/rustiful-backend" "/workspace/cache/git-repos/https%3A%2F%2Fgithub.com%2FMigorithm%2Frustiful-backend", kill_on_drop: false }`
[INFO] [stderr] Cloning into bare repository '/workspace/cache/git-repos/https%3A%2F%2Fgithub.com%2FMigorithm%2Frustiful-backend'...
[INFO] running `Command { std: "git" "rev-parse" "HEAD", kill_on_drop: false }`
[INFO] [stdout] 6181394ac4158db5f4592f34f4ff871d6e9a29c9
[INFO] documenting Migorithm/rustiful-backend against 1.75.0 for beta-1.76-rustdoc-1
[INFO] running `Command { std: "git" "clone" "/workspace/cache/git-repos/https%3A%2F%2Fgithub.com%2FMigorithm%2Frustiful-backend" "/workspace/builds/worker-5-tc1/source", kill_on_drop: false }`
[INFO] [stderr] Cloning into '/workspace/builds/worker-5-tc1/source'...
[INFO] [stderr] done.
[INFO] validating manifest of git repo https://github.com/Migorithm/rustiful-backend on toolchain 1.75.0
[INFO] running `Command { std: CARGO_HOME="/workspace/cargo-home" RUSTUP_HOME="/workspace/rustup-home" "/workspace/cargo-home/bin/cargo" "+1.75.0" "metadata" "--manifest-path" "Cargo.toml" "--no-deps", kill_on_drop: false }`
[INFO] started tweaking git repo https://github.com/Migorithm/rustiful-backend
[INFO] finished tweaking git repo https://github.com/Migorithm/rustiful-backend
[INFO] tweaked toml for git repo https://github.com/Migorithm/rustiful-backend written to /workspace/builds/worker-5-tc1/source/Cargo.toml
[INFO] crate git repo https://github.com/Migorithm/rustiful-backend already has a lockfile, it will not be regenerated
[INFO] running `Command { std: CARGO_HOME="/workspace/cargo-home" RUSTUP_HOME="/workspace/rustup-home" "/workspace/cargo-home/bin/cargo" "+1.75.0" "fetch" "--manifest-path" "Cargo.toml", kill_on_drop: false }`
[INFO] [stderr]  Downloading crates ...
[INFO] [stderr]   Downloaded rust-embed-impl v6.6.0
[INFO] [stderr]   Downloaded uuid-macro-internal v1.4.0
[INFO] [stderr]   Downloaded utoipa v3.3.0
[INFO] [stderr]   Downloaded utoipa-gen v3.3.0
[INFO] [stderr]   Downloaded rust-embed v6.7.0
[INFO] [stderr]   Downloaded utoipa-swagger-ui v3.1.3
[INFO] running `Command { std: "docker" "create" "-v" "/var/lib/crater-agent-workspace/builds/worker-5-tc1/target:/opt/rustwide/target:rw,Z" "-v" "/var/lib/crater-agent-workspace/builds/worker-5-tc1/source:/opt/rustwide/workdir:ro,Z" "-v" "/var/lib/crater-agent-workspace/cargo-home:/opt/rustwide/cargo-home:ro,Z" "-v" "/var/lib/crater-agent-workspace/rustup-home:/opt/rustwide/rustup-home:ro,Z" "-e" "SOURCE_DIR=/opt/rustwide/workdir" "-e" "CARGO_TARGET_DIR=/opt/rustwide/target" "-e" "CARGO_HOME=/opt/rustwide/cargo-home" "-e" "RUSTUP_HOME=/opt/rustwide/rustup-home" "-w" "/opt/rustwide/workdir" "-m" "1610612736" "--user" "0:0" "--network" "none" "ghcr.io/rust-lang/crates-build-env/linux@sha256:2788e3201cd34a07e3172128adcd8b3090168a8e3bcc40d7c032b9dda1df7d1c" "/opt/rustwide/cargo-home/bin/cargo" "+1.75.0" "metadata" "--no-deps" "--format-version=1", kill_on_drop: false }`
[INFO] [stdout] ecf4544d7c16980fb9543d22a4c58558fe3d9461a31077281528e4f827ed883e
[INFO] running `Command { std: "docker" "start" "-a" "ecf4544d7c16980fb9543d22a4c58558fe3d9461a31077281528e4f827ed883e", kill_on_drop: false }`
[INFO] running `Command { std: "docker" "inspect" "ecf4544d7c16980fb9543d22a4c58558fe3d9461a31077281528e4f827ed883e", kill_on_drop: false }`
[INFO] running `Command { std: "docker" "rm" "-f" "ecf4544d7c16980fb9543d22a4c58558fe3d9461a31077281528e4f827ed883e", kill_on_drop: false }`
[INFO] [stdout] ecf4544d7c16980fb9543d22a4c58558fe3d9461a31077281528e4f827ed883e
[INFO] running `Command { std: "docker" "create" "-v" "/var/lib/crater-agent-workspace/builds/worker-5-tc1/target:/opt/rustwide/target:rw,Z" "-v" "/var/lib/crater-agent-workspace/builds/worker-5-tc1/source:/opt/rustwide/workdir:ro,Z" "-v" "/var/lib/crater-agent-workspace/cargo-home:/opt/rustwide/cargo-home:ro,Z" "-v" "/var/lib/crater-agent-workspace/rustup-home:/opt/rustwide/rustup-home:ro,Z" "-e" "SOURCE_DIR=/opt/rustwide/workdir" "-e" "CARGO_TARGET_DIR=/opt/rustwide/target" "-e" "CARGO_INCREMENTAL=0" "-e" "RUST_BACKTRACE=full" "-e" "RUSTFLAGS=--cap-lints=warn" "-e" "RUSTDOCFLAGS=--cap-lints=warn" "-e" "CARGO_HOME=/opt/rustwide/cargo-home" "-e" "RUSTUP_HOME=/opt/rustwide/rustup-home" "-w" "/opt/rustwide/workdir" "-m" "1610612736" "--user" "0:0" "--network" "none" "ghcr.io/rust-lang/crates-build-env/linux@sha256:2788e3201cd34a07e3172128adcd8b3090168a8e3bcc40d7c032b9dda1df7d1c" "/opt/rustwide/cargo-home/bin/cargo" "+1.75.0" "doc" "--frozen" "--no-deps" "--document-private-items" "--message-format=json", kill_on_drop: false }`
[INFO] [stdout] 6d59a2126ea02bd4a24c08ce55cbe20d17a505e4e3c0c0d701a21d22a63cec3f
[INFO] running `Command { std: "docker" "start" "-a" "6d59a2126ea02bd4a24c08ce55cbe20d17a505e4e3c0c0d701a21d22a63cec3f", kill_on_drop: false }`
[INFO] [stderr] warning: rustiful v0.1.0 (/opt/rustwide/workdir) ignoring invalid dependency `bin` which is missing a lib target
[INFO] [stderr]    Compiling libc v0.2.147
[INFO] [stderr]    Compiling proc-macro2 v1.0.63
[INFO] [stderr]    Compiling unicode-ident v1.0.9
[INFO] [stderr]    Compiling quote v1.0.29
[INFO] [stderr]     Checking once_cell v1.18.0
[INFO] [stderr]    Compiling serde v1.0.164
[INFO] [stderr]    Compiling cc v1.0.79
[INFO] [stderr]    Compiling subtle v2.5.0
[INFO] [stderr]     Checking log v0.4.19
[INFO] [stderr]    Compiling futures-channel v0.3.28
[INFO] [stderr]    Compiling typenum v1.16.0
[INFO] [stderr]    Compiling futures-task v0.3.28
[INFO] [stderr]    Compiling futures-util v0.3.28
[INFO] [stderr]     Checking futures-sink v0.3.28
[INFO] [stderr]    Compiling lock_api v0.4.10
[INFO] [stderr]    Compiling tokio v1.29.0
[INFO] [stderr]    Compiling num-traits v0.2.15
[INFO] [stderr]    Compiling ahash v0.8.3
[INFO] [stderr]    Compiling parking_lot_core v0.8.6
[INFO] [stderr]    Compiling rustls v0.20.8
[INFO] [stderr]     Checking futures-io v0.3.28
[INFO] [stderr]     Checking digest v0.10.7
[INFO] [stderr]    Compiling spin v0.5.2
[INFO] [stderr]    Compiling untrusted v0.7.1
[INFO] [stderr]    Compiling serde_json v1.0.99
[INFO] [stderr]    Compiling crossbeam-utils v0.8.16
[INFO] [stderr]    Compiling cpufeatures v0.2.8
[INFO] [stderr]    Compiling tinyvec_macros v0.1.1
[INFO] [stderr]    Compiling rustversion v1.0.12
[INFO] [stderr]    Compiling syn v1.0.109
[INFO] [stderr]     Checking tracing-core v0.1.31
[INFO] [stderr]    Compiling futures-core v0.3.28
[INFO] [stderr]    Compiling tinyvec v1.6.0
[INFO] [stderr]    Compiling byteorder v1.4.3
[INFO] [stderr]    Compiling crossbeam-queue v0.3.8
[INFO] [stderr]    Compiling thiserror v1.0.40
[INFO] [stderr]     Checking percent-encoding v2.3.0
[INFO] [stderr]    Compiling indexmap v1.9.3
[INFO] [stderr]    Compiling smallvec v1.10.0
[INFO] [stderr]    Compiling uuid v1.4.0
[INFO] [stderr]    Compiling generic-array v0.14.7
[INFO] [stderr]    Compiling unicode-bidi v0.3.13
[INFO] [stderr]     Checking form_urlencoded v1.2.0
[INFO] [stderr]    Compiling crc32fast v1.3.2
[INFO] [stderr]     Checking sha2 v0.10.7
[INFO] [stderr]    Compiling syn v2.0.22
[INFO] [stderr]     Checking num_cpus v1.16.0
[INFO] [stderr]     Checking socket2 v0.4.9
[INFO] [stderr]     Checking mio v0.8.8
[INFO] [stderr]    Compiling dirs-sys v0.3.7
[INFO] [stderr]    Compiling ring v0.16.20
[INFO] [stderr]     Checking getrandom v0.2.10
[INFO] [stderr]    Compiling crypto-common v0.1.6
[INFO] [stderr]    Compiling block-buffer v0.10.4
[INFO] [stderr]    Compiling dirs v4.0.0
[INFO] [stderr]    Compiling unicode-normalization v0.1.22
[INFO] [stderr]    Compiling rand_core v0.6.4
[INFO] [stderr]    Compiling adler v1.0.2
[INFO] [stderr]    Compiling allocator-api2 v0.2.15
[INFO] [stderr]     Checking tower-service v0.3.2
[INFO] [stderr]    Compiling ppv-lite86 v0.2.17
[INFO] [stderr]    Compiling async-trait v0.1.68
[INFO] [stderr]    Compiling minimal-lexical v0.2.1
[INFO] [stderr]     Checking rand_chacha v0.3.1
[INFO] [stderr]    Compiling hmac v0.12.1
[INFO] [stderr]    Compiling nom v7.1.3
[INFO] [stderr]    Compiling parking_lot v0.11.2
[INFO] [stderr]    Compiling idna v0.4.0
[INFO] [stderr]    Compiling hashbrown v0.14.0
[INFO] [stderr]    Compiling miniz_oxide v0.7.1
[INFO] [stderr]    Compiling proc-macro-error-attr v1.0.4
[INFO] [stderr]     Checking http-body v0.4.5
[INFO] [stderr]    Compiling crc-catalog v2.2.0
[INFO] [stderr]     Checking tower-layer v0.3.2
[INFO] [stderr]    Compiling same-file v1.0.6
[INFO] [stderr]    Compiling iana-time-zone v0.1.57
[INFO] [stderr]    Compiling unicode-segmentation v1.10.1
[INFO] [stderr]    Compiling ryu v1.0.13
[INFO] [stderr]    Compiling hashbrown v0.12.3
[INFO] [stderr]    Compiling unicode_categories v0.1.1
[INFO] [stderr]    Compiling base64 v0.21.2
[INFO] [stderr]    Compiling heck v0.4.1
[INFO] [stderr]    Compiling hashlink v0.8.3
[INFO] [stderr]    Compiling chrono v0.4.26
[INFO] [stderr]    Compiling flate2 v1.0.26
[INFO] [stderr]    Compiling walkdir v2.3.3
[INFO] [stderr]    Compiling rustls-pemfile v1.0.3
[INFO] [stderr]    Compiling url v2.4.0
[INFO] [stderr]    Compiling crc v3.0.1
[INFO] [stderr]    Compiling rand v0.8.5
[INFO] [stderr]    Compiling futures-intrusive v0.4.2
[INFO] [stderr]    Compiling hkdf v0.12.3
[INFO] [stderr]    Compiling stringprep v0.1.2
[INFO] [stderr]    Compiling axum-core v0.3.4
[INFO] [stderr]    Compiling md-5 v0.10.5
[INFO] [stderr]    Compiling sha1 v0.10.5
[INFO] [stderr]    Compiling atoi v1.0.0
[INFO] [stderr]    Compiling ahash v0.7.6
[INFO] [stderr]     Checking time v0.1.45
[INFO] [stderr]    Compiling proc-macro-error v1.0.4
[INFO] [stderr]    Compiling unicase v2.6.0
[INFO] [stderr]    Compiling aho-corasick v1.0.2
[INFO] [stderr]     Checking inout v0.1.3
[INFO] [stderr]    Compiling base64 v0.13.1
[INFO] [stderr]    Compiling event-listener v2.5.3
[INFO] [stderr]    Compiling bitflags v1.3.2
[INFO] [stderr]    Compiling dotenvy v0.15.7
[INFO] [stderr]    Compiling regex-syntax v0.7.2
[INFO] [stderr]    Compiling hex v0.4.3
[INFO] [stderr]    Compiling whoami v1.4.1
[INFO] [stderr]     Checking try-lock v0.2.4
[INFO] [stderr]     Checking want v0.3.1
[INFO] [stderr]    Compiling mime_guess v2.0.4
[INFO] [stderr]     Checking cipher v0.4.4
[INFO] [stderr]    Compiling zip v0.6.6
[INFO] [stderr]    Compiling rust-embed-utils v7.5.0
[INFO] [stderr]    Compiling axum v0.6.18
[INFO] [stderr]    Compiling shellexpand v2.1.2
[INFO] [stderr]     Checking blowfish v0.9.1
[INFO] [stderr]     Checking zeroize v1.6.0
[INFO] [stderr]     Checking time-core v0.1.1
[INFO] [stderr]     Checking matchit v0.7.0
[INFO] [stderr]     Checking sync_wrapper v0.1.2
[INFO] [stderr]     Checking time v0.3.22
[INFO] [stderr]     Checking sharded-slab v0.1.4
[INFO] [stderr]     Checking bcrypt v0.14.0
[INFO] [stderr]     Checking tracing-log v0.1.3
[INFO] [stderr]     Checking thread_local v1.1.7
[INFO] [stderr]     Checking http-range-header v0.3.0
[INFO] [stderr]     Checking webpki v0.22.0
[INFO] [stderr]     Checking sct v0.7.0
[INFO] [stderr]     Checking dotenv v0.15.0
[INFO] [stderr]     Checking bitflags v2.3.3
[INFO] [stderr]    Compiling tokio-stream v0.1.14
[INFO] [stderr]    Compiling webpki-roots v0.22.6
[INFO] [stderr]    Compiling regex v1.8.4
[INFO] [stderr]    Compiling serde_derive v1.0.164
[INFO] [stderr]    Compiling futures-macro v0.3.28
[INFO] [stderr]    Compiling tokio-macros v2.1.0
[INFO] [stderr]    Compiling thiserror-impl v1.0.40
[INFO] [stderr]    Compiling tracing-attributes v0.1.26
[INFO] [stderr]    Compiling uuid-macro-internal v1.4.0
[INFO] [stderr]    Compiling pin-project-internal v1.1.0
[INFO] [stderr]    Compiling utoipa-gen v3.3.0
[INFO] [stderr]    Compiling rust-embed-impl v6.6.0
[INFO] [stderr]    Compiling axum-macros v0.3.7
[INFO] [stderr]     Checking rust-embed v6.7.0
[INFO] [stderr]    Compiling tokio-rustls v0.23.4
[INFO] [stderr]     Checking pin-project v1.1.0
[INFO] [stderr]    Compiling sqlx-rt v0.6.3
[INFO] [stderr]    Compiling utoipa-swagger-ui v3.1.3
[INFO] [stderr]     Checking tracing v0.1.37
[INFO] [stderr]     Checking tracing-subscriber v0.3.17
[INFO] [stderr]     Checking futures-executor v0.3.28
[INFO] [stderr]     Checking tower-http v0.4.1
[INFO] [stderr]     Checking futures v0.3.28
[INFO] [stderr]     Checking tower v0.4.13
[INFO] [stderr]     Checking hyper v0.14.27
[INFO] [stderr]     Checking either v1.8.1
[INFO] [stderr]     Checking serde_path_to_error v0.1.11
[INFO] [stderr]     Checking serde_urlencoded v0.7.1
[INFO] [stderr]     Checking itertools v0.10.5
[INFO] [stderr]     Checking utoipa v3.3.0
[INFO] [stderr]     Checking sqlformat v0.2.1
[INFO] [stderr]     Checking sqlx-core v0.6.3
[INFO] [stderr]    Compiling sqlx-macros v0.6.3
[INFO] [stderr]     Checking sqlx v0.6.3
[INFO] [stderr]     Checking library v0.0.1 (/opt/rustwide/workdir/library)
[INFO] [stdout] error: error communicating with database: Cannot assign requested address (os error 99)
[INFO] [stdout]   --> library/src/adapters/outbox.rs:61:13
[INFO] [stdout]    |
[INFO] [stdout] 61 | /             sqlx::query_as!(
[INFO] [stdout] 62 | |                 Self,
[INFO] [stdout] 63 | |                 "INSERT INTO service_outbox 
[INFO] [stdout] 64 | |             (id, aggregate_id, topic, state, processed, create_dt) VALUES 
[INFO] [stdout] ...  |
[INFO] [stdout] 72 | |                 ob.create_dt,
[INFO] [stdout] 73 | |             )
[INFO] [stdout]    | |_____________^
[INFO] [stdout]    |
[INFO] [stdout]    = note: this error originates in the macro `$crate::sqlx_macros::expand_query` which comes from the expansion of the macro `sqlx::query_as` (in Nightly builds, run with -Z macro-backtrace for more info)
[INFO] [stdout] 
[INFO] [stdout] 
[INFO] [stdout] error: error communicating with database: Cannot assign requested address (os error 99)
[INFO] [stdout]   --> library/src/adapters/outbox.rs:81:9
[INFO] [stdout]    |
[INFO] [stdout] 81 | /         sqlx::query_as!(
[INFO] [stdout] 82 | |             Self,
[INFO] [stdout] 83 | |             r#"SELECT * FROM service_outbox WHERE processed = $1"#,
[INFO] [stdout] 84 | |             false
[INFO] [stdout] 85 | |         )
[INFO] [stdout]    | |_________^
[INFO] [stdout]    |
[INFO] [stdout]    = note: this error originates in the macro `$crate::sqlx_macros::expand_query` which comes from the expansion of the macro `sqlx::query_as` (in Nightly builds, run with -Z macro-backtrace for more info)
[INFO] [stdout] 
[INFO] [stdout] 
[INFO] [stdout] error: error communicating with database: Cannot assign requested address (os error 99)
[INFO] [stdout]    --> library/src/adapters/outbox.rs:94:9
[INFO] [stdout]     |
[INFO] [stdout] 94  | /         sqlx::query_as!(
[INFO] [stdout] 95  | |             Self,
[INFO] [stdout] 96  | |             r#" 
[INFO] [stdout] 97  | |                 UPDATE service_outbox SET 
[INFO] [stdout] ...   |
[INFO] [stdout] 102 | |             self.id,
[INFO] [stdout] 103 | |         )
[INFO] [stdout]     | |_________^
[INFO] [stdout]     |
[INFO] [stdout]     = note: this error originates in the macro `$crate::sqlx_macros::expand_query` which comes from the expansion of the macro `sqlx::query_as` (in Nightly builds, run with -Z macro-backtrace for more info)
[INFO] [stdout] 
[INFO] [stdout] 
[INFO] [stdout] error: error communicating with database: Cannot assign requested address (os error 99)
[INFO] [stdout]   --> library/src/adapters/repositories/board_repository.rs:32:9
[INFO] [stdout]    |
[INFO] [stdout] 32 | /         sqlx::query_as!(
[INFO] [stdout] 33 | |             Board,
[INFO] [stdout] 34 | |             "INSERT INTO community_board (id, author, title, content, tags,state) VALUES ($1, $2, $3, $4, $5,$6)",
[INFO] [stdout] 35 | |             board.id,
[INFO] [stdout] ...  |
[INFO] [stdout] 40 | |             board.state.clone() as BoardState,
[INFO] [stdout] 41 | |         ).execute(self.executor.write().await.transaction()).await.map_err(|err| ApplicationError::DatabaseConnectionError(Box::new(err)))?;
[INFO] [stdout]    | |_________^
[INFO] [stdout]    |
[INFO] [stdout]    = note: this error originates in the macro `$crate::sqlx_macros::expand_query` which comes from the expansion of the macro `sqlx::query_as` (in Nightly builds, run with -Z macro-backtrace for more info)
[INFO] [stdout] 
[INFO] [stdout] 
[INFO] [stdout] error: error communicating with database: Cannot assign requested address (os error 99)
[INFO] [stdout]   --> library/src/adapters/repositories/board_repository.rs:49:21
[INFO] [stdout]    |
[INFO] [stdout] 49 |           let board = sqlx::query_as!(
[INFO] [stdout]    |  _____________________^
[INFO] [stdout] 50 | |             Board,
[INFO] [stdout] 51 | |             r#"
[INFO] [stdout] 52 | |             SELECT 
[INFO] [stdout] ...  |
[INFO] [stdout] 64 | |             uuidfied
[INFO] [stdout] 65 | |         )
[INFO] [stdout]    | |_________^
[INFO] [stdout]    |
[INFO] [stdout]    = note: this error originates in the macro `$crate::sqlx_macros::expand_query` which comes from the expansion of the macro `sqlx::query_as` (in Nightly builds, run with -Z macro-backtrace for more info)
[INFO] [stdout] 
[INFO] [stdout] 
[INFO] [stdout] error: error communicating with database: Cannot assign requested address (os error 99)
[INFO] [stdout]   --> library/src/adapters/repositories/board_repository.rs:73:24
[INFO] [stdout]    |
[INFO] [stdout] 73 |           let comments = sqlx::query_as!(
[INFO] [stdout]    |  ________________________^
[INFO] [stdout] 74 | |             Comment,
[INFO] [stdout] 75 | |             r#"
[INFO] [stdout] 76 | |             SELECT 
[INFO] [stdout] ...  |
[INFO] [stdout] 86 | |             uuidfied,
[INFO] [stdout] 87 | |         )
[INFO] [stdout]    | |_________^
[INFO] [stdout]    |
[INFO] [stdout]    = note: this error originates in the macro `$crate::sqlx_macros::expand_query` which comes from the expansion of the macro `sqlx::query_as` (in Nightly builds, run with -Z macro-backtrace for more info)
[INFO] [stdout] 
[INFO] [stdout] 
[INFO] [stdout] error: error communicating with database: Cannot assign requested address (os error 99)
[INFO] [stdout]    --> library/src/adapters/repositories/board_repository.rs:122:9
[INFO] [stdout]     |
[INFO] [stdout] 122 | /         sqlx::query_as!(
[INFO] [stdout] 123 | |             Board,
[INFO] [stdout] 124 | |             "UPDATE community_board SET 
[INFO] [stdout] 125 | |             author = $1,
[INFO] [stdout] ...   |
[INFO] [stdout] 137 | |             board.version
[INFO] [stdout] 138 | |         )
[INFO] [stdout]     | |_________^
[INFO] [stdout]     |
[INFO] [stdout]     = note: this error originates in the macro `$crate::sqlx_macros::expand_query` which comes from the expansion of the macro `sqlx::query_as` (in Nightly builds, run with -Z macro-backtrace for more info)
[INFO] [stdout] 
[INFO] [stdout] 
[INFO] [stdout] error: error communicating with database: Cannot assign requested address (os error 99)
[INFO] [stdout]    --> library/src/adapters/repositories/board_repository.rs:145:13
[INFO] [stdout]     |
[INFO] [stdout] 145 | /             sqlx::query_as!(
[INFO] [stdout] 146 | |                 Comment,
[INFO] [stdout] 147 | |                 "INSERT INTO community_comment (
[INFO] [stdout] 148 | |                     id,
[INFO] [stdout] ...   |
[INFO] [stdout] 161 | |                 comment.create_dt
[INFO] [stdout] 162 | |             )
[INFO] [stdout]     | |_____________^
[INFO] [stdout]     |
[INFO] [stdout]     = note: this error originates in the macro `$crate::sqlx_macros::expand_query` which comes from the expansion of the macro `sqlx::query_as` (in Nightly builds, run with -Z macro-backtrace for more info)
[INFO] [stdout] 
[INFO] [stdout] 
[INFO] [stdout] error: error communicating with database: Cannot assign requested address (os error 99)
[INFO] [stdout]    --> library/src/adapters/repositories/board_repository.rs:169:13
[INFO] [stdout]     |
[INFO] [stdout] 169 | /             sqlx::query_as!(
[INFO] [stdout] 170 | |                 Comment,
[INFO] [stdout] 171 | |                 r#"UPDATE community_comment SET 
[INFO] [stdout] 172 | |                     content =$1
[INFO] [stdout] ...   |
[INFO] [stdout] 175 | |                 comment.id
[INFO] [stdout] 176 | |             )
[INFO] [stdout]     | |_____________^
[INFO] [stdout]     |
[INFO] [stdout]     = note: this error originates in the macro `$crate::sqlx_macros::expand_query` which comes from the expansion of the macro `sqlx::query_as` (in Nightly builds, run with -Z macro-backtrace for more info)
[INFO] [stdout] 
[INFO] [stdout] 
[INFO] [stdout] warning: unused imports: `BoardState`, `Board`
[INFO] [stdout]  --> library/src/adapters/repositories/board_repository.rs:2:36
[INFO] [stdout]   |
[INFO] [stdout] 2 | use crate::domain::board::entity::{Board, BoardState, Comment, CommentState};
[INFO] [stdout]   |                                    ^^^^^  ^^^^^^^^^^
[INFO] [stdout]   |
[INFO] [stdout]   = note: `#[warn(unused_imports)]` on by default
[INFO] [stdout] 
[INFO] [stdout] 
[INFO] [stdout] error: aborting due to 9 previous errors; 1 warning emitted
[INFO] [stdout] 
[INFO] [stdout] 
[INFO] [stderr] error: could not compile `library` (lib) due to 10 previous errors; 1 warning emitted
[INFO] running `Command { std: "docker" "inspect" "6d59a2126ea02bd4a24c08ce55cbe20d17a505e4e3c0c0d701a21d22a63cec3f", kill_on_drop: false }`
[INFO] running `Command { std: "docker" "rm" "-f" "6d59a2126ea02bd4a24c08ce55cbe20d17a505e4e3c0c0d701a21d22a63cec3f", kill_on_drop: false }`
[INFO] [stdout] 6d59a2126ea02bd4a24c08ce55cbe20d17a505e4e3c0c0d701a21d22a63cec3f
