[INFO] cloning repository https://github.com/Michael-fore/home-server
[INFO] running `Command { std: "git" "-c" "credential.helper=" "-c" "credential.helper=/workspace/cargo-home/bin/git-credential-null" "clone" "--bare" "https://github.com/Michael-fore/home-server" "/workspace/cache/git-repos/https%3A%2F%2Fgithub.com%2FMichael-fore%2Fhome-server", kill_on_drop: false }`
[INFO] [stderr] Cloning into bare repository '/workspace/cache/git-repos/https%3A%2F%2Fgithub.com%2FMichael-fore%2Fhome-server'...
[INFO] running `Command { std: "git" "rev-parse" "HEAD", kill_on_drop: false }`
[INFO] [stdout] 406d4ee918b4414c493dd96c1084a5eaf8cd7060
[INFO] documenting Michael-fore/home-server against 1.75.0 for beta-1.76-rustdoc-1
[INFO] running `Command { std: "git" "clone" "/workspace/cache/git-repos/https%3A%2F%2Fgithub.com%2FMichael-fore%2Fhome-server" "/workspace/builds/worker-5-tc1/source", kill_on_drop: false }`
[INFO] [stderr] Cloning into '/workspace/builds/worker-5-tc1/source'...
[INFO] [stderr] done.
[INFO] validating manifest of git repo https://github.com/Michael-fore/home-server on toolchain 1.75.0
[INFO] running `Command { std: CARGO_HOME="/workspace/cargo-home" RUSTUP_HOME="/workspace/rustup-home" "/workspace/cargo-home/bin/cargo" "+1.75.0" "metadata" "--manifest-path" "Cargo.toml" "--no-deps", kill_on_drop: false }`
[INFO] started tweaking git repo https://github.com/Michael-fore/home-server
[INFO] finished tweaking git repo https://github.com/Michael-fore/home-server
[INFO] tweaked toml for git repo https://github.com/Michael-fore/home-server written to /workspace/builds/worker-5-tc1/source/Cargo.toml
[INFO] crate git repo https://github.com/Michael-fore/home-server already has a lockfile, it will not be regenerated
[INFO] running `Command { std: CARGO_HOME="/workspace/cargo-home" RUSTUP_HOME="/workspace/rustup-home" "/workspace/cargo-home/bin/cargo" "+1.75.0" "fetch" "--manifest-path" "Cargo.toml", kill_on_drop: false }`
[INFO] [stderr]     Updating crates.io index
[INFO] [stderr]  Downloading crates ...
[INFO] [stderr]   Downloaded frunk_proc_macro_helpers v0.1.0
[INFO] [stderr]   Downloaded cookie v0.15.1
[INFO] [stderr]   Downloaded bindgen v0.58.1
[INFO] [stderr]   Downloaded frunk_proc_macros v0.1.0
[INFO] [stderr]   Downloaded funty v1.2.0
[INFO] [stderr]   Downloaded frunk_proc_macros_impl v0.1.0
[INFO] [stderr]   Downloaded inlinable_string v0.1.14
[INFO] [stderr]   Downloaded wyz v0.4.0
[INFO] [stderr]   Downloaded io-enum v1.0.1
[INFO] [stderr]   Downloaded wasm-bindgen-futures v0.4.25
[INFO] [stderr]   Downloaded rocket_http v0.5.0-rc.1
[INFO] [stderr]   Downloaded lexical v5.2.2
[INFO] [stderr]   Downloaded frunk_core v0.4.0
[INFO] [stderr]   Downloaded rocket v0.5.0-rc.1
[INFO] [stderr]   Downloaded bitvec v0.22.3
[INFO] [stderr]   Downloaded subprocess v0.2.7
[INFO] [stderr]   Downloaded frunk v0.4.0
[INFO] [stderr]   Downloaded loom v0.5.1
[INFO] [stderr]   Downloaded frunk_derives v0.4.0
[INFO] [stderr]   Downloaded devise_codegen v0.3.0
[INFO] [stderr]   Downloaded ubyte v0.10.1
[INFO] [stderr]   Downloaded devise_core v0.3.0
[INFO] [stderr]   Downloaded devise v0.3.0
[INFO] [stderr]   Downloaded state v0.5.2
[INFO] [stderr]   Downloaded multer v2.0.0
[INFO] [stderr]   Downloaded boringauth v0.9.0
[INFO] [stderr]   Downloaded mysql v21.0.1
[INFO] [stderr]   Downloaded rust_decimal v1.14.3
[INFO] [stderr]   Downloaded mysql_common v0.27.4
[INFO] [stderr]   Downloaded rocket_codegen v0.5.0-rc.1
[INFO] running `Command { std: "docker" "create" "-v" "/var/lib/crater-agent-workspace/builds/worker-5-tc1/target:/opt/rustwide/target:rw,Z" "-v" "/var/lib/crater-agent-workspace/builds/worker-5-tc1/source:/opt/rustwide/workdir:ro,Z" "-v" "/var/lib/crater-agent-workspace/cargo-home:/opt/rustwide/cargo-home:ro,Z" "-v" "/var/lib/crater-agent-workspace/rustup-home:/opt/rustwide/rustup-home:ro,Z" "-e" "SOURCE_DIR=/opt/rustwide/workdir" "-e" "CARGO_TARGET_DIR=/opt/rustwide/target" "-e" "CARGO_HOME=/opt/rustwide/cargo-home" "-e" "RUSTUP_HOME=/opt/rustwide/rustup-home" "-w" "/opt/rustwide/workdir" "-m" "1610612736" "--user" "0:0" "--network" "none" "ghcr.io/rust-lang/crates-build-env/linux@sha256:2788e3201cd34a07e3172128adcd8b3090168a8e3bcc40d7c032b9dda1df7d1c" "/opt/rustwide/cargo-home/bin/cargo" "+1.75.0" "metadata" "--no-deps" "--format-version=1", kill_on_drop: false }`
[INFO] [stdout] a68f0e975ec0b8a5cec882be4f6dd5980b3cb942b0643d065ad6e111e281c619
[INFO] running `Command { std: "docker" "start" "-a" "a68f0e975ec0b8a5cec882be4f6dd5980b3cb942b0643d065ad6e111e281c619", kill_on_drop: false }`
[INFO] running `Command { std: "docker" "inspect" "a68f0e975ec0b8a5cec882be4f6dd5980b3cb942b0643d065ad6e111e281c619", kill_on_drop: false }`
[INFO] running `Command { std: "docker" "rm" "-f" "a68f0e975ec0b8a5cec882be4f6dd5980b3cb942b0643d065ad6e111e281c619", kill_on_drop: false }`
[INFO] [stdout] a68f0e975ec0b8a5cec882be4f6dd5980b3cb942b0643d065ad6e111e281c619
[INFO] running `Command { std: "docker" "create" "-v" "/var/lib/crater-agent-workspace/builds/worker-5-tc1/target:/opt/rustwide/target:rw,Z" "-v" "/var/lib/crater-agent-workspace/builds/worker-5-tc1/source:/opt/rustwide/workdir:ro,Z" "-v" "/var/lib/crater-agent-workspace/cargo-home:/opt/rustwide/cargo-home:ro,Z" "-v" "/var/lib/crater-agent-workspace/rustup-home:/opt/rustwide/rustup-home:ro,Z" "-e" "SOURCE_DIR=/opt/rustwide/workdir" "-e" "CARGO_TARGET_DIR=/opt/rustwide/target" "-e" "CARGO_INCREMENTAL=0" "-e" "RUST_BACKTRACE=full" "-e" "RUSTFLAGS=--cap-lints=warn" "-e" "RUSTDOCFLAGS=--cap-lints=warn" "-e" "CARGO_HOME=/opt/rustwide/cargo-home" "-e" "RUSTUP_HOME=/opt/rustwide/rustup-home" "-w" "/opt/rustwide/workdir" "-m" "1610612736" "--user" "0:0" "--network" "none" "ghcr.io/rust-lang/crates-build-env/linux@sha256:2788e3201cd34a07e3172128adcd8b3090168a8e3bcc40d7c032b9dda1df7d1c" "/opt/rustwide/cargo-home/bin/cargo" "+1.75.0" "doc" "--frozen" "--no-deps" "--document-private-items" "--message-format=json", kill_on_drop: false }`
[INFO] [stdout] 1ba12ebbbc12ae49a5dc6e952d3c8f7cd2ac93efda86763993cf665ccd9a4ed7
[INFO] running `Command { std: "docker" "start" "-a" "1ba12ebbbc12ae49a5dc6e952d3c8f7cd2ac93efda86763993cf665ccd9a4ed7", kill_on_drop: false }`
[INFO] [stderr]    Compiling proc-macro2 v1.0.28
[INFO] [stderr]    Compiling syn v1.0.74
[INFO] [stderr]    Compiling libc v0.2.98
[INFO] [stderr]    Compiling memchr v2.4.0
[INFO] [stderr]    Compiling log v0.4.14
[INFO] [stderr]    Compiling proc-macro-hack v0.5.19
[INFO] [stderr]    Compiling serde_derive v1.0.126
[INFO] [stderr]    Compiling serde v1.0.126
[INFO] [stderr]    Compiling futures-core v0.3.16
[INFO] [stderr]    Compiling cc v1.0.69
[INFO] [stderr]    Compiling cfg-if v1.0.0
[INFO] [stderr]    Compiling bitflags v1.2.1
[INFO] [stderr]    Compiling tokio v1.9.0
[INFO] [stderr]    Compiling futures-task v0.3.16
[INFO] [stderr]    Compiling proc-macro-nested v0.1.7
[INFO] [stderr]    Compiling futures-channel v0.3.16
[INFO] [stderr]    Compiling futures-macro v0.3.16
[INFO] [stderr]     Checking once_cell v1.8.0
[INFO] [stderr]    Compiling standback v0.2.17
[INFO] [stderr]    Compiling futures-util v0.3.16
[INFO] [stderr]    Compiling pkg-config v0.3.19
[INFO] [stderr]     Checking pin-project-lite v0.2.7
[INFO] [stderr]     Checking bytes v1.0.1
[INFO] [stderr]     Checking smallvec v1.6.1
[INFO] [stderr]    Compiling yansi v0.5.0
[INFO] [stderr]    Compiling proc-macro2-diagnostics v0.9.1
[INFO] [stderr]    Compiling indexmap v1.7.0
[INFO] [stderr]     Checking instant v0.1.10
[INFO] [stderr]     Checking itoa v0.4.7
[INFO] [stderr]     Checking lock_api v0.4.4
[INFO] [stderr]    Compiling httparse v1.4.1
[INFO] [stderr]    Compiling const_fn v0.4.8
[INFO] [stderr]     Checking futures-sink v0.3.16
[INFO] [stderr]    Compiling time v0.2.27
[INFO] [stderr]    Compiling glob v0.3.0
[INFO] [stderr]    Compiling num-traits v0.2.14
[INFO] [stderr]     Checking slab v0.4.3
[INFO] [stderr]     Checking futures-io v0.3.16
[INFO] [stderr]    Compiling quote v1.0.9
[INFO] [stderr]    Compiling scopeguard v1.1.0
[INFO] [stderr]    Compiling ryu v1.0.5
[INFO] [stderr]     Checking http v0.2.4
[INFO] [stderr]    Compiling uncased v0.9.6
[INFO] [stderr]    Compiling nom v5.1.2
[INFO] [stderr]    Compiling clang-sys v1.2.0
[INFO] [stderr]    Compiling num-integer v0.1.44
[INFO] [stderr]     Checking percent-encoding v2.1.0
[INFO] [stderr]    Compiling getrandom v0.1.16
[INFO] [stderr]    Compiling openssl-sys v0.9.65
[INFO] [stderr]    Compiling typenum v1.13.0
[INFO] [stderr]     Checking tracing-core v0.1.18
[INFO] [stderr]    Compiling aho-corasick v0.7.18
[INFO] [stderr]    Compiling generic-array v0.14.4
[INFO] [stderr]    Compiling cookie v0.15.1
[INFO] [stderr]     Checking hashbrown v0.11.2
[INFO] [stderr]    Compiling unicode-width v0.1.8
[INFO] [stderr]     Checking foreign-types-shared v0.1.1
[INFO] [stderr]    Compiling frunk_core v0.4.0
[INFO] [stderr]     Checking parking_lot_core v0.8.3
[INFO] [stderr]     Checking mio v0.7.13
[INFO] [stderr]     Checking signal-hook-registry v1.4.0
[INFO] [stderr]     Checking num_cpus v1.13.0
[INFO] [stderr]    Compiling atty v0.2.14
[INFO] [stderr]     Checking parking_lot v0.11.1
[INFO] [stderr]     Checking getrandom v0.2.3
[INFO] [stderr]    Compiling regex-syntax v0.6.25
[INFO] [stderr]    Compiling openssl v0.10.35
[INFO] [stderr]     Checking matches v0.1.8
[INFO] [stderr]    Compiling ref-cast v1.0.6
[INFO] [stderr]     Checking rand_core v0.6.3
[INFO] [stderr]     Checking tracing v0.1.26
[INFO] [stderr]     Checking foreign-types v0.3.2
[INFO] [stderr]    Compiling textwrap v0.11.0
[INFO] [stderr]     Checking socket2 v0.4.0
[INFO] [stderr]    Compiling libloading v0.7.0
[INFO] [stderr]    Compiling native-tls v0.2.7
[INFO] [stderr]     Checking tinyvec_macros v0.1.0
[INFO] [stderr]    Compiling ansi_term v0.11.0
[INFO] [stderr]    Compiling pin-utils v0.1.0
[INFO] [stderr]    Compiling bindgen v0.58.1
[INFO] [stderr]    Compiling vec_map v0.8.2
[INFO] [stderr]    Compiling termcolor v1.1.2
[INFO] [stderr]    Compiling strsim v0.8.0
[INFO] [stderr]    Compiling humantime v2.1.0
[INFO] [stderr]     Checking try-lock v0.2.3
[INFO] [stderr]     Checking want v0.3.0
[INFO] [stderr]    Compiling clap v2.33.3
[INFO] [stderr]     Checking http-body v0.4.2
[INFO] [stderr]     Checking tinyvec v1.3.1
[INFO] [stderr]     Checking rand_core v0.5.1
[INFO] [stderr]     Checking rand_chacha v0.3.1
[INFO] [stderr]    Compiling which v3.1.1
[INFO] [stderr]    Compiling libz-sys v1.1.3
[INFO] [stderr]    Compiling num-bigint v0.3.2
[INFO] [stderr]     Checking static_assertions v1.1.0
[INFO] [stderr]    Compiling crc32fast v1.2.1
[INFO] [stderr]     Checking arrayvec v0.5.2
[INFO] [stderr]    Compiling lexical-core v0.7.6
[INFO] [stderr]     Checking openssl-probe v0.1.4
[INFO] [stderr]     Checking tower-service v0.3.1
[INFO] [stderr]    Compiling serde_json v1.0.64
[INFO] [stderr]    Compiling rustc-hash v1.1.0
[INFO] [stderr]    Compiling lazycell v1.3.0
[INFO] [stderr]     Checking httpdate v1.0.1
[INFO] [stderr]    Compiling encoding_rs v0.8.28
[INFO] [stderr]    Compiling peeking_take_while v0.1.2
[INFO] [stderr]    Compiling radium v0.6.2
[INFO] [stderr]    Compiling shlex v1.0.0
[INFO] [stderr]     Checking rand v0.8.4
[INFO] [stderr]     Checking rand_chacha v0.2.2
[INFO] [stderr]     Checking unicode-bidi v0.3.5
[INFO] [stderr]     Checking form_urlencoded v1.0.1
[INFO] [stderr]     Checking unicode-normalization v0.1.19
[INFO] [stderr]    Compiling subprocess v0.2.7
[INFO] [stderr]     Checking time v0.1.44
[INFO] [stderr]    Compiling cmake v0.1.45
[INFO] [stderr]    Compiling regex v1.5.4
[INFO] [stderr]    Compiling cexpr v0.4.0
[INFO] [stderr]    Compiling memoffset v0.6.4
[INFO] [stderr]    Compiling num-bigint v0.4.0
[INFO] [stderr]     Checking mime v0.3.16
[INFO] [stderr]     Checking inlinable_string v0.1.14
[INFO] [stderr]     Checking base64 v0.13.0
[INFO] [stderr]     Checking wyz v0.4.0
[INFO] [stderr]     Checking idna v0.2.3
[INFO] [stderr]     Checking rand v0.7.3
[INFO] [stderr]     Checking digest v0.9.0
[INFO] [stderr]     Checking block-buffer v0.9.0
[INFO] [stderr]    Compiling env_logger v0.8.4
[INFO] [stderr]    Compiling ring v0.16.20
[INFO] [stderr]    Compiling stable-pattern v0.1.0
[INFO] [stderr]    Compiling figment v0.10.6
[INFO] [stderr]    Compiling multer v2.0.0
[INFO] [stderr]    Compiling io-enum v1.0.1
[INFO] [stderr]    Compiling atomic v0.5.0
[INFO] [stdout] error[E0308]: mismatched types
[INFO] [stdout]   --> /opt/rustwide/cargo-home/registry/src/index.crates.io-6f17d22bba15001f/num-bigint-0.3.2/src/biguint/convert.rs:70:19
[INFO] [stdout]    |
[INFO] [stdout] 70 |         .div_ceil(&big_digit::BITS.into())
[INFO] [stdout]    |          -------- ^^^^^^^^^^^^^^^^^^^^^^^ expected `u64`, found `&_`
[INFO] [stdout]    |          |
[INFO] [stdout]    |          arguments to this method are incorrect
[INFO] [stdout]    |
[INFO] [stdout]    = note:   expected type `u64`
[INFO] [stdout]            found reference `&_`
[INFO] [stdout] note: method defined here
[INFO] [stdout]   --> /rustc/82e1608dfa6e0b5569232559e3d385fea5a93112/library/core/src/num/mod.rs:1169:5
[INFO] [stdout]    = note: this error originates in the macro `uint_impl` (in Nightly builds, run with -Z macro-backtrace for more info)
[INFO] [stdout] help: consider removing the borrow
[INFO] [stdout]    |
[INFO] [stdout] 70 -         .div_ceil(&big_digit::BITS.into())
[INFO] [stdout] 70 +         .div_ceil(big_digit::BITS.into())
[INFO] [stdout]    |
[INFO] [stdout] 
[INFO] [stdout] 
[INFO] [stdout] error[E0308]: mismatched types
[INFO] [stdout]    --> /opt/rustwide/cargo-home/registry/src/index.crates.io-6f17d22bba15001f/num-bigint-0.3.2/src/biguint/convert.rs:585:19
[INFO] [stdout]     |
[INFO] [stdout] 585 |         .div_ceil(&u64::from(bits))
[INFO] [stdout]     |          -------- ^^^^^^^^^^^^^^^^ expected `u64`, found `&u64`
[INFO] [stdout]     |          |
[INFO] [stdout]     |          arguments to this method are incorrect
[INFO] [stdout]     |
[INFO] [stdout] note: method defined here
[INFO] [stdout]    --> /rustc/82e1608dfa6e0b5569232559e3d385fea5a93112/library/core/src/num/mod.rs:1169:5
[INFO] [stdout]     = note: this error originates in the macro `uint_impl` (in Nightly builds, run with -Z macro-backtrace for more info)
[INFO] [stdout] help: consider removing the borrow
[INFO] [stdout]     |
[INFO] [stdout] 585 -         .div_ceil(&u64::from(bits))
[INFO] [stdout] 585 +         .div_ceil(u64::from(bits))
[INFO] [stdout]     |
[INFO] [stdout] 
[INFO] [stdout] 
[INFO] [stdout] error[E0308]: mismatched types
[INFO] [stdout]    --> /opt/rustwide/cargo-home/registry/src/index.crates.io-6f17d22bba15001f/num-bigint-0.3.2/src/biguint/convert.rs:613:19
[INFO] [stdout]     |
[INFO] [stdout] 613 |         .div_ceil(&u64::from(bits))
[INFO] [stdout]     |          -------- ^^^^^^^^^^^^^^^^ expected `u64`, found `&u64`
[INFO] [stdout]     |          |
[INFO] [stdout]     |          arguments to this method are incorrect
[INFO] [stdout]     |
[INFO] [stdout] note: method defined here
[INFO] [stdout]    --> /rustc/82e1608dfa6e0b5569232559e3d385fea5a93112/library/core/src/num/mod.rs:1169:5
[INFO] [stdout]     = note: this error originates in the macro `uint_impl` (in Nightly builds, run with -Z macro-backtrace for more info)
[INFO] [stdout] help: consider removing the borrow
[INFO] [stdout]     |
[INFO] [stdout] 613 -         .div_ceil(&u64::from(bits))
[INFO] [stdout] 613 +         .div_ceil(u64::from(bits))
[INFO] [stdout]     |
[INFO] [stdout] 
[INFO] [stdout] 
[INFO] [stderr]     Checking ahash v0.4.7
[INFO] [stdout] error[E0308]: mismatched types
[INFO] [stdout]    --> /opt/rustwide/cargo-home/registry/src/index.crates.io-6f17d22bba15001f/num-bigint-0.3.2/src/biguint.rs:393:54
[INFO] [stdout]     |
[INFO] [stdout] 393 |                 let root_scale = extra_bits.div_ceil(&n64);
[INFO] [stdout]     |                                             -------- ^^^^ expected `u64`, found `&u64`
[INFO] [stdout]     |                                             |
[INFO] [stdout]     |                                             arguments to this method are incorrect
[INFO] [stdout]     |
[INFO] [stdout] note: method defined here
[INFO] [stdout]    --> /rustc/82e1608dfa6e0b5569232559e3d385fea5a93112/library/core/src/num/mod.rs:1169:5
[INFO] [stdout]     = note: this error originates in the macro `uint_impl` (in Nightly builds, run with -Z macro-backtrace for more info)
[INFO] [stdout] help: consider removing the borrow
[INFO] [stdout]     |
[INFO] [stdout] 393 -                 let root_scale = extra_bits.div_ceil(&n64);
[INFO] [stdout] 393 +                 let root_scale = extra_bits.div_ceil(n64);
[INFO] [stdout]     |
[INFO] [stdout] 
[INFO] [stdout] 
[INFO] [stdout] error: aborting due to 4 previous errors
[INFO] [stdout] 
[INFO] [stdout] 
[INFO] [stdout] For more information about this error, try `rustc --explain E0308`.
[INFO] [stdout] 
[INFO] [stderr] error: could not compile `num-bigint` (lib) due to 5 previous errors
[INFO] [stderr] warning: build failed, waiting for other jobs to finish...
[INFO] running `Command { std: "docker" "inspect" "1ba12ebbbc12ae49a5dc6e952d3c8f7cd2ac93efda86763993cf665ccd9a4ed7", kill_on_drop: false }`
[INFO] running `Command { std: "docker" "rm" "-f" "1ba12ebbbc12ae49a5dc6e952d3c8f7cd2ac93efda86763993cf665ccd9a4ed7", kill_on_drop: false }`
[INFO] [stdout] 1ba12ebbbc12ae49a5dc6e952d3c8f7cd2ac93efda86763993cf665ccd9a4ed7
[INFO] documenting Michael-fore/home-server against beta-2023-12-22 for beta-1.76-rustdoc-1
[INFO] running `Command { std: "git" "clone" "/workspace/cache/git-repos/https%3A%2F%2Fgithub.com%2FMichael-fore%2Fhome-server" "/workspace/builds/worker-5-tc2/source", kill_on_drop: false }`
[INFO] [stderr] Cloning into '/workspace/builds/worker-5-tc2/source'...
[INFO] [stderr] done.
[INFO] validating manifest of git repo https://github.com/Michael-fore/home-server on toolchain beta-2023-12-22
[INFO] running `Command { std: CARGO_HOME="/workspace/cargo-home" RUSTUP_HOME="/workspace/rustup-home" "/workspace/cargo-home/bin/cargo" "+beta-2023-12-22" "metadata" "--manifest-path" "Cargo.toml" "--no-deps", kill_on_drop: false }`
[INFO] started tweaking git repo https://github.com/Michael-fore/home-server
[INFO] finished tweaking git repo https://github.com/Michael-fore/home-server
[INFO] tweaked toml for git repo https://github.com/Michael-fore/home-server written to /workspace/builds/worker-5-tc2/source/Cargo.toml
[INFO] crate git repo https://github.com/Michael-fore/home-server already has a lockfile, it will not be regenerated
[INFO] running `Command { std: CARGO_HOME="/workspace/cargo-home" RUSTUP_HOME="/workspace/rustup-home" "/workspace/cargo-home/bin/cargo" "+beta-2023-12-22" "fetch" "--manifest-path" "Cargo.toml", kill_on_drop: false }`
[INFO] running `Command { std: "docker" "create" "-v" "/var/lib/crater-agent-workspace/builds/worker-5-tc2/target:/opt/rustwide/target:rw,Z" "-v" "/var/lib/crater-agent-workspace/builds/worker-5-tc2/source:/opt/rustwide/workdir:ro,Z" "-v" "/var/lib/crater-agent-workspace/cargo-home:/opt/rustwide/cargo-home:ro,Z" "-v" "/var/lib/crater-agent-workspace/rustup-home:/opt/rustwide/rustup-home:ro,Z" "-e" "SOURCE_DIR=/opt/rustwide/workdir" "-e" "CARGO_TARGET_DIR=/opt/rustwide/target" "-e" "CARGO_HOME=/opt/rustwide/cargo-home" "-e" "RUSTUP_HOME=/opt/rustwide/rustup-home" "-w" "/opt/rustwide/workdir" "-m" "1610612736" "--user" "0:0" "--network" "none" "ghcr.io/rust-lang/crates-build-env/linux@sha256:2788e3201cd34a07e3172128adcd8b3090168a8e3bcc40d7c032b9dda1df7d1c" "/opt/rustwide/cargo-home/bin/cargo" "+beta-2023-12-22" "metadata" "--no-deps" "--format-version=1", kill_on_drop: false }`
[INFO] [stdout] cef435c877e52e48f49d68e104693f3442a85a336bb3910e20d6cd98b2c35f5c
[INFO] running `Command { std: "docker" "start" "-a" "cef435c877e52e48f49d68e104693f3442a85a336bb3910e20d6cd98b2c35f5c", kill_on_drop: false }`
[INFO] running `Command { std: "docker" "inspect" "cef435c877e52e48f49d68e104693f3442a85a336bb3910e20d6cd98b2c35f5c", kill_on_drop: false }`
[INFO] running `Command { std: "docker" "rm" "-f" "cef435c877e52e48f49d68e104693f3442a85a336bb3910e20d6cd98b2c35f5c", kill_on_drop: false }`
[INFO] [stdout] cef435c877e52e48f49d68e104693f3442a85a336bb3910e20d6cd98b2c35f5c
[INFO] running `Command { std: "docker" "create" "-v" "/var/lib/crater-agent-workspace/builds/worker-5-tc2/target:/opt/rustwide/target:rw,Z" "-v" "/var/lib/crater-agent-workspace/builds/worker-5-tc2/source:/opt/rustwide/workdir:ro,Z" "-v" "/var/lib/crater-agent-workspace/cargo-home:/opt/rustwide/cargo-home:ro,Z" "-v" "/var/lib/crater-agent-workspace/rustup-home:/opt/rustwide/rustup-home:ro,Z" "-e" "SOURCE_DIR=/opt/rustwide/workdir" "-e" "CARGO_TARGET_DIR=/opt/rustwide/target" "-e" "CARGO_INCREMENTAL=0" "-e" "RUST_BACKTRACE=full" "-e" "RUSTFLAGS=--cap-lints=warn" "-e" "RUSTDOCFLAGS=--cap-lints=warn" "-e" "CARGO_HOME=/opt/rustwide/cargo-home" "-e" "RUSTUP_HOME=/opt/rustwide/rustup-home" "-w" "/opt/rustwide/workdir" "-m" "1610612736" "--user" "0:0" "--network" "none" "ghcr.io/rust-lang/crates-build-env/linux@sha256:2788e3201cd34a07e3172128adcd8b3090168a8e3bcc40d7c032b9dda1df7d1c" "/opt/rustwide/cargo-home/bin/cargo" "+beta-2023-12-22" "doc" "--frozen" "--no-deps" "--document-private-items" "--message-format=json", kill_on_drop: false }`
[INFO] [stdout] ddf3152cac7436fefe6fd656b3d924271f8263f4888ae5afbd199334226d9e19
[INFO] running `Command { std: "docker" "start" "-a" "ddf3152cac7436fefe6fd656b3d924271f8263f4888ae5afbd199334226d9e19", kill_on_drop: false }`
[INFO] [stderr]    Compiling proc-macro2 v1.0.28
[INFO] [stderr]    Compiling syn v1.0.74
[INFO] [stderr]    Compiling libc v0.2.98
[INFO] [stderr]    Compiling memchr v2.4.0
[INFO] [stderr]    Compiling log v0.4.14
[INFO] [stderr]    Compiling proc-macro-hack v0.5.19
[INFO] [stderr]    Compiling serde_derive v1.0.126
[INFO] [stderr]    Compiling serde v1.0.126
[INFO] [stderr]    Compiling futures-core v0.3.16
[INFO] [stderr]    Compiling cc v1.0.69
[INFO] [stderr]    Compiling cfg-if v1.0.0
[INFO] [stderr]    Compiling bitflags v1.2.1
[INFO] [stderr]    Compiling tokio v1.9.0
[INFO] [stderr]    Compiling proc-macro-nested v0.1.7
[INFO] [stderr]    Compiling futures-task v0.3.16
[INFO] [stderr]    Compiling futures-channel v0.3.16
[INFO] [stderr]    Compiling futures-macro v0.3.16
[INFO] [stderr]     Checking once_cell v1.8.0
[INFO] [stderr]    Compiling standback v0.2.17
[INFO] [stderr]    Compiling futures-util v0.3.16
[INFO] [stderr]     Checking pin-project-lite v0.2.7
[INFO] [stderr]    Compiling pkg-config v0.3.19
[INFO] [stderr]     Checking bytes v1.0.1
[INFO] [stderr]     Checking smallvec v1.6.1
[INFO] [stderr]    Compiling yansi v0.5.0
[INFO] [stderr]    Compiling proc-macro2-diagnostics v0.9.1
[INFO] [stderr]    Compiling indexmap v1.7.0
[INFO] [stderr]     Checking instant v0.1.10
[INFO] [stderr]     Checking itoa v0.4.7
[INFO] [stderr]     Checking lock_api v0.4.4
[INFO] [stderr]    Compiling httparse v1.4.1
[INFO] [stderr]     Checking futures-sink v0.3.16
[INFO] [stderr]    Compiling const_fn v0.4.8
[INFO] [stderr]    Compiling time v0.2.27
[INFO] [stderr]    Compiling glob v0.3.0
[INFO] [stderr]    Compiling num-traits v0.2.14
[INFO] [stderr]     Checking slab v0.4.3
[INFO] [stderr]     Checking futures-io v0.3.16
[INFO] [stderr]    Compiling quote v1.0.9
[INFO] [stderr]    Compiling ryu v1.0.5
[INFO] [stderr]    Compiling scopeguard v1.1.0
[INFO] [stderr]     Checking http v0.2.4
[INFO] [stderr]    Compiling nom v5.1.2
[INFO] [stderr]    Compiling num-integer v0.1.44
[INFO] [stderr]    Compiling clang-sys v1.2.0
[INFO] [stderr]    Compiling uncased v0.9.6
[INFO] [stderr]     Checking percent-encoding v2.1.0
[INFO] [stderr]    Compiling openssl-sys v0.9.65
[INFO] [stderr]    Compiling getrandom v0.1.16
[INFO] [stderr]    Compiling typenum v1.13.0
[INFO] [stderr]    Compiling aho-corasick v0.7.18
[INFO] [stderr]     Checking tracing-core v0.1.18
[INFO] [stderr]    Compiling cookie v0.15.1
[INFO] [stderr]    Compiling generic-array v0.14.4
[INFO] [stderr]    Compiling openssl v0.10.35
[INFO] [stderr]    Compiling frunk_core v0.4.0
[INFO] [stderr]     Checking matches v0.1.8
[INFO] [stderr]    Compiling regex-syntax v0.6.25
[INFO] [stderr]     Checking foreign-types-shared v0.1.1
[INFO] [stderr]     Checking hashbrown v0.11.2
[INFO] [stderr]     Checking parking_lot_core v0.8.3
[INFO] [stderr]     Checking num_cpus v1.13.0
[INFO] [stderr]     Checking signal-hook-registry v1.4.0
[INFO] [stderr]     Checking mio v0.7.13
[INFO] [stderr]    Compiling atty v0.2.14
[INFO] [stderr]     Checking getrandom v0.2.3
[INFO] [stderr]    Compiling ref-cast v1.0.6
[INFO] [stderr]     Checking parking_lot v0.11.1
[INFO] [stderr]    Compiling unicode-width v0.1.8
[INFO] [stderr]    Compiling textwrap v0.11.0
[INFO] [stderr]     Checking tracing v0.1.26
[INFO] [stderr]     Checking rand_core v0.6.3
[INFO] [stderr]     Checking foreign-types v0.3.2
[INFO] [stderr]     Checking socket2 v0.4.0
[INFO] [stderr]    Compiling libloading v0.7.0
[INFO] [stderr]    Compiling ansi_term v0.11.0
[INFO] [stderr]    Compiling bindgen v0.58.1
[INFO] [stderr]     Checking try-lock v0.2.3
[INFO] [stderr]    Compiling native-tls v0.2.7
[INFO] [stderr]    Compiling vec_map v0.8.2
[INFO] [stderr]    Compiling termcolor v1.1.2
[INFO] [stderr]    Compiling strsim v0.8.0
[INFO] [stderr]     Checking tinyvec_macros v0.1.0
[INFO] [stderr]    Compiling pin-utils v0.1.0
[INFO] [stderr]    Compiling humantime v2.1.0
[INFO] [stderr]     Checking tinyvec v1.3.1
[INFO] [stderr]    Compiling clap v2.33.3
[INFO] [stderr]     Checking want v0.3.0
[INFO] [stderr]     Checking rand_core v0.5.1
[INFO] [stderr]     Checking http-body v0.4.2
[INFO] [stderr]     Checking rand_chacha v0.3.1
[INFO] [stderr]    Compiling which v3.1.1
[INFO] [stderr]    Compiling libz-sys v1.1.3
[INFO] [stderr]    Compiling num-bigint v0.3.2
[INFO] [stderr]     Checking httpdate v1.0.1
[INFO] [stderr]     Checking tower-service v0.3.1
[INFO] [stderr]     Checking arrayvec v0.5.2
[INFO] [stderr]    Compiling crc32fast v1.2.1
[INFO] [stderr]    Compiling regex v1.5.4
[INFO] [stderr]    Compiling lexical-core v0.7.6
[INFO] [stderr]    Compiling shlex v1.0.0
[INFO] [stderr]    Compiling lazycell v1.3.0
[INFO] [stderr]    Compiling peeking_take_while v0.1.2
[INFO] [stderr]    Compiling rustc-hash v1.1.0
[INFO] [stderr]     Checking static_assertions v1.1.0
[INFO] [stderr]    Compiling radium v0.6.2
[INFO] [stderr]    Compiling serde_json v1.0.64
[INFO] [stderr]     Checking openssl-probe v0.1.4
[INFO] [stderr]    Compiling encoding_rs v0.8.28
[INFO] [stderr]     Checking unicode-normalization v0.1.19
[INFO] [stderr]     Checking rand v0.8.4
[INFO] [stderr]     Checking rand_chacha v0.2.2
[INFO] [stderr]    Compiling subprocess v0.2.7
[INFO] [stderr]     Checking time v0.1.44
[INFO] [stderr]     Checking unicode-bidi v0.3.5
[INFO] [stderr]     Checking form_urlencoded v1.0.1
[INFO] [stderr]    Compiling cexpr v0.4.0
[INFO] [stderr]    Compiling cmake v0.1.45
[INFO] [stderr]    Compiling env_logger v0.8.4
[INFO] [stderr]    Compiling num-bigint v0.4.0
[INFO] [stderr]    Compiling memoffset v0.6.4
[INFO] [stderr]    Compiling inlinable_string v0.1.14
[INFO] [stderr]     Checking base64 v0.13.0
[INFO] [stderr]     Checking mime v0.3.16
[INFO] [stderr]     Checking idna v0.2.3
[INFO] [stderr]     Checking wyz v0.4.0
[INFO] [stderr]     Checking rand v0.7.3
[INFO] [stderr]     Checking block-buffer v0.9.0
[INFO] [stderr]     Checking digest v0.9.0
[INFO] [stderr]    Compiling frunk_proc_macro_helpers v0.1.0
[INFO] [stderr]    Compiling ring v0.16.20
[INFO] [stderr]    Compiling stable-pattern v0.1.0
[INFO] [stderr]    Compiling multer v2.0.0
[INFO] [stderr]    Compiling devise_core v0.3.0
[INFO] [stderr]    Compiling io-enum v1.0.1
[INFO] [stderr]    Compiling atomic v0.5.0
[INFO] [stdout] error[E0308]: mismatched types
[INFO] [stdout]   --> /opt/rustwide/cargo-home/registry/src/index.crates.io-6f17d22bba15001f/num-bigint-0.3.2/src/biguint/convert.rs:70:19
[INFO] [stdout]    |
[INFO] [stdout] 70 |         .div_ceil(&big_digit::BITS.into())
[INFO] [stdout]    |          -------- ^^^^^^^^^^^^^^^^^^^^^^^ expected `u64`, found `&_`
[INFO] [stdout]    |          |
[INFO] [stdout]    |          arguments to this method are incorrect
[INFO] [stdout]    |
[INFO] [stdout]    = note:   expected type `u64`
[INFO] [stdout]            found reference `&_`
[INFO] [stdout] note: method defined here
[INFO] [stdout]   --> /rustc/0e09125c6c3c2fd70d7de961bcf0e51575235fad/library/core/src/num/mod.rs:1169:5
[INFO] [stdout]    = note: this error originates in the macro `uint_impl` (in Nightly builds, run with -Z macro-backtrace for more info)
[INFO] [stdout] help: consider removing the borrow
[INFO] [stdout]    |
[INFO] [stdout] 70 -         .div_ceil(&big_digit::BITS.into())
[INFO] [stdout] 70 +         .div_ceil(big_digit::BITS.into())
[INFO] [stdout]    |
[INFO] [stdout] 
[INFO] [stdout] 
[INFO] [stdout] error[E0308]: mismatched types
[INFO] [stdout]    --> /opt/rustwide/cargo-home/registry/src/index.crates.io-6f17d22bba15001f/num-bigint-0.3.2/src/biguint/convert.rs:585:19
[INFO] [stdout]     |
[INFO] [stdout] 585 |         .div_ceil(&u64::from(bits))
[INFO] [stdout]     |          -------- ^^^^^^^^^^^^^^^^ expected `u64`, found `&u64`
[INFO] [stdout]     |          |
[INFO] [stdout]     |          arguments to this method are incorrect
[INFO] [stdout]     |
[INFO] [stdout] note: method defined here
[INFO] [stdout]    --> /rustc/0e09125c6c3c2fd70d7de961bcf0e51575235fad/library/core/src/num/mod.rs:1169:5
[INFO] [stdout]     = note: this error originates in the macro `uint_impl` (in Nightly builds, run with -Z macro-backtrace for more info)
[INFO] [stdout] help: consider removing the borrow
[INFO] [stdout]     |
[INFO] [stdout] 585 -         .div_ceil(&u64::from(bits))
[INFO] [stdout] 585 +         .div_ceil(u64::from(bits))
[INFO] [stdout]     |
[INFO] [stdout] 
[INFO] [stdout] 
[INFO] [stdout] error[E0308]: mismatched types
[INFO] [stdout]    --> /opt/rustwide/cargo-home/registry/src/index.crates.io-6f17d22bba15001f/num-bigint-0.3.2/src/biguint/convert.rs:613:19
[INFO] [stdout]     |
[INFO] [stdout] 613 |         .div_ceil(&u64::from(bits))
[INFO] [stdout]     |          -------- ^^^^^^^^^^^^^^^^ expected `u64`, found `&u64`
[INFO] [stdout]     |          |
[INFO] [stdout]     |          arguments to this method are incorrect
[INFO] [stdout]     |
[INFO] [stdout] note: method defined here
[INFO] [stdout]    --> /rustc/0e09125c6c3c2fd70d7de961bcf0e51575235fad/library/core/src/num/mod.rs:1169:5
[INFO] [stdout]     = note: this error originates in the macro `uint_impl` (in Nightly builds, run with -Z macro-backtrace for more info)
[INFO] [stdout] help: consider removing the borrow
[INFO] [stdout]     |
[INFO] [stdout] 613 -         .div_ceil(&u64::from(bits))
[INFO] [stdout] 613 +         .div_ceil(u64::from(bits))
[INFO] [stdout]     |
[INFO] [stdout] 
[INFO] [stdout] 
[INFO] [stderr]    Compiling figment v0.10.6
[INFO] [stdout] error[E0308]: mismatched types
[INFO] [stdout]    --> /opt/rustwide/cargo-home/registry/src/index.crates.io-6f17d22bba15001f/num-bigint-0.3.2/src/biguint.rs:393:54
[INFO] [stdout]     |
[INFO] [stdout] 393 |                 let root_scale = extra_bits.div_ceil(&n64);
[INFO] [stdout]     |                                             -------- ^^^^ expected `u64`, found `&u64`
[INFO] [stdout]     |                                             |
[INFO] [stdout]     |                                             arguments to this method are incorrect
[INFO] [stdout]     |
[INFO] [stdout] note: method defined here
[INFO] [stdout]    --> /rustc/0e09125c6c3c2fd70d7de961bcf0e51575235fad/library/core/src/num/mod.rs:1169:5
[INFO] [stdout]     = note: this error originates in the macro `uint_impl` (in Nightly builds, run with -Z macro-backtrace for more info)
[INFO] [stdout] help: consider removing the borrow
[INFO] [stdout]     |
[INFO] [stdout] 393 -                 let root_scale = extra_bits.div_ceil(&n64);
[INFO] [stdout] 393 +                 let root_scale = extra_bits.div_ceil(n64);
[INFO] [stdout]     |
[INFO] [stdout] 
[INFO] [stdout] 
[INFO] [stdout] error: aborting due to 4 previous errors
[INFO] [stdout] 
[INFO] [stdout] 
[INFO] [stdout] For more information about this error, try `rustc --explain E0308`.
[INFO] [stdout] 
[INFO] [stderr] error: could not compile `num-bigint` (lib) due to 5 previous errors
[INFO] [stderr] warning: build failed, waiting for other jobs to finish...
[INFO] running `Command { std: "docker" "inspect" "ddf3152cac7436fefe6fd656b3d924271f8263f4888ae5afbd199334226d9e19", kill_on_drop: false }`
[INFO] running `Command { std: "docker" "rm" "-f" "ddf3152cac7436fefe6fd656b3d924271f8263f4888ae5afbd199334226d9e19", kill_on_drop: false }`
[INFO] [stdout] ddf3152cac7436fefe6fd656b3d924271f8263f4888ae5afbd199334226d9e19
