[INFO] cloning repository https://github.com/Michael-F-Bryan/cargo-outdated-bot
[INFO] running `Command { std: "git" "-c" "credential.helper=" "-c" "credential.helper=/workspace/cargo-home/bin/git-credential-null" "clone" "--bare" "https://github.com/Michael-F-Bryan/cargo-outdated-bot" "/workspace/cache/git-repos/https%3A%2F%2Fgithub.com%2FMichael-F-Bryan%2Fcargo-outdated-bot", kill_on_drop: false }`
[INFO] [stderr] Cloning into bare repository '/workspace/cache/git-repos/https%3A%2F%2Fgithub.com%2FMichael-F-Bryan%2Fcargo-outdated-bot'...
[INFO] running `Command { std: "git" "rev-parse" "HEAD", kill_on_drop: false }`
[INFO] [stdout] 81906f65c3c88e6bf956570df6340b22137767f8
[INFO] documenting Michael-F-Bryan/cargo-outdated-bot against 1.75.0 for beta-1.76-rustdoc-1
[INFO] running `Command { std: "git" "clone" "/workspace/cache/git-repos/https%3A%2F%2Fgithub.com%2FMichael-F-Bryan%2Fcargo-outdated-bot" "/workspace/builds/worker-5-tc1/source", kill_on_drop: false }`
[INFO] [stderr] Cloning into '/workspace/builds/worker-5-tc1/source'...
[INFO] [stderr] done.
[INFO] validating manifest of git repo https://github.com/Michael-F-Bryan/cargo-outdated-bot on toolchain 1.75.0
[INFO] running `Command { std: CARGO_HOME="/workspace/cargo-home" RUSTUP_HOME="/workspace/rustup-home" "/workspace/cargo-home/bin/cargo" "+1.75.0" "metadata" "--manifest-path" "Cargo.toml" "--no-deps", kill_on_drop: false }`
[INFO] started tweaking git repo https://github.com/Michael-F-Bryan/cargo-outdated-bot
[INFO] finished tweaking git repo https://github.com/Michael-F-Bryan/cargo-outdated-bot
[INFO] tweaked toml for git repo https://github.com/Michael-F-Bryan/cargo-outdated-bot written to /workspace/builds/worker-5-tc1/source/Cargo.toml
[INFO] crate git repo https://github.com/Michael-F-Bryan/cargo-outdated-bot already has a lockfile, it will not be regenerated
[INFO] running `Command { std: CARGO_HOME="/workspace/cargo-home" RUSTUP_HOME="/workspace/rustup-home" "/workspace/cargo-home/bin/cargo" "+1.75.0" "fetch" "--manifest-path" "Cargo.toml", kill_on_drop: false }`
[INFO] [stderr]     Updating crates.io index
[INFO] [stderr]  Downloading crates ...
[INFO] [stderr]   Downloaded derive-error-chain v0.10.1
[INFO] [stderr]   Downloaded cmake v0.1.29
[INFO] [stderr]   Downloaded config v0.8.0
[INFO] [stderr]   Downloaded dotenv v0.10.1
[INFO] [stderr]   Downloaded slog-json v2.2.0
[INFO] [stderr]   Downloaded take_mut v0.2.0
[INFO] [stderr]   Downloaded isatty v0.1.6
[INFO] [stderr]   Downloaded linked-hash-map v0.5.1
[INFO] [stderr]   Downloaded failure_derive v0.1.1
[INFO] [stderr]   Downloaded serde-hjson v0.8.1
[INFO] [stderr]   Downloaded failure v0.1.1
[INFO] [stderr]   Downloaded yaml-rust v0.4.0
[INFO] [stderr]   Downloaded itertools v0.7.6
[INFO] [stderr]   Downloaded git2 v0.6.11
[INFO] [stderr]   Downloaded url v1.6.0
[INFO] [stderr]   Downloaded diesel v1.1.1
[INFO] [stderr]   Downloaded curl-sys v0.4.1
[INFO] [stderr]   Downloaded slog-async v2.2.0
[INFO] [stderr]   Downloaded openssl-sys v0.9.24
[INFO] [stderr]   Downloaded diesel_derives v1.1.0
[INFO] [stderr]   Downloaded libgit2-sys v0.6.19
[INFO] [stderr]   Downloaded regex v0.2.6
[INFO] [stderr]   Downloaded backtrace-sys v0.1.16
[INFO] [stderr]   Downloaded crates-index v0.11.0
[INFO] [stderr]   Downloaded clap v2.29.4
[INFO] [stderr]   Downloaded serde_json v1.0.9
[INFO] [stderr]   Downloaded cc v1.0.4
[INFO] [stderr]   Downloaded num-traits v0.2.0
[INFO] [stderr]   Downloaded backtrace v0.3.5
[INFO] running `Command { std: "docker" "create" "-v" "/var/lib/crater-agent-workspace/builds/worker-5-tc1/target:/opt/rustwide/target:rw,Z" "-v" "/var/lib/crater-agent-workspace/builds/worker-5-tc1/source:/opt/rustwide/workdir:ro,Z" "-v" "/var/lib/crater-agent-workspace/cargo-home:/opt/rustwide/cargo-home:ro,Z" "-v" "/var/lib/crater-agent-workspace/rustup-home:/opt/rustwide/rustup-home:ro,Z" "-e" "SOURCE_DIR=/opt/rustwide/workdir" "-e" "CARGO_TARGET_DIR=/opt/rustwide/target" "-e" "CARGO_HOME=/opt/rustwide/cargo-home" "-e" "RUSTUP_HOME=/opt/rustwide/rustup-home" "-w" "/opt/rustwide/workdir" "-m" "1610612736" "--user" "0:0" "--network" "none" "ghcr.io/rust-lang/crates-build-env/linux@sha256:2788e3201cd34a07e3172128adcd8b3090168a8e3bcc40d7c032b9dda1df7d1c" "/opt/rustwide/cargo-home/bin/cargo" "+1.75.0" "metadata" "--no-deps" "--format-version=1", kill_on_drop: false }`
[INFO] [stdout] b9ce59245d7ba6e053773dd88cc2d629dd2620f52cc98a18522284a5efb45210
[INFO] running `Command { std: "docker" "start" "-a" "b9ce59245d7ba6e053773dd88cc2d629dd2620f52cc98a18522284a5efb45210", kill_on_drop: false }`
[INFO] running `Command { std: "docker" "inspect" "b9ce59245d7ba6e053773dd88cc2d629dd2620f52cc98a18522284a5efb45210", kill_on_drop: false }`
[INFO] running `Command { std: "docker" "rm" "-f" "b9ce59245d7ba6e053773dd88cc2d629dd2620f52cc98a18522284a5efb45210", kill_on_drop: false }`
[INFO] [stdout] b9ce59245d7ba6e053773dd88cc2d629dd2620f52cc98a18522284a5efb45210
[INFO] running `Command { std: "docker" "create" "-v" "/var/lib/crater-agent-workspace/builds/worker-5-tc1/target:/opt/rustwide/target:rw,Z" "-v" "/var/lib/crater-agent-workspace/builds/worker-5-tc1/source:/opt/rustwide/workdir:ro,Z" "-v" "/var/lib/crater-agent-workspace/cargo-home:/opt/rustwide/cargo-home:ro,Z" "-v" "/var/lib/crater-agent-workspace/rustup-home:/opt/rustwide/rustup-home:ro,Z" "-e" "SOURCE_DIR=/opt/rustwide/workdir" "-e" "CARGO_TARGET_DIR=/opt/rustwide/target" "-e" "CARGO_INCREMENTAL=0" "-e" "RUST_BACKTRACE=full" "-e" "RUSTFLAGS=--cap-lints=warn" "-e" "RUSTDOCFLAGS=--cap-lints=warn" "-e" "CARGO_HOME=/opt/rustwide/cargo-home" "-e" "RUSTUP_HOME=/opt/rustwide/rustup-home" "-w" "/opt/rustwide/workdir" "-m" "1610612736" "--user" "0:0" "--network" "none" "ghcr.io/rust-lang/crates-build-env/linux@sha256:2788e3201cd34a07e3172128adcd8b3090168a8e3bcc40d7c032b9dda1df7d1c" "/opt/rustwide/cargo-home/bin/cargo" "+1.75.0" "doc" "--frozen" "--no-deps" "--document-private-items" "--message-format=json", kill_on_drop: false }`
[INFO] [stdout] 4fa84fc873600cc96b74263871a0174b28bc88439d18ba209f3dace7cd42773c
[INFO] running `Command { std: "docker" "start" "-a" "4fa84fc873600cc96b74263871a0174b28bc88439d18ba209f3dace7cd42773c", kill_on_drop: false }`
[INFO] [stderr]     Checking libc v0.2.36
[INFO] [stderr]    Compiling cc v1.0.4
[INFO] [stderr]    Compiling pkg-config v0.3.9
[INFO] [stderr]    Compiling unicode-xid v0.0.4
[INFO] [stderr]    Compiling quote v0.3.15
[INFO] [stderr]     Checking num-traits v0.2.0
[INFO] [stderr]    Compiling winapi-build v0.1.1
[INFO] [stderr]     Checking void v1.0.2
[INFO] [stderr]     Checking serde v1.0.27
[INFO] [stderr]     Checking rustc-demangle v0.1.5
[INFO] [stderr]     Checking lazy_static v1.0.0
[INFO] [stderr]     Checking cfg-if v0.1.2
[INFO] [stderr]     Checking winapi v0.2.8
[INFO] [stderr]     Checking dtoa v0.4.2
[INFO] [stderr]     Checking itoa v0.3.4
[INFO] [stderr]     Checking matches v0.1.6
[INFO] [stderr]    Compiling synom v0.11.3
[INFO] [stderr]     Checking unicode-normalization v0.1.5
[INFO] [stderr]     Checking unreachable v1.0.0
[INFO] [stderr]     Checking unicode-bidi v0.3.4
[INFO] [stderr]     Checking slog v2.1.1
[INFO] [stderr]     Checking serde v0.8.23
[INFO] [stderr]     Checking unicode-width v0.1.4
[INFO] [stderr]    Compiling kernel32-sys v0.2.2
[INFO] [stderr]     Checking ansi_term v0.10.2
[INFO] [stderr]     Checking thread_local v0.3.5
[INFO] [stderr]     Checking strsim v0.7.0
[INFO] [stderr]    Compiling syn v0.11.11
[INFO] [stderr]     Checking textwrap v0.9.0
[INFO] [stderr]     Checking utf8-ranges v0.1.3
[INFO] [stderr]     Checking percent-encoding v1.0.1
[INFO] [stderr]     Checking regex-syntax v0.4.2
[INFO] [stderr]     Checking regex-syntax v0.3.9
[INFO] [stderr]     Checking utf8-ranges v1.0.0
[INFO] [stderr]     Checking bitflags v1.0.1
[INFO] [stderr]    Compiling cmake v0.1.29
[INFO] [stderr]     Checking vec_map v0.8.0
[INFO] [stderr]     Checking openssl-probe v0.1.2
[INFO] [stderr]     Checking take_mut v0.2.0
[INFO] [stderr]     Checking bitflags v0.9.1
[INFO] [stderr]     Checking linked-hash-map v0.5.1
[INFO] [stderr]     Checking idna v0.1.4
[INFO] [stderr]     Checking memchr v0.1.11
[INFO] [stderr]     Checking thread-id v2.0.0
[INFO] [stderr]     Checking num-traits v0.1.43
[INFO] [stderr]     Checking num-integer v0.1.36
[INFO] [stderr]     Checking time v0.1.39
[INFO] [stderr]     Checking memchr v2.0.1
[INFO] [stderr]     Checking aho-corasick v0.5.3
[INFO] [stderr]     Checking atty v0.2.6
[INFO] [stderr]     Checking thread_local v0.2.7
[INFO] [stderr]     Checking memchr v1.0.2
[INFO] [stderr]     Checking clap v2.29.4
[INFO] [stderr]     Checking aho-corasick v0.6.4
[INFO] [stderr]     Checking rand v0.4.2
[INFO] [stderr]     Checking lazy_static v0.2.11
[INFO] [stderr]     Checking num-iter v0.1.35
[INFO] [stderr]     Checking yaml-rust v0.4.0
[INFO] [stderr]     Checking nom v3.2.1
[INFO] [stderr]     Checking slog-async v2.2.0
[INFO] [stderr]     Checking num v0.1.42
[INFO] [stderr]     Checking isatty v0.1.6
[INFO] [stderr]     Checking semver-parser v0.7.0
[INFO] [stderr]     Checking chrono v0.4.0
[INFO] [stderr]     Checking byteorder v1.2.1
[INFO] [stderr]     Checking either v1.4.0
[INFO] [stderr]     Checking term v0.4.6
[INFO] [stderr]     Checking glob v0.2.11
[INFO] [stderr]     Checking semver v0.9.0
[INFO] [stderr]     Checking regex v0.1.80
[INFO] [stderr]     Checking itertools v0.7.6
[INFO] [stderr]     Checking regex v0.2.6
[INFO] [stderr]    Compiling libz-sys v1.0.18
[INFO] [stderr]    Compiling openssl-sys v0.9.24
[INFO] [stderr]    Compiling backtrace-sys v0.1.16
[INFO] [stderr]    Compiling curl-sys v0.4.1
[INFO] [stderr]    Compiling libssh2-sys v0.2.6
[INFO] [stderr]    Compiling libgit2-sys v0.6.19
[INFO] [stderr]     Checking url v1.6.0
[INFO] [stderr]     Checking rand v0.3.22
[INFO] [stderr]     Checking bitflags v0.1.1
[INFO] [stderr]     Checking libc v0.1.12
[INFO] [stdout] error[E0713]: borrow may still be in use when destructor runs
[INFO] [stdout]    --> /opt/rustwide/cargo-home/registry/src/index.crates.io-6f17d22bba15001f/url-1.6.0/src/form_urlencoded.rs:261:40
[INFO] [stdout]     |
[INFO] [stdout] 259 | impl<'a> Target for ::UrlQuery<'a> {
[INFO] [stdout]     |      -- lifetime `'a` defined here
[INFO] [stdout] 260 |     fn as_mut_string(&mut self) -> &mut String { &mut self.url.serialization }
[INFO] [stdout] 261 |     fn finish(self) -> &'a mut ::Url { self.url }
[INFO] [stdout]     |                                        ^^^^^^^^ - here, drop of `self` needs exclusive access to `*self.url`, because the type `UrlQuery<'_>` implements the `Drop` trait
[INFO] [stdout]     |                                        |
[INFO] [stdout]     |                                        returning this value requires that `*self.url` is borrowed for `'a`
[INFO] [stdout] 
[INFO] [stdout] 
[INFO] [stdout] error: aborting due to previous error
[INFO] [stdout] 
[INFO] [stdout] 
[INFO] [stdout] For more information about this error, try `rustc --explain E0713`.
[INFO] [stdout] 
[INFO] [stderr] error: could not compile `url` (lib) due to 2 previous errors
[INFO] [stderr] warning: build failed, waiting for other jobs to finish...
[INFO] running `Command { std: "docker" "inspect" "4fa84fc873600cc96b74263871a0174b28bc88439d18ba209f3dace7cd42773c", kill_on_drop: false }`
[INFO] running `Command { std: "docker" "rm" "-f" "4fa84fc873600cc96b74263871a0174b28bc88439d18ba209f3dace7cd42773c", kill_on_drop: false }`
[INFO] [stdout] 4fa84fc873600cc96b74263871a0174b28bc88439d18ba209f3dace7cd42773c
[INFO] documenting Michael-F-Bryan/cargo-outdated-bot against beta-2023-12-22 for beta-1.76-rustdoc-1
[INFO] running `Command { std: "git" "clone" "/workspace/cache/git-repos/https%3A%2F%2Fgithub.com%2FMichael-F-Bryan%2Fcargo-outdated-bot" "/workspace/builds/worker-5-tc2/source", kill_on_drop: false }`
[INFO] [stderr] Cloning into '/workspace/builds/worker-5-tc2/source'...
[INFO] [stderr] done.
[INFO] validating manifest of git repo https://github.com/Michael-F-Bryan/cargo-outdated-bot on toolchain beta-2023-12-22
[INFO] running `Command { std: CARGO_HOME="/workspace/cargo-home" RUSTUP_HOME="/workspace/rustup-home" "/workspace/cargo-home/bin/cargo" "+beta-2023-12-22" "metadata" "--manifest-path" "Cargo.toml" "--no-deps", kill_on_drop: false }`
[INFO] started tweaking git repo https://github.com/Michael-F-Bryan/cargo-outdated-bot
[INFO] finished tweaking git repo https://github.com/Michael-F-Bryan/cargo-outdated-bot
[INFO] tweaked toml for git repo https://github.com/Michael-F-Bryan/cargo-outdated-bot written to /workspace/builds/worker-5-tc2/source/Cargo.toml
[INFO] crate git repo https://github.com/Michael-F-Bryan/cargo-outdated-bot already has a lockfile, it will not be regenerated
[INFO] running `Command { std: CARGO_HOME="/workspace/cargo-home" RUSTUP_HOME="/workspace/rustup-home" "/workspace/cargo-home/bin/cargo" "+beta-2023-12-22" "fetch" "--manifest-path" "Cargo.toml", kill_on_drop: false }`
[INFO] running `Command { std: "docker" "create" "-v" "/var/lib/crater-agent-workspace/builds/worker-5-tc2/target:/opt/rustwide/target:rw,Z" "-v" "/var/lib/crater-agent-workspace/builds/worker-5-tc2/source:/opt/rustwide/workdir:ro,Z" "-v" "/var/lib/crater-agent-workspace/cargo-home:/opt/rustwide/cargo-home:ro,Z" "-v" "/var/lib/crater-agent-workspace/rustup-home:/opt/rustwide/rustup-home:ro,Z" "-e" "SOURCE_DIR=/opt/rustwide/workdir" "-e" "CARGO_TARGET_DIR=/opt/rustwide/target" "-e" "CARGO_HOME=/opt/rustwide/cargo-home" "-e" "RUSTUP_HOME=/opt/rustwide/rustup-home" "-w" "/opt/rustwide/workdir" "-m" "1610612736" "--user" "0:0" "--network" "none" "ghcr.io/rust-lang/crates-build-env/linux@sha256:2788e3201cd34a07e3172128adcd8b3090168a8e3bcc40d7c032b9dda1df7d1c" "/opt/rustwide/cargo-home/bin/cargo" "+beta-2023-12-22" "metadata" "--no-deps" "--format-version=1", kill_on_drop: false }`
[INFO] [stdout] 286b9fbe056dfa68ca12dc8318eee91f818610ea7678d932af85261a64fa4860
[INFO] running `Command { std: "docker" "start" "-a" "286b9fbe056dfa68ca12dc8318eee91f818610ea7678d932af85261a64fa4860", kill_on_drop: false }`
[INFO] running `Command { std: "docker" "inspect" "286b9fbe056dfa68ca12dc8318eee91f818610ea7678d932af85261a64fa4860", kill_on_drop: false }`
[INFO] running `Command { std: "docker" "rm" "-f" "286b9fbe056dfa68ca12dc8318eee91f818610ea7678d932af85261a64fa4860", kill_on_drop: false }`
[INFO] [stdout] 286b9fbe056dfa68ca12dc8318eee91f818610ea7678d932af85261a64fa4860
[INFO] running `Command { std: "docker" "create" "-v" "/var/lib/crater-agent-workspace/builds/worker-5-tc2/target:/opt/rustwide/target:rw,Z" "-v" "/var/lib/crater-agent-workspace/builds/worker-5-tc2/source:/opt/rustwide/workdir:ro,Z" "-v" "/var/lib/crater-agent-workspace/cargo-home:/opt/rustwide/cargo-home:ro,Z" "-v" "/var/lib/crater-agent-workspace/rustup-home:/opt/rustwide/rustup-home:ro,Z" "-e" "SOURCE_DIR=/opt/rustwide/workdir" "-e" "CARGO_TARGET_DIR=/opt/rustwide/target" "-e" "CARGO_INCREMENTAL=0" "-e" "RUST_BACKTRACE=full" "-e" "RUSTFLAGS=--cap-lints=warn" "-e" "RUSTDOCFLAGS=--cap-lints=warn" "-e" "CARGO_HOME=/opt/rustwide/cargo-home" "-e" "RUSTUP_HOME=/opt/rustwide/rustup-home" "-w" "/opt/rustwide/workdir" "-m" "1610612736" "--user" "0:0" "--network" "none" "ghcr.io/rust-lang/crates-build-env/linux@sha256:2788e3201cd34a07e3172128adcd8b3090168a8e3bcc40d7c032b9dda1df7d1c" "/opt/rustwide/cargo-home/bin/cargo" "+beta-2023-12-22" "doc" "--frozen" "--no-deps" "--document-private-items" "--message-format=json", kill_on_drop: false }`
[INFO] [stdout] 3e4dc840a1cd962d88ed526536d2eb92386d437b932c4b3ae50ffd55cf41cebf
[INFO] running `Command { std: "docker" "start" "-a" "3e4dc840a1cd962d88ed526536d2eb92386d437b932c4b3ae50ffd55cf41cebf", kill_on_drop: false }`
[INFO] [stderr]     Checking libc v0.2.36
[INFO] [stderr]    Compiling cc v1.0.4
[INFO] [stderr]    Compiling pkg-config v0.3.9
[INFO] [stderr]    Compiling unicode-xid v0.0.4
[INFO] [stderr]    Compiling quote v0.3.15
[INFO] [stderr]     Checking num-traits v0.2.0
[INFO] [stderr]    Compiling winapi-build v0.1.1
[INFO] [stderr]     Checking rustc-demangle v0.1.5
[INFO] [stderr]     Checking lazy_static v1.0.0
[INFO] [stderr]     Checking void v1.0.2
[INFO] [stderr]     Checking cfg-if v0.1.2
[INFO] [stderr]     Checking serde v1.0.27
[INFO] [stderr]     Checking winapi v0.2.8
[INFO] [stderr]     Checking dtoa v0.4.2
[INFO] [stderr]     Checking itoa v0.3.4
[INFO] [stderr]     Checking matches v0.1.6
[INFO] [stderr]     Checking unicode-normalization v0.1.5
[INFO] [stderr]    Compiling synom v0.11.3
[INFO] [stderr]     Checking unicode-bidi v0.3.4
[INFO] [stderr]     Checking unreachable v1.0.0
[INFO] [stderr]     Checking serde v0.8.23
[INFO] [stderr]     Checking unicode-width v0.1.4
[INFO] [stderr]     Checking slog v2.1.1
[INFO] [stderr]     Checking thread_local v0.3.5
[INFO] [stderr]     Checking regex-syntax v0.4.2
[INFO] [stderr]    Compiling kernel32-sys v0.2.2
[INFO] [stderr]     Checking textwrap v0.9.0
[INFO] [stderr]     Checking utf8-ranges v0.1.3
[INFO] [stderr]    Compiling syn v0.11.11
[INFO] [stderr]     Checking regex-syntax v0.3.9
[INFO] [stderr]     Checking ansi_term v0.10.2
[INFO] [stderr]     Checking bitflags v1.0.1
[INFO] [stderr]     Checking percent-encoding v1.0.1
[INFO] [stderr]     Checking utf8-ranges v1.0.0
[INFO] [stderr]     Checking vec_map v0.8.0
[INFO] [stderr]     Checking strsim v0.7.0
[INFO] [stderr]    Compiling cmake v0.1.29
[INFO] [stderr]     Checking memchr v2.0.1
[INFO] [stderr]     Checking memchr v0.1.11
[INFO] [stderr]     Checking time v0.1.39
[INFO] [stderr]     Checking atty v0.2.6
[INFO] [stderr]     Checking memchr v1.0.2
[INFO] [stderr]     Checking thread-id v2.0.0
[INFO] [stderr]     Checking num-integer v0.1.36
[INFO] [stderr]     Checking num-traits v0.1.43
[INFO] [stderr]     Checking aho-corasick v0.5.3
[INFO] [stderr]     Checking idna v0.1.4
[INFO] [stderr]     Checking aho-corasick v0.6.4
[INFO] [stderr]     Checking clap v2.29.4
[INFO] [stderr]     Checking thread_local v0.2.7
[INFO] [stderr]     Checking rand v0.4.2
[INFO] [stderr]     Checking lazy_static v0.2.11
[INFO] [stderr]     Checking linked-hash-map v0.5.1
[INFO] [stderr]     Checking num-iter v0.1.35
[INFO] [stderr]     Checking take_mut v0.2.0
[INFO] [stderr]     Checking num v0.1.42
[INFO] [stderr]     Checking bitflags v0.9.1
[INFO] [stderr]     Checking openssl-probe v0.1.2
[INFO] [stderr]     Checking nom v3.2.1
[INFO] [stderr]     Checking slog-async v2.2.0
[INFO] [stderr]     Checking isatty v0.1.6
[INFO] [stderr]     Checking chrono v0.4.0
[INFO] [stderr]     Checking term v0.4.6
[INFO] [stderr]     Checking semver-parser v0.7.0
[INFO] [stderr]     Checking yaml-rust v0.4.0
[INFO] [stderr]     Checking either v1.4.0
[INFO] [stderr]     Checking glob v0.2.11
[INFO] [stderr]     Checking regex v0.2.6
[INFO] [stderr]     Checking byteorder v1.2.1
[INFO] [stderr]     Checking semver v0.9.0
[INFO] [stderr]     Checking regex v0.1.80
[INFO] [stderr]    Compiling openssl-sys v0.9.24
[INFO] [stderr]    Compiling libz-sys v1.0.18
[INFO] [stderr]    Compiling backtrace-sys v0.1.16
[INFO] [stderr]    Compiling libssh2-sys v0.2.6
[INFO] [stderr]    Compiling curl-sys v0.4.1
[INFO] [stderr]    Compiling libgit2-sys v0.6.19
[INFO] [stderr]     Checking rand v0.3.22
[INFO] [stderr]     Checking itertools v0.7.6
[INFO] [stderr]     Checking url v1.6.0
[INFO] [stderr]     Checking slog-term v2.3.0
[INFO] [stderr]     Checking libc v0.1.12
[INFO] [stderr]     Checking bitflags v0.1.1
[INFO] [stderr]  Documenting dummy v0.1.0 (/opt/rustwide/workdir/outdated-runner/tests/dummy)
[INFO] [stdout] error[E0713]: borrow may still be in use when destructor runs
[INFO] [stdout]    --> /opt/rustwide/cargo-home/registry/src/index.crates.io-6f17d22bba15001f/url-1.6.0/src/form_urlencoded.rs:261:40
[INFO] [stdout]     |
[INFO] [stdout] 259 | impl<'a> Target for ::UrlQuery<'a> {
[INFO] [stdout]     |      -- lifetime `'a` defined here
[INFO] [stdout] 260 |     fn as_mut_string(&mut self) -> &mut String { &mut self.url.serialization }
[INFO] [stdout] 261 |     fn finish(self) -> &'a mut ::Url { self.url }
[INFO] [stdout]     |                                        ^^^^^^^^ - here, drop of `self` needs exclusive access to `*self.url`, because the type `UrlQuery<'_>` implements the `Drop` trait
[INFO] [stdout]     |                                        |
[INFO] [stdout]     |                                        returning this value requires that `*self.url` is borrowed for `'a`
[INFO] [stdout] 
[INFO] [stdout] 
[INFO] [stderr] error: failed to run custom build command for `openssl-sys v0.9.24`
[INFO] [stderr] note: To improve backtraces for build dependencies, set the CARGO_PROFILE_DEV_BUILD_OVERRIDE_DEBUG=true environment variable to enable debug information generation.
[INFO] [stderr] 
[INFO] [stderr] Caused by:
[INFO] [stderr]   process didn't exit successfully: `/opt/rustwide/target/debug/build/openssl-sys-3db12caba236796c/build-script-build` (exit status: 101)
[INFO] [stderr]   --- stdout
[INFO] [stderr]   cargo:rerun-if-env-changed=X86_64_UNKNOWN_LINUX_GNU_OPENSSL_LIB_DIR
[INFO] [stderr]   cargo:rerun-if-env-changed=OPENSSL_LIB_DIR
[INFO] [stderr]   cargo:rerun-if-env-changed=X86_64_UNKNOWN_LINUX_GNU_OPENSSL_INCLUDE_DIR
[INFO] [stderr]   cargo:rerun-if-env-changed=OPENSSL_INCLUDE_DIR
[INFO] [stderr]   cargo:rerun-if-env-changed=X86_64_UNKNOWN_LINUX_GNU_OPENSSL_DIR
[INFO] [stderr]   cargo:rerun-if-env-changed=OPENSSL_DIR
[INFO] [stderr]   cargo:rustc-link-lib=ssl
[INFO] [stderr]   cargo:rustc-link-lib=crypto
[INFO] [stderr]   OPT_LEVEL = Some("0")
[INFO] [stderr]   TARGET = Some("x86_64-unknown-linux-gnu")
[INFO] [stderr]   HOST = Some("x86_64-unknown-linux-gnu")
[INFO] [stderr]   TARGET = Some("x86_64-unknown-linux-gnu")
[INFO] [stderr]   TARGET = Some("x86_64-unknown-linux-gnu")
[INFO] [stderr]   HOST = Some("x86_64-unknown-linux-gnu")
[INFO] [stderr]   CC_x86_64-unknown-linux-gnu = None
[INFO] [stderr]   CC_x86_64_unknown_linux_gnu = None
[INFO] [stderr]   HOST_CC = None
[INFO] [stderr]   CC = None
[INFO] [stderr]   HOST = Some("x86_64-unknown-linux-gnu")
[INFO] [stderr]   TARGET = Some("x86_64-unknown-linux-gnu")
[INFO] [stderr]   HOST = Some("x86_64-unknown-linux-gnu")
[INFO] [stderr]   CFLAGS_x86_64-unknown-linux-gnu = None
[INFO] [stderr]   CFLAGS_x86_64_unknown_linux_gnu = None
[INFO] [stderr]   HOST_CFLAGS = None
[INFO] [stderr]   CFLAGS = None
[INFO] [stderr]   DEBUG = Some("true")
[INFO] [stderr]   running: "cc" "-O0" "-ffunction-sections" "-fdata-sections" "-fPIC" "-g" "-m64" "-Wall" "-Wextra" "-E" "/opt/rustwide/target/debug/build/openssl-sys-80c23d05d4a97d62/out/expando.c"
[INFO] [stderr]   exit status: 0
[INFO] [stderr]   cargo:rustc-cfg=osslconf="OPENSSL_NO_SSL3_METHOD"
[INFO] [stderr]   cargo:conf=OPENSSL_NO_SSL3_METHOD
[INFO] [stderr] 
[INFO] [stderr]   --- stderr
[INFO] [stderr]   thread 'main' panicked at /opt/rustwide/cargo-home/registry/src/index.crates.io-6f17d22bba15001f/openssl-sys-0.9.24/build.rs:486:9:
[INFO] [stderr] 
[INFO] [stderr] 
[INFO] [stderr]   This crate is only compatible with OpenSSL 1.0.1, 1.0.2, and 1.1.0, or LibreSSL
[INFO] [stderr]   2.5 and 2.6.0, but a different version of OpenSSL was found. The build is now
[INFO] [stderr]   aborting due to this version mismatch.
[INFO] [stderr] 
[INFO] [stderr] 
[INFO] [stderr]   stack backtrace:
[INFO] [stderr]      0:     0x559beb6abc76 - std::backtrace_rs::backtrace::libunwind::trace::h261606ad26a499c1
[INFO] [stderr]                                  at /rustc/0e09125c6c3c2fd70d7de961bcf0e51575235fad/library/std/src/../../backtrace/src/backtrace/libunwind.rs:104:5
[INFO] [stderr]      1:     0x559beb6abc76 - std::backtrace_rs::backtrace::trace_unsynchronized::hd183f0625477fb28
[INFO] [stderr]                                  at /rustc/0e09125c6c3c2fd70d7de961bcf0e51575235fad/library/std/src/../../backtrace/src/backtrace/mod.rs:66:5
[INFO] [stderr]      2:     0x559beb6abc76 - std::sys_common::backtrace::_print_fmt::hd7f8fef21b4eda67
[INFO] [stderr]                                  at /rustc/0e09125c6c3c2fd70d7de961bcf0e51575235fad/library/std/src/sys_common/backtrace.rs:68:5
[INFO] [stderr]      3:     0x559beb6abc76 - <std::sys_common::backtrace::_print::DisplayBacktrace as core::fmt::Display>::fmt::h623d9b51f2f453f1
[INFO] [stderr]                                  at /rustc/0e09125c6c3c2fd70d7de961bcf0e51575235fad/library/std/src/sys_common/backtrace.rs:44:22
[INFO] [stderr]      4:     0x559beb6d10e0 - core::fmt::rt::Argument::fmt::h9f417ac76a86f368
[INFO] [stderr]                                  at /rustc/0e09125c6c3c2fd70d7de961bcf0e51575235fad/library/core/src/fmt/rt.rs:142:9
[INFO] [stderr]      5:     0x559beb6d10e0 - core::fmt::write::hc9b6faf4ac2aeff7
[INFO] [stderr]                                  at /rustc/0e09125c6c3c2fd70d7de961bcf0e51575235fad/library/core/src/fmt/mod.rs:1120:17
[INFO] [stderr]      6:     0x559beb6a96df - std::io::Write::write_fmt::hfead1eee52c2e65e
[INFO] [stderr]                                  at /rustc/0e09125c6c3c2fd70d7de961bcf0e51575235fad/library/std/src/io/mod.rs:1810:15
[INFO] [stderr]      7:     0x559beb6aba54 - std::sys_common::backtrace::_print::hd5d66399c7df88a2
[INFO] [stderr]                                  at /rustc/0e09125c6c3c2fd70d7de961bcf0e51575235fad/library/std/src/sys_common/backtrace.rs:47:5
[INFO] [stderr]      8:     0x559beb6aba54 - std::sys_common::backtrace::print::he81ed2da642d37e5
[INFO] [stderr]                                  at /rustc/0e09125c6c3c2fd70d7de961bcf0e51575235fad/library/std/src/sys_common/backtrace.rs:34:9
[INFO] [stderr]      9:     0x559beb6ad337 - std::panicking::default_hook::{{closure}}::h85773f4fa117163d
[INFO] [stderr]     10:     0x559beb6ad099 - std::panicking::default_hook::h6a1694a91d09b278
[INFO] [stderr]                                  at /rustc/0e09125c6c3c2fd70d7de961bcf0e51575235fad/library/std/src/panicking.rs:292:9
[INFO] [stderr]     11:     0x559beb6ad7c8 - std::panicking::rust_panic_with_hook::h0a7ad96e90f7145b
[INFO] [stderr]                                  at /rustc/0e09125c6c3c2fd70d7de961bcf0e51575235fad/library/std/src/panicking.rs:779:13
[INFO] [stderr]     12:     0x559beb67e92e - std::panicking::begin_panic::{{closure}}::hcb7dbc657146e1bc
[INFO] [stderr]     13:     0x559beb67b41a - std::sys_common::backtrace::__rust_end_short_backtrace::h698599791721b93b
[INFO] [stderr]     14:     0x559beb67e8ab - std::panicking::begin_panic::hf65bab93d97e043b
[INFO] [stderr]     15:     0x559beb648072 - build_script_build::validate_headers::ha92679670854ba06
[INFO] [stderr]     16:     0x559beb647055 - build_script_build::try_pkg_config::h1947947891f86a93
[INFO] [stderr]     17:     0x559beb646243 - build_script_build::find_openssl_dir::h9c5115cbb14e1f2f
[INFO] [stderr]     18:     0x559beb646088 - build_script_build::main::{{closure}}::hc754a44340a317ac
[INFO] [stderr]     19:     0x559beb64b20f - core::option::Option<T>::unwrap_or_else::h86090977780ac909
[INFO] [stderr]     20:     0x559beb6450ff - build_script_build::main::hfd1434c05e16fd72
[INFO] [stderr]     21:     0x559beb64fb43 - core::ops::function::FnOnce::call_once::h35175dab1a8c8d53
[INFO] [stderr]     22:     0x559beb64c616 - std::sys_common::backtrace::__rust_begin_short_backtrace::hf561f15a50dade67
[INFO] [stderr]     23:     0x559beb64a279 - std::rt::lang_start::{{closure}}::h11f2d0b5b7d9c43e
[INFO] [stderr]     24:     0x559beb6a59d1 - core::ops::function::impls::<impl core::ops::function::FnOnce<A> for &F>::call_once::h4eb4c5e1620f29b0
[INFO] [stderr]                                  at /rustc/0e09125c6c3c2fd70d7de961bcf0e51575235fad/library/core/src/ops/function.rs:284:13
[INFO] [stderr]     25:     0x559beb6a59d1 - std::panicking::try::do_call::h73fd26535faffcdf
[INFO] [stderr]                                  at /rustc/0e09125c6c3c2fd70d7de961bcf0e51575235fad/library/std/src/panicking.rs:552:40
[INFO] [stderr]     26:     0x559beb6a59d1 - std::panicking::try::h77ff1d98f0fb9f39
[INFO] [stderr]                                  at /rustc/0e09125c6c3c2fd70d7de961bcf0e51575235fad/library/std/src/panicking.rs:516:19
[INFO] [stderr]     27:     0x559beb6a59d1 - std::panic::catch_unwind::hab3caf2448b95e37
[INFO] [stderr]                                  at /rustc/0e09125c6c3c2fd70d7de961bcf0e51575235fad/library/std/src/panic.rs:142:14
[INFO] [stderr]     28:     0x559beb6a59d1 - std::rt::lang_start_internal::{{closure}}::h8086711f9c783f78
[INFO] [stderr]                                  at /rustc/0e09125c6c3c2fd70d7de961bcf0e51575235fad/library/std/src/rt.rs:148:48
[INFO] [stderr]     29:     0x559beb6a59d1 - std::panicking::try::do_call::hf920d4dc291cd6ca
[INFO] [stderr]                                  at /rustc/0e09125c6c3c2fd70d7de961bcf0e51575235fad/library/std/src/panicking.rs:552:40
[INFO] [stderr]     30:     0x559beb6a59d1 - std::panicking::try::h2b806ccc0a85db74
[INFO] [stderr]                                  at /rustc/0e09125c6c3c2fd70d7de961bcf0e51575235fad/library/std/src/panicking.rs:516:19
[INFO] [stderr]     31:     0x559beb6a59d1 - std::panic::catch_unwind::h038489539c507df2
[INFO] [stderr]                                  at /rustc/0e09125c6c3c2fd70d7de961bcf0e51575235fad/library/std/src/panic.rs:142:14
[INFO] [stderr]     32:     0x559beb6a59d1 - std::rt::lang_start_internal::h28503b88912e8a5c
[INFO] [stderr]                                  at /rustc/0e09125c6c3c2fd70d7de961bcf0e51575235fad/library/std/src/rt.rs:148:20
[INFO] [stderr]     33:     0x559beb64a257 - std::rt::lang_start::h3ce1a6e297772d84
[INFO] [stderr]     34:     0x559beb6499e5 - main
[INFO] [stderr]     35:     0x7fa244570d90 - <unknown>
[INFO] [stderr]     36:     0x7fa244570e40 - __libc_start_main
[INFO] [stderr]     37:     0x559beb63fe85 - _start
[INFO] [stderr]     38:                0x0 - <unknown>
[INFO] [stderr] warning: build failed, waiting for other jobs to finish...
[INFO] [stdout] error: aborting due to 1 previous error
[INFO] [stdout] 
[INFO] [stdout] 
[INFO] [stdout] For more information about this error, try `rustc --explain E0713`.
[INFO] [stdout] 
[INFO] [stderr] error: could not compile `url` (lib) due to 2 previous errors
[INFO] running `Command { std: "docker" "inspect" "3e4dc840a1cd962d88ed526536d2eb92386d437b932c4b3ae50ffd55cf41cebf", kill_on_drop: false }`
[INFO] running `Command { std: "docker" "rm" "-f" "3e4dc840a1cd962d88ed526536d2eb92386d437b932c4b3ae50ffd55cf41cebf", kill_on_drop: false }`
[INFO] [stdout] 3e4dc840a1cd962d88ed526536d2eb92386d437b932c4b3ae50ffd55cf41cebf
