[INFO] cloning repository https://github.com/MetaphorC/RustyOS
[INFO] running `Command { std: "git" "-c" "credential.helper=" "-c" "credential.helper=/workspace/cargo-home/bin/git-credential-null" "clone" "--bare" "https://github.com/MetaphorC/RustyOS" "/workspace/cache/git-repos/https%3A%2F%2Fgithub.com%2FMetaphorC%2FRustyOS", kill_on_drop: false }`
[INFO] [stderr] Cloning into bare repository '/workspace/cache/git-repos/https%3A%2F%2Fgithub.com%2FMetaphorC%2FRustyOS'...
[INFO] running `Command { std: "git" "rev-parse" "HEAD", kill_on_drop: false }`
[INFO] [stdout] ff526336b92a3e7e8a364e1588f02383c11cccab
[INFO] documenting MetaphorC/RustyOS against 1.75.0 for beta-1.76-rustdoc-1
[INFO] running `Command { std: "git" "clone" "/workspace/cache/git-repos/https%3A%2F%2Fgithub.com%2FMetaphorC%2FRustyOS" "/workspace/builds/worker-3-tc1/source", kill_on_drop: false }`
[INFO] [stderr] Cloning into '/workspace/builds/worker-3-tc1/source'...
[INFO] [stderr] done.
[INFO] validating manifest of git repo https://github.com/MetaphorC/RustyOS on toolchain 1.75.0
[INFO] running `Command { std: CARGO_HOME="/workspace/cargo-home" RUSTUP_HOME="/workspace/rustup-home" "/workspace/cargo-home/bin/cargo" "+1.75.0" "metadata" "--manifest-path" "Cargo.toml" "--no-deps", kill_on_drop: false }`
[INFO] removed /workspace/builds/worker-3-tc1/source/.cargo/config.toml
[INFO] started tweaking git repo https://github.com/MetaphorC/RustyOS
[INFO] removed 0 missing tests
[INFO] finished tweaking git repo https://github.com/MetaphorC/RustyOS
[INFO] tweaked toml for git repo https://github.com/MetaphorC/RustyOS written to /workspace/builds/worker-3-tc1/source/Cargo.toml
[INFO] crate git repo https://github.com/MetaphorC/RustyOS already has a lockfile, it will not be regenerated
[INFO] running `Command { std: CARGO_HOME="/workspace/cargo-home" RUSTUP_HOME="/workspace/rustup-home" "/workspace/cargo-home/bin/cargo" "+1.75.0" "fetch" "--manifest-path" "Cargo.toml", kill_on_drop: false }`
[INFO] [stderr] warning: An explicit [[test]] section is specified in Cargo.toml which currently
[INFO] [stderr] disables Cargo from automatically inferring other test targets.
[INFO] [stderr] This inference behavior will change in the Rust 2018 edition and the following
[INFO] [stderr] files will be included as a test target:
[INFO] [stderr] 
[INFO] [stderr] * /workspace/builds/worker-3-tc1/source/tests/basic_boot.rs
[INFO] [stderr] 
[INFO] [stderr] This is likely to break cargo build or cargo test as these files may not be
[INFO] [stderr] ready to be compiled as a test target today. You can future-proof yourself
[INFO] [stderr] and disable this warning by adding `autotests = false` to your [package]
[INFO] [stderr] section. You may also move the files to a location where Cargo would not
[INFO] [stderr] automatically infer them to be a target, such as in subfolders.
[INFO] [stderr] 
[INFO] [stderr] For more information on this warning you can consult
[INFO] [stderr] https://github.com/rust-lang/cargo/issues/5330
[INFO] running `Command { std: "docker" "create" "-v" "/var/lib/crater-agent-workspace/builds/worker-3-tc1/target:/opt/rustwide/target:rw,Z" "-v" "/var/lib/crater-agent-workspace/builds/worker-3-tc1/source:/opt/rustwide/workdir:ro,Z" "-v" "/var/lib/crater-agent-workspace/cargo-home:/opt/rustwide/cargo-home:ro,Z" "-v" "/var/lib/crater-agent-workspace/rustup-home:/opt/rustwide/rustup-home:ro,Z" "-e" "SOURCE_DIR=/opt/rustwide/workdir" "-e" "CARGO_TARGET_DIR=/opt/rustwide/target" "-e" "CARGO_HOME=/opt/rustwide/cargo-home" "-e" "RUSTUP_HOME=/opt/rustwide/rustup-home" "-w" "/opt/rustwide/workdir" "-m" "1610612736" "--user" "0:0" "--network" "none" "ghcr.io/rust-lang/crates-build-env/linux@sha256:2788e3201cd34a07e3172128adcd8b3090168a8e3bcc40d7c032b9dda1df7d1c" "/opt/rustwide/cargo-home/bin/cargo" "+1.75.0" "metadata" "--no-deps" "--format-version=1", kill_on_drop: false }`
[INFO] [stdout] 41ce82f31409ac3c82f98fc08b97b69aa162e727001fd201b514e86073d7ea99
[INFO] running `Command { std: "docker" "start" "-a" "41ce82f31409ac3c82f98fc08b97b69aa162e727001fd201b514e86073d7ea99", kill_on_drop: false }`
[INFO] running `Command { std: "docker" "inspect" "41ce82f31409ac3c82f98fc08b97b69aa162e727001fd201b514e86073d7ea99", kill_on_drop: false }`
[INFO] running `Command { std: "docker" "rm" "-f" "41ce82f31409ac3c82f98fc08b97b69aa162e727001fd201b514e86073d7ea99", kill_on_drop: false }`
[INFO] [stdout] 41ce82f31409ac3c82f98fc08b97b69aa162e727001fd201b514e86073d7ea99
[INFO] running `Command { std: "docker" "create" "-v" "/var/lib/crater-agent-workspace/builds/worker-3-tc1/target:/opt/rustwide/target:rw,Z" "-v" "/var/lib/crater-agent-workspace/builds/worker-3-tc1/source:/opt/rustwide/workdir:ro,Z" "-v" "/var/lib/crater-agent-workspace/cargo-home:/opt/rustwide/cargo-home:ro,Z" "-v" "/var/lib/crater-agent-workspace/rustup-home:/opt/rustwide/rustup-home:ro,Z" "-e" "SOURCE_DIR=/opt/rustwide/workdir" "-e" "CARGO_TARGET_DIR=/opt/rustwide/target" "-e" "CARGO_INCREMENTAL=0" "-e" "RUST_BACKTRACE=full" "-e" "RUSTFLAGS=--cap-lints=warn" "-e" "RUSTDOCFLAGS=--cap-lints=warn" "-e" "CARGO_HOME=/opt/rustwide/cargo-home" "-e" "RUSTUP_HOME=/opt/rustwide/rustup-home" "-w" "/opt/rustwide/workdir" "-m" "1610612736" "--user" "0:0" "--network" "none" "ghcr.io/rust-lang/crates-build-env/linux@sha256:2788e3201cd34a07e3172128adcd8b3090168a8e3bcc40d7c032b9dda1df7d1c" "/opt/rustwide/cargo-home/bin/cargo" "+1.75.0" "doc" "--frozen" "--no-deps" "--document-private-items" "--message-format=json", kill_on_drop: false }`
[INFO] [stdout] b3f3a350363a0d47cdabee22c293c9fef1a886d816a621764c77d8f1eb035622
[INFO] running `Command { std: "docker" "start" "-a" "b3f3a350363a0d47cdabee22c293c9fef1a886d816a621764c77d8f1eb035622", kill_on_drop: false }`
[INFO] [stderr] warning: An explicit [[test]] section is specified in Cargo.toml which currently
[INFO] [stderr] disables Cargo from automatically inferring other test targets.
[INFO] [stderr] This inference behavior will change in the Rust 2018 edition and the following
[INFO] [stderr] files will be included as a test target:
[INFO] [stderr] 
[INFO] [stderr] * /opt/rustwide/workdir/tests/basic_boot.rs
[INFO] [stderr] 
[INFO] [stderr] This is likely to break cargo build or cargo test as these files may not be
[INFO] [stderr] ready to be compiled as a test target today. You can future-proof yourself
[INFO] [stderr] and disable this warning by adding `autotests = false` to your [package]
[INFO] [stderr] section. You may also move the files to a location where Cargo would not
[INFO] [stderr] automatically infer them to be a target, such as in subfolders.
[INFO] [stderr] 
[INFO] [stderr] For more information on this warning you can consult
[INFO] [stderr] https://github.com/rust-lang/cargo/issues/5330
[INFO] [stderr]    Compiling rustversion v1.0.14
[INFO] [stderr]     Checking bit_field v0.10.2
[INFO] [stderr]     Checking bitflags v1.3.2
[INFO] [stderr]     Checking volatile v0.4.6
[INFO] [stderr]    Compiling bootloader v0.9.23
[INFO] [stderr]     Checking spin v0.5.2
[INFO] [stderr]     Checking volatile v0.2.7
[INFO] [stderr]     Checking lazy_static v1.4.0
[INFO] [stderr]     Checking x86_64 v0.14.10
[INFO] [stdout] error[E0554]: `#![feature]` may not be used on the stable release channel
[INFO] [stdout]  --> /opt/rustwide/cargo-home/registry/src/index.crates.io-6f17d22bba15001f/x86_64-0.14.10/src/lib.rs:5:35
[INFO] [stdout]   |
[INFO] [stdout] 5 | #![cfg_attr(feature = "const_fn", feature(const_mut_refs))] // GDT add_entry()
[INFO] [stdout]   |                                   ^^^^^^^^^^^^^^^^^^^^^^^
[INFO] [stdout] 
[INFO] [stdout] 
[INFO] [stdout] error[E0554]: `#![feature]` may not be used on the stable release channel
[INFO] [stdout]  --> /opt/rustwide/cargo-home/registry/src/index.crates.io-6f17d22bba15001f/x86_64-0.14.10/src/lib.rs:6:44
[INFO] [stdout]   |
[INFO] [stdout] 6 | #![cfg_attr(feature = "abi_x86_interrupt", feature(abi_x86_interrupt))]
[INFO] [stdout]   |                                            ^^^^^^^^^^^^^^^^^^^^^^^^^^
[INFO] [stdout] 
[INFO] [stdout] 
[INFO] [stdout] error[E0554]: `#![feature]` may not be used on the stable release channel
[INFO] [stdout]  --> /opt/rustwide/cargo-home/registry/src/index.crates.io-6f17d22bba15001f/x86_64-0.14.10/src/lib.rs:7:37
[INFO] [stdout]   |
[INFO] [stdout] 7 | #![cfg_attr(feature = "step_trait", feature(step_trait))]
[INFO] [stdout]   |                                     ^^^^^^^^^^^^^^^^^^^
[INFO] [stdout] 
[INFO] [stdout] 
[INFO] [stdout] error[E0554]: `#![feature]` may not be used on the stable release channel
[INFO] [stdout]  --> /opt/rustwide/cargo-home/registry/src/index.crates.io-6f17d22bba15001f/x86_64-0.14.10/src/lib.rs:8:34
[INFO] [stdout]   |
[INFO] [stdout] 8 | #![cfg_attr(feature = "doc_cfg", feature(doc_cfg))]
[INFO] [stdout]   |                                  ^^^^^^^^^^^^^^^^
[INFO] [stdout] 
[INFO] [stdout] 
[INFO] [stdout] error[E0554]: `#![feature]` may not be used on the stable release channel
[INFO] [stdout]  --> /opt/rustwide/cargo-home/registry/src/index.crates.io-6f17d22bba15001f/x86_64-0.14.10/src/lib.rs:7:45
[INFO] [stdout]   |
[INFO] [stdout] 7 | #![cfg_attr(feature = "step_trait", feature(step_trait))]
[INFO] [stdout]   |                                             ^^^^^^^^^^
[INFO] [stdout] 
[INFO] [stdout] 
[INFO] [stdout] error: aborting due to 5 previous errors
[INFO] [stdout] 
[INFO] [stdout] 
[INFO] [stdout] For more information about this error, try `rustc --explain E0554`.
[INFO] [stdout] 
[INFO] [stderr] error: could not compile `x86_64` (lib) due to 6 previous errors
[INFO] running `Command { std: "docker" "inspect" "b3f3a350363a0d47cdabee22c293c9fef1a886d816a621764c77d8f1eb035622", kill_on_drop: false }`
[INFO] running `Command { std: "docker" "rm" "-f" "b3f3a350363a0d47cdabee22c293c9fef1a886d816a621764c77d8f1eb035622", kill_on_drop: false }`
[INFO] [stdout] b3f3a350363a0d47cdabee22c293c9fef1a886d816a621764c77d8f1eb035622
