[INFO] cloning repository https://github.com/MetaDEX-ORG/Solana-Dex-Program
[INFO] running `Command { std: "git" "-c" "credential.helper=" "-c" "credential.helper=/workspace/cargo-home/bin/git-credential-null" "clone" "--bare" "https://github.com/MetaDEX-ORG/Solana-Dex-Program" "/workspace/cache/git-repos/https%3A%2F%2Fgithub.com%2FMetaDEX-ORG%2FSolana-Dex-Program", kill_on_drop: false }`
[INFO] [stderr] Cloning into bare repository '/workspace/cache/git-repos/https%3A%2F%2Fgithub.com%2FMetaDEX-ORG%2FSolana-Dex-Program'...
[INFO] running `Command { std: "git" "rev-parse" "HEAD", kill_on_drop: false }`
[INFO] [stdout] 8d3d85f733f24618e8e97704c5f1d3d5270f6022
[INFO] documenting MetaDEX-ORG/Solana-Dex-Program against 1.75.0 for beta-1.76-rustdoc-1
[INFO] running `Command { std: "git" "clone" "/workspace/cache/git-repos/https%3A%2F%2Fgithub.com%2FMetaDEX-ORG%2FSolana-Dex-Program" "/workspace/builds/worker-1-tc1/source", kill_on_drop: false }`
[INFO] [stderr] Cloning into '/workspace/builds/worker-1-tc1/source'...
[INFO] [stderr] done.
[INFO] validating manifest of git repo https://github.com/MetaDEX-ORG/Solana-Dex-Program on toolchain 1.75.0
[INFO] running `Command { std: CARGO_HOME="/workspace/cargo-home" RUSTUP_HOME="/workspace/rustup-home" "/workspace/cargo-home/bin/cargo" "+1.75.0" "metadata" "--manifest-path" "Cargo.toml" "--no-deps", kill_on_drop: false }`
[INFO] started tweaking git repo https://github.com/MetaDEX-ORG/Solana-Dex-Program
[INFO] finished tweaking git repo https://github.com/MetaDEX-ORG/Solana-Dex-Program
[INFO] tweaked toml for git repo https://github.com/MetaDEX-ORG/Solana-Dex-Program written to /workspace/builds/worker-1-tc1/source/Cargo.toml
[INFO] crate git repo https://github.com/MetaDEX-ORG/Solana-Dex-Program already has a lockfile, it will not be regenerated
[INFO] running `Command { std: CARGO_HOME="/workspace/cargo-home" RUSTUP_HOME="/workspace/rustup-home" "/workspace/cargo-home/bin/cargo" "+1.75.0" "fetch" "--manifest-path" "Cargo.toml", kill_on_drop: false }`
[INFO] [stderr]     Updating crates.io index
[INFO] [stderr]  Downloading crates ...
[INFO] [stderr]   Downloaded solana-config-program v1.5.11
[INFO] [stderr]   Downloaded solana-frozen-abi v1.5.11
[INFO] [stderr]   Downloaded wasm-bindgen-test v0.3.19
[INFO] [stderr]   Downloaded field-offset v0.3.2
[INFO] [stderr]   Downloaded wasm-bindgen-test-macro v0.3.19
[INFO] [stderr]   Downloaded solana-sdk v1.5.11
[INFO] [stderr]   Downloaded assert_matches v1.4.0
[INFO] [stderr]   Downloaded solana-secp256k1-program v1.5.11
[INFO] [stderr]   Downloaded solana-rayon-threadlimit v1.5.11
[INFO] [stderr]   Downloaded solana-account-decoder v1.5.11
[INFO] [stderr]   Downloaded solana-vote-program v1.5.11
[INFO] [stderr]   Downloaded slog-async v2.5.0
[INFO] [stderr]   Downloaded socket2 v0.3.17
[INFO] [stderr]   Downloaded reqwest v0.10.9
[INFO] [stderr]   Downloaded bzip2-sys v0.1.9+1.0.8
[INFO] [stderr]   Downloaded solana-runtime v1.5.11
[INFO] [stderr]   Downloaded hidapi v1.2.5
[INFO] [stderr]   Downloaded solana-stake-program v1.5.11
[INFO] [stderr]   Downloaded solana-program v1.5.11
[INFO] [stderr]   Downloaded trackable v1.0.0
[INFO] [stderr]   Downloaded slog-term v2.6.0
[INFO] [stderr]   Downloaded ouroboros_macro v0.5.1
[INFO] [stderr]   Downloaded solana-metrics v1.5.11
[INFO] [stderr]   Downloaded spl-token v3.1.0
[INFO] [stderr]   Downloaded spl-token v2.0.6
[INFO] [stderr]   Downloaded ed25519-dalek v1.0.0-pre.4
[INFO] [stderr]   Downloaded solana-remote-wallet v1.5.11
[INFO] [stderr]   Downloaded solana-clap-utils v1.5.11
[INFO] [stderr]   Downloaded borsh v0.8.1
[INFO] [stderr]   Downloaded libloading v0.6.5
[INFO] [stderr]   Downloaded solana-net-utils v1.5.11
[INFO] [stderr]   Downloaded solana-transaction-status v1.5.11
[INFO] [stderr]   Downloaded borsh-derive v0.8.1
[INFO] [stderr]   Downloaded spl-memo v2.0.1
[INFO] [stderr]   Downloaded solana-sdk-macro v1.5.11
[INFO] [stderr]   Downloaded slice-of-array v0.2.1
[INFO] [stderr]   Downloaded tokio-macros v0.3.2
[INFO] [stderr]   Downloaded solana-frozen-abi-macro v1.5.11
[INFO] [stderr]   Downloaded solana-version v1.5.11
[INFO] [stderr]   Downloaded solana-measure v1.5.11
[INFO] [stderr]   Downloaded borsh-derive-internal v0.8.1
[INFO] [stderr]   Downloaded semver-parser v0.10.1
[INFO] [stderr]   Downloaded spl-memo v3.0.0
[INFO] [stderr]   Downloaded ouroboros v0.5.1
[INFO] [stderr]   Downloaded solana-crate-features v1.5.11
[INFO] [stderr]   Downloaded solana-logger v1.5.11
[INFO] [stderr]   Downloaded borsh-schema-derive-internal v0.8.1
[INFO] [stderr]   Downloaded solana-client v1.5.11
[INFO] [stderr]   Downloaded safe-transmute v0.11.0
[INFO] running `Command { std: "docker" "create" "-v" "/var/lib/crater-agent-workspace/builds/worker-1-tc1/target:/opt/rustwide/target:rw,Z" "-v" "/var/lib/crater-agent-workspace/builds/worker-1-tc1/source:/opt/rustwide/workdir:ro,Z" "-v" "/var/lib/crater-agent-workspace/cargo-home:/opt/rustwide/cargo-home:ro,Z" "-v" "/var/lib/crater-agent-workspace/rustup-home:/opt/rustwide/rustup-home:ro,Z" "-e" "SOURCE_DIR=/opt/rustwide/workdir" "-e" "CARGO_TARGET_DIR=/opt/rustwide/target" "-e" "CARGO_HOME=/opt/rustwide/cargo-home" "-e" "RUSTUP_HOME=/opt/rustwide/rustup-home" "-w" "/opt/rustwide/workdir" "-m" "1610612736" "--user" "0:0" "--network" "none" "ghcr.io/rust-lang/crates-build-env/linux@sha256:2788e3201cd34a07e3172128adcd8b3090168a8e3bcc40d7c032b9dda1df7d1c" "/opt/rustwide/cargo-home/bin/cargo" "+1.75.0" "metadata" "--no-deps" "--format-version=1", kill_on_drop: false }`
[INFO] [stdout] 292887642b2050036e49dd4e895fd6a6d5c84bd85bcad740cbc74421dcff8742
[INFO] running `Command { std: "docker" "start" "-a" "292887642b2050036e49dd4e895fd6a6d5c84bd85bcad740cbc74421dcff8742", kill_on_drop: false }`
[INFO] running `Command { std: "docker" "inspect" "292887642b2050036e49dd4e895fd6a6d5c84bd85bcad740cbc74421dcff8742", kill_on_drop: false }`
[INFO] running `Command { std: "docker" "rm" "-f" "292887642b2050036e49dd4e895fd6a6d5c84bd85bcad740cbc74421dcff8742", kill_on_drop: false }`
[INFO] [stdout] 292887642b2050036e49dd4e895fd6a6d5c84bd85bcad740cbc74421dcff8742
[INFO] running `Command { std: "docker" "create" "-v" "/var/lib/crater-agent-workspace/builds/worker-1-tc1/target:/opt/rustwide/target:rw,Z" "-v" "/var/lib/crater-agent-workspace/builds/worker-1-tc1/source:/opt/rustwide/workdir:ro,Z" "-v" "/var/lib/crater-agent-workspace/cargo-home:/opt/rustwide/cargo-home:ro,Z" "-v" "/var/lib/crater-agent-workspace/rustup-home:/opt/rustwide/rustup-home:ro,Z" "-e" "SOURCE_DIR=/opt/rustwide/workdir" "-e" "CARGO_TARGET_DIR=/opt/rustwide/target" "-e" "CARGO_INCREMENTAL=0" "-e" "RUST_BACKTRACE=full" "-e" "RUSTFLAGS=--cap-lints=warn" "-e" "RUSTDOCFLAGS=--cap-lints=warn" "-e" "CARGO_HOME=/opt/rustwide/cargo-home" "-e" "RUSTUP_HOME=/opt/rustwide/rustup-home" "-w" "/opt/rustwide/workdir" "-m" "1610612736" "--user" "0:0" "--network" "none" "ghcr.io/rust-lang/crates-build-env/linux@sha256:2788e3201cd34a07e3172128adcd8b3090168a8e3bcc40d7c032b9dda1df7d1c" "/opt/rustwide/cargo-home/bin/cargo" "+1.75.0" "doc" "--frozen" "--no-deps" "--document-private-items" "--message-format=json", kill_on_drop: false }`
[INFO] [stdout] de77d707ddca5d94990c633718dcdec45bdee0ccd66806efb58dd48665cbb984
[INFO] running `Command { std: "docker" "start" "-a" "de77d707ddca5d94990c633718dcdec45bdee0ccd66806efb58dd48665cbb984", kill_on_drop: false }`
[INFO] [stderr]    Compiling libc v0.2.86
[INFO] [stderr]    Compiling proc-macro2 v1.0.24
[INFO] [stderr]    Compiling unicode-xid v0.2.1
[INFO] [stderr]    Compiling syn v1.0.60
[INFO] [stderr]    Compiling autocfg v1.0.1
[INFO] [stderr]     Checking cfg-if v0.1.10
[INFO] [stderr]    Compiling serde_derive v1.0.123
[INFO] [stderr]     Checking lazy_static v1.4.0
[INFO] [stderr]    Compiling serde v1.0.123
[INFO] [stderr]    Compiling log v0.4.11
[INFO] [stderr]    Compiling memchr v2.3.4
[INFO] [stderr]    Compiling version_check v0.9.2
[INFO] [stderr]    Compiling typenum v1.12.0
[INFO] [stderr]    Compiling byteorder v1.3.4
[INFO] [stderr]    Compiling getrandom v0.1.15
[INFO] [stderr]     Checking thread_local v1.0.1
[INFO] [stderr]    Compiling generic-array v0.14.4
[INFO] [stderr]     Checking either v1.6.1
[INFO] [stderr]     Checking ppv-lite86 v0.2.10
[INFO] [stderr]     Checking regex-syntax v0.6.21
[INFO] [stderr]    Compiling quote v1.0.7
[INFO] [stderr]     Checking aho-corasick v0.7.15
[INFO] [stderr]     Checking ahash v0.4.7
[INFO] [stderr]     Checking subtle v2.3.0
[INFO] [stderr]     Checking hashbrown v0.9.1
[INFO] [stderr]     Checking num_cpus v1.13.0
[INFO] [stderr]     Checking slab v0.4.2
[INFO] [stderr]     Checking rand_core v0.5.1
[INFO] [stderr]    Compiling jobserver v0.1.21
[INFO] [stderr]     Checking rand_chacha v0.2.2
[INFO] [stderr]     Checking block-padding v0.2.1
[INFO] [stderr]    Compiling cc v1.0.49
[INFO] [stderr]     Checking rand v0.7.3
[INFO] [stderr]     Checking atty v0.2.14
[INFO] [stderr]     Checking generic-array v0.12.3
[INFO] [stderr]     Checking iovec v0.1.4
[INFO] [stderr]     Checking opaque-debug v0.3.0
[INFO] [stderr]    Compiling num-traits v0.2.14
[INFO] [stderr]     Checking cpuid-bool v0.1.2
[INFO] [stderr]    Compiling crossbeam-utils v0.7.2
[INFO] [stderr]    Compiling maybe-uninit v2.0.0
[INFO] [stderr]     Checking digest v0.8.1
[INFO] [stderr]     Checking termcolor v1.1.2
[INFO] [stderr]    Compiling feature-probe v0.1.1
[INFO] [stderr]     Checking net2 v0.2.37
[INFO] [stderr]     Checking regex v1.4.2
[INFO] [stderr]    Compiling solana-frozen-abi-macro v1.5.11
[INFO] [stderr]    Compiling bv v0.11.1
[INFO] [stderr]     Checking smallvec v1.5.0
[INFO] [stderr]     Checking itoa v0.4.6
[INFO] [stderr]    Compiling rustversion v1.0.4
[INFO] [stderr]     Checking bytes v0.5.6
[INFO] [stderr]     Checking humantime v2.1.0
[INFO] [stderr]     Checking mio v0.6.22
[INFO] [stderr]    Compiling solana-frozen-abi v1.5.11
[INFO] [stderr]     Checking memmap2 v0.1.0
[INFO] [stderr]    Compiling solana-program v1.5.11
[INFO] [stderr]     Checking env_logger v0.8.2
[INFO] [stderr]     Checking instant v0.1.9
[INFO] [stderr]     Checking futures v0.1.30
[INFO] [stderr]    Compiling bs58 v0.3.1
[INFO] [stderr]    Compiling proc-macro-hack v0.5.19
[INFO] [stderr]     Checking solana-logger v1.5.11
[INFO] [stderr]     Checking parking_lot_core v0.8.0
[INFO] [stderr]     Checking itertools v0.9.0
[INFO] [stderr]     Checking lock_api v0.4.2
[INFO] [stderr]     Checking hex v0.4.2
[INFO] [stderr]     Checking futures-core v0.3.8
[INFO] [stderr]     Checking parking_lot v0.11.1
[INFO] [stderr]     Checking mio-uds v0.6.8
[INFO] [stderr]     Checking once_cell v1.5.2
[INFO] [stderr]     Checking http v0.2.1
[INFO] [stderr]     Checking matches v0.1.8
[INFO] [stderr]     Checking tinyvec_macros v0.1.0
[INFO] [stderr]     Checking tinyvec v1.1.0
[INFO] [stderr]     Checking signal-hook-registry v1.2.2
[INFO] [stderr]    Compiling pin-project-internal v0.4.27
[INFO] [stderr]    Compiling httparse v1.3.4
[INFO] [stderr]    Compiling proc-macro-nested v0.1.6
[INFO] [stderr]     Checking byte-tools v0.3.1
[INFO] [stderr]     Checking futures-sink v0.3.8
[INFO] [stderr]     Checking block-padding v0.1.5
[INFO] [stderr]     Checking tokio-executor v0.1.10
[INFO] [stderr]    Compiling ring v0.16.12
[INFO] [stderr]    Compiling unicase v2.6.0
[INFO] [stderr]    Compiling memoffset v0.5.6
[INFO] [stderr]     Checking unicode-normalization v0.1.16
[INFO] [stderr]     Checking pin-project-lite v0.1.11
[INFO] [stderr]     Checking percent-encoding v2.1.0
[INFO] [stderr]     Checking form_urlencoded v1.0.0
[INFO] [stderr]    Compiling synstructure v0.12.4
[INFO] [stderr]    Compiling borsh-derive-internal v0.8.1
[INFO] [stderr]    Compiling borsh-schema-derive-internal v0.8.1
[INFO] [stderr]     Checking block-buffer v0.7.3
[INFO] [stderr]     Checking futures-task v0.3.8
[INFO] [stderr]     Checking unicode-bidi v0.3.4
[INFO] [stderr]     Checking bytes v0.4.12
[INFO] [stderr]    Compiling indexmap v1.6.0
[INFO] [stderr]    Compiling parking_lot_core v0.6.2
[INFO] [stderr]     Checking opaque-debug v0.2.3
[INFO] [stderr]     Checking pin-project-lite v0.2.0
[INFO] [stderr]     Checking base64 v0.12.3
[INFO] [stderr]     Checking futures-io v0.3.8
[INFO] [stderr]     Checking fake-simd v0.1.2
[INFO] [stderr]     Checking tokio-io v0.1.13
[INFO] [stderr]     Checking idna v0.2.0
[INFO] [stderr]     Checking smallvec v0.6.13
[INFO] [stderr]     Checking lock_api v0.3.4
[INFO] [stderr]    Compiling parking_lot v0.9.0
[INFO] [stderr]     Checking tracing-core v0.1.17
[INFO] [stderr]    Compiling ryu v1.0.5
[INFO] [stderr]     Checking arrayref v0.3.6
[INFO] [stderr]     Checking url v2.2.0
[INFO] [stderr]    Compiling crossbeam-epoch v0.8.2
[INFO] [stderr]    Compiling miniz_oxide v0.4.3
[INFO] [stderr]     Checking tracing v0.1.22
[INFO] [stderr]    Compiling mime_guess v2.0.3
[INFO] [stderr]     Checking futures-channel v0.3.8
[INFO] [stderr]     Checking tokio-sync v0.1.8
[INFO] [stderr]     Checking base64 v0.13.0
[INFO] [stderr]    Compiling serde_json v1.0.59
[INFO] [stderr]     Checking try-lock v0.2.3
[INFO] [stderr]     Checking mime v0.3.16
[INFO] [stderr]     Checking adler v0.2.3
[INFO] [stderr]     Checking subtle v1.0.0
[INFO] [stderr]     Checking tokio-reactor v0.1.12
[INFO] [stderr]     Checking crypto-mac v0.7.0
[INFO] [stderr]     Checking want v0.3.0
[INFO] [stderr]     Checking http-body v0.3.1
[INFO] [stderr]     Checking time v0.1.44
[INFO] [stderr]     Checking socket2 v0.3.17
[INFO] [stderr]    Compiling num-integer v0.1.44
[INFO] [stderr]     Checking httpdate v0.3.2
[INFO] [stderr]     Checking tower-service v0.3.0
[INFO] [stderr]    Compiling pkg-config v0.3.19
[INFO] [stderr]    Compiling proc-macro2 v0.4.30
[INFO] [stderr]     Checking gimli v0.23.0
[INFO] [stderr]     Checking crossbeam-deque v0.7.3
[INFO] [stderr]     Checking tokio-codec v0.1.2
[INFO] [stderr]     Checking sha2 v0.8.2
[INFO] [stderr]     Checking crossbeam-queue v0.2.3
[INFO] [stderr]     Checking rustc-demangle v0.1.18
[INFO] [stderr]     Checking unicode-xid v0.1.0
[INFO] [stderr]    Compiling encoding_rs v0.8.26
[INFO] [stderr]     Checking object v0.22.0
[INFO] [stderr]    Compiling zeroize_derive v1.0.1
[INFO] [stderr]    Compiling thiserror-impl v1.0.22
[INFO] [stderr]    Compiling num-derive v0.3.3
[INFO] [stderr]    Compiling solana-sdk-macro v1.5.11
[INFO] [stderr]    Compiling tokio-macros v0.2.6
[INFO] [stderr]     Checking zeroize v1.1.1
[INFO] [stderr]     Checking curve25519-dalek v2.1.0
[INFO] [stderr]    Compiling pin-project-internal v1.0.2
[INFO] [stderr]    Compiling futures-macro v0.3.8
[INFO] [stderr]     Checking webpki v0.21.2
[INFO] [stderr]     Checking tokio v0.2.23
[INFO] [stderr]     Checking thiserror v1.0.22
[INFO] [stderr]     Checking sct v0.6.0
[INFO] [stderr]     Checking addr2line v0.14.0
[INFO] [stderr]     Checking rustls v0.18.1
[INFO] [stderr]     Checking tokio-threadpool v0.1.18
[INFO] [stderr]     Checking hmac v0.7.1
[INFO] [stderr]     Checking signature v1.2.2
[INFO] [stderr]    Compiling winapi v0.3.9
[INFO] [stderr]    Compiling syn v0.15.44
[INFO] [stderr]    Compiling crunchy v0.2.2
[INFO] [stderr]     Checking tokio-fs v0.1.7
[INFO] [stderr]     Checking webpki-roots v0.20.0
[INFO] [stderr]     Checking quote v0.6.13
[INFO] [stderr]     Checking pin-project v1.0.2
[INFO] [stderr]     Checking tokio-udp v0.1.6
[INFO] [stderr]     Checking futures-util v0.3.8
[INFO] [stderr]     Checking tokio-uds v0.2.7
[INFO] [stderr]     Checking tokio-tcp v0.1.4
[INFO] [stderr]     Checking tokio-current-thread v0.1.7
[INFO] [stderr]     Checking tokio-timer v0.2.13
[INFO] [stderr]     Checking ipnet v2.3.0
[INFO] [stderr]     Checking tokio v0.1.22
[INFO] [stderr]     Checking hmac-drbg v0.2.0
[INFO] [stderr]    Compiling solana-sdk v1.5.11
[INFO] [stderr]     Checking pin-project v0.4.27
[INFO] [stderr]     Checking keccak v0.1.0
[INFO] [stderr]     Checking tracing-futures v0.2.4
[INFO] [stderr]     Checking libsecp256k1 v0.3.5
[INFO] [stderr]     Checking tokio-util v0.3.1
[INFO] [stderr]     Checking tokio-rustls v0.14.1
[INFO] [stderr]     Checking assert_matches v1.4.0
[INFO] [stderr]    Compiling bitflags v1.2.1
[INFO] [stderr]     Checking unicode-width v0.1.8
[INFO] [stderr]    Compiling derivative v2.1.1
[INFO] [stderr]    Compiling crossbeam-utils v0.8.1
[INFO] [stderr]     Checking h2 v0.2.7
[INFO] [stderr]     Checking remove_dir_all v0.5.0
[INFO] [stderr]    Compiling memoffset v0.6.1
[INFO] [stderr]    Compiling const_fn v0.4.3
[INFO] [stderr]     Checking bincode v1.3.1
[INFO] [stderr]    Compiling toml v0.5.7
[INFO] [stderr]     Checking serde_bytes v0.11.5
[INFO] [stderr]     Checking backtrace v0.3.55
[INFO] [stderr]     Checking digest v0.9.0
[INFO] [stderr]     Checking block-buffer v0.9.0
[INFO] [stderr]     Checking sha2 v0.9.3
[INFO] [stderr]     Checking crypto-mac v0.10.0
[INFO] [stderr]     Checking chrono v0.4.19
[INFO] [stderr]     Checking ed25519 v1.0.3
[INFO] [stderr]     Checking serde_urlencoded v0.7.0
[INFO] [stderr]     Checking ed25519-dalek v1.0.0-pre.4
[INFO] [stderr]     Checking pbkdf2 v0.6.0
[INFO] [stderr]     Checking hmac v0.10.1
[INFO] [stderr]     Checking sha3 v0.9.1
[INFO] [stderr]    Compiling proc-macro-crate v0.1.5
[INFO] [stderr]     Checking tempfile v3.1.0
[INFO] [stderr]    Compiling glob v0.3.0
[INFO] [stderr]    Compiling fs_extra v1.2.0
[INFO] [stderr]     Checking hyper v0.13.9
[INFO] [stderr]    Compiling openssl-sys v0.9.58
[INFO] [stderr]    Compiling jemalloc-sys v0.3.2
[INFO] [stderr]     Checking terminal_size v0.1.15
[INFO] [stderr]     Checking gethostname v0.2.1
[INFO] [stderr]    Compiling crc32fast v1.2.1
[INFO] [stderr]    Compiling zstd-sys v1.4.17+zstd.1.4.5
[INFO] [stderr]    Compiling borsh-derive v0.8.1
[INFO] [stderr]    Compiling num_enum_derive v0.5.1
[INFO] [stderr]    Compiling rayon-core v1.9.0
[INFO] [stderr]     Checking crossbeam-epoch v0.9.1
[INFO] [stderr] The following warnings were emitted during compilation:
[INFO] [stderr] 
[INFO] [stderr] warning: openssl-sys@0.9.58: build/expando.c:4:24: error: pasting "RUST_VERSION_OPENSSL_" and "(" does not give a valid preprocessing token
[INFO] [stderr] warning: openssl-sys@0.9.58:     4 | #define VERSION2(n, v) RUST_VERSION_##n##_##v
[INFO] [stderr] warning: openssl-sys@0.9.58:       |                        ^~~~~~~~~~~~~
[INFO] [stderr] warning: openssl-sys@0.9.58: build/expando.c:5:23: note: in expansion of macro 'VERSION2'
[INFO] [stderr] warning: openssl-sys@0.9.58:     5 | #define VERSION(n, v) VERSION2(n, v)
[INFO] [stderr] warning: openssl-sys@0.9.58:       |                       ^~~~~~~~
[INFO] [stderr] warning: openssl-sys@0.9.58: build/expando.c:10:1: note: in expansion of macro 'VERSION'
[INFO] [stderr] warning: openssl-sys@0.9.58:    10 | VERSION(OPENSSL, OPENSSL_VERSION_NUMBER)
[INFO] [stderr] warning: openssl-sys@0.9.58:       | ^~~~~~~
[INFO] [stderr] 
[INFO] [stderr] error: failed to run custom build command for `openssl-sys v0.9.58`
[INFO] [stderr] note: To improve backtraces for build dependencies, set the CARGO_PROFILE_DEV_BUILD_OVERRIDE_DEBUG=true environment variable to enable debug information generation.
[INFO] [stderr] 
[INFO] [stderr] Caused by:
[INFO] [stderr]   process didn't exit successfully: `/opt/rustwide/target/debug/build/openssl-sys-d094e31c062fea9e/build-script-main` (exit status: 101)
[INFO] [stderr]   --- stdout
[INFO] [stderr]   cargo:rustc-cfg=const_fn
[INFO] [stderr]   cargo:rerun-if-env-changed=X86_64_UNKNOWN_LINUX_GNU_OPENSSL_LIB_DIR
[INFO] [stderr]   X86_64_UNKNOWN_LINUX_GNU_OPENSSL_LIB_DIR unset
[INFO] [stderr]   cargo:rerun-if-env-changed=OPENSSL_LIB_DIR
[INFO] [stderr]   OPENSSL_LIB_DIR unset
[INFO] [stderr]   cargo:rerun-if-env-changed=X86_64_UNKNOWN_LINUX_GNU_OPENSSL_INCLUDE_DIR
[INFO] [stderr]   X86_64_UNKNOWN_LINUX_GNU_OPENSSL_INCLUDE_DIR unset
[INFO] [stderr]   cargo:rerun-if-env-changed=OPENSSL_INCLUDE_DIR
[INFO] [stderr]   OPENSSL_INCLUDE_DIR unset
[INFO] [stderr]   cargo:rerun-if-env-changed=X86_64_UNKNOWN_LINUX_GNU_OPENSSL_DIR
[INFO] [stderr]   X86_64_UNKNOWN_LINUX_GNU_OPENSSL_DIR unset
[INFO] [stderr]   cargo:rerun-if-env-changed=OPENSSL_DIR
[INFO] [stderr]   OPENSSL_DIR unset
[INFO] [stderr]   cargo:rerun-if-env-changed=OPENSSL_NO_PKG_CONFIG
[INFO] [stderr]   cargo:rerun-if-env-changed=PKG_CONFIG
[INFO] [stderr]   cargo:rerun-if-env-changed=OPENSSL_STATIC
[INFO] [stderr]   cargo:rerun-if-env-changed=OPENSSL_DYNAMIC
[INFO] [stderr]   cargo:rerun-if-env-changed=PKG_CONFIG_ALL_STATIC
[INFO] [stderr]   cargo:rerun-if-env-changed=PKG_CONFIG_ALL_DYNAMIC
[INFO] [stderr]   cargo:rerun-if-env-changed=PKG_CONFIG_PATH_x86_64-unknown-linux-gnu
[INFO] [stderr]   cargo:rerun-if-env-changed=PKG_CONFIG_PATH_x86_64_unknown_linux_gnu
[INFO] [stderr]   cargo:rerun-if-env-changed=HOST_PKG_CONFIG_PATH
[INFO] [stderr]   cargo:rerun-if-env-changed=PKG_CONFIG_PATH
[INFO] [stderr]   cargo:rerun-if-env-changed=PKG_CONFIG_LIBDIR_x86_64-unknown-linux-gnu
[INFO] [stderr]   cargo:rerun-if-env-changed=PKG_CONFIG_LIBDIR_x86_64_unknown_linux_gnu
[INFO] [stderr]   cargo:rerun-if-env-changed=HOST_PKG_CONFIG_LIBDIR
[INFO] [stderr]   cargo:rerun-if-env-changed=PKG_CONFIG_LIBDIR
[INFO] [stderr]   cargo:rerun-if-env-changed=PKG_CONFIG_SYSROOT_DIR_x86_64-unknown-linux-gnu
[INFO] [stderr]   cargo:rerun-if-env-changed=PKG_CONFIG_SYSROOT_DIR_x86_64_unknown_linux_gnu
[INFO] [stderr]   cargo:rerun-if-env-changed=HOST_PKG_CONFIG_SYSROOT_DIR
[INFO] [stderr]   cargo:rerun-if-env-changed=PKG_CONFIG_SYSROOT_DIR
[INFO] [stderr]   cargo:rerun-if-env-changed=PKG_CONFIG_SYSROOT_DIR
[INFO] [stderr]   cargo:rerun-if-env-changed=SYSROOT
[INFO] [stderr]   cargo:rerun-if-env-changed=OPENSSL_STATIC
[INFO] [stderr]   cargo:rerun-if-env-changed=OPENSSL_DYNAMIC
[INFO] [stderr]   cargo:rerun-if-env-changed=PKG_CONFIG_ALL_STATIC
[INFO] [stderr]   cargo:rerun-if-env-changed=PKG_CONFIG_ALL_DYNAMIC
[INFO] [stderr]   cargo:rustc-link-lib=ssl
[INFO] [stderr]   cargo:rustc-link-lib=crypto
[INFO] [stderr]   cargo:rerun-if-env-changed=PKG_CONFIG
[INFO] [stderr]   cargo:rerun-if-env-changed=OPENSSL_STATIC
[INFO] [stderr]   cargo:rerun-if-env-changed=OPENSSL_DYNAMIC
[INFO] [stderr]   cargo:rerun-if-env-changed=PKG_CONFIG_ALL_STATIC
[INFO] [stderr]   cargo:rerun-if-env-changed=PKG_CONFIG_ALL_DYNAMIC
[INFO] [stderr]   cargo:rerun-if-env-changed=PKG_CONFIG_PATH_x86_64-unknown-linux-gnu
[INFO] [stderr]   cargo:rerun-if-env-changed=PKG_CONFIG_PATH_x86_64_unknown_linux_gnu
[INFO] [stderr]   cargo:rerun-if-env-changed=HOST_PKG_CONFIG_PATH
[INFO] [stderr]   cargo:rerun-if-env-changed=PKG_CONFIG_PATH
[INFO] [stderr]   cargo:rerun-if-env-changed=PKG_CONFIG_LIBDIR_x86_64-unknown-linux-gnu
[INFO] [stderr]   cargo:rerun-if-env-changed=PKG_CONFIG_LIBDIR_x86_64_unknown_linux_gnu
[INFO] [stderr]   cargo:rerun-if-env-changed=HOST_PKG_CONFIG_LIBDIR
[INFO] [stderr]   cargo:rerun-if-env-changed=PKG_CONFIG_LIBDIR
[INFO] [stderr]   cargo:rerun-if-env-changed=PKG_CONFIG_SYSROOT_DIR_x86_64-unknown-linux-gnu
[INFO] [stderr]   cargo:rerun-if-env-changed=PKG_CONFIG_SYSROOT_DIR_x86_64_unknown_linux_gnu
[INFO] [stderr]   cargo:rerun-if-env-changed=HOST_PKG_CONFIG_SYSROOT_DIR
[INFO] [stderr]   cargo:rerun-if-env-changed=PKG_CONFIG_SYSROOT_DIR
[INFO] [stderr]   OPT_LEVEL = Some("0")
[INFO] [stderr]   TARGET = Some("x86_64-unknown-linux-gnu")
[INFO] [stderr]   HOST = Some("x86_64-unknown-linux-gnu")
[INFO] [stderr]   CC_x86_64-unknown-linux-gnu = None
[INFO] [stderr]   CC_x86_64_unknown_linux_gnu = None
[INFO] [stderr]   HOST_CC = None
[INFO] [stderr]   CC = None
[INFO] [stderr]   CFLAGS_x86_64-unknown-linux-gnu = None
[INFO] [stderr]   CFLAGS_x86_64_unknown_linux_gnu = None
[INFO] [stderr]   HOST_CFLAGS = None
[INFO] [stderr]   CFLAGS = None
[INFO] [stderr]   CRATE_CC_NO_DEFAULTS = None
[INFO] [stderr]   DEBUG = Some("true")
[INFO] [stderr]   CARGO_CFG_TARGET_FEATURE = Some("fxsr,sse,sse2")
[INFO] [stderr]   running: "cc" "-O0" "-ffunction-sections" "-fdata-sections" "-fPIC" "-g" "-fno-omit-frame-pointer" "-m64" "-I" "/usr/include" "-Wall" "-Wextra" "-E" "build/expando.c"
[INFO] [stderr]   cargo:warning=build/expando.c:4:24: error: pasting "RUST_VERSION_OPENSSL_" and "(" does not give a valid preprocessing token
[INFO] [stderr]   cargo:warning=    4 | #define VERSION2(n, v) RUST_VERSION_##n##_##v
[INFO] [stderr]   cargo:warning=      |                        ^~~~~~~~~~~~~
[INFO] [stderr]   cargo:warning=build/expando.c:5:23: note: in expansion of macro 'VERSION2'
[INFO] [stderr]   cargo:warning=    5 | #define VERSION(n, v) VERSION2(n, v)
[INFO] [stderr]   cargo:warning=      |                       ^~~~~~~~
[INFO] [stderr]   cargo:warning=build/expando.c:10:1: note: in expansion of macro 'VERSION'
[INFO] [stderr]   cargo:warning=   10 | VERSION(OPENSSL, OPENSSL_VERSION_NUMBER)
[INFO] [stderr]   cargo:warning=      | ^~~~~~~
[INFO] [stderr]   exit status: 1
[INFO] [stderr] 
[INFO] [stderr]   --- stderr
[INFO] [stderr]   thread 'main' panicked at /opt/rustwide/cargo-home/registry/src/index.crates.io-6f17d22bba15001f/openssl-sys-0.9.58/build/main.rs:140:13:
[INFO] [stderr] 
[INFO] [stderr]   Header expansion error:
[INFO] [stderr]   Error { kind: ToolExecError, message: "Command \"cc\" \"-O0\" \"-ffunction-sections\" \"-fdata-sections\" \"-fPIC\" \"-g\" \"-fno-omit-frame-pointer\" \"-m64\" \"-I\" \"/usr/include\" \"-Wall\" \"-Wextra\" \"-E\" \"build/expando.c\" with args \"cc\" did not execute successfully (status code exit status: 1)." }
[INFO] [stderr] 
[INFO] [stderr]   Failed to find OpenSSL development headers.
[INFO] [stderr] 
[INFO] [stderr]   You can try fixing this setting the `OPENSSL_DIR` environment variable
[INFO] [stderr]   pointing to your OpenSSL installation or installing OpenSSL headers package
[INFO] [stderr]   specific to your distribution:
[INFO] [stderr] 
[INFO] [stderr]       # On Ubuntu
[INFO] [stderr]       sudo apt-get install libssl-dev
[INFO] [stderr]       # On Arch Linux
[INFO] [stderr]       sudo pacman -S openssl
[INFO] [stderr]       # On Fedora
[INFO] [stderr]       sudo dnf install openssl-devel
[INFO] [stderr] 
[INFO] [stderr]   See rust-openssl README for more information:
[INFO] [stderr] 
[INFO] [stderr]       https://github.com/sfackler/rust-openssl#linux
[INFO] [stderr] 
[INFO] [stderr]   stack backtrace:
[INFO] [stderr]      0:     0x55be9e8ef12c - std::backtrace_rs::backtrace::libunwind::trace::ha637c64ce894333a
[INFO] [stderr]                                  at /rustc/82e1608dfa6e0b5569232559e3d385fea5a93112/library/std/src/../../backtrace/src/backtrace/libunwind.rs:104:5
[INFO] [stderr]      1:     0x55be9e8ef12c - std::backtrace_rs::backtrace::trace_unsynchronized::h47f62dea28e0c88d
[INFO] [stderr]                                  at /rustc/82e1608dfa6e0b5569232559e3d385fea5a93112/library/std/src/../../backtrace/src/backtrace/mod.rs:66:5
[INFO] [stderr]      2:     0x55be9e8ef12c - std::sys_common::backtrace::_print_fmt::h9eef0abe20ede486
[INFO] [stderr]                                  at /rustc/82e1608dfa6e0b5569232559e3d385fea5a93112/library/std/src/sys_common/backtrace.rs:67:5
[INFO] [stderr]      3:     0x55be9e8ef12c - <std::sys_common::backtrace::_print::DisplayBacktrace as core::fmt::Display>::fmt::hed7f999df88cc644
[INFO] [stderr]                                  at /rustc/82e1608dfa6e0b5569232559e3d385fea5a93112/library/std/src/sys_common/backtrace.rs:44:22
[INFO] [stderr]      4:     0x55be9e915290 - core::fmt::rt::Argument::fmt::h1539a9308b8d058d
[INFO] [stderr]                                  at /rustc/82e1608dfa6e0b5569232559e3d385fea5a93112/library/core/src/fmt/rt.rs:142:9
[INFO] [stderr]      5:     0x55be9e915290 - core::fmt::write::h3a39390d8560d9c9
[INFO] [stderr]                                  at /rustc/82e1608dfa6e0b5569232559e3d385fea5a93112/library/core/src/fmt/mod.rs:1120:17
[INFO] [stderr]      6:     0x55be9e8eca6f - std::io::Write::write_fmt::h5fc9997dfe05f882
[INFO] [stderr]                                  at /rustc/82e1608dfa6e0b5569232559e3d385fea5a93112/library/std/src/io/mod.rs:1762:15
[INFO] [stderr]      7:     0x55be9e8eef14 - std::sys_common::backtrace::_print::h894006fb5c6f3d45
[INFO] [stderr]                                  at /rustc/82e1608dfa6e0b5569232559e3d385fea5a93112/library/std/src/sys_common/backtrace.rs:47:5
[INFO] [stderr]      8:     0x55be9e8eef14 - std::sys_common::backtrace::print::h23a2d212c6fff936
[INFO] [stderr]                                  at /rustc/82e1608dfa6e0b5569232559e3d385fea5a93112/library/std/src/sys_common/backtrace.rs:34:9
[INFO] [stderr]      9:     0x55be9e8f0727 - std::panicking::default_hook::{{closure}}::h8a1d2ee00185001a
[INFO] [stderr]     10:     0x55be9e8f048f - std::panicking::default_hook::h6038f2eba384e475
[INFO] [stderr]                                  at /rustc/82e1608dfa6e0b5569232559e3d385fea5a93112/library/std/src/panicking.rs:292:9
[INFO] [stderr]     11:     0x55be9e8f0ba8 - std::panicking::rust_panic_with_hook::h2b5517d590cab22e
[INFO] [stderr]                                  at /rustc/82e1608dfa6e0b5569232559e3d385fea5a93112/library/std/src/panicking.rs:779:13
[INFO] [stderr]     12:     0x55be9e8f0a8e - std::panicking::begin_panic_handler::{{closure}}::h233112c06e0ef43e
[INFO] [stderr]                                  at /rustc/82e1608dfa6e0b5569232559e3d385fea5a93112/library/std/src/panicking.rs:657:13
[INFO] [stderr]     13:     0x55be9e8ef5f6 - std::sys_common::backtrace::__rust_end_short_backtrace::h6e893f24d7ebbff8
[INFO] [stderr]                                  at /rustc/82e1608dfa6e0b5569232559e3d385fea5a93112/library/std/src/sys_common/backtrace.rs:170:18
[INFO] [stderr]     14:     0x55be9e8f07f2 - rust_begin_unwind
[INFO] [stderr]                                  at /rustc/82e1608dfa6e0b5569232559e3d385fea5a93112/library/std/src/panicking.rs:645:5
[INFO] [stderr]     15:     0x55be9e85c685 - core::panicking::panic_fmt::hbf0e066aabfa482c
[INFO] [stderr]                                  at /rustc/82e1608dfa6e0b5569232559e3d385fea5a93112/library/core/src/panicking.rs:72:14
[INFO] [stderr]     16:     0x55be9e864162 - build_script_main::validate_headers::hb003427dbcebd154
[INFO] [stderr]     17:     0x55be9e860d82 - build_script_main::find_normal::try_pkg_config::h60efe1b2d93c0ddc
[INFO] [stderr]     18:     0x55be9e85fe94 - build_script_main::find_normal::find_openssl_dir::h4f214fa1b22db4f0
[INFO] [stderr]     19:     0x55be9e85fd32 - build_script_main::find_normal::get_openssl::{{closure}}::ha0185a6183964298
[INFO] [stderr]     20:     0x55be9e85dbc9 - core::option::Option<T>::unwrap_or_else::hc247d5d50dce2d7b
[INFO] [stderr]     21:     0x55be9e85fafe - build_script_main::find_normal::get_openssl::ha90ad2b307fdd22c
[INFO] [stderr]     22:     0x55be9e861a5d - build_script_main::find_openssl::h4b82a025439f1356
[INFO] [stderr]     23:     0x55be9e861b3d - build_script_main::main::h473707b8c73b13c7
[INFO] [stderr]     24:     0x55be9e867fa3 - core::ops::function::FnOnce::call_once::h8d92415b6a94965c
[INFO] [stderr]     25:     0x55be9e867786 - std::sys_common::backtrace::__rust_begin_short_backtrace::he5ed61d0821d1f43
[INFO] [stderr]     26:     0x55be9e85d409 - std::rt::lang_start::{{closure}}::h73d767ea30e96ded
[INFO] [stderr]     27:     0x55be9e8e8df7 - core::ops::function::impls::<impl core::ops::function::FnOnce<A> for &F>::call_once::hd95060ecd5e1ca24
[INFO] [stderr]                                  at /rustc/82e1608dfa6e0b5569232559e3d385fea5a93112/library/core/src/ops/function.rs:284:13
[INFO] [stderr]     28:     0x55be9e8e8df7 - std::panicking::try::do_call::h6e8cf51db32a6e4b
[INFO] [stderr]                                  at /rustc/82e1608dfa6e0b5569232559e3d385fea5a93112/library/std/src/panicking.rs:552:40
[INFO] [stderr]     29:     0x55be9e8e8df7 - std::panicking::try::h3a52eefe24fe3c29
[INFO] [stderr]                                  at /rustc/82e1608dfa6e0b5569232559e3d385fea5a93112/library/std/src/panicking.rs:516:19
[INFO] [stderr]     30:     0x55be9e8e8df7 - std::panic::catch_unwind::h24c28c23c02c3841
[INFO] [stderr]                                  at /rustc/82e1608dfa6e0b5569232559e3d385fea5a93112/library/std/src/panic.rs:142:14
[INFO] [stderr]     31:     0x55be9e8e8df7 - std::rt::lang_start_internal::{{closure}}::h705d3c9cbc06ef47
[INFO] [stderr]                                  at /rustc/82e1608dfa6e0b5569232559e3d385fea5a93112/library/std/src/rt.rs:148:48
[INFO] [stderr]     32:     0x55be9e8e8df7 - std::panicking::try::do_call::ha21f52ba13158470
[INFO] [stderr]                                  at /rustc/82e1608dfa6e0b5569232559e3d385fea5a93112/library/std/src/panicking.rs:552:40
[INFO] [stderr]     33:     0x55be9e8e8df7 - std::panicking::try::h5581346bf6aeb1f8
[INFO] [stderr]                                  at /rustc/82e1608dfa6e0b5569232559e3d385fea5a93112/library/std/src/panicking.rs:516:19
[INFO] [stderr]     34:     0x55be9e8e8df7 - std::panic::catch_unwind::h7919645a6b72e25b
[INFO] [stderr]                                  at /rustc/82e1608dfa6e0b5569232559e3d385fea5a93112/library/std/src/panic.rs:142:14
[INFO] [stderr]     35:     0x55be9e8e8df7 - std::rt::lang_start_internal::h12de51168669836e
[INFO] [stderr]                                  at /rustc/82e1608dfa6e0b5569232559e3d385fea5a93112/library/std/src/rt.rs:148:20
[INFO] [stderr]     36:     0x55be9e85d3e7 - std::rt::lang_start::ha86c24fbdac5fa5e
[INFO] [stderr]     37:     0x55be9e864e95 - main
[INFO] [stderr]     38:     0x7fe6c7e8ad90 - <unknown>
[INFO] [stderr]     39:     0x7fe6c7e8ae40 - __libc_start_main
[INFO] [stderr]     40:     0x55be9e85ce95 - _start
[INFO] [stderr]     41:                0x0 - <unknown>
[INFO] [stderr] warning: build failed, waiting for other jobs to finish...
[INFO] running `Command { std: "docker" "inspect" "de77d707ddca5d94990c633718dcdec45bdee0ccd66806efb58dd48665cbb984", kill_on_drop: false }`
[INFO] running `Command { std: "docker" "rm" "-f" "de77d707ddca5d94990c633718dcdec45bdee0ccd66806efb58dd48665cbb984", kill_on_drop: false }`
[INFO] [stdout] de77d707ddca5d94990c633718dcdec45bdee0ccd66806efb58dd48665cbb984
[INFO] documenting MetaDEX-ORG/Solana-Dex-Program against beta-2023-12-22 for beta-1.76-rustdoc-1
[INFO] running `Command { std: "git" "clone" "/workspace/cache/git-repos/https%3A%2F%2Fgithub.com%2FMetaDEX-ORG%2FSolana-Dex-Program" "/workspace/builds/worker-1-tc2/source", kill_on_drop: false }`
[INFO] [stderr] Cloning into '/workspace/builds/worker-1-tc2/source'...
[INFO] [stderr] done.
[INFO] validating manifest of git repo https://github.com/MetaDEX-ORG/Solana-Dex-Program on toolchain beta-2023-12-22
[INFO] running `Command { std: CARGO_HOME="/workspace/cargo-home" RUSTUP_HOME="/workspace/rustup-home" "/workspace/cargo-home/bin/cargo" "+beta-2023-12-22" "metadata" "--manifest-path" "Cargo.toml" "--no-deps", kill_on_drop: false }`
[INFO] started tweaking git repo https://github.com/MetaDEX-ORG/Solana-Dex-Program
[INFO] finished tweaking git repo https://github.com/MetaDEX-ORG/Solana-Dex-Program
[INFO] tweaked toml for git repo https://github.com/MetaDEX-ORG/Solana-Dex-Program written to /workspace/builds/worker-1-tc2/source/Cargo.toml
[INFO] crate git repo https://github.com/MetaDEX-ORG/Solana-Dex-Program already has a lockfile, it will not be regenerated
[INFO] running `Command { std: CARGO_HOME="/workspace/cargo-home" RUSTUP_HOME="/workspace/rustup-home" "/workspace/cargo-home/bin/cargo" "+beta-2023-12-22" "fetch" "--manifest-path" "Cargo.toml", kill_on_drop: false }`
[INFO] running `Command { std: "docker" "create" "-v" "/var/lib/crater-agent-workspace/builds/worker-1-tc2/target:/opt/rustwide/target:rw,Z" "-v" "/var/lib/crater-agent-workspace/builds/worker-1-tc2/source:/opt/rustwide/workdir:ro,Z" "-v" "/var/lib/crater-agent-workspace/cargo-home:/opt/rustwide/cargo-home:ro,Z" "-v" "/var/lib/crater-agent-workspace/rustup-home:/opt/rustwide/rustup-home:ro,Z" "-e" "SOURCE_DIR=/opt/rustwide/workdir" "-e" "CARGO_TARGET_DIR=/opt/rustwide/target" "-e" "CARGO_HOME=/opt/rustwide/cargo-home" "-e" "RUSTUP_HOME=/opt/rustwide/rustup-home" "-w" "/opt/rustwide/workdir" "-m" "1610612736" "--user" "0:0" "--network" "none" "ghcr.io/rust-lang/crates-build-env/linux@sha256:2788e3201cd34a07e3172128adcd8b3090168a8e3bcc40d7c032b9dda1df7d1c" "/opt/rustwide/cargo-home/bin/cargo" "+beta-2023-12-22" "metadata" "--no-deps" "--format-version=1", kill_on_drop: false }`
[INFO] [stdout] 34561460a98c1334bf221acd6c0519a1c0adbeacf50db5a58f8ccc7481a27b2a
[INFO] running `Command { std: "docker" "start" "-a" "34561460a98c1334bf221acd6c0519a1c0adbeacf50db5a58f8ccc7481a27b2a", kill_on_drop: false }`
[INFO] running `Command { std: "docker" "inspect" "34561460a98c1334bf221acd6c0519a1c0adbeacf50db5a58f8ccc7481a27b2a", kill_on_drop: false }`
[INFO] running `Command { std: "docker" "rm" "-f" "34561460a98c1334bf221acd6c0519a1c0adbeacf50db5a58f8ccc7481a27b2a", kill_on_drop: false }`
[INFO] [stdout] 34561460a98c1334bf221acd6c0519a1c0adbeacf50db5a58f8ccc7481a27b2a
[INFO] running `Command { std: "docker" "create" "-v" "/var/lib/crater-agent-workspace/builds/worker-1-tc2/target:/opt/rustwide/target:rw,Z" "-v" "/var/lib/crater-agent-workspace/builds/worker-1-tc2/source:/opt/rustwide/workdir:ro,Z" "-v" "/var/lib/crater-agent-workspace/cargo-home:/opt/rustwide/cargo-home:ro,Z" "-v" "/var/lib/crater-agent-workspace/rustup-home:/opt/rustwide/rustup-home:ro,Z" "-e" "SOURCE_DIR=/opt/rustwide/workdir" "-e" "CARGO_TARGET_DIR=/opt/rustwide/target" "-e" "CARGO_INCREMENTAL=0" "-e" "RUST_BACKTRACE=full" "-e" "RUSTFLAGS=--cap-lints=warn" "-e" "RUSTDOCFLAGS=--cap-lints=warn" "-e" "CARGO_HOME=/opt/rustwide/cargo-home" "-e" "RUSTUP_HOME=/opt/rustwide/rustup-home" "-w" "/opt/rustwide/workdir" "-m" "1610612736" "--user" "0:0" "--network" "none" "ghcr.io/rust-lang/crates-build-env/linux@sha256:2788e3201cd34a07e3172128adcd8b3090168a8e3bcc40d7c032b9dda1df7d1c" "/opt/rustwide/cargo-home/bin/cargo" "+beta-2023-12-22" "doc" "--frozen" "--no-deps" "--document-private-items" "--message-format=json", kill_on_drop: false }`
[INFO] [stdout] 5deeedf166aca24eea7a987945dd032afd4bebd24241a7b57490f4596ed559d0
[INFO] running `Command { std: "docker" "start" "-a" "5deeedf166aca24eea7a987945dd032afd4bebd24241a7b57490f4596ed559d0", kill_on_drop: false }`
[INFO] [stderr]    Compiling libc v0.2.86
[INFO] [stderr]    Compiling proc-macro2 v1.0.24
[INFO] [stderr]    Compiling unicode-xid v0.2.1
[INFO] [stderr]    Compiling syn v1.0.60
[INFO] [stderr]    Compiling autocfg v1.0.1
[INFO] [stderr]     Checking cfg-if v0.1.10
[INFO] [stderr]    Compiling serde_derive v1.0.123
[INFO] [stderr]     Checking lazy_static v1.4.0
[INFO] [stderr]    Compiling serde v1.0.123
[INFO] [stderr]    Compiling log v0.4.11
[INFO] [stderr]    Compiling memchr v2.3.4
[INFO] [stderr]    Compiling version_check v0.9.2
[INFO] [stderr]    Compiling typenum v1.12.0
[INFO] [stderr]    Compiling byteorder v1.3.4
[INFO] [stderr]    Compiling getrandom v0.1.15
[INFO] [stderr]    Compiling generic-array v0.14.4
[INFO] [stderr]     Checking thread_local v1.0.1
[INFO] [stderr]     Checking either v1.6.1
[INFO] [stderr]     Checking ppv-lite86 v0.2.10
[INFO] [stderr]    Compiling quote v1.0.7
[INFO] [stderr]     Checking regex-syntax v0.6.21
[INFO] [stderr]     Checking aho-corasick v0.7.15
[INFO] [stderr]     Checking ahash v0.4.7
[INFO] [stderr]     Checking subtle v2.3.0
[INFO] [stderr]     Checking slab v0.4.2
[INFO] [stderr]     Checking hashbrown v0.9.1
[INFO] [stderr]     Checking block-padding v0.2.1
[INFO] [stderr]     Checking num_cpus v1.13.0
[INFO] [stderr]    Compiling jobserver v0.1.21
[INFO] [stderr]     Checking rand_core v0.5.1
[INFO] [stderr]     Checking iovec v0.1.4
[INFO] [stderr]    Compiling cc v1.0.49
[INFO] [stderr]     Checking atty v0.2.14
[INFO] [stderr]     Checking rand_chacha v0.2.2
[INFO] [stderr]     Checking opaque-debug v0.3.0
[INFO] [stderr]    Compiling num-traits v0.2.14
[INFO] [stderr]     Checking cpuid-bool v0.1.2
[INFO] [stderr]    Compiling crossbeam-utils v0.7.2
[INFO] [stderr]    Compiling maybe-uninit v2.0.0
[INFO] [stderr]     Checking generic-array v0.12.3
[INFO] [stderr]     Checking rand v0.7.3
[INFO] [stderr]     Checking digest v0.8.1
[INFO] [stderr]    Compiling feature-probe v0.1.1
[INFO] [stderr]     Checking termcolor v1.1.2
[INFO] [stderr]    Compiling bv v0.11.1
[INFO] [stderr]     Checking net2 v0.2.37
[INFO] [stderr]    Compiling solana-frozen-abi-macro v1.5.11
[INFO] [stderr]     Checking humantime v2.1.0
[INFO] [stderr]     Checking bytes v0.5.6
[INFO] [stderr]     Checking regex v1.4.2
[INFO] [stderr]     Checking itoa v0.4.6
[INFO] [stderr]    Compiling rustversion v1.0.4
[INFO] [stderr]     Checking smallvec v1.5.0
[INFO] [stderr]     Checking mio v0.6.22
[INFO] [stderr]    Compiling solana-frozen-abi v1.5.11
[INFO] [stderr]     Checking memmap2 v0.1.0
[INFO] [stderr]    Compiling solana-program v1.5.11
[INFO] [stderr]     Checking instant v0.1.9
[INFO] [stderr]    Compiling bs58 v0.3.1
[INFO] [stderr]    Compiling proc-macro-hack v0.5.19
[INFO] [stderr]     Checking futures v0.1.30
[INFO] [stderr]     Checking parking_lot_core v0.8.0
[INFO] [stderr]     Checking itertools v0.9.0
[INFO] [stderr]     Checking lock_api v0.4.2
[INFO] [stderr]     Checking hex v0.4.2
[INFO] [stderr]     Checking futures-core v0.3.8
[INFO] [stderr]     Checking env_logger v0.8.2
[INFO] [stderr]     Checking parking_lot v0.11.1
[INFO] [stderr]     Checking mio-uds v0.6.8
[INFO] [stderr]     Checking solana-logger v1.5.11
[INFO] [stderr]     Checking http v0.2.1
[INFO] [stderr]     Checking matches v0.1.8
[INFO] [stderr]     Checking once_cell v1.5.2
[INFO] [stderr]     Checking tinyvec_macros v0.1.0
[INFO] [stderr]     Checking tinyvec v1.1.0
[INFO] [stderr]     Checking signal-hook-registry v1.2.2
[INFO] [stderr]     Checking byte-tools v0.3.1
[INFO] [stderr]    Compiling pin-project-internal v0.4.27
[INFO] [stderr]    Compiling proc-macro-nested v0.1.6
[INFO] [stderr]     Checking futures-sink v0.3.8
[INFO] [stderr]    Compiling httparse v1.3.4
[INFO] [stderr]     Checking block-padding v0.1.5
[INFO] [stderr]    Compiling ring v0.16.12
[INFO] [stderr]     Checking tokio-executor v0.1.10
[INFO] [stderr]    Compiling unicase v2.6.0
[INFO] [stderr]    Compiling memoffset v0.5.6
[INFO] [stderr]     Checking percent-encoding v2.1.0
[INFO] [stderr]     Checking pin-project-lite v0.1.11
[INFO] [stderr]     Checking form_urlencoded v1.0.0
[INFO] [stderr]     Checking unicode-normalization v0.1.16
[INFO] [stderr]     Checking block-buffer v0.7.3
[INFO] [stderr]     Checking futures-task v0.3.8
[INFO] [stderr]     Checking unicode-bidi v0.3.4
[INFO] [stderr]     Checking bytes v0.4.12
[INFO] [stderr]    Compiling parking_lot_core v0.6.2
[INFO] [stderr]    Compiling indexmap v1.6.0
[INFO] [stderr]     Checking futures-io v0.3.8
[INFO] [stderr]     Checking pin-project-lite v0.2.0
[INFO] [stderr]     Checking opaque-debug v0.2.3
[INFO] [stderr]     Checking fake-simd v0.1.2
[INFO] [stderr]     Checking base64 v0.12.3
[INFO] [stderr]     Checking tokio-io v0.1.13
[INFO] [stderr]     Checking smallvec v0.6.13
[INFO] [stderr]     Checking lock_api v0.3.4
[INFO] [stderr]     Checking idna v0.2.0
[INFO] [stderr]    Compiling parking_lot v0.9.0
[INFO] [stderr]     Checking tracing-core v0.1.17
[INFO] [stderr]     Checking arrayref v0.3.6
[INFO] [stderr]    Compiling ryu v1.0.5
[INFO] [stderr]    Compiling miniz_oxide v0.4.3
[INFO] [stderr]     Checking tracing v0.1.22
[INFO] [stderr]    Compiling synstructure v0.12.4
[INFO] [stderr]    Compiling borsh-derive-internal v0.8.1
[INFO] [stderr]    Compiling borsh-schema-derive-internal v0.8.1
[INFO] [stderr]     Checking url v2.2.0
[INFO] [stderr]    Compiling crossbeam-epoch v0.8.2
[INFO] [stderr]    Compiling mime_guess v2.0.3
[INFO] [stderr]     Checking tokio-sync v0.1.8
[INFO] [stderr]     Checking futures-channel v0.3.8
[INFO] [stderr]    Compiling serde_json v1.0.59
[INFO] [stderr]     Checking base64 v0.13.0
[INFO] [stderr]     Checking mime v0.3.16
[INFO] [stderr]     Checking subtle v1.0.0
[INFO] [stderr]     Checking try-lock v0.2.3
[INFO] [stderr]     Checking adler v0.2.3
[INFO] [stderr]     Checking crypto-mac v0.7.0
[INFO] [stderr]     Checking want v0.3.0
[INFO] [stderr]     Checking tokio-reactor v0.1.12
[INFO] [stderr]     Checking http-body v0.3.1
[INFO] [stderr]     Checking socket2 v0.3.17
[INFO] [stderr]     Checking time v0.1.44
[INFO] [stderr]    Compiling num-integer v0.1.44
[INFO] [stderr]     Checking tower-service v0.3.0
[INFO] [stderr]    Compiling pkg-config v0.3.19
[INFO] [stderr]     Checking gimli v0.23.0
[INFO] [stderr]    Compiling proc-macro2 v0.4.30
[INFO] [stderr]     Checking httpdate v0.3.2
[INFO] [stderr]     Checking crossbeam-deque v0.7.3
[INFO] [stderr]     Checking tokio-codec v0.1.2
[INFO] [stderr]     Checking sha2 v0.8.2
[INFO] [stderr]     Checking crossbeam-queue v0.2.3
[INFO] [stderr]     Checking object v0.22.0
[INFO] [stderr]     Checking unicode-xid v0.1.0
[INFO] [stderr]     Checking rustc-demangle v0.1.18
[INFO] [stderr]    Compiling encoding_rs v0.8.26
[INFO] [stderr]     Checking tokio-threadpool v0.1.18
[INFO] [stderr]     Checking hmac v0.7.1
[INFO] [stderr]    Compiling syn v0.15.44
[INFO] [stderr]    Compiling crunchy v0.2.2
[INFO] [stderr]     Checking webpki v0.21.2
[INFO] [stderr]     Checking sct v0.6.0
[INFO] [stderr]    Compiling winapi v0.3.9
[INFO] [stderr]     Checking signature v1.2.2
[INFO] [stderr]     Checking tokio-fs v0.1.7
[INFO] [stderr]     Checking rustls v0.18.1
[INFO] [stderr]     Checking webpki-roots v0.20.0
[INFO] [stderr]     Checking quote v0.6.13
[INFO] [stderr]     Checking tokio-uds v0.2.7
[INFO] [stderr]     Checking tokio-udp v0.1.6
[INFO] [stderr]     Checking tokio-tcp v0.1.4
[INFO] [stderr]     Checking tokio-timer v0.2.13
[INFO] [stderr]     Checking tokio-current-thread v0.1.7
[INFO] [stderr]     Checking ipnet v2.3.0
[INFO] [stderr]     Checking addr2line v0.14.0
[INFO] [stderr]     Checking tokio v0.1.22
[INFO] [stderr]     Checking hmac-drbg v0.2.0
[INFO] [stderr]    Compiling solana-sdk v1.5.11
[INFO] [stderr]     Checking keccak v0.1.0
[INFO] [stderr]    Compiling zeroize_derive v1.0.1
[INFO] [stderr]    Compiling thiserror-impl v1.0.22
[INFO] [stderr]    Compiling solana-sdk-macro v1.5.11
[INFO] [stderr]    Compiling num-derive v0.3.3
[INFO] [stderr]    Compiling pin-project-internal v1.0.2
[INFO] [stderr]     Checking zeroize v1.1.1
[INFO] [stderr]     Checking curve25519-dalek v2.1.0
[INFO] [stderr]    Compiling tokio-macros v0.2.6
[INFO] [stderr]    Compiling futures-macro v0.3.8
[INFO] [stderr]     Checking thiserror v1.0.22
[INFO] [stderr]     Checking tokio v0.2.23
[INFO] [stderr]     Checking libsecp256k1 v0.3.5
[INFO] [stderr]     Checking pin-project v1.0.2
[INFO] [stderr]     Checking assert_matches v1.4.0
[INFO] [stderr]    Compiling bitflags v1.2.1
[INFO] [stderr]     Checking futures-util v0.3.8
[INFO] [stderr]     Checking unicode-width v0.1.8
[INFO] [stderr]    Compiling derivative v2.1.1
[INFO] [stderr]    Compiling crossbeam-utils v0.8.1
[INFO] [stderr]     Checking remove_dir_all v0.5.0
[INFO] [stderr]    Compiling memoffset v0.6.1
[INFO] [stderr]    Compiling const_fn v0.4.3
[INFO] [stderr]     Checking pin-project v0.4.27
[INFO] [stderr]     Checking tracing-futures v0.2.4
[INFO] [stderr]     Checking tempfile v3.1.0
[INFO] [stderr]    Compiling fs_extra v1.2.0
[INFO] [stderr]    Compiling glob v0.3.0
[INFO] [stderr]    Compiling jemalloc-sys v0.3.2
[INFO] [stderr]    Compiling zstd-sys v1.4.17+zstd.1.4.5
[INFO] [stderr]    Compiling openssl-sys v0.9.58
[INFO] [stderr]     Checking gethostname v0.2.1
[INFO] [stderr]     Checking terminal_size v0.1.15
[INFO] [stderr]     Checking tokio-util v0.3.1
[INFO] [stderr]     Checking tokio-rustls v0.14.1
[INFO] [stderr]    Compiling rayon-core v1.9.0
[INFO] [stderr]    Compiling crc32fast v1.2.1
[INFO] [stderr]     Checking h2 v0.2.7
[INFO] [stderr] The following warnings were emitted during compilation:
[INFO] [stderr] 
[INFO] [stderr] warning: openssl-sys@0.9.58: build/expando.c:4:24: error: pasting "RUST_VERSION_OPENSSL_" and "(" does not give a valid preprocessing token
[INFO] [stderr] warning: openssl-sys@0.9.58:     4 | #define VERSION2(n, v) RUST_VERSION_##n##_##v
[INFO] [stderr] warning: openssl-sys@0.9.58:       |                        ^~~~~~~~~~~~~
[INFO] [stderr] warning: openssl-sys@0.9.58: build/expando.c:5:23: note: in expansion of macro 'VERSION2'
[INFO] [stderr] warning: openssl-sys@0.9.58:     5 | #define VERSION(n, v) VERSION2(n, v)
[INFO] [stderr] warning: openssl-sys@0.9.58:       |                       ^~~~~~~~
[INFO] [stderr] warning: openssl-sys@0.9.58: build/expando.c:10:1: note: in expansion of macro 'VERSION'
[INFO] [stderr] warning: openssl-sys@0.9.58:    10 | VERSION(OPENSSL, OPENSSL_VERSION_NUMBER)
[INFO] [stderr] warning: openssl-sys@0.9.58:       | ^~~~~~~
[INFO] [stderr] 
[INFO] [stderr] error: failed to run custom build command for `openssl-sys v0.9.58`
[INFO] [stderr] note: To improve backtraces for build dependencies, set the CARGO_PROFILE_DEV_BUILD_OVERRIDE_DEBUG=true environment variable to enable debug information generation.
[INFO] [stderr] 
[INFO] [stderr] Caused by:
[INFO] [stderr]   process didn't exit successfully: `/opt/rustwide/target/debug/build/openssl-sys-36e65a5106a26e08/build-script-main` (exit status: 101)
[INFO] [stderr]   --- stdout
[INFO] [stderr]   cargo:rustc-cfg=const_fn
[INFO] [stderr]   cargo:rerun-if-env-changed=X86_64_UNKNOWN_LINUX_GNU_OPENSSL_LIB_DIR
[INFO] [stderr]   X86_64_UNKNOWN_LINUX_GNU_OPENSSL_LIB_DIR unset
[INFO] [stderr]   cargo:rerun-if-env-changed=OPENSSL_LIB_DIR
[INFO] [stderr]   OPENSSL_LIB_DIR unset
[INFO] [stderr]   cargo:rerun-if-env-changed=X86_64_UNKNOWN_LINUX_GNU_OPENSSL_INCLUDE_DIR
[INFO] [stderr]   X86_64_UNKNOWN_LINUX_GNU_OPENSSL_INCLUDE_DIR unset
[INFO] [stderr]   cargo:rerun-if-env-changed=OPENSSL_INCLUDE_DIR
[INFO] [stderr]   OPENSSL_INCLUDE_DIR unset
[INFO] [stderr]   cargo:rerun-if-env-changed=X86_64_UNKNOWN_LINUX_GNU_OPENSSL_DIR
[INFO] [stderr]   X86_64_UNKNOWN_LINUX_GNU_OPENSSL_DIR unset
[INFO] [stderr]   cargo:rerun-if-env-changed=OPENSSL_DIR
[INFO] [stderr]   OPENSSL_DIR unset
[INFO] [stderr]   cargo:rerun-if-env-changed=OPENSSL_NO_PKG_CONFIG
[INFO] [stderr]   cargo:rerun-if-env-changed=PKG_CONFIG
[INFO] [stderr]   cargo:rerun-if-env-changed=OPENSSL_STATIC
[INFO] [stderr]   cargo:rerun-if-env-changed=OPENSSL_DYNAMIC
[INFO] [stderr]   cargo:rerun-if-env-changed=PKG_CONFIG_ALL_STATIC
[INFO] [stderr]   cargo:rerun-if-env-changed=PKG_CONFIG_ALL_DYNAMIC
[INFO] [stderr]   cargo:rerun-if-env-changed=PKG_CONFIG_PATH_x86_64-unknown-linux-gnu
[INFO] [stderr]   cargo:rerun-if-env-changed=PKG_CONFIG_PATH_x86_64_unknown_linux_gnu
[INFO] [stderr]   cargo:rerun-if-env-changed=HOST_PKG_CONFIG_PATH
[INFO] [stderr]   cargo:rerun-if-env-changed=PKG_CONFIG_PATH
[INFO] [stderr]   cargo:rerun-if-env-changed=PKG_CONFIG_LIBDIR_x86_64-unknown-linux-gnu
[INFO] [stderr]   cargo:rerun-if-env-changed=PKG_CONFIG_LIBDIR_x86_64_unknown_linux_gnu
[INFO] [stderr]   cargo:rerun-if-env-changed=HOST_PKG_CONFIG_LIBDIR
[INFO] [stderr]   cargo:rerun-if-env-changed=PKG_CONFIG_LIBDIR
[INFO] [stderr]   cargo:rerun-if-env-changed=PKG_CONFIG_SYSROOT_DIR_x86_64-unknown-linux-gnu
[INFO] [stderr]   cargo:rerun-if-env-changed=PKG_CONFIG_SYSROOT_DIR_x86_64_unknown_linux_gnu
[INFO] [stderr]   cargo:rerun-if-env-changed=HOST_PKG_CONFIG_SYSROOT_DIR
[INFO] [stderr]   cargo:rerun-if-env-changed=PKG_CONFIG_SYSROOT_DIR
[INFO] [stderr]   cargo:rerun-if-env-changed=PKG_CONFIG_SYSROOT_DIR
[INFO] [stderr]   cargo:rerun-if-env-changed=SYSROOT
[INFO] [stderr]   cargo:rerun-if-env-changed=OPENSSL_STATIC
[INFO] [stderr]   cargo:rerun-if-env-changed=OPENSSL_DYNAMIC
[INFO] [stderr]   cargo:rerun-if-env-changed=PKG_CONFIG_ALL_STATIC
[INFO] [stderr]   cargo:rerun-if-env-changed=PKG_CONFIG_ALL_DYNAMIC
[INFO] [stderr]   cargo:rustc-link-lib=ssl
[INFO] [stderr]   cargo:rustc-link-lib=crypto
[INFO] [stderr]   cargo:rerun-if-env-changed=PKG_CONFIG
[INFO] [stderr]   cargo:rerun-if-env-changed=OPENSSL_STATIC
[INFO] [stderr]   cargo:rerun-if-env-changed=OPENSSL_DYNAMIC
[INFO] [stderr]   cargo:rerun-if-env-changed=PKG_CONFIG_ALL_STATIC
[INFO] [stderr]   cargo:rerun-if-env-changed=PKG_CONFIG_ALL_DYNAMIC
[INFO] [stderr]   cargo:rerun-if-env-changed=PKG_CONFIG_PATH_x86_64-unknown-linux-gnu
[INFO] [stderr]   cargo:rerun-if-env-changed=PKG_CONFIG_PATH_x86_64_unknown_linux_gnu
[INFO] [stderr]   cargo:rerun-if-env-changed=HOST_PKG_CONFIG_PATH
[INFO] [stderr]   cargo:rerun-if-env-changed=PKG_CONFIG_PATH
[INFO] [stderr]   cargo:rerun-if-env-changed=PKG_CONFIG_LIBDIR_x86_64-unknown-linux-gnu
[INFO] [stderr]   cargo:rerun-if-env-changed=PKG_CONFIG_LIBDIR_x86_64_unknown_linux_gnu
[INFO] [stderr]   cargo:rerun-if-env-changed=HOST_PKG_CONFIG_LIBDIR
[INFO] [stderr]   cargo:rerun-if-env-changed=PKG_CONFIG_LIBDIR
[INFO] [stderr]   cargo:rerun-if-env-changed=PKG_CONFIG_SYSROOT_DIR_x86_64-unknown-linux-gnu
[INFO] [stderr]   cargo:rerun-if-env-changed=PKG_CONFIG_SYSROOT_DIR_x86_64_unknown_linux_gnu
[INFO] [stderr]   cargo:rerun-if-env-changed=HOST_PKG_CONFIG_SYSROOT_DIR
[INFO] [stderr]   cargo:rerun-if-env-changed=PKG_CONFIG_SYSROOT_DIR
[INFO] [stderr]   OPT_LEVEL = Some("0")
[INFO] [stderr]   TARGET = Some("x86_64-unknown-linux-gnu")
[INFO] [stderr]   HOST = Some("x86_64-unknown-linux-gnu")
[INFO] [stderr]   CC_x86_64-unknown-linux-gnu = None
[INFO] [stderr]   CC_x86_64_unknown_linux_gnu = None
[INFO] [stderr]   HOST_CC = None
[INFO] [stderr]   CC = None
[INFO] [stderr]   CFLAGS_x86_64-unknown-linux-gnu = None
[INFO] [stderr]   CFLAGS_x86_64_unknown_linux_gnu = None
[INFO] [stderr]   HOST_CFLAGS = None
[INFO] [stderr]   CFLAGS = None
[INFO] [stderr]   CRATE_CC_NO_DEFAULTS = None
[INFO] [stderr]   DEBUG = Some("true")
[INFO] [stderr]   CARGO_CFG_TARGET_FEATURE = Some("fxsr,sse,sse2")
[INFO] [stderr]   running: "cc" "-O0" "-ffunction-sections" "-fdata-sections" "-fPIC" "-g" "-fno-omit-frame-pointer" "-m64" "-I" "/usr/include" "-Wall" "-Wextra" "-E" "build/expando.c"
[INFO] [stderr]   cargo:warning=build/expando.c:4:24: error: pasting "RUST_VERSION_OPENSSL_" and "(" does not give a valid preprocessing token
[INFO] [stderr]   cargo:warning=    4 | #define VERSION2(n, v) RUST_VERSION_##n##_##v
[INFO] [stderr]   cargo:warning=      |                        ^~~~~~~~~~~~~
[INFO] [stderr]   cargo:warning=build/expando.c:5:23: note: in expansion of macro 'VERSION2'
[INFO] [stderr]   cargo:warning=    5 | #define VERSION(n, v) VERSION2(n, v)
[INFO] [stderr]   cargo:warning=      |                       ^~~~~~~~
[INFO] [stderr]   cargo:warning=build/expando.c:10:1: note: in expansion of macro 'VERSION'
[INFO] [stderr]   cargo:warning=   10 | VERSION(OPENSSL, OPENSSL_VERSION_NUMBER)
[INFO] [stderr]   cargo:warning=      | ^~~~~~~
[INFO] [stderr]   exit status: 1
[INFO] [stderr] 
[INFO] [stderr]   --- stderr
[INFO] [stderr]   thread 'main' panicked at /opt/rustwide/cargo-home/registry/src/index.crates.io-6f17d22bba15001f/openssl-sys-0.9.58/build/main.rs:140:13:
[INFO] [stderr] 
[INFO] [stderr]   Header expansion error:
[INFO] [stderr]   Error { kind: ToolExecError, message: "Command \"cc\" \"-O0\" \"-ffunction-sections\" \"-fdata-sections\" \"-fPIC\" \"-g\" \"-fno-omit-frame-pointer\" \"-m64\" \"-I\" \"/usr/include\" \"-Wall\" \"-Wextra\" \"-E\" \"build/expando.c\" with args \"cc\" did not execute successfully (status code exit status: 1)." }
[INFO] [stderr] 
[INFO] [stderr]   Failed to find OpenSSL development headers.
[INFO] [stderr] 
[INFO] [stderr]   You can try fixing this setting the `OPENSSL_DIR` environment variable
[INFO] [stderr]   pointing to your OpenSSL installation or installing OpenSSL headers package
[INFO] [stderr]   specific to your distribution:
[INFO] [stderr] 
[INFO] [stderr]       # On Ubuntu
[INFO] [stderr]       sudo apt-get install libssl-dev
[INFO] [stderr]       # On Arch Linux
[INFO] [stderr]       sudo pacman -S openssl
[INFO] [stderr]       # On Fedora
[INFO] [stderr]       sudo dnf install openssl-devel
[INFO] [stderr] 
[INFO] [stderr]   See rust-openssl README for more information:
[INFO] [stderr] 
[INFO] [stderr]       https://github.com/sfackler/rust-openssl#linux
[INFO] [stderr] 
[INFO] [stderr]   stack backtrace:
[INFO] [stderr]      0:     0x55d028ff6226 - std::backtrace_rs::backtrace::libunwind::trace::h261606ad26a499c1
[INFO] [stderr]                                  at /rustc/0e09125c6c3c2fd70d7de961bcf0e51575235fad/library/std/src/../../backtrace/src/backtrace/libunwind.rs:104:5
[INFO] [stderr]      1:     0x55d028ff6226 - std::backtrace_rs::backtrace::trace_unsynchronized::hd183f0625477fb28
[INFO] [stderr]                                  at /rustc/0e09125c6c3c2fd70d7de961bcf0e51575235fad/library/std/src/../../backtrace/src/backtrace/mod.rs:66:5
[INFO] [stderr]      2:     0x55d028ff6226 - std::sys_common::backtrace::_print_fmt::hd7f8fef21b4eda67
[INFO] [stderr]                                  at /rustc/0e09125c6c3c2fd70d7de961bcf0e51575235fad/library/std/src/sys_common/backtrace.rs:68:5
[INFO] [stderr]      3:     0x55d028ff6226 - <std::sys_common::backtrace::_print::DisplayBacktrace as core::fmt::Display>::fmt::h623d9b51f2f453f1
[INFO] [stderr]                                  at /rustc/0e09125c6c3c2fd70d7de961bcf0e51575235fad/library/std/src/sys_common/backtrace.rs:44:22
[INFO] [stderr]      4:     0x55d02901b770 - core::fmt::rt::Argument::fmt::h9f417ac76a86f368
[INFO] [stderr]                                  at /rustc/0e09125c6c3c2fd70d7de961bcf0e51575235fad/library/core/src/fmt/rt.rs:142:9
[INFO] [stderr]      5:     0x55d02901b770 - core::fmt::write::hc9b6faf4ac2aeff7
[INFO] [stderr]                                  at /rustc/0e09125c6c3c2fd70d7de961bcf0e51575235fad/library/core/src/fmt/mod.rs:1120:17
[INFO] [stderr]      6:     0x55d028ff3c8f - std::io::Write::write_fmt::hfead1eee52c2e65e
[INFO] [stderr]                                  at /rustc/0e09125c6c3c2fd70d7de961bcf0e51575235fad/library/std/src/io/mod.rs:1810:15
[INFO] [stderr]      7:     0x55d028ff6004 - std::sys_common::backtrace::_print::hd5d66399c7df88a2
[INFO] [stderr]                                  at /rustc/0e09125c6c3c2fd70d7de961bcf0e51575235fad/library/std/src/sys_common/backtrace.rs:47:5
[INFO] [stderr]      8:     0x55d028ff6004 - std::sys_common::backtrace::print::he81ed2da642d37e5
[INFO] [stderr]                                  at /rustc/0e09125c6c3c2fd70d7de961bcf0e51575235fad/library/std/src/sys_common/backtrace.rs:34:9
[INFO] [stderr]      9:     0x55d028ff78e7 - std::panicking::default_hook::{{closure}}::h85773f4fa117163d
[INFO] [stderr]     10:     0x55d028ff7649 - std::panicking::default_hook::h6a1694a91d09b278
[INFO] [stderr]                                  at /rustc/0e09125c6c3c2fd70d7de961bcf0e51575235fad/library/std/src/panicking.rs:292:9
[INFO] [stderr]     11:     0x55d028ff7d78 - std::panicking::rust_panic_with_hook::h0a7ad96e90f7145b
[INFO] [stderr]                                  at /rustc/0e09125c6c3c2fd70d7de961bcf0e51575235fad/library/std/src/panicking.rs:779:13
[INFO] [stderr]     12:     0x55d028ff7c52 - std::panicking::begin_panic_handler::{{closure}}::h7919090525c6485e
[INFO] [stderr]                                  at /rustc/0e09125c6c3c2fd70d7de961bcf0e51575235fad/library/std/src/panicking.rs:657:13
[INFO] [stderr]     13:     0x55d028ff6726 - std::sys_common::backtrace::__rust_end_short_backtrace::hf3289479464f7dfe
[INFO] [stderr]                                  at /rustc/0e09125c6c3c2fd70d7de961bcf0e51575235fad/library/std/src/sys_common/backtrace.rs:171:18
[INFO] [stderr]     14:     0x55d028ff79b0 - rust_begin_unwind
[INFO] [stderr]                                  at /rustc/0e09125c6c3c2fd70d7de961bcf0e51575235fad/library/std/src/panicking.rs:645:5
[INFO] [stderr]     15:     0x55d028f61685 - core::panicking::panic_fmt::hcc9f77c5c132af55
[INFO] [stderr]                                  at /rustc/0e09125c6c3c2fd70d7de961bcf0e51575235fad/library/core/src/panicking.rs:72:14
[INFO] [stderr]     16:     0x55d028f69902 - build_script_main::validate_headers::h0e10ec22b30fcbe0
[INFO] [stderr]     17:     0x55d028f66508 - build_script_main::find_normal::try_pkg_config::hb081304a069b60ea
[INFO] [stderr]     18:     0x55d028f65614 - build_script_main::find_normal::find_openssl_dir::ha52c87908c8f5530
[INFO] [stderr]     19:     0x55d028f654b2 - build_script_main::find_normal::get_openssl::{{closure}}::h1ec7eb43643195c1
[INFO] [stderr]     20:     0x55d028f6366f - core::option::Option<T>::unwrap_or_else::hce83dc70c08a95c6
[INFO] [stderr]     21:     0x55d028f6527a - build_script_main::find_normal::get_openssl::h447ccfda7bd843ab
[INFO] [stderr]     22:     0x55d028f671fd - build_script_main::find_openssl::hcbc2f61d2fd777fa
[INFO] [stderr]     23:     0x55d028f672dd - build_script_main::main::hb5db599d1bb743c2
[INFO] [stderr]     24:     0x55d028f62b53 - core::ops::function::FnOnce::call_once::hd721346a7fb6407e
[INFO] [stderr]     25:     0x55d028f6cc16 - std::sys_common::backtrace::__rust_begin_short_backtrace::h721dea58001f03a6
[INFO] [stderr]     26:     0x55d028f62759 - std::rt::lang_start::{{closure}}::hf9f3cacbb5a65b73
[INFO] [stderr]     27:     0x55d028fefdc1 - core::ops::function::impls::<impl core::ops::function::FnOnce<A> for &F>::call_once::h4eb4c5e1620f29b0
[INFO] [stderr]                                  at /rustc/0e09125c6c3c2fd70d7de961bcf0e51575235fad/library/core/src/ops/function.rs:284:13
[INFO] [stderr]     28:     0x55d028fefdc1 - std::panicking::try::do_call::h73fd26535faffcdf
[INFO] [stderr]                                  at /rustc/0e09125c6c3c2fd70d7de961bcf0e51575235fad/library/std/src/panicking.rs:552:40
[INFO] [stderr]     29:     0x55d028fefdc1 - std::panicking::try::h77ff1d98f0fb9f39
[INFO] [stderr]                                  at /rustc/0e09125c6c3c2fd70d7de961bcf0e51575235fad/library/std/src/panicking.rs:516:19
[INFO] [stderr]     30:     0x55d028fefdc1 - std::panic::catch_unwind::hab3caf2448b95e37
[INFO] [stderr]                                  at /rustc/0e09125c6c3c2fd70d7de961bcf0e51575235fad/library/std/src/panic.rs:142:14
[INFO] [stderr]     31:     0x55d028fefdc1 - std::rt::lang_start_internal::{{closure}}::h8086711f9c783f78
[INFO] [stderr]                                  at /rustc/0e09125c6c3c2fd70d7de961bcf0e51575235fad/library/std/src/rt.rs:148:48
[INFO] [stderr]     32:     0x55d028fefdc1 - std::panicking::try::do_call::hf920d4dc291cd6ca
[INFO] [stderr]                                  at /rustc/0e09125c6c3c2fd70d7de961bcf0e51575235fad/library/std/src/panicking.rs:552:40
[INFO] [stderr]     33:     0x55d028fefdc1 - std::panicking::try::h2b806ccc0a85db74
[INFO] [stderr]                                  at /rustc/0e09125c6c3c2fd70d7de961bcf0e51575235fad/library/std/src/panicking.rs:516:19
[INFO] [stderr]     34:     0x55d028fefdc1 - std::panic::catch_unwind::h038489539c507df2
[INFO] [stderr]                                  at /rustc/0e09125c6c3c2fd70d7de961bcf0e51575235fad/library/std/src/panic.rs:142:14
[INFO] [stderr]     35:     0x55d028fefdc1 - std::rt::lang_start_internal::h28503b88912e8a5c
[INFO] [stderr]                                  at /rustc/0e09125c6c3c2fd70d7de961bcf0e51575235fad/library/std/src/rt.rs:148:20
[INFO] [stderr]     36:     0x55d028f62737 - std::rt::lang_start::h9a09a8db07b6ff70
[INFO] [stderr]     37:     0x55d028f6a635 - main
[INFO] [stderr]     38:     0x7f0e5d7f5d90 - <unknown>
[INFO] [stderr]     39:     0x7f0e5d7f5e40 - __libc_start_main
[INFO] [stderr]     40:     0x55d028f61ea5 - _start
[INFO] [stderr]     41:                0x0 - <unknown>
[INFO] [stderr] warning: build failed, waiting for other jobs to finish...
[INFO] running `Command { std: "docker" "inspect" "5deeedf166aca24eea7a987945dd032afd4bebd24241a7b57490f4596ed559d0", kill_on_drop: false }`
[INFO] running `Command { std: "docker" "rm" "-f" "5deeedf166aca24eea7a987945dd032afd4bebd24241a7b57490f4596ed559d0", kill_on_drop: false }`
[INFO] [stdout] 5deeedf166aca24eea7a987945dd032afd4bebd24241a7b57490f4596ed559d0
