[INFO] cloning repository https://github.com/MengLing-L/distributed_plonk
[INFO] running `Command { std: "git" "-c" "credential.helper=" "-c" "credential.helper=/workspace/cargo-home/bin/git-credential-null" "clone" "--bare" "https://github.com/MengLing-L/distributed_plonk" "/workspace/cache/git-repos/https%3A%2F%2Fgithub.com%2FMengLing-L%2Fdistributed_plonk", kill_on_drop: false }`
[INFO] [stderr] Cloning into bare repository '/workspace/cache/git-repos/https%3A%2F%2Fgithub.com%2FMengLing-L%2Fdistributed_plonk'...
[INFO] running `Command { std: "git" "rev-parse" "HEAD", kill_on_drop: false }`
[INFO] [stdout] 6dd9d61fc02a12ff574a4876628c020e658ec4da
[INFO] documenting MengLing-L/distributed_plonk against 1.75.0 for beta-1.76-rustdoc-1
[INFO] running `Command { std: "git" "clone" "/workspace/cache/git-repos/https%3A%2F%2Fgithub.com%2FMengLing-L%2Fdistributed_plonk" "/workspace/builds/worker-3-tc1/source", kill_on_drop: false }`
[INFO] [stderr] Cloning into '/workspace/builds/worker-3-tc1/source'...
[INFO] [stderr] done.
[INFO] validating manifest of git repo https://github.com/MengLing-L/distributed_plonk on toolchain 1.75.0
[INFO] running `Command { std: CARGO_HOME="/workspace/cargo-home" RUSTUP_HOME="/workspace/rustup-home" "/workspace/cargo-home/bin/cargo" "+1.75.0" "metadata" "--manifest-path" "Cargo.toml" "--no-deps", kill_on_drop: false }`
[INFO] started tweaking git repo https://github.com/MengLing-L/distributed_plonk
[INFO] finished tweaking git repo https://github.com/MengLing-L/distributed_plonk
[INFO] tweaked toml for git repo https://github.com/MengLing-L/distributed_plonk written to /workspace/builds/worker-3-tc1/source/Cargo.toml
[INFO] crate git repo https://github.com/MengLing-L/distributed_plonk already has a lockfile, it will not be regenerated
[INFO] running `Command { std: CARGO_HOME="/workspace/cargo-home" RUSTUP_HOME="/workspace/rustup-home" "/workspace/cargo-home/bin/cargo" "+1.75.0" "fetch" "--manifest-path" "Cargo.toml", kill_on_drop: false }`
[INFO] [stderr]     Updating git repository `https://github.com/arkworks-rs/poly-commit/`
[INFO] [stderr]     Updating crates.io index
[INFO] [stderr]     Updating git repository `https://github.com/EspressoSystems/jellyfish`
[INFO] [stderr]     Updating git repository `https://github.com/arkworks-rs/curves`
[INFO] [stderr]     Updating git repository `https://github.com/EspressoSystems/tagged-base64`
[INFO] [stderr]     Blocking waiting for file lock on package cache
[INFO] [stderr]  Downloading crates ...
[INFO] [stderr]   Downloaded xsalsa20poly1305 v0.8.0
[INFO] [stderr]   Downloaded ark-bls12-381 v0.3.0
[INFO] [stderr]   Downloaded paw-raw v1.0.0
[INFO] [stderr]   Downloaded ark-serialize-derive v0.3.0
[INFO] [stderr]   Downloaded capnp-futures v0.14.1
[INFO] [stderr]   Downloaded capnp-rpc v0.14.1
[INFO] [stderr]   Downloaded paw v1.0.0
[INFO] [stderr]   Downloaded ark-ed-on-bn254 v0.3.0
[INFO] [stderr]   Downloaded ark-sponge v0.3.0
[INFO] [stderr]   Downloaded ark-ed-on-bls12-381 v0.3.0
[INFO] [stderr]   Downloaded crypto_box v0.7.2
[INFO] [stderr]   Downloaded ark-poly v0.3.0
[INFO] [stderr]   Downloaded paw-attributes v1.0.2
[INFO] [stderr]   Downloaded capnpc v0.14.7
[INFO] [stderr]   Downloaded capnp v0.14.6
[INFO] running `Command { std: "docker" "create" "-v" "/var/lib/crater-agent-workspace/builds/worker-3-tc1/target:/opt/rustwide/target:rw,Z" "-v" "/var/lib/crater-agent-workspace/builds/worker-3-tc1/source:/opt/rustwide/workdir:ro,Z" "-v" "/var/lib/crater-agent-workspace/cargo-home:/opt/rustwide/cargo-home:ro,Z" "-v" "/var/lib/crater-agent-workspace/rustup-home:/opt/rustwide/rustup-home:ro,Z" "-e" "SOURCE_DIR=/opt/rustwide/workdir" "-e" "CARGO_TARGET_DIR=/opt/rustwide/target" "-e" "CARGO_HOME=/opt/rustwide/cargo-home" "-e" "RUSTUP_HOME=/opt/rustwide/rustup-home" "-w" "/opt/rustwide/workdir" "-m" "1610612736" "--user" "0:0" "--network" "none" "ghcr.io/rust-lang/crates-build-env/linux@sha256:2788e3201cd34a07e3172128adcd8b3090168a8e3bcc40d7c032b9dda1df7d1c" "/opt/rustwide/cargo-home/bin/cargo" "+1.75.0" "metadata" "--no-deps" "--format-version=1", kill_on_drop: false }`
[INFO] [stdout] ba236739a5a422cd09e69147005a661d16e3c1194f10b55a03f1a0557f9a2327
[INFO] running `Command { std: "docker" "start" "-a" "ba236739a5a422cd09e69147005a661d16e3c1194f10b55a03f1a0557f9a2327", kill_on_drop: false }`
[INFO] running `Command { std: "docker" "inspect" "ba236739a5a422cd09e69147005a661d16e3c1194f10b55a03f1a0557f9a2327", kill_on_drop: false }`
[INFO] running `Command { std: "docker" "rm" "-f" "ba236739a5a422cd09e69147005a661d16e3c1194f10b55a03f1a0557f9a2327", kill_on_drop: false }`
[INFO] [stdout] ba236739a5a422cd09e69147005a661d16e3c1194f10b55a03f1a0557f9a2327
[INFO] running `Command { std: "docker" "create" "-v" "/var/lib/crater-agent-workspace/builds/worker-3-tc1/target:/opt/rustwide/target:rw,Z" "-v" "/var/lib/crater-agent-workspace/builds/worker-3-tc1/source:/opt/rustwide/workdir:ro,Z" "-v" "/var/lib/crater-agent-workspace/cargo-home:/opt/rustwide/cargo-home:ro,Z" "-v" "/var/lib/crater-agent-workspace/rustup-home:/opt/rustwide/rustup-home:ro,Z" "-e" "SOURCE_DIR=/opt/rustwide/workdir" "-e" "CARGO_TARGET_DIR=/opt/rustwide/target" "-e" "CARGO_INCREMENTAL=0" "-e" "RUST_BACKTRACE=full" "-e" "RUSTFLAGS=--cap-lints=warn" "-e" "RUSTDOCFLAGS=--cap-lints=warn" "-e" "CARGO_HOME=/opt/rustwide/cargo-home" "-e" "RUSTUP_HOME=/opt/rustwide/rustup-home" "-w" "/opt/rustwide/workdir" "-m" "1610612736" "--user" "0:0" "--network" "none" "ghcr.io/rust-lang/crates-build-env/linux@sha256:2788e3201cd34a07e3172128adcd8b3090168a8e3bcc40d7c032b9dda1df7d1c" "/opt/rustwide/cargo-home/bin/cargo" "+1.75.0" "doc" "--frozen" "--no-deps" "--document-private-items" "--message-format=json", kill_on_drop: false }`
[INFO] [stdout] 5697bb9645ce82be83df0b22b96f5f3cdb1eeed79d48a4cf74710be234f1c816
[INFO] running `Command { std: "docker" "start" "-a" "5697bb9645ce82be83df0b22b96f5f3cdb1eeed79d48a4cf74710be234f1c816", kill_on_drop: false }`
[INFO] [stderr]    Compiling proc-macro2 v1.0.40
[INFO] [stderr]    Compiling quote v1.0.20
[INFO] [stderr]    Compiling unicode-ident v1.0.1
[INFO] [stderr]    Compiling syn v1.0.98
[INFO] [stderr]    Compiling libc v0.2.126
[INFO] [stderr]    Compiling crossbeam-utils v0.8.10
[INFO] [stderr]     Checking once_cell v1.13.0
[INFO] [stderr]    Compiling unicode-xid v0.2.3
[INFO] [stderr]    Compiling ucd-trie v0.1.4
[INFO] [stderr]    Compiling generic-array v0.14.5
[INFO] [stderr]    Compiling crossbeam-epoch v0.9.9
[INFO] [stderr]    Compiling num-traits v0.2.15
[INFO] [stderr]    Compiling num-integer v0.1.45
[INFO] [stderr]    Compiling num-bigint v0.4.3
[INFO] [stderr]     Checking either v1.7.0
[INFO] [stderr]    Compiling paste v1.0.7
[INFO] [stderr]    Compiling memchr v2.5.0
[INFO] [stderr]    Compiling wasm-bindgen-shared v0.2.81
[INFO] [stderr]    Compiling futures-core v0.3.21
[INFO] [stderr]    Compiling serde_derive v1.0.145
[INFO] [stderr]    Compiling pest v2.1.3
[INFO] [stderr]    Compiling lazy_static v1.4.0
[INFO] [stderr]    Compiling bumpalo v3.10.0
[INFO] [stderr]    Compiling serde v1.0.145
[INFO] [stderr]    Compiling futures-channel v0.3.21
[INFO] [stderr]     Checking futures-sink v0.3.21
[INFO] [stderr]    Compiling serde_json v1.0.85
[INFO] [stderr]     Checking itoa v1.0.2
[INFO] [stderr]    Compiling wasm-bindgen v0.2.81
[INFO] [stderr]     Checking ryu v1.0.10
[INFO] [stderr]     Checking crossbeam-channel v0.5.5
[INFO] [stderr]    Compiling memoffset v0.6.5
[INFO] [stderr]    Compiling proc-macro-error-attr v1.0.4
[INFO] [stderr]    Compiling scopeguard v1.1.0
[INFO] [stderr]     Checking cpufeatures v0.2.2
[INFO] [stderr]    Compiling proc-macro-error v1.0.4
[INFO] [stderr]     Checking unicode-width v0.1.9
[INFO] [stderr]    Compiling ppv-lite86 v0.2.16
[INFO] [stderr]     Checking subtle v2.4.1
[INFO] [stderr]    Compiling backtrace v0.3.66
[INFO] [stderr]     Checking crossbeam-deque v0.8.1
[INFO] [stderr]     Checking textwrap v0.11.0
[INFO] [stderr]     Checking digest v0.9.0
[INFO] [stderr]     Checking block-buffer v0.10.2
[INFO] [stderr]     Checking getrandom v0.2.7
[INFO] [stderr]     Checking num_cpus v1.13.1
[INFO] [stderr]    Compiling semver-parser v0.10.2
[INFO] [stderr]     Checking rayon-core v1.9.3
[INFO] [stderr]     Checking rand_core v0.6.3
[INFO] [stderr]     Checking atty v0.2.14
[INFO] [stderr]     Checking crypto-common v0.1.5
[INFO] [stderr]     Checking paw-raw v1.0.0
[INFO] [stderr]     Checking adler v1.0.2
[INFO] [stderr]     Checking ansi_term v0.12.1
[INFO] [stderr]     Checking pin-project-lite v0.2.9
[INFO] [stderr]     Checking gimli v0.26.1
[INFO] [stderr]     Checking strsim v0.8.0
[INFO] [stderr]     Checking rand_chacha v0.3.1
[INFO] [stderr]     Checking vec_map v0.8.2
[INFO] [stderr]    Compiling doc-comment v0.3.3
[INFO] [stderr]    Compiling futures-task v0.3.21
[INFO] [stderr]     Checking miniz_oxide v0.5.3
[INFO] [stderr]     Checking rayon v1.5.3
[INFO] [stderr]     Checking digest v0.10.3
[INFO] [stderr]    Compiling semver v0.11.0
[INFO] [stderr]     Checking clap v2.34.0
[INFO] [stderr]     Checking rand v0.8.5
[INFO] [stderr]    Compiling rustc_version v0.3.3
[INFO] [stderr]     Checking cipher v0.3.0
[INFO] [stderr]     Checking object v0.29.0
[INFO] [stderr]     Checking futures-io v0.3.21
[INFO] [stderr]     Checking debug-helper v0.3.13
[INFO] [stderr]    Compiling futures-util v0.3.21
[INFO] [stderr]    Compiling heck v0.4.0
[INFO] [stderr]     Checking byteorder v1.4.3
[INFO] [stderr]    Compiling anyhow v1.0.58
[INFO] [stderr]     Checking rustc-demangle v0.1.21
[INFO] [stderr]     Checking crc-any v2.4.3
[INFO] [stderr]    Compiling ark-ff v0.3.0
[INFO] [stderr]     Checking ahash v0.7.6
[INFO] [stderr]     Checking universal-hash v0.4.1
[INFO] [stderr]    Compiling lock_api v0.4.11
[INFO] [stderr]     Checking slab v0.4.6
[INFO] [stderr]     Checking pin-utils v0.1.0
[INFO] [stderr]    Compiling parking_lot_core v0.9.9
[INFO] [stderr]     Checking hashbrown v0.11.2
[INFO] [stderr]     Checking poly1305 v0.7.2
[INFO] [stderr]     Checking sha2 v0.10.2
[INFO] [stderr]     Checking aead v0.4.3
[INFO] [stderr]     Checking smallvec v1.11.2
[INFO] [stderr]     Checking rand_core v0.5.1
[INFO] [stderr]    Compiling capnp v0.14.6
[INFO] [stderr]     Checking mio v0.8.4
[INFO] [stderr]     Checking sha3 v0.10.1
[INFO] [stderr]     Checking socket2 v0.4.4
[INFO] [stderr]     Checking signal-hook-registry v1.4.1
[INFO] [stderr]     Checking itertools v0.10.3
[INFO] [stderr]     Checking bytes v1.1.0
[INFO] [stderr]     Checking parking_lot v0.12.1
[INFO] [stderr]     Checking downcast-rs v1.2.0
[INFO] [stderr]     Checking addr2line v0.17.0
[INFO] [stderr]    Compiling capnpc v0.14.7
[INFO] [stderr]     Checking ark-std v0.3.0
[INFO] [stderr]    Compiling synstructure v0.12.6
[INFO] [stderr]    Compiling wasm-bindgen-backend v0.2.81
[INFO] [stderr]    Compiling hello-world v0.0.0 (/opt/rustwide/workdir)
[INFO] [stderr]    Compiling wasm-bindgen-macro-support v0.2.81
[INFO] [stderr]    Compiling zeroize_derive v1.3.2
[INFO] [stderr]    Compiling ark-serialize-derive v0.3.0
[INFO] [stderr]    Compiling ark-ff-asm v0.3.0
[INFO] [stderr]    Compiling derivative v2.2.0
[INFO] [stderr]    Compiling ark-ff-macros v0.3.0
[INFO] [stderr]    Compiling paw-attributes v1.0.2
[INFO] [stderr]    Compiling structopt-derive v0.4.18
[INFO] [stderr]    Compiling futures-macro v0.3.21
[INFO] [stderr]    Compiling snafu-derive v0.7.1
[INFO] [stderr]    Compiling jf-utils-derive v0.1.1 (https://github.com/EspressoSystems/jellyfish?branch=turbo-plonk#d3d9532d)
[INFO] [stderr]    Compiling displaydoc v0.2.3
[INFO] [stderr]    Compiling tokio-macros v1.8.0
[INFO] [stderr]     Checking paw v1.0.0
[INFO] [stderr]    Compiling wasm-bindgen-macro v0.2.81
[INFO] [stderr]     Checking ark-serialize v0.3.0
[INFO] [stderr]     Checking zeroize v1.3.0
[INFO] [stderr]     Checking salsa20 v0.9.0
[INFO] [stderr]     Checking chacha20 v0.8.2
[INFO] [stderr]     Checking curve25519-dalek v3.2.1
[INFO] [stderr]     Checking xsalsa20poly1305 v0.8.0
[INFO] [stderr]     Checking merlin v3.0.0
[INFO] [stderr]     Checking tokio v1.19.2
[INFO] [stderr]     Checking chacha20poly1305 v0.9.1
[INFO] [stderr]     Checking structopt v0.3.26
[INFO] [stderr]     Checking x25519-dalek v1.2.0
[INFO] [stderr]     Checking crypto_box v0.7.2
[INFO] [stderr]     Checking snafu v0.7.1
[INFO] [stderr]     Checking futures-executor v0.3.21
[INFO] [stderr]     Checking futures v0.3.21
[INFO] [stderr]     Checking capnp-futures v0.14.1
[INFO] [stderr]     Checking capnp-rpc v0.14.1
[INFO] [stderr]     Checking tokio-util v0.6.10
[INFO] [stderr]     Checking js-sys v0.3.58
[INFO] [stderr]     Checking console_error_panic_hook v0.1.7
[INFO] [stderr]     Checking ark-ec v0.3.0
[INFO] [stderr]     Checking ark-poly v0.3.0
[INFO] [stderr]     Checking wasm-bindgen-futures v0.4.31
[INFO] [stderr]     Checking web-sys v0.3.58
[INFO] [stderr]     Checking ark-bls12-377 v0.3.0 (https://github.com/arkworks-rs/curves?rev=677b4ae751a274037880ede86e9b6f30f62635af#677b4ae7)
[INFO] [stderr]     Checking ark-bls12-381 v0.3.0
[INFO] [stderr]     Checking ark-bn254 v0.3.0
[INFO] [stderr]     Checking ark-sponge v0.3.0
[INFO] [stderr]     Checking ark-ed-on-bn254 v0.3.0
[INFO] [stderr]     Checking ark-ed-on-bls12-381 v0.3.0
[INFO] [stderr]     Checking ark-bw6-761 v0.3.0 (https://github.com/arkworks-rs/curves?rev=677b4ae751a274037880ede86e9b6f30f62635af#677b4ae7)
[INFO] [stderr]     Checking ark-ed-on-bls12-377 v0.3.0 (https://github.com/arkworks-rs/curves?rev=677b4ae751a274037880ede86e9b6f30f62635af#677b4ae7)
[INFO] [stderr]     Checking ark-poly-commit v0.3.0 (https://github.com/arkworks-rs/poly-commit/?rev=cafc05e39692bbc5c383990063ad851f0b94a553#cafc05e3)
[INFO] [stderr]     Checking tagged-base64 v0.2.0 (https://github.com/EspressoSystems/tagged-base64?branch=main#c924e43f)
[INFO] [stderr]     Checking jf-utils v0.1.1 (https://github.com/EspressoSystems/jellyfish?branch=turbo-plonk#d3d9532d)
[INFO] [stderr]     Checking jf-rescue v0.1.1 (https://github.com/EspressoSystems/jellyfish?branch=turbo-plonk#d3d9532d)
[INFO] [stderr]     Checking jf-plonk v0.1.1 (https://github.com/EspressoSystems/jellyfish?branch=turbo-plonk#d3d9532d)
[INFO] [stderr]     Checking jf-primitives v0.1.1 (https://github.com/EspressoSystems/jellyfish?branch=turbo-plonk#d3d9532d)
[INFO] [stderr]  Documenting hello-world v0.0.0 (/opt/rustwide/workdir)
[INFO] [stdout] warning: unused import: `ark_ff::PrimeField`
[INFO] [stdout]  --> src/utils.rs:1:5
[INFO] [stdout]   |
[INFO] [stdout] 1 | use ark_ff::PrimeField;
[INFO] [stdout]   |     ^^^^^^^^^^^^^^^^^^
[INFO] [stdout]   |
[INFO] [stdout]   = note: `#[warn(unused_imports)]` on by default
[INFO] [stdout] 
[INFO] [stdout] 
[INFO] [stdout] warning: unused import: `ark_std::rand::thread_rng`
[INFO] [stdout]  --> src/playground.rs:4:5
[INFO] [stdout]   |
[INFO] [stdout] 4 | use ark_std::rand::thread_rng;
[INFO] [stdout]   |     ^^^^^^^^^^^^^^^^^^^^^^^^^
[INFO] [stdout] 
[INFO] [stdout] 
[INFO] [stdout] warning: unused import: `ark_std::UniformRand`
[INFO] [stdout]  --> src/playground.rs:5:5
[INFO] [stdout]   |
[INFO] [stdout] 5 | use ark_std::UniformRand;
[INFO] [stdout]   |     ^^^^^^^^^^^^^^^^^^^^
[INFO] [stdout] 
[INFO] [stdout] 
[INFO] [stdout] warning: function `transpose` is never used
[INFO] [stdout]  --> src/playground.rs:7:4
[INFO] [stdout]   |
[INFO] [stdout] 7 | fn transpose<T>(v: Vec<Vec<T>>) -> Vec<Vec<T>> {
[INFO] [stdout]   |    ^^^^^^^^^
[INFO] [stdout]   |
[INFO] [stdout]   = note: `#[warn(dead_code)]` on by default
[INFO] [stdout] 
[INFO] [stdout] 
[INFO] [stdout] warning: function `fft` is never used
[INFO] [stdout]   --> src/playground.rs:21:4
[INFO] [stdout]    |
[INFO] [stdout] 21 | fn fft(domain: &Radix2EvaluationDomain<Fr>, coeffs: &Vec<Fr>) -> Vec<Fr> {
[INFO] [stdout]    |    ^^^
[INFO] [stdout] 
[INFO] [stdout] 
[INFO] [stdout] warning: function `ifft` is never used
[INFO] [stdout]   --> src/playground.rs:44:4
[INFO] [stdout]    |
[INFO] [stdout] 44 | fn ifft(domain: &Radix2EvaluationDomain<Fr>, coeffs: &Vec<Fr>) -> Vec<Fr> {
[INFO] [stdout]    |    ^^^^
[INFO] [stdout] 
[INFO] [stdout] 
[INFO] [stdout] warning: function `coset_fft` is never used
[INFO] [stdout]   --> src/playground.rs:67:4
[INFO] [stdout]    |
[INFO] [stdout] 67 | fn coset_fft(domain: &Radix2EvaluationDomain<Fr>, coeffs: &Vec<Fr>) -> Vec<Fr> {
[INFO] [stdout]    |    ^^^^^^^^^
[INFO] [stdout] 
[INFO] [stdout] 
[INFO] [stdout] warning: function `coset_ifft` is never used
[INFO] [stdout]   --> src/playground.rs:73:4
[INFO] [stdout]    |
[INFO] [stdout] 73 | fn coset_ifft(domain: &Radix2EvaluationDomain<Fr>, coeffs: &Vec<Fr>) -> Vec<Fr> {
[INFO] [stdout]    |    ^^^^^^^^^^
[INFO] [stdout] 
[INFO] [stdout] 
[INFO] [stdout] warning: 8 warnings emitted
[INFO] [stdout] 
[INFO] [stdout] 
[INFO] [stdout] warning: unresolved link to `transpose_tiling`
[INFO] [stdout]    --> src/transpose.rs:227:67
[INFO] [stdout]     |
[INFO] [stdout] 227 | /// then transposed using the loop-blocking based approach, see [`transpose_tiling`].
[INFO] [stdout]     |                                                                   ^^^^^^^^^^^^^^^^ no item named `transpose_tiling` in scope
[INFO] [stdout]     |
[INFO] [stdout]     = help: to escape `[` and `]` characters, add '\' before them like `\[` or `\]`
[INFO] [stdout]     = note: `#[warn(rustdoc::broken_intra_doc_links)]` on by default
[INFO] [stdout] 
[INFO] [stdout] 
[INFO] [stdout] warning: 1 warning emitted
[INFO] [stdout] 
[INFO] [stdout] 
[INFO] [stdout] error[E0554]: `#![feature]` may not be used on the stable release channel
[INFO] [stdout]  --> src/worker.rs:1:12
[INFO] [stdout]   |
[INFO] [stdout] 1 | #![feature(int_roundings)]
[INFO] [stdout]   |            ^^^^^^^^^^^^^
[INFO] [stdout] 
[INFO] [stdout] 
[INFO] [stdout] error[E0554]: `#![feature]` may not be used on the stable release channel
[INFO] [stdout]  --> src/dispatcher.rs:1:12
[INFO] [stdout]   |
[INFO] [stdout] 1 | #![feature(int_roundings)]
[INFO] [stdout]   |            ^^^^^^^^^^^^^
[INFO] [stdout] 
[INFO] [stdout] 
[INFO] [stdout] error: aborting due to previous error
[INFO] [stdout] 
[INFO] [stdout] 
[INFO] [stdout] For more information about this error, try `rustc --explain E0554`.
[INFO] [stdout] 
[INFO] [stderr] error: could not document `hello-world`
[INFO] [stderr] 
[INFO] [stderr] Caused by:
[INFO] [stderr]   process didn't exit successfully: `/opt/rustwide/rustup-home/toolchains/1.75.0-x86_64-unknown-linux-gnu/bin/rustdoc --edition=2018 --crate-type bin --crate-name worker src/worker.rs -o /opt/rustwide/target/doc --error-format=json --json=diagnostic-rendered-ansi,artifacts,future-incompat --document-private-items '-Arustdoc::private-intra-doc-links' -C metadata=8aa45ecde068e558 -L dependency=/opt/rustwide/target/debug/deps --extern ark_bls12_381=/opt/rustwide/target/debug/deps/libark_bls12_381-e66e17b8ee42bbfb.rmeta --extern ark_ec=/opt/rustwide/target/debug/deps/libark_ec-23e8877ca84c1da2.rmeta --extern ark_ff=/opt/rustwide/target/debug/deps/libark_ff-5e1ee3f16c9f14ba.rmeta --extern ark_poly=/opt/rustwide/target/debug/deps/libark_poly-17c017e6adeaa30d.rmeta --extern ark_poly_commit=/opt/rustwide/target/debug/deps/libark_poly_commit-da78e206b97eb401.rmeta --extern ark_serialize=/opt/rustwide/target/debug/deps/libark_serialize-3cb011d66edb6efa.rmeta --extern ark_std=/opt/rustwide/target/debug/deps/libark_std-246ed3f78cc536b3.rmeta --extern capnp=/opt/rustwide/target/debug/deps/libcapnp-bcef395da58f357d.rmeta --extern capnp_rpc=/opt/rustwide/target/debug/deps/libcapnp_rpc-d7b302f1c8e83f05.rmeta --extern futures=/opt/rustwide/target/debug/deps/libfutures-2c9f3eea5e16f1b0.rmeta --extern hello_world=/opt/rustwide/target/debug/deps/libhello_world-30778296fa384959.rmeta --extern jf_plonk=/opt/rustwide/target/debug/deps/libjf_plonk-fc0e96b5c01c8244.rmeta --extern jf_primitives=/opt/rustwide/target/debug/deps/libjf_primitives-5d7451c12cfd4b44.rmeta --extern jf_utils=/opt/rustwide/target/debug/deps/libjf_utils-50502a46a3f3d586.rmeta --extern merlin=/opt/rustwide/target/debug/deps/libmerlin-d09808d0dc6c0497.rmeta --extern rand=/opt/rustwide/target/debug/deps/librand-07ae928abd202f69.rmeta --extern rayon=/opt/rustwide/target/debug/deps/librayon-9b95610dad913c2d.rmeta --extern serde=/opt/rustwide/target/debug/deps/libserde-232c79a83f98cd13.rmeta --extern serde_json=/opt/rustwide/target/debug/deps/libserde_json-bb1f7b6b64e01e65.rmeta --extern tokio=/opt/rustwide/target/debug/deps/libtokio-f290299d5632c448.rmeta --extern tokio_util=/opt/rustwide/target/debug/deps/libtokio_util-33ec5b5f960b516f.rmeta --cap-lints=warn --crate-version 0.0.0` (exit status: 1)
[INFO] [stderr] warning: build failed, waiting for other jobs to finish...
[INFO] [stdout] error[E0554]: `#![feature]` may not be used on the stable release channel
[INFO] [stdout]  --> src/dispatcher2.rs:1:12
[INFO] [stdout]   |
[INFO] [stdout] 1 | #![feature(int_roundings)]
[INFO] [stdout]   |            ^^^^^^^^^^^^^
[INFO] [stdout] 
[INFO] [stdout] 
[INFO] [stdout] error: aborting due to previous error
[INFO] [stdout] 
[INFO] [stdout] 
[INFO] [stdout] For more information about this error, try `rustc --explain E0554`.
[INFO] [stdout] 
[INFO] [stderr] error: could not document `hello-world`
[INFO] [stderr] 
[INFO] [stderr] Caused by:
[INFO] [stderr]   process didn't exit successfully: `/opt/rustwide/rustup-home/toolchains/1.75.0-x86_64-unknown-linux-gnu/bin/rustdoc --edition=2018 --crate-type bin --crate-name dispatcher src/dispatcher.rs -o /opt/rustwide/target/doc --error-format=json --json=diagnostic-rendered-ansi,artifacts,future-incompat --document-private-items '-Arustdoc::private-intra-doc-links' -C metadata=1ef65185455990a1 -L dependency=/opt/rustwide/target/debug/deps --extern ark_bls12_381=/opt/rustwide/target/debug/deps/libark_bls12_381-e66e17b8ee42bbfb.rmeta --extern ark_ec=/opt/rustwide/target/debug/deps/libark_ec-23e8877ca84c1da2.rmeta --extern ark_ff=/opt/rustwide/target/debug/deps/libark_ff-5e1ee3f16c9f14ba.rmeta --extern ark_poly=/opt/rustwide/target/debug/deps/libark_poly-17c017e6adeaa30d.rmeta --extern ark_poly_commit=/opt/rustwide/target/debug/deps/libark_poly_commit-da78e206b97eb401.rmeta --extern ark_serialize=/opt/rustwide/target/debug/deps/libark_serialize-3cb011d66edb6efa.rmeta --extern ark_std=/opt/rustwide/target/debug/deps/libark_std-246ed3f78cc536b3.rmeta --extern capnp=/opt/rustwide/target/debug/deps/libcapnp-bcef395da58f357d.rmeta --extern capnp_rpc=/opt/rustwide/target/debug/deps/libcapnp_rpc-d7b302f1c8e83f05.rmeta --extern futures=/opt/rustwide/target/debug/deps/libfutures-2c9f3eea5e16f1b0.rmeta --extern hello_world=/opt/rustwide/target/debug/deps/libhello_world-30778296fa384959.rmeta --extern jf_plonk=/opt/rustwide/target/debug/deps/libjf_plonk-fc0e96b5c01c8244.rmeta --extern jf_primitives=/opt/rustwide/target/debug/deps/libjf_primitives-5d7451c12cfd4b44.rmeta --extern jf_utils=/opt/rustwide/target/debug/deps/libjf_utils-50502a46a3f3d586.rmeta --extern merlin=/opt/rustwide/target/debug/deps/libmerlin-d09808d0dc6c0497.rmeta --extern rand=/opt/rustwide/target/debug/deps/librand-07ae928abd202f69.rmeta --extern rayon=/opt/rustwide/target/debug/deps/librayon-9b95610dad913c2d.rmeta --extern serde=/opt/rustwide/target/debug/deps/libserde-232c79a83f98cd13.rmeta --extern serde_json=/opt/rustwide/target/debug/deps/libserde_json-bb1f7b6b64e01e65.rmeta --extern tokio=/opt/rustwide/target/debug/deps/libtokio-f290299d5632c448.rmeta --extern tokio_util=/opt/rustwide/target/debug/deps/libtokio_util-33ec5b5f960b516f.rmeta --cap-lints=warn --crate-version 0.0.0` (exit status: 1)
[INFO] [stdout] error: aborting due to previous error
[INFO] [stdout] 
[INFO] [stdout] 
[INFO] [stdout] For more information about this error, try `rustc --explain E0554`.
[INFO] [stdout] 
[INFO] [stderr] error: could not document `hello-world`
[INFO] [stderr] 
[INFO] [stderr] Caused by:
[INFO] [stderr]   process didn't exit successfully: `/opt/rustwide/rustup-home/toolchains/1.75.0-x86_64-unknown-linux-gnu/bin/rustdoc --edition=2018 --crate-type bin --crate-name dispatcher2 src/dispatcher2.rs -o /opt/rustwide/target/doc --error-format=json --json=diagnostic-rendered-ansi,artifacts,future-incompat --document-private-items '-Arustdoc::private-intra-doc-links' -C metadata=7d32908a0c488520 -L dependency=/opt/rustwide/target/debug/deps --extern ark_bls12_381=/opt/rustwide/target/debug/deps/libark_bls12_381-e66e17b8ee42bbfb.rmeta --extern ark_ec=/opt/rustwide/target/debug/deps/libark_ec-23e8877ca84c1da2.rmeta --extern ark_ff=/opt/rustwide/target/debug/deps/libark_ff-5e1ee3f16c9f14ba.rmeta --extern ark_poly=/opt/rustwide/target/debug/deps/libark_poly-17c017e6adeaa30d.rmeta --extern ark_poly_commit=/opt/rustwide/target/debug/deps/libark_poly_commit-da78e206b97eb401.rmeta --extern ark_serialize=/opt/rustwide/target/debug/deps/libark_serialize-3cb011d66edb6efa.rmeta --extern ark_std=/opt/rustwide/target/debug/deps/libark_std-246ed3f78cc536b3.rmeta --extern capnp=/opt/rustwide/target/debug/deps/libcapnp-bcef395da58f357d.rmeta --extern capnp_rpc=/opt/rustwide/target/debug/deps/libcapnp_rpc-d7b302f1c8e83f05.rmeta --extern futures=/opt/rustwide/target/debug/deps/libfutures-2c9f3eea5e16f1b0.rmeta --extern hello_world=/opt/rustwide/target/debug/deps/libhello_world-30778296fa384959.rmeta --extern jf_plonk=/opt/rustwide/target/debug/deps/libjf_plonk-fc0e96b5c01c8244.rmeta --extern jf_primitives=/opt/rustwide/target/debug/deps/libjf_primitives-5d7451c12cfd4b44.rmeta --extern jf_utils=/opt/rustwide/target/debug/deps/libjf_utils-50502a46a3f3d586.rmeta --extern merlin=/opt/rustwide/target/debug/deps/libmerlin-d09808d0dc6c0497.rmeta --extern rand=/opt/rustwide/target/debug/deps/librand-07ae928abd202f69.rmeta --extern rayon=/opt/rustwide/target/debug/deps/librayon-9b95610dad913c2d.rmeta --extern serde=/opt/rustwide/target/debug/deps/libserde-232c79a83f98cd13.rmeta --extern serde_json=/opt/rustwide/target/debug/deps/libserde_json-bb1f7b6b64e01e65.rmeta --extern tokio=/opt/rustwide/target/debug/deps/libtokio-f290299d5632c448.rmeta --extern tokio_util=/opt/rustwide/target/debug/deps/libtokio_util-33ec5b5f960b516f.rmeta --cap-lints=warn --crate-version 0.0.0` (exit status: 1)
[INFO] running `Command { std: "docker" "inspect" "5697bb9645ce82be83df0b22b96f5f3cdb1eeed79d48a4cf74710be234f1c816", kill_on_drop: false }`
[INFO] running `Command { std: "docker" "rm" "-f" "5697bb9645ce82be83df0b22b96f5f3cdb1eeed79d48a4cf74710be234f1c816", kill_on_drop: false }`
[INFO] [stdout] 5697bb9645ce82be83df0b22b96f5f3cdb1eeed79d48a4cf74710be234f1c816
[INFO] documenting MengLing-L/distributed_plonk against beta-2023-12-22 for beta-1.76-rustdoc-1
[INFO] running `Command { std: "git" "clone" "/workspace/cache/git-repos/https%3A%2F%2Fgithub.com%2FMengLing-L%2Fdistributed_plonk" "/workspace/builds/worker-3-tc2/source", kill_on_drop: false }`
[INFO] [stderr] Cloning into '/workspace/builds/worker-3-tc2/source'...
[INFO] [stderr] done.
[INFO] validating manifest of git repo https://github.com/MengLing-L/distributed_plonk on toolchain beta-2023-12-22
[INFO] running `Command { std: CARGO_HOME="/workspace/cargo-home" RUSTUP_HOME="/workspace/rustup-home" "/workspace/cargo-home/bin/cargo" "+beta-2023-12-22" "metadata" "--manifest-path" "Cargo.toml" "--no-deps", kill_on_drop: false }`
[INFO] started tweaking git repo https://github.com/MengLing-L/distributed_plonk
[INFO] finished tweaking git repo https://github.com/MengLing-L/distributed_plonk
[INFO] tweaked toml for git repo https://github.com/MengLing-L/distributed_plonk written to /workspace/builds/worker-3-tc2/source/Cargo.toml
[INFO] crate git repo https://github.com/MengLing-L/distributed_plonk already has a lockfile, it will not be regenerated
[INFO] running `Command { std: CARGO_HOME="/workspace/cargo-home" RUSTUP_HOME="/workspace/rustup-home" "/workspace/cargo-home/bin/cargo" "+beta-2023-12-22" "fetch" "--manifest-path" "Cargo.toml", kill_on_drop: false }`
[INFO] [stderr]     Updating git repository `https://github.com/EspressoSystems/jellyfish`
[INFO] running `Command { std: "docker" "create" "-v" "/var/lib/crater-agent-workspace/builds/worker-3-tc2/target:/opt/rustwide/target:rw,Z" "-v" "/var/lib/crater-agent-workspace/builds/worker-3-tc2/source:/opt/rustwide/workdir:ro,Z" "-v" "/var/lib/crater-agent-workspace/cargo-home:/opt/rustwide/cargo-home:ro,Z" "-v" "/var/lib/crater-agent-workspace/rustup-home:/opt/rustwide/rustup-home:ro,Z" "-e" "SOURCE_DIR=/opt/rustwide/workdir" "-e" "CARGO_TARGET_DIR=/opt/rustwide/target" "-e" "CARGO_HOME=/opt/rustwide/cargo-home" "-e" "RUSTUP_HOME=/opt/rustwide/rustup-home" "-w" "/opt/rustwide/workdir" "-m" "1610612736" "--user" "0:0" "--network" "none" "ghcr.io/rust-lang/crates-build-env/linux@sha256:2788e3201cd34a07e3172128adcd8b3090168a8e3bcc40d7c032b9dda1df7d1c" "/opt/rustwide/cargo-home/bin/cargo" "+beta-2023-12-22" "metadata" "--no-deps" "--format-version=1", kill_on_drop: false }`
[INFO] [stdout] 36fae4f4056bcf128f4910831f41c0eace9631089776e537dbb5bca483972ec6
[INFO] running `Command { std: "docker" "start" "-a" "36fae4f4056bcf128f4910831f41c0eace9631089776e537dbb5bca483972ec6", kill_on_drop: false }`
[INFO] running `Command { std: "docker" "inspect" "36fae4f4056bcf128f4910831f41c0eace9631089776e537dbb5bca483972ec6", kill_on_drop: false }`
[INFO] running `Command { std: "docker" "rm" "-f" "36fae4f4056bcf128f4910831f41c0eace9631089776e537dbb5bca483972ec6", kill_on_drop: false }`
[INFO] [stdout] 36fae4f4056bcf128f4910831f41c0eace9631089776e537dbb5bca483972ec6
[INFO] running `Command { std: "docker" "create" "-v" "/var/lib/crater-agent-workspace/builds/worker-3-tc2/target:/opt/rustwide/target:rw,Z" "-v" "/var/lib/crater-agent-workspace/builds/worker-3-tc2/source:/opt/rustwide/workdir:ro,Z" "-v" "/var/lib/crater-agent-workspace/cargo-home:/opt/rustwide/cargo-home:ro,Z" "-v" "/var/lib/crater-agent-workspace/rustup-home:/opt/rustwide/rustup-home:ro,Z" "-e" "SOURCE_DIR=/opt/rustwide/workdir" "-e" "CARGO_TARGET_DIR=/opt/rustwide/target" "-e" "CARGO_INCREMENTAL=0" "-e" "RUST_BACKTRACE=full" "-e" "RUSTFLAGS=--cap-lints=warn" "-e" "RUSTDOCFLAGS=--cap-lints=warn" "-e" "CARGO_HOME=/opt/rustwide/cargo-home" "-e" "RUSTUP_HOME=/opt/rustwide/rustup-home" "-w" "/opt/rustwide/workdir" "-m" "1610612736" "--user" "0:0" "--network" "none" "ghcr.io/rust-lang/crates-build-env/linux@sha256:2788e3201cd34a07e3172128adcd8b3090168a8e3bcc40d7c032b9dda1df7d1c" "/opt/rustwide/cargo-home/bin/cargo" "+beta-2023-12-22" "doc" "--frozen" "--no-deps" "--document-private-items" "--message-format=json", kill_on_drop: false }`
[INFO] [stdout] a6879975a2e00e1475ad5fe137e39626c5b4beec88db27d1d5ceeb247638d196
[INFO] running `Command { std: "docker" "start" "-a" "a6879975a2e00e1475ad5fe137e39626c5b4beec88db27d1d5ceeb247638d196", kill_on_drop: false }`
[INFO] [stderr]    Compiling proc-macro2 v1.0.40
[INFO] [stderr]    Compiling unicode-ident v1.0.1
[INFO] [stderr]    Compiling quote v1.0.20
[INFO] [stderr]    Compiling syn v1.0.98
[INFO] [stderr]    Compiling libc v0.2.126
[INFO] [stderr]    Compiling crossbeam-utils v0.8.10
[INFO] [stderr]     Checking once_cell v1.13.0
[INFO] [stderr]    Compiling unicode-xid v0.2.3
[INFO] [stderr]    Compiling ucd-trie v0.1.4
[INFO] [stderr]    Compiling generic-array v0.14.5
[INFO] [stderr]    Compiling crossbeam-epoch v0.9.9
[INFO] [stderr]    Compiling num-traits v0.2.15
[INFO] [stderr]    Compiling num-integer v0.1.45
[INFO] [stderr]    Compiling num-bigint v0.4.3
[INFO] [stderr]     Checking either v1.7.0
[INFO] [stderr]    Compiling paste v1.0.7
[INFO] [stderr]    Compiling memchr v2.5.0
[INFO] [stderr]    Compiling wasm-bindgen-shared v0.2.81
[INFO] [stderr]    Compiling pest v2.1.3
[INFO] [stderr]    Compiling futures-core v0.3.21
[INFO] [stderr]    Compiling serde_derive v1.0.145
[INFO] [stderr]    Compiling lazy_static v1.4.0
[INFO] [stderr]    Compiling bumpalo v3.10.0
[INFO] [stderr]    Compiling serde v1.0.145
[INFO] [stderr]     Checking futures-sink v0.3.21
[INFO] [stderr]     Checking crossbeam-channel v0.5.5
[INFO] [stderr]    Compiling futures-channel v0.3.21
[INFO] [stderr]    Compiling serde_json v1.0.85
[INFO] [stderr]     Checking itoa v1.0.2
[INFO] [stderr]     Checking ryu v1.0.10
[INFO] [stderr]     Checking digest v0.9.0
[INFO] [stderr]     Checking crossbeam-deque v0.8.1
[INFO] [stderr]    Compiling semver-parser v0.10.2
[INFO] [stderr]    Compiling wasm-bindgen v0.2.81
[INFO] [stderr]    Compiling memoffset v0.6.5
[INFO] [stderr]    Compiling proc-macro-error-attr v1.0.4
[INFO] [stderr]    Compiling scopeguard v1.1.0
[INFO] [stderr]     Checking cpufeatures v0.2.2
[INFO] [stderr]    Compiling proc-macro-error v1.0.4
[INFO] [stderr]     Checking unicode-width v0.1.9
[INFO] [stderr]     Checking subtle v2.4.1
[INFO] [stderr]    Compiling ppv-lite86 v0.2.16
[INFO] [stderr]    Compiling backtrace v0.3.66
[INFO] [stderr]     Checking block-buffer v0.10.2
[INFO] [stderr]     Checking crypto-common v0.1.5
[INFO] [stderr]     Checking textwrap v0.11.0
[INFO] [stderr]     Checking pin-project-lite v0.2.9
[INFO] [stderr]     Checking paw-raw v1.0.0
[INFO] [stderr]    Compiling getrandom v0.2.7
[INFO] [stderr]     Checking num_cpus v1.13.1
[INFO] [stderr]    Compiling semver v0.11.0
[INFO] [stderr]     Checking rand_core v0.6.3
[INFO] [stderr]     Checking rayon-core v1.9.3
[INFO] [stderr]     Checking atty v0.2.14
[INFO] [stderr]     Checking strsim v0.8.0
[INFO] [stderr]     Checking gimli v0.26.1
[INFO] [stderr]     Checking ansi_term v0.12.1
[INFO] [stderr]     Checking rand_chacha v0.3.1
[INFO] [stderr]    Compiling rustc_version v0.3.3
[INFO] [stderr]     Checking vec_map v0.8.2
[INFO] [stderr]     Checking adler v1.0.2
[INFO] [stderr]    Compiling doc-comment v0.3.3
[INFO] [stderr]     Checking rand v0.8.5
[INFO] [stderr]    Compiling futures-task v0.3.21
[INFO] [stderr]     Checking miniz_oxide v0.5.3
[INFO] [stderr]     Checking clap v2.34.0
[INFO] [stderr]     Checking digest v0.10.3
[INFO] [stderr]     Checking rayon v1.5.3
[INFO] [stderr]     Checking cipher v0.3.0
[INFO] [stderr]    Compiling ark-ff v0.3.0
[INFO] [stderr]     Checking object v0.29.0
[INFO] [stderr]     Checking debug-helper v0.3.13
[INFO] [stderr]     Checking byteorder v1.4.3
[INFO] [stderr]    Compiling anyhow v1.0.58
[INFO] [stderr]     Checking rustc-demangle v0.1.21
[INFO] [stderr]    Compiling futures-util v0.3.21
[INFO] [stderr]     Checking futures-io v0.3.21
[INFO] [stderr]    Compiling heck v0.4.0
[INFO] [stderr]     Checking crc-any v2.4.3
[INFO] [stderr]     Checking ahash v0.7.6
[INFO] [stderr]     Checking universal-hash v0.4.1
[INFO] [stderr]    Compiling lock_api v0.4.11
[INFO] [stderr]     Checking pin-utils v0.1.0
[INFO] [stderr]    Compiling parking_lot_core v0.9.9
[INFO] [stderr]     Checking slab v0.4.6
[INFO] [stderr]     Checking poly1305 v0.7.2
[INFO] [stderr]     Checking hashbrown v0.11.2
[INFO] [stderr]     Checking sha2 v0.10.2
[INFO] [stderr]     Checking aead v0.4.3
[INFO] [stderr]     Checking rand_core v0.5.1
[INFO] [stderr]     Checking smallvec v1.11.2
[INFO] [stderr]    Compiling capnp v0.14.6
[INFO] [stderr]     Checking mio v0.8.4
[INFO] [stderr]     Checking sha3 v0.10.1
[INFO] [stderr]     Checking socket2 v0.4.4
[INFO] [stderr]     Checking signal-hook-registry v1.4.1
[INFO] [stderr]     Checking itertools v0.10.3
[INFO] [stderr]     Checking downcast-rs v1.2.0
[INFO] [stderr]     Checking parking_lot v0.12.1
[INFO] [stderr]     Checking bytes v1.1.0
[INFO] [stderr]     Checking addr2line v0.17.0
[INFO] [stderr]    Compiling capnpc v0.14.7
[INFO] [stderr]     Checking ark-std v0.3.0
[INFO] [stderr]    Compiling synstructure v0.12.6
[INFO] [stderr]    Compiling wasm-bindgen-backend v0.2.81
[INFO] [stderr]    Compiling hello-world v0.0.0 (/opt/rustwide/workdir)
[INFO] [stderr]    Compiling wasm-bindgen-macro-support v0.2.81
[INFO] [stderr]    Compiling zeroize_derive v1.3.2
[INFO] [stderr]    Compiling ark-serialize-derive v0.3.0
[INFO] [stderr]    Compiling derivative v2.2.0
[INFO] [stderr]    Compiling ark-ff-asm v0.3.0
[INFO] [stderr]    Compiling ark-ff-macros v0.3.0
[INFO] [stderr]    Compiling paw-attributes v1.0.2
[INFO] [stderr]    Compiling structopt-derive v0.4.18
[INFO] [stderr]    Compiling futures-macro v0.3.21
[INFO] [stderr]    Compiling snafu-derive v0.7.1
[INFO] [stderr]    Compiling jf-utils-derive v0.1.1 (https://github.com/EspressoSystems/jellyfish?branch=turbo-plonk#d3d9532d)
[INFO] [stderr]    Compiling displaydoc v0.2.3
[INFO] [stderr]    Compiling tokio-macros v1.8.0
[INFO] [stderr]     Checking paw v1.0.0
[INFO] [stderr]    Compiling wasm-bindgen-macro v0.2.81
[INFO] [stderr]     Checking ark-serialize v0.3.0
[INFO] [stderr]     Checking zeroize v1.3.0
[INFO] [stderr]     Checking chacha20 v0.8.2
[INFO] [stderr]     Checking salsa20 v0.9.0
[INFO] [stderr]     Checking curve25519-dalek v3.2.1
[INFO] [stderr]     Checking merlin v3.0.0
[INFO] [stderr]     Checking tokio v1.19.2
[INFO] [stderr]     Checking xsalsa20poly1305 v0.8.0
[INFO] [stderr]     Checking chacha20poly1305 v0.9.1
[INFO] [stderr]     Checking structopt v0.3.26
[INFO] [stderr]     Checking x25519-dalek v1.2.0
[INFO] [stderr]     Checking crypto_box v0.7.2
[INFO] [stderr]     Checking snafu v0.7.1
[INFO] [stderr]     Checking futures-executor v0.3.21
[INFO] [stderr]     Checking futures v0.3.21
[INFO] [stderr]     Checking capnp-futures v0.14.1
[INFO] [stderr]     Checking capnp-rpc v0.14.1
[INFO] [stderr]     Checking tokio-util v0.6.10
[INFO] [stderr]     Checking js-sys v0.3.58
[INFO] [stderr]     Checking console_error_panic_hook v0.1.7
[INFO] [stderr]     Checking ark-ec v0.3.0
[INFO] [stderr]     Checking ark-poly v0.3.0
[INFO] [stderr]     Checking web-sys v0.3.58
[INFO] [stderr]     Checking wasm-bindgen-futures v0.4.31
[INFO] [stderr]     Checking ark-bls12-377 v0.3.0 (https://github.com/arkworks-rs/curves?rev=677b4ae751a274037880ede86e9b6f30f62635af#677b4ae7)
[INFO] [stderr]     Checking ark-bls12-381 v0.3.0
[INFO] [stderr]     Checking ark-bn254 v0.3.0
[INFO] [stderr]     Checking ark-sponge v0.3.0
[INFO] [stderr]     Checking ark-ed-on-bls12-377 v0.3.0 (https://github.com/arkworks-rs/curves?rev=677b4ae751a274037880ede86e9b6f30f62635af#677b4ae7)
[INFO] [stderr]     Checking ark-bw6-761 v0.3.0 (https://github.com/arkworks-rs/curves?rev=677b4ae751a274037880ede86e9b6f30f62635af#677b4ae7)
[INFO] [stderr]     Checking ark-ed-on-bls12-381 v0.3.0
[INFO] [stderr]     Checking ark-ed-on-bn254 v0.3.0
[INFO] [stderr]     Checking ark-poly-commit v0.3.0 (https://github.com/arkworks-rs/poly-commit/?rev=cafc05e39692bbc5c383990063ad851f0b94a553#cafc05e3)
[INFO] [stderr]     Checking tagged-base64 v0.2.0 (https://github.com/EspressoSystems/tagged-base64?branch=main#c924e43f)
[INFO] [stderr]     Checking jf-utils v0.1.1 (https://github.com/EspressoSystems/jellyfish?branch=turbo-plonk#d3d9532d)
[INFO] [stderr]     Checking jf-rescue v0.1.1 (https://github.com/EspressoSystems/jellyfish?branch=turbo-plonk#d3d9532d)
[INFO] [stderr]     Checking jf-plonk v0.1.1 (https://github.com/EspressoSystems/jellyfish?branch=turbo-plonk#d3d9532d)
[INFO] [stderr]     Checking jf-primitives v0.1.1 (https://github.com/EspressoSystems/jellyfish?branch=turbo-plonk#d3d9532d)
[INFO] [stderr]  Documenting hello-world v0.0.0 (/opt/rustwide/workdir)
[INFO] [stdout] warning: unused import: `ark_ff::PrimeField`
[INFO] [stdout]  --> src/utils.rs:1:5
[INFO] [stdout]   |
[INFO] [stdout] 1 | use ark_ff::PrimeField;
[INFO] [stdout]   |     ^^^^^^^^^^^^^^^^^^
[INFO] [stdout]   |
[INFO] [stdout]   = note: `#[warn(unused_imports)]` on by default
[INFO] [stdout] 
[INFO] [stdout] 
[INFO] [stdout] warning: unused import: `ark_std::rand::thread_rng`
[INFO] [stdout]  --> src/playground.rs:4:5
[INFO] [stdout]   |
[INFO] [stdout] 4 | use ark_std::rand::thread_rng;
[INFO] [stdout]   |     ^^^^^^^^^^^^^^^^^^^^^^^^^
[INFO] [stdout] 
[INFO] [stdout] 
[INFO] [stdout] warning: unused import: `ark_std::UniformRand`
[INFO] [stdout]  --> src/playground.rs:5:5
[INFO] [stdout]   |
[INFO] [stdout] 5 | use ark_std::UniformRand;
[INFO] [stdout]   |     ^^^^^^^^^^^^^^^^^^^^
[INFO] [stdout] 
[INFO] [stdout] 
[INFO] [stdout] warning: function `transpose` is never used
[INFO] [stdout]  --> src/playground.rs:7:4
[INFO] [stdout]   |
[INFO] [stdout] 7 | fn transpose<T>(v: Vec<Vec<T>>) -> Vec<Vec<T>> {
[INFO] [stdout]   |    ^^^^^^^^^
[INFO] [stdout]   |
[INFO] [stdout]   = note: `#[warn(dead_code)]` on by default
[INFO] [stdout] 
[INFO] [stdout] 
[INFO] [stdout] warning: function `fft` is never used
[INFO] [stdout]   --> src/playground.rs:21:4
[INFO] [stdout]    |
[INFO] [stdout] 21 | fn fft(domain: &Radix2EvaluationDomain<Fr>, coeffs: &Vec<Fr>) -> Vec<Fr> {
[INFO] [stdout]    |    ^^^
[INFO] [stdout] 
[INFO] [stdout] 
[INFO] [stdout] warning: function `ifft` is never used
[INFO] [stdout]   --> src/playground.rs:44:4
[INFO] [stdout]    |
[INFO] [stdout] 44 | fn ifft(domain: &Radix2EvaluationDomain<Fr>, coeffs: &Vec<Fr>) -> Vec<Fr> {
[INFO] [stdout]    |    ^^^^
[INFO] [stdout] 
[INFO] [stdout] 
[INFO] [stdout] warning: function `coset_fft` is never used
[INFO] [stdout]   --> src/playground.rs:67:4
[INFO] [stdout]    |
[INFO] [stdout] 67 | fn coset_fft(domain: &Radix2EvaluationDomain<Fr>, coeffs: &Vec<Fr>) -> Vec<Fr> {
[INFO] [stdout]    |    ^^^^^^^^^
[INFO] [stdout] 
[INFO] [stdout] 
[INFO] [stdout] warning: function `coset_ifft` is never used
[INFO] [stdout]   --> src/playground.rs:73:4
[INFO] [stdout]    |
[INFO] [stdout] 73 | fn coset_ifft(domain: &Radix2EvaluationDomain<Fr>, coeffs: &Vec<Fr>) -> Vec<Fr> {
[INFO] [stdout]    |    ^^^^^^^^^^
[INFO] [stdout] 
[INFO] [stdout] 
[INFO] [stdout] warning: 8 warnings emitted
[INFO] [stdout] 
[INFO] [stdout] 
[INFO] [stdout] warning: unresolved link to `transpose_tiling`
[INFO] [stdout]    --> src/transpose.rs:227:67
[INFO] [stdout]     |
[INFO] [stdout] 227 | /// then transposed using the loop-blocking based approach, see [`transpose_tiling`].
[INFO] [stdout]     |                                                                   ^^^^^^^^^^^^^^^^ no item named `transpose_tiling` in scope
[INFO] [stdout]     |
[INFO] [stdout]     = help: to escape `[` and `]` characters, add '\' before them like `\[` or `\]`
[INFO] [stdout]     = note: `#[warn(rustdoc::broken_intra_doc_links)]` on by default
[INFO] [stdout] 
[INFO] [stdout] 
[INFO] [stdout] warning: 1 warning emitted
[INFO] [stdout] 
[INFO] [stdout] 
[INFO] [stdout] error[E0554]: `#![feature]` may not be used on the beta release channel
[INFO] [stdout]  --> src/worker.rs:1:12
[INFO] [stdout]   |
[INFO] [stdout] 1 | #![feature(int_roundings)]
[INFO] [stdout]   |            ^^^^^^^^^^^^^
[INFO] [stdout] 
[INFO] [stdout] 
[INFO] [stdout] error[E0554]: `#![feature]` may not be used on the beta release channel
[INFO] [stdout]  --> src/dispatcher.rs:1:12
[INFO] [stdout]   |
[INFO] [stdout] 1 | #![feature(int_roundings)]
[INFO] [stdout]   |            ^^^^^^^^^^^^^
[INFO] [stdout] 
[INFO] [stdout] 
[INFO] [stdout] error[E0554]: `#![feature]` may not be used on the beta release channel
[INFO] [stdout]  --> src/dispatcher2.rs:1:12
[INFO] [stdout]   |
[INFO] [stdout] 1 | #![feature(int_roundings)]
[INFO] [stdout]   |            ^^^^^^^^^^^^^
[INFO] [stdout] 
[INFO] [stdout] 
[INFO] [stdout] error: aborting due to 1 previous error
[INFO] [stdout] 
[INFO] [stdout] 
[INFO] [stdout] For more information about this error, try `rustc --explain E0554`.
[INFO] [stdout] 
[INFO] [stderr] error: could not document `hello-world`
[INFO] [stderr] 
[INFO] [stderr] Caused by:
[INFO] [stderr]   process didn't exit successfully: `/opt/rustwide/rustup-home/toolchains/beta-2023-12-22-x86_64-unknown-linux-gnu/bin/rustdoc --edition=2018 --crate-type bin --crate-name worker src/worker.rs -o /opt/rustwide/target/doc --error-format=json --json=diagnostic-rendered-ansi,artifacts,future-incompat --document-private-items '-Arustdoc::private-intra-doc-links' -C metadata=fc40dcf21066d059 -L dependency=/opt/rustwide/target/debug/deps --extern ark_bls12_381=/opt/rustwide/target/debug/deps/libark_bls12_381-8e15ff6471c6ac93.rmeta --extern ark_ec=/opt/rustwide/target/debug/deps/libark_ec-145397d58dbf07ed.rmeta --extern ark_ff=/opt/rustwide/target/debug/deps/libark_ff-8835de165c7792bb.rmeta --extern ark_poly=/opt/rustwide/target/debug/deps/libark_poly-8e8b50270f4c4953.rmeta --extern ark_poly_commit=/opt/rustwide/target/debug/deps/libark_poly_commit-8fa8bdaa8d64ed55.rmeta --extern ark_serialize=/opt/rustwide/target/debug/deps/libark_serialize-f532c5c4b685eec0.rmeta --extern ark_std=/opt/rustwide/target/debug/deps/libark_std-6b755c3e41e2cd7e.rmeta --extern capnp=/opt/rustwide/target/debug/deps/libcapnp-fc92071df66ccfef.rmeta --extern capnp_rpc=/opt/rustwide/target/debug/deps/libcapnp_rpc-ce7feb7858cdda74.rmeta --extern futures=/opt/rustwide/target/debug/deps/libfutures-2d48fa774a8ae7cb.rmeta --extern hello_world=/opt/rustwide/target/debug/deps/libhello_world-26fb5e0d060a650d.rmeta --extern jf_plonk=/opt/rustwide/target/debug/deps/libjf_plonk-bd7b2f670596cf3b.rmeta --extern jf_primitives=/opt/rustwide/target/debug/deps/libjf_primitives-d6ddefd9ebacdb8f.rmeta --extern jf_utils=/opt/rustwide/target/debug/deps/libjf_utils-6e309fa50c5f283d.rmeta --extern merlin=/opt/rustwide/target/debug/deps/libmerlin-2680d304e7500372.rmeta --extern rand=/opt/rustwide/target/debug/deps/librand-390ac6f77ad61892.rmeta --extern rayon=/opt/rustwide/target/debug/deps/librayon-93baa91e47e139ed.rmeta --extern serde=/opt/rustwide/target/debug/deps/libserde-770a4e54c7e4f554.rmeta --extern serde_json=/opt/rustwide/target/debug/deps/libserde_json-6645752f3db16ad5.rmeta --extern tokio=/opt/rustwide/target/debug/deps/libtokio-148c06e89d1cfcdb.rmeta --extern tokio_util=/opt/rustwide/target/debug/deps/libtokio_util-f3a5083f6309b811.rmeta --cap-lints=warn --crate-version 0.0.0` (exit status: 1)
[INFO] [stderr] warning: build failed, waiting for other jobs to finish...
[INFO] [stdout] error: aborting due to 1 previous error
[INFO] [stdout] 
[INFO] [stdout] 
[INFO] [stdout] For more information about this error, try `rustc --explain E0554`.
[INFO] [stdout] 
[INFO] [stdout] error: aborting due to 1 previous error
[INFO] [stdout] 
[INFO] [stdout] 
[INFO] [stdout] For more information about this error, try `rustc --explain E0554`.
[INFO] [stdout] 
[INFO] [stderr] error: could not document `hello-world`
[INFO] [stderr] 
[INFO] [stderr] Caused by:
[INFO] [stderr]   process didn't exit successfully: `/opt/rustwide/rustup-home/toolchains/beta-2023-12-22-x86_64-unknown-linux-gnu/bin/rustdoc --edition=2018 --crate-type bin --crate-name dispatcher src/dispatcher.rs -o /opt/rustwide/target/doc --error-format=json --json=diagnostic-rendered-ansi,artifacts,future-incompat --document-private-items '-Arustdoc::private-intra-doc-links' -C metadata=f34941f971b2a7ea -L dependency=/opt/rustwide/target/debug/deps --extern ark_bls12_381=/opt/rustwide/target/debug/deps/libark_bls12_381-8e15ff6471c6ac93.rmeta --extern ark_ec=/opt/rustwide/target/debug/deps/libark_ec-145397d58dbf07ed.rmeta --extern ark_ff=/opt/rustwide/target/debug/deps/libark_ff-8835de165c7792bb.rmeta --extern ark_poly=/opt/rustwide/target/debug/deps/libark_poly-8e8b50270f4c4953.rmeta --extern ark_poly_commit=/opt/rustwide/target/debug/deps/libark_poly_commit-8fa8bdaa8d64ed55.rmeta --extern ark_serialize=/opt/rustwide/target/debug/deps/libark_serialize-f532c5c4b685eec0.rmeta --extern ark_std=/opt/rustwide/target/debug/deps/libark_std-6b755c3e41e2cd7e.rmeta --extern capnp=/opt/rustwide/target/debug/deps/libcapnp-fc92071df66ccfef.rmeta --extern capnp_rpc=/opt/rustwide/target/debug/deps/libcapnp_rpc-ce7feb7858cdda74.rmeta --extern futures=/opt/rustwide/target/debug/deps/libfutures-2d48fa774a8ae7cb.rmeta --extern hello_world=/opt/rustwide/target/debug/deps/libhello_world-26fb5e0d060a650d.rmeta --extern jf_plonk=/opt/rustwide/target/debug/deps/libjf_plonk-bd7b2f670596cf3b.rmeta --extern jf_primitives=/opt/rustwide/target/debug/deps/libjf_primitives-d6ddefd9ebacdb8f.rmeta --extern jf_utils=/opt/rustwide/target/debug/deps/libjf_utils-6e309fa50c5f283d.rmeta --extern merlin=/opt/rustwide/target/debug/deps/libmerlin-2680d304e7500372.rmeta --extern rand=/opt/rustwide/target/debug/deps/librand-390ac6f77ad61892.rmeta --extern rayon=/opt/rustwide/target/debug/deps/librayon-93baa91e47e139ed.rmeta --extern serde=/opt/rustwide/target/debug/deps/libserde-770a4e54c7e4f554.rmeta --extern serde_json=/opt/rustwide/target/debug/deps/libserde_json-6645752f3db16ad5.rmeta --extern tokio=/opt/rustwide/target/debug/deps/libtokio-148c06e89d1cfcdb.rmeta --extern tokio_util=/opt/rustwide/target/debug/deps/libtokio_util-f3a5083f6309b811.rmeta --cap-lints=warn --crate-version 0.0.0` (exit status: 1)
[INFO] [stderr] error: could not document `hello-world`
[INFO] [stderr] 
[INFO] [stderr] Caused by:
[INFO] [stderr]   process didn't exit successfully: `/opt/rustwide/rustup-home/toolchains/beta-2023-12-22-x86_64-unknown-linux-gnu/bin/rustdoc --edition=2018 --crate-type bin --crate-name dispatcher2 src/dispatcher2.rs -o /opt/rustwide/target/doc --error-format=json --json=diagnostic-rendered-ansi,artifacts,future-incompat --document-private-items '-Arustdoc::private-intra-doc-links' -C metadata=a9cf538e3075dc8b -L dependency=/opt/rustwide/target/debug/deps --extern ark_bls12_381=/opt/rustwide/target/debug/deps/libark_bls12_381-8e15ff6471c6ac93.rmeta --extern ark_ec=/opt/rustwide/target/debug/deps/libark_ec-145397d58dbf07ed.rmeta --extern ark_ff=/opt/rustwide/target/debug/deps/libark_ff-8835de165c7792bb.rmeta --extern ark_poly=/opt/rustwide/target/debug/deps/libark_poly-8e8b50270f4c4953.rmeta --extern ark_poly_commit=/opt/rustwide/target/debug/deps/libark_poly_commit-8fa8bdaa8d64ed55.rmeta --extern ark_serialize=/opt/rustwide/target/debug/deps/libark_serialize-f532c5c4b685eec0.rmeta --extern ark_std=/opt/rustwide/target/debug/deps/libark_std-6b755c3e41e2cd7e.rmeta --extern capnp=/opt/rustwide/target/debug/deps/libcapnp-fc92071df66ccfef.rmeta --extern capnp_rpc=/opt/rustwide/target/debug/deps/libcapnp_rpc-ce7feb7858cdda74.rmeta --extern futures=/opt/rustwide/target/debug/deps/libfutures-2d48fa774a8ae7cb.rmeta --extern hello_world=/opt/rustwide/target/debug/deps/libhello_world-26fb5e0d060a650d.rmeta --extern jf_plonk=/opt/rustwide/target/debug/deps/libjf_plonk-bd7b2f670596cf3b.rmeta --extern jf_primitives=/opt/rustwide/target/debug/deps/libjf_primitives-d6ddefd9ebacdb8f.rmeta --extern jf_utils=/opt/rustwide/target/debug/deps/libjf_utils-6e309fa50c5f283d.rmeta --extern merlin=/opt/rustwide/target/debug/deps/libmerlin-2680d304e7500372.rmeta --extern rand=/opt/rustwide/target/debug/deps/librand-390ac6f77ad61892.rmeta --extern rayon=/opt/rustwide/target/debug/deps/librayon-93baa91e47e139ed.rmeta --extern serde=/opt/rustwide/target/debug/deps/libserde-770a4e54c7e4f554.rmeta --extern serde_json=/opt/rustwide/target/debug/deps/libserde_json-6645752f3db16ad5.rmeta --extern tokio=/opt/rustwide/target/debug/deps/libtokio-148c06e89d1cfcdb.rmeta --extern tokio_util=/opt/rustwide/target/debug/deps/libtokio_util-f3a5083f6309b811.rmeta --cap-lints=warn --crate-version 0.0.0` (exit status: 1)
[INFO] running `Command { std: "docker" "inspect" "a6879975a2e00e1475ad5fe137e39626c5b4beec88db27d1d5ceeb247638d196", kill_on_drop: false }`
[INFO] running `Command { std: "docker" "rm" "-f" "a6879975a2e00e1475ad5fe137e39626c5b4beec88db27d1d5ceeb247638d196", kill_on_drop: false }`
[INFO] [stdout] a6879975a2e00e1475ad5fe137e39626c5b4beec88db27d1d5ceeb247638d196
