[INFO] cloning repository https://github.com/MeFisto94/Sargerust
[INFO] running `Command { std: "git" "-c" "credential.helper=" "-c" "credential.helper=/workspace/cargo-home/bin/git-credential-null" "clone" "--bare" "https://github.com/MeFisto94/Sargerust" "/workspace/cache/git-repos/https%3A%2F%2Fgithub.com%2FMeFisto94%2FSargerust", kill_on_drop: false }`
[INFO] [stderr] Cloning into bare repository '/workspace/cache/git-repos/https%3A%2F%2Fgithub.com%2FMeFisto94%2FSargerust'...
[INFO] running `Command { std: "git" "rev-parse" "HEAD", kill_on_drop: false }`
[INFO] [stdout] 7cdea34b2b1ad84ac9e2c4e356bc07f62fe680ca
[INFO] documenting MeFisto94/Sargerust against 1.75.0 for beta-1.76-rustdoc-1
[INFO] running `Command { std: "git" "clone" "/workspace/cache/git-repos/https%3A%2F%2Fgithub.com%2FMeFisto94%2FSargerust" "/workspace/builds/worker-5-tc1/source", kill_on_drop: false }`
[INFO] [stderr] Cloning into '/workspace/builds/worker-5-tc1/source'...
[INFO] [stderr] done.
[INFO] validating manifest of git repo https://github.com/MeFisto94/Sargerust on toolchain 1.75.0
[INFO] running `Command { std: CARGO_HOME="/workspace/cargo-home" RUSTUP_HOME="/workspace/rustup-home" "/workspace/cargo-home/bin/cargo" "+1.75.0" "metadata" "--manifest-path" "Cargo.toml" "--no-deps", kill_on_drop: false }`
[INFO] removed /workspace/builds/worker-5-tc1/source/.cargo/config.toml
[INFO] started tweaking git repo https://github.com/MeFisto94/Sargerust
[INFO] finished tweaking git repo https://github.com/MeFisto94/Sargerust
[INFO] tweaked toml for git repo https://github.com/MeFisto94/Sargerust written to /workspace/builds/worker-5-tc1/source/Cargo.toml
[INFO] crate git repo https://github.com/MeFisto94/Sargerust already has a lockfile, it will not be regenerated
[INFO] running `Command { std: CARGO_HOME="/workspace/cargo-home" RUSTUP_HOME="/workspace/rustup-home" "/workspace/cargo-home/bin/cargo" "+1.75.0" "fetch" "--manifest-path" "Cargo.toml", kill_on_drop: false }`
[INFO] [stderr] warning: /workspace/builds/worker-5-tc1/source/Cargo.toml: dependency (nalgebra) specified without providing a local path, Git repository, version, or workspace dependency to use. This will be considered an error in future versions
[INFO] [stderr]     Updating git repository `https://github.com/dimforge/simba`
[INFO] [stderr]     Updating crates.io index
[INFO] [stderr]     Updating git repository `https://github.com/BVE-Reborn/rend3`
[INFO] [stderr]     Updating git repository `https://github.com/gtker/wow_messages`
[INFO] [stderr]     Updating git repository `https://github.com/gtker/wow_srp`
[INFO] [stderr]  Downloading crates ...
[INFO] [stderr]   Downloaded rust-embed-utils v8.1.0
[INFO] [stderr]   Downloaded thiserror v1.0.52
[INFO] [stderr]   Downloaded rust-embed-impl v8.1.0
[INFO] [stderr]   Downloaded noop-waker v0.1.0
[INFO] [stderr]   Downloaded texpresso v2.0.1
[INFO] [stderr]   Downloaded quick_cache v0.4.0
[INFO] [stderr]   Downloaded thiserror-impl v1.0.52
[INFO] [stderr]   Downloaded list-any v0.2.1
[INFO] [stderr]   Downloaded bzip2-rs v0.1.2
[INFO] [stderr]   Downloaded wgpu-hal v0.18.1
[INFO] [stderr]   Downloaded rust-embed v8.1.0
[INFO] [stderr]   Downloaded naga v0.14.2
[INFO] [stderr]   Downloaded spade v2.5.0
[INFO] [stderr]   Downloaded implode v0.1.1
[INFO] [stderr]   Downloaded wgpu-profiler v0.15.0
[INFO] [stderr]   Downloaded image-blp v1.2.0
[INFO] running `Command { std: "docker" "create" "-v" "/var/lib/crater-agent-workspace/builds/worker-5-tc1/target:/opt/rustwide/target:rw,Z" "-v" "/var/lib/crater-agent-workspace/builds/worker-5-tc1/source:/opt/rustwide/workdir:ro,Z" "-v" "/var/lib/crater-agent-workspace/cargo-home:/opt/rustwide/cargo-home:ro,Z" "-v" "/var/lib/crater-agent-workspace/rustup-home:/opt/rustwide/rustup-home:ro,Z" "-e" "SOURCE_DIR=/opt/rustwide/workdir" "-e" "CARGO_TARGET_DIR=/opt/rustwide/target" "-e" "CARGO_HOME=/opt/rustwide/cargo-home" "-e" "RUSTUP_HOME=/opt/rustwide/rustup-home" "-w" "/opt/rustwide/workdir" "-m" "1610612736" "--user" "0:0" "--network" "none" "ghcr.io/rust-lang/crates-build-env/linux@sha256:2788e3201cd34a07e3172128adcd8b3090168a8e3bcc40d7c032b9dda1df7d1c" "/opt/rustwide/cargo-home/bin/cargo" "+1.75.0" "metadata" "--no-deps" "--format-version=1", kill_on_drop: false }`
[INFO] [stdout] 0747c579e7763dee0d9cfbddcbb6b1aa14111ed5a7a75f5091fe10387371f35c
[INFO] running `Command { std: "docker" "start" "-a" "0747c579e7763dee0d9cfbddcbb6b1aa14111ed5a7a75f5091fe10387371f35c", kill_on_drop: false }`
[INFO] running `Command { std: "docker" "inspect" "0747c579e7763dee0d9cfbddcbb6b1aa14111ed5a7a75f5091fe10387371f35c", kill_on_drop: false }`
[INFO] running `Command { std: "docker" "rm" "-f" "0747c579e7763dee0d9cfbddcbb6b1aa14111ed5a7a75f5091fe10387371f35c", kill_on_drop: false }`
[INFO] [stdout] 0747c579e7763dee0d9cfbddcbb6b1aa14111ed5a7a75f5091fe10387371f35c
[INFO] running `Command { std: "docker" "create" "-v" "/var/lib/crater-agent-workspace/builds/worker-5-tc1/target:/opt/rustwide/target:rw,Z" "-v" "/var/lib/crater-agent-workspace/builds/worker-5-tc1/source:/opt/rustwide/workdir:ro,Z" "-v" "/var/lib/crater-agent-workspace/cargo-home:/opt/rustwide/cargo-home:ro,Z" "-v" "/var/lib/crater-agent-workspace/rustup-home:/opt/rustwide/rustup-home:ro,Z" "-e" "SOURCE_DIR=/opt/rustwide/workdir" "-e" "CARGO_TARGET_DIR=/opt/rustwide/target" "-e" "CARGO_INCREMENTAL=0" "-e" "RUST_BACKTRACE=full" "-e" "RUSTFLAGS=--cap-lints=warn" "-e" "RUSTDOCFLAGS=--cap-lints=warn" "-e" "CARGO_HOME=/opt/rustwide/cargo-home" "-e" "RUSTUP_HOME=/opt/rustwide/rustup-home" "-w" "/opt/rustwide/workdir" "-m" "1610612736" "--user" "0:0" "--network" "none" "ghcr.io/rust-lang/crates-build-env/linux@sha256:2788e3201cd34a07e3172128adcd8b3090168a8e3bcc40d7c032b9dda1df7d1c" "/opt/rustwide/cargo-home/bin/cargo" "+1.75.0" "doc" "--frozen" "--no-deps" "--document-private-items" "--message-format=json", kill_on_drop: false }`
[INFO] [stdout] da8d2833a3780b8bd5d2bf565bc591917b373b52311a1673e80a9ebb78ae6902
[INFO] running `Command { std: "docker" "start" "-a" "da8d2833a3780b8bd5d2bf565bc591917b373b52311a1673e80a9ebb78ae6902", kill_on_drop: false }`
[INFO] [stderr] warning: /opt/rustwide/workdir/Cargo.toml: dependency (nalgebra) specified without providing a local path, Git repository, version, or workspace dependency to use. This will be considered an error in future versions
[INFO] [stderr]    Compiling autocfg v1.1.0
[INFO] [stderr]    Compiling proc-macro2 v1.0.71
[INFO] [stderr]    Compiling unicode-ident v1.0.12
[INFO] [stderr]    Compiling libc v0.2.151
[INFO] [stderr]    Compiling libm v0.2.8
[INFO] [stderr]    Compiling pkg-config v0.3.28
[INFO] [stderr]    Compiling typenum v1.17.0
[INFO] [stderr]     Checking once_cell v1.19.0
[INFO] [stderr]    Compiling thiserror v1.0.52
[INFO] [stderr]     Checking smallvec v1.11.2
[INFO] [stderr]    Compiling num-traits v0.2.17
[INFO] [stderr]    Compiling generic-array v0.14.7
[INFO] [stderr]     Checking bytemuck v1.14.0
[INFO] [stderr]    Compiling lock_api v0.4.11
[INFO] [stderr]    Compiling quote v1.0.33
[INFO] [stderr]    Compiling ahash v0.8.6
[INFO] [stderr]     Checking libloading v0.8.1
[INFO] [stderr]    Compiling syn v2.0.43
[INFO] [stderr]     Checking bitflags v2.4.1
[INFO] [stderr]     Checking log v0.4.20
[INFO] [stderr]     Checking scopeguard v1.2.0
[INFO] [stderr]     Checking zerocopy v0.7.32
[INFO] [stderr]    Compiling crossbeam-utils v0.8.18
[INFO] [stderr]     Checking allocator-api2 v0.2.16
[INFO] [stderr]     Checking simd-adler32 v0.3.7
[INFO] [stderr]    Compiling cc v1.0.83
[INFO] [stderr]    Compiling crc32fast v1.3.2
[INFO] [stderr]    Compiling vcpkg v0.2.15
[INFO] [stderr]    Compiling xml-rs v0.8.19
[INFO] [stderr]    Compiling memoffset v0.6.5
[INFO] [stderr]     Checking adler v1.0.2
[INFO] [stderr]    Compiling parking_lot_core v0.9.9
[INFO] [stderr]     Checking getrandom v0.2.11
[INFO] [stderr]     Checking miniz_oxide v0.7.1
[INFO] [stderr]     Checking arrayvec v0.7.4
[INFO] [stderr]     Checking hashbrown v0.14.3
[INFO] [stderr]     Checking crypto-common v0.1.6
[INFO] [stderr]    Compiling wayland-scanner v0.29.5
[INFO] [stderr]     Checking block-buffer v0.10.4
[INFO] [stderr]     Checking crossbeam-epoch v0.9.17
[INFO] [stderr]    Compiling num-integer v0.1.45
[INFO] [stderr]    Compiling libz-sys v1.1.12
[INFO] [stderr]     Checking subtle v2.5.0
[INFO] [stderr]     Checking digest v0.10.7
[INFO] [stderr]     Checking crossbeam-deque v0.8.4
[INFO] [stderr]     Checking approx v0.5.1
[INFO] [stderr]    Compiling wayland-sys v0.29.5
[INFO] [stderr]     Checking equivalent v1.0.1
[INFO] [stderr]     Checking rustc-hash v1.1.0
[INFO] [stderr]     Checking bit-vec v0.6.3
[INFO] [stderr]     Checking termcolor v1.4.0
[INFO] [stderr]     Checking parking_lot v0.12.1
[INFO] [stderr]     Checking flate2 v1.0.28
[INFO] [stderr]     Checking nanorand v0.7.0
[INFO] [stderr]     Checking spin v0.9.8
[INFO] [stderr]     Checking dlib v0.5.2
[INFO] [stderr]     Checking cpufeatures v0.2.11
[INFO] [stderr]     Checking either v1.9.0
[INFO] [stderr]     Checking downcast-rs v1.2.0
[INFO] [stderr]    Compiling rayon-core v1.12.0
[INFO] [stderr]     Checking futures-sink v0.3.30
[INFO] [stderr]     Checking unicode-width v0.1.11
[INFO] [stderr]    Compiling khronos-egl v6.0.0
[INFO] [stderr]    Compiling syn v1.0.109
[INFO] [stderr]     Checking futures-core v0.3.30
[INFO] [stderr]    Compiling ash v0.37.3+1.3.251
[INFO] [stderr]    Compiling wayland-client v0.29.5
[INFO] [stderr]     Checking flume v0.11.0
[INFO] [stderr]     Checking codespan-reporting v0.11.1
[INFO] [stderr]     Checking bit-set v0.5.3
[INFO] [stderr]     Checking indexmap v2.1.0
[INFO] [stderr]     Checking glam v0.24.2
[INFO] [stderr]     Checking nix v0.24.3
[INFO] [stderr]     Checking spirv v0.2.0+1.5.4
[INFO] [stderr]     Checking wgpu-types v0.18.0
[INFO] [stderr]     Checking gpu-alloc-types v0.3.0
[INFO] [stderr]     Checking gpu-descriptor-types v0.1.2
[INFO] [stderr]     Checking libloading v0.7.4
[INFO] [stderr]     Checking hexf-parse v0.2.1
[INFO] [stderr]    Compiling toml_datetime v0.6.3
[INFO] [stderr]    Compiling option-ext v0.2.0
[INFO] [stderr]    Compiling ucd-trie v0.1.6
[INFO] [stderr]     Checking unicode-xid v0.2.4
[INFO] [stderr]    Compiling winnow v0.5.31
[INFO] [stderr]    Compiling memchr v2.6.4
[INFO] [stderr]     Checking raw-window-handle v0.5.2
[INFO] [stderr]    Compiling dirs-sys v0.4.1
[INFO] [stderr]     Checking gpu-descriptor v0.2.4
[INFO] [stderr]    Compiling thiserror-impl v1.0.52
[INFO] [stderr]     Checking wayland-commons v0.29.5
[INFO] [stderr]     Checking gpu-alloc v0.6.0
[INFO] [stderr]     Checking fdeflate v0.3.3
[INFO] [stderr]    Compiling num-rational v0.4.1
[INFO] [stderr]    Compiling slotmap v1.0.7
[INFO] [stderr]     Checking renderdoc-sys v1.0.0
[INFO] [stderr]     Checking glow v0.13.0
[INFO] [stderr]     Checking scoped-tls v1.0.1
[INFO] [stderr]    Compiling serde v1.0.193
[INFO] [stderr]     Checking profiling v1.0.13
[INFO] [stderr]    Compiling same-file v1.0.6
[INFO] [stderr]    Compiling walkdir v2.4.0
[INFO] [stderr]    Compiling sha2 v0.10.8
[INFO] [stderr]     Checking naga v0.14.2
[INFO] [stderr]    Compiling pest v2.7.5
[INFO] [stderr]     Checking png v0.17.10
[INFO] [stderr]    Compiling dirs v5.0.1
[INFO] [stderr]    Compiling serde_derive v1.0.193
[INFO] [stderr]    Compiling wayland-protocols v0.29.5
[INFO] [stderr]    Compiling encase_derive_impl v0.6.1
[INFO] [stderr]    Compiling paste v1.0.14
[INFO] [stderr]     Checking static_assertions v1.1.0
[INFO] [stderr]    Compiling packed_simd v0.3.9
[INFO] [stderr]     Checking vec_map v0.8.2
[INFO] [stderr]    Compiling pest_meta v2.7.5
[INFO] [stderr]    Compiling serde_json v1.0.108
[INFO] [stderr]    Compiling encase_derive v0.6.1
[INFO] [stderr]    Compiling shellexpand v3.1.0
[INFO] [stderr]    Compiling rust-embed-utils v8.1.0
[INFO] [stderr]    Compiling pest_generator v2.7.5
[INFO] [stderr]     Checking rayon v1.8.0
[INFO] [stderr]     Checking nix v0.25.1
[INFO] [stderr]     Checking safe_arch v0.7.1
[INFO] [stderr]    Compiling smithay-client-toolkit v0.16.1
[INFO] [stderr]    Compiling matrixmultiply v0.3.8
[INFO] [stderr]    Compiling smartstring v1.0.1
[INFO] [stderr]     Checking strict-num v0.1.1
[INFO] [stderr]    Compiling rustix v0.38.28
[INFO] [stderr]     Checking itoa v1.0.10
[INFO] [stderr]     Checking ryu v1.0.16
[INFO] [stderr]     Checking xcursor v0.3.5
[INFO] [stderr]     Checking arrayref v0.3.7
[INFO] [stderr]     Checking const_panic v0.2.8
[INFO] [stderr]     Checking ttf-parser v0.20.0
[INFO] [stderr]     Checking encase v0.6.1
[INFO] [stderr]     Checking tiny-skia-path v0.8.4
[INFO] [stderr]     Checking calloop v0.10.6
[INFO] [stderr]     Checking wayland-cursor v0.29.5
[INFO] [stderr]    Compiling pest_derive v2.7.5
[INFO] [stderr]     Checking wide v0.7.13
[INFO] [stderr]    Compiling rust-embed-impl v8.1.0
[INFO] [stderr]    Compiling toml_edit v0.20.2
[INFO] [stderr]     Checking owned_ttf_parser v0.20.0
[INFO] [stderr]     Checking rand_core v0.6.4
[INFO] [stderr]     Checking memmap2 v0.5.10
[INFO] [stderr]     Checking num-complex v0.4.4
[INFO] [stderr]     Checking wgpu-hal v0.18.1
[INFO] [stderr]    Compiling x11-dl v2.21.0
[INFO] [stderr]    Compiling slab v0.4.9
[INFO] [stderr]    Compiling num-bigint v0.4.4
[INFO] [stderr]     Checking ab_glyph_rasterizer v0.1.8
[INFO] [stderr]     Checking rawpointer v0.2.1
[INFO] [stderr]     Checking linux-raw-sys v0.4.12
[INFO] [stderr]    Compiling cfg_aliases v0.1.1
[INFO] [stderr]     Checking weezl v0.1.7
[INFO] [stderr]     Checking byteorder v1.5.0
[INFO] [stderr]     Checking list-any v0.2.1
[INFO] [stderr]     Checking rand_chacha v0.3.1
[INFO] [stdout] error[E0554]: `#![feature]` may not be used on the stable release channel
[INFO] [stdout]    --> /opt/rustwide/cargo-home/registry/src/index.crates.io-6f17d22bba15001f/packed_simd-0.3.9/src/lib.rs:214:1
[INFO] [stdout]     |
[INFO] [stdout] 214 | / #![feature(
[INFO] [stdout] 215 | |     adt_const_params,
[INFO] [stdout] 216 | |     repr_simd,
[INFO] [stdout] 217 | |     rustc_attrs,
[INFO] [stdout] ...   |
[INFO] [stdout] 224 | |     custom_inner_attributes,
[INFO] [stdout] 225 | | )]
[INFO] [stdout]     | |__^
[INFO] [stdout] 
[INFO] [stdout] 
[INFO] [stderr]     Checking rend3-types v0.3.0 (https://github.com/BVE-Reborn/rend3#de9a8ac8)
[INFO] [stderr]    Compiling proc-macro-crate v2.0.1
[INFO] [stderr]    Compiling winit v0.28.7
[INFO] [stdout] error[E0554]: `#![feature]` may not be used on the stable release channel
[INFO] [stdout]    --> /opt/rustwide/cargo-home/registry/src/index.crates.io-6f17d22bba15001f/packed_simd-0.3.9/src/lib.rs:219:5
[INFO] [stdout]     |
[INFO] [stdout] 219 |     stdsimd,
[INFO] [stdout]     |     ^^^^^^^
[INFO] [stdout] 
[INFO] [stdout] 
[INFO] [stdout] error[E0554]: `#![feature]` may not be used on the stable release channel
[INFO] [stdout]    --> /opt/rustwide/cargo-home/registry/src/index.crates.io-6f17d22bba15001f/packed_simd-0.3.9/src/lib.rs:222:5
[INFO] [stdout]     |
[INFO] [stdout] 222 |     core_intrinsics,
[INFO] [stdout]     |     ^^^^^^^^^^^^^^^
[INFO] [stdout] 
[INFO] [stdout] 
[INFO] [stderr]     Checking handlebars v4.5.0
[INFO] [stderr]     Checking ab_glyph v0.2.23
[INFO] [stderr]     Checking wgpu-core v0.18.1
[INFO] [stderr]     Checking rust-embed v8.1.0
[INFO] [stderr]     Checking tiny-skia v0.8.4
[INFO] [stderr]     Checking jpeg-decoder v0.3.0
[INFO] [stderr]    Compiling nalgebra-macros v0.2.1
[INFO] [stderr]    Compiling toml_edit v0.19.15
[INFO] [stderr]     Checking mio v0.8.10
[INFO] [stderr]     Checking zune-inflate v0.2.54
[INFO] [stderr]    Compiling anyhow v1.0.77
[INFO] [stderr]     Checking range-alloc v0.1.3
[INFO] [stderr]     Checking robust v1.1.0
[INFO] [stderr]     Checking bimap v0.6.3
[INFO] [stderr]     Checking half v2.2.1
[INFO] [stderr]     Checking bit_field v0.10.2
[INFO] [stderr]     Checking lebe v0.5.2
[INFO] [stderr]     Checking color_quant v1.1.0
[INFO] [stderr]     Checking bumpalo v3.14.0
[INFO] [stderr]     Checking noop-waker v0.1.0
[INFO] [stderr]     Checking gif v0.12.0
[INFO] [stderr]     Checking spade v2.5.0
[INFO] [stderr]     Checking exr v1.71.0
[INFO] [stderr]    Compiling proc-macro-crate v1.3.1
[INFO] [stderr]    Compiling num_enum_derive v0.7.1
[INFO] [stderr]     Checking tiff v0.9.0
[INFO] [stderr]     Checking wgpu v0.18.0
[INFO] [stdout] error: aborting due to 3 previous errors
[INFO] [stdout] 
[INFO] [stdout] 
[INFO] [stdout] For more information about this error, try `rustc --explain E0554`.
[INFO] [stdout] 
[INFO] [stderr]     Checking is-terminal v0.4.9
[INFO] [stderr] error: could not compile `packed_simd` (lib) due to 4 previous errors
[INFO] [stderr] warning: build failed, waiting for other jobs to finish...
[INFO] running `Command { std: "docker" "inspect" "da8d2833a3780b8bd5d2bf565bc591917b373b52311a1673e80a9ebb78ae6902", kill_on_drop: false }`
[INFO] running `Command { std: "docker" "rm" "-f" "da8d2833a3780b8bd5d2bf565bc591917b373b52311a1673e80a9ebb78ae6902", kill_on_drop: false }`
[INFO] [stdout] da8d2833a3780b8bd5d2bf565bc591917b373b52311a1673e80a9ebb78ae6902
[INFO] documenting MeFisto94/Sargerust against beta-2023-12-22 for beta-1.76-rustdoc-1
[INFO] running `Command { std: "git" "clone" "/workspace/cache/git-repos/https%3A%2F%2Fgithub.com%2FMeFisto94%2FSargerust" "/workspace/builds/worker-5-tc2/source", kill_on_drop: false }`
[INFO] [stderr] Cloning into '/workspace/builds/worker-5-tc2/source'...
[INFO] [stderr] done.
[INFO] validating manifest of git repo https://github.com/MeFisto94/Sargerust on toolchain beta-2023-12-22
[INFO] running `Command { std: CARGO_HOME="/workspace/cargo-home" RUSTUP_HOME="/workspace/rustup-home" "/workspace/cargo-home/bin/cargo" "+beta-2023-12-22" "metadata" "--manifest-path" "Cargo.toml" "--no-deps", kill_on_drop: false }`
[INFO] removed /workspace/builds/worker-5-tc2/source/.cargo/config.toml
[INFO] started tweaking git repo https://github.com/MeFisto94/Sargerust
[INFO] finished tweaking git repo https://github.com/MeFisto94/Sargerust
[INFO] tweaked toml for git repo https://github.com/MeFisto94/Sargerust written to /workspace/builds/worker-5-tc2/source/Cargo.toml
[INFO] crate git repo https://github.com/MeFisto94/Sargerust already has a lockfile, it will not be regenerated
[INFO] running `Command { std: CARGO_HOME="/workspace/cargo-home" RUSTUP_HOME="/workspace/rustup-home" "/workspace/cargo-home/bin/cargo" "+beta-2023-12-22" "fetch" "--manifest-path" "Cargo.toml", kill_on_drop: false }`
[INFO] [stderr] warning: /workspace/builds/worker-5-tc2/source/Cargo.toml: dependency (nalgebra) specified without providing a local path, Git repository, version, or workspace dependency to use. This will be considered an error in future versions
[INFO] running `Command { std: "docker" "create" "-v" "/var/lib/crater-agent-workspace/builds/worker-5-tc2/target:/opt/rustwide/target:rw,Z" "-v" "/var/lib/crater-agent-workspace/builds/worker-5-tc2/source:/opt/rustwide/workdir:ro,Z" "-v" "/var/lib/crater-agent-workspace/cargo-home:/opt/rustwide/cargo-home:ro,Z" "-v" "/var/lib/crater-agent-workspace/rustup-home:/opt/rustwide/rustup-home:ro,Z" "-e" "SOURCE_DIR=/opt/rustwide/workdir" "-e" "CARGO_TARGET_DIR=/opt/rustwide/target" "-e" "CARGO_HOME=/opt/rustwide/cargo-home" "-e" "RUSTUP_HOME=/opt/rustwide/rustup-home" "-w" "/opt/rustwide/workdir" "-m" "1610612736" "--user" "0:0" "--network" "none" "ghcr.io/rust-lang/crates-build-env/linux@sha256:2788e3201cd34a07e3172128adcd8b3090168a8e3bcc40d7c032b9dda1df7d1c" "/opt/rustwide/cargo-home/bin/cargo" "+beta-2023-12-22" "metadata" "--no-deps" "--format-version=1", kill_on_drop: false }`
[INFO] [stdout] 02dbc2f887d0540c0ad1480c886f5a121212b6f7f5d8264d1a0c34013d8827e3
[INFO] running `Command { std: "docker" "start" "-a" "02dbc2f887d0540c0ad1480c886f5a121212b6f7f5d8264d1a0c34013d8827e3", kill_on_drop: false }`
[INFO] running `Command { std: "docker" "inspect" "02dbc2f887d0540c0ad1480c886f5a121212b6f7f5d8264d1a0c34013d8827e3", kill_on_drop: false }`
[INFO] running `Command { std: "docker" "rm" "-f" "02dbc2f887d0540c0ad1480c886f5a121212b6f7f5d8264d1a0c34013d8827e3", kill_on_drop: false }`
[INFO] [stdout] 02dbc2f887d0540c0ad1480c886f5a121212b6f7f5d8264d1a0c34013d8827e3
[INFO] running `Command { std: "docker" "create" "-v" "/var/lib/crater-agent-workspace/builds/worker-5-tc2/target:/opt/rustwide/target:rw,Z" "-v" "/var/lib/crater-agent-workspace/builds/worker-5-tc2/source:/opt/rustwide/workdir:ro,Z" "-v" "/var/lib/crater-agent-workspace/cargo-home:/opt/rustwide/cargo-home:ro,Z" "-v" "/var/lib/crater-agent-workspace/rustup-home:/opt/rustwide/rustup-home:ro,Z" "-e" "SOURCE_DIR=/opt/rustwide/workdir" "-e" "CARGO_TARGET_DIR=/opt/rustwide/target" "-e" "CARGO_INCREMENTAL=0" "-e" "RUST_BACKTRACE=full" "-e" "RUSTFLAGS=--cap-lints=warn" "-e" "RUSTDOCFLAGS=--cap-lints=warn" "-e" "CARGO_HOME=/opt/rustwide/cargo-home" "-e" "RUSTUP_HOME=/opt/rustwide/rustup-home" "-w" "/opt/rustwide/workdir" "-m" "1610612736" "--user" "0:0" "--network" "none" "ghcr.io/rust-lang/crates-build-env/linux@sha256:2788e3201cd34a07e3172128adcd8b3090168a8e3bcc40d7c032b9dda1df7d1c" "/opt/rustwide/cargo-home/bin/cargo" "+beta-2023-12-22" "doc" "--frozen" "--no-deps" "--document-private-items" "--message-format=json", kill_on_drop: false }`
[INFO] [stdout] 13eef55d3ca4ecfeba361178efb78713aa7199d4ff33550c665deac063f8fb65
[INFO] running `Command { std: "docker" "start" "-a" "13eef55d3ca4ecfeba361178efb78713aa7199d4ff33550c665deac063f8fb65", kill_on_drop: false }`
[INFO] [stderr] warning: /opt/rustwide/workdir/Cargo.toml: dependency (nalgebra) specified without providing a local path, Git repository, version, or workspace dependency to use. This will be considered an error in future versions
[INFO] [stderr]    Compiling autocfg v1.1.0
[INFO] [stderr]    Compiling proc-macro2 v1.0.71
[INFO] [stderr]    Compiling unicode-ident v1.0.12
[INFO] [stderr]    Compiling libc v0.2.151
[INFO] [stderr]    Compiling libm v0.2.8
[INFO] [stderr]    Compiling typenum v1.17.0
[INFO] [stderr]    Compiling pkg-config v0.3.28
[INFO] [stderr]     Checking once_cell v1.19.0
[INFO] [stderr]     Checking smallvec v1.11.2
[INFO] [stderr]    Compiling thiserror v1.0.52
[INFO] [stderr]    Compiling num-traits v0.2.17
[INFO] [stderr]    Compiling generic-array v0.14.7
[INFO] [stderr]     Checking bytemuck v1.14.0
[INFO] [stderr]    Compiling lock_api v0.4.11
[INFO] [stderr]    Compiling ahash v0.8.6
[INFO] [stderr]    Compiling quote v1.0.33
[INFO] [stderr]     Checking libloading v0.8.1
[INFO] [stderr]    Compiling syn v2.0.43
[INFO] [stderr]     Checking bitflags v2.4.1
[INFO] [stderr]     Checking log v0.4.20
[INFO] [stderr]     Checking scopeguard v1.2.0
[INFO] [stderr]     Checking zerocopy v0.7.32
[INFO] [stderr]     Checking allocator-api2 v0.2.16
[INFO] [stderr]    Compiling crossbeam-utils v0.8.18
[INFO] [stderr]     Checking simd-adler32 v0.3.7
[INFO] [stderr]    Compiling cc v1.0.83
[INFO] [stderr]    Compiling xml-rs v0.8.19
[INFO] [stderr]    Compiling vcpkg v0.2.15
[INFO] [stderr]     Checking getrandom v0.2.11
[INFO] [stderr]    Compiling crc32fast v1.3.2
[INFO] [stderr]     Checking hashbrown v0.14.3
[INFO] [stderr]    Compiling memoffset v0.6.5
[INFO] [stderr]     Checking adler v1.0.2
[INFO] [stderr]    Compiling parking_lot_core v0.9.9
[INFO] [stderr]    Compiling wayland-scanner v0.29.5
[INFO] [stderr]     Checking miniz_oxide v0.7.1
[INFO] [stderr]     Checking arrayvec v0.7.4
[INFO] [stderr]     Checking block-buffer v0.10.4
[INFO] [stderr]     Checking crypto-common v0.1.6
[INFO] [stderr]     Checking crossbeam-epoch v0.9.17
[INFO] [stderr]    Compiling num-integer v0.1.45
[INFO] [stderr]     Checking subtle v2.5.0
[INFO] [stderr]     Checking approx v0.5.1
[INFO] [stderr]    Compiling libz-sys v1.1.12
[INFO] [stderr]     Checking digest v0.10.7
[INFO] [stderr]     Checking crossbeam-deque v0.8.4
[INFO] [stderr]    Compiling wayland-sys v0.29.5
[INFO] [stderr]     Checking equivalent v1.0.1
[INFO] [stderr]     Checking termcolor v1.4.0
[INFO] [stderr]     Checking rustc-hash v1.1.0
[INFO] [stderr]     Checking bit-vec v0.6.3
[INFO] [stderr]     Checking parking_lot v0.12.1
[INFO] [stderr]     Checking nanorand v0.7.0
[INFO] [stderr]     Checking spin v0.9.8
[INFO] [stderr]     Checking dlib v0.5.2
[INFO] [stderr]     Checking flate2 v1.0.28
[INFO] [stderr]    Compiling rayon-core v1.12.0
[INFO] [stderr]    Compiling khronos-egl v6.0.0
[INFO] [stderr]     Checking either v1.9.0
[INFO] [stderr]     Checking unicode-width v0.1.11
[INFO] [stderr]    Compiling syn v1.0.109
[INFO] [stderr]     Checking cpufeatures v0.2.11
[INFO] [stderr]     Checking downcast-rs v1.2.0
[INFO] [stderr]     Checking futures-sink v0.3.30
[INFO] [stderr]    Compiling ash v0.37.3+1.3.251
[INFO] [stderr]     Checking futures-core v0.3.30
[INFO] [stderr]    Compiling indexmap v2.1.0
[INFO] [stderr]     Checking codespan-reporting v0.11.1
[INFO] [stderr]     Checking flume v0.11.0
[INFO] [stderr]    Compiling wayland-client v0.29.5
[INFO] [stderr]     Checking bit-set v0.5.3
[INFO] [stderr]     Checking glam v0.24.2
[INFO] [stderr]     Checking nix v0.24.3
[INFO] [stderr]     Checking spirv v0.2.0+1.5.4
[INFO] [stderr]     Checking gpu-descriptor-types v0.1.2
[INFO] [stderr]     Checking wgpu-types v0.18.0
[INFO] [stderr]     Checking gpu-alloc-types v0.3.0
[INFO] [stderr]     Checking libloading v0.7.4
[INFO] [stderr]    Compiling ucd-trie v0.1.6
[INFO] [stderr]     Checking hexf-parse v0.2.1
[INFO] [stderr]    Compiling option-ext v0.2.0
[INFO] [stderr]     Checking raw-window-handle v0.5.2
[INFO] [stderr]    Compiling memchr v2.6.4
[INFO] [stderr]    Compiling toml_datetime v0.6.3
[INFO] [stderr]    Compiling winnow v0.5.31
[INFO] [stderr]     Checking unicode-xid v0.2.4
[INFO] [stderr]    Compiling dirs-sys v0.4.1
[INFO] [stderr]     Checking gpu-alloc v0.6.0
[INFO] [stderr]     Checking gpu-descriptor v0.2.4
[INFO] [stderr]     Checking wayland-commons v0.29.5
[INFO] [stderr]     Checking fdeflate v0.3.3
[INFO] [stderr]    Compiling num-rational v0.4.1
[INFO] [stderr]    Compiling slotmap v1.0.7
[INFO] [stderr]    Compiling thiserror-impl v1.0.52
[INFO] [stderr]    Compiling same-file v1.0.6
[INFO] [stderr]     Checking profiling v1.0.13
[INFO] [stderr]     Checking renderdoc-sys v1.0.0
[INFO] [stderr]     Checking glow v0.13.0
[INFO] [stderr]    Compiling serde v1.0.193
[INFO] [stderr]     Checking scoped-tls v1.0.1
[INFO] [stderr]    Compiling sha2 v0.10.8
[INFO] [stderr]    Compiling walkdir v2.4.0
[INFO] [stderr]    Compiling serde_derive v1.0.193
[INFO] [stderr]     Checking png v0.17.10
[INFO] [stderr]    Compiling dirs v5.0.1
[INFO] [stderr]    Compiling encase_derive_impl v0.6.1
[INFO] [stderr]    Compiling wayland-protocols v0.29.5
[INFO] [stderr]    Compiling pest v2.7.5
[INFO] [stderr]     Checking naga v0.14.2
[INFO] [stderr]    Compiling paste v1.0.14
[INFO] [stderr]    Compiling serde_json v1.0.108
[INFO] [stderr]     Checking static_assertions v1.1.0
[INFO] [stderr]    Compiling packed_simd v0.3.9
[INFO] [stderr]     Checking vec_map v0.8.2
[INFO] [stderr]    Compiling encase_derive v0.6.1
[INFO] [stderr]    Compiling shellexpand v3.1.0
[INFO] [stderr]    Compiling pest_meta v2.7.5
[INFO] [stderr]    Compiling rust-embed-utils v8.1.0
[INFO] [stderr]     Checking rayon v1.8.0
[INFO] [stderr]    Compiling pest_generator v2.7.5
[INFO] [stderr]     Checking nix v0.25.1
[INFO] [stderr]     Checking safe_arch v0.7.1
[INFO] [stderr]    Compiling smithay-client-toolkit v0.16.1
[INFO] [stderr]    Compiling matrixmultiply v0.3.8
[INFO] [stderr]    Compiling smartstring v1.0.1
[INFO] [stderr]     Checking ryu v1.0.16
[INFO] [stderr]     Checking ttf-parser v0.20.0
[INFO] [stderr]     Checking xcursor v0.3.5
[INFO] [stderr]     Checking itoa v1.0.10
[INFO] [stderr]     Checking strict-num v0.1.1
[INFO] [stderr]     Checking const_panic v0.2.8
[INFO] [stderr]    Compiling rustix v0.38.28
[INFO] [stderr]     Checking arrayref v0.3.7
[INFO] [stderr]     Checking tiny-skia-path v0.8.4
[INFO] [stderr]     Checking calloop v0.10.6
[INFO] [stderr]     Checking encase v0.6.1
[INFO] [stderr]     Checking wayland-cursor v0.29.5
[INFO] [stderr]    Compiling pest_derive v2.7.5
[INFO] [stderr]     Checking wide v0.7.13
[INFO] [stderr]    Compiling rust-embed-impl v8.1.0
[INFO] [stderr]     Checking owned_ttf_parser v0.20.0
[INFO] [stderr]    Compiling toml_edit v0.20.2
[INFO] [stderr]     Checking rand_core v0.6.4
[INFO] [stderr]     Checking num-complex v0.4.4
[INFO] [stderr]     Checking memmap2 v0.5.10
[INFO] [stderr]    Compiling x11-dl v2.21.0
[INFO] [stderr]    Compiling num-bigint v0.4.4
[INFO] [stderr]    Compiling slab v0.4.9
[INFO] [stderr]     Checking rawpointer v0.2.1
[INFO] [stderr]     Checking ab_glyph_rasterizer v0.1.8
[INFO] [stderr]     Checking weezl v0.1.7
[INFO] [stderr]     Checking linux-raw-sys v0.4.12
[INFO] [stderr]     Checking byteorder v1.5.0
[INFO] [stdout] error[E0554]: `#![feature]` may not be used on the beta release channel
[INFO] [stdout]    --> /opt/rustwide/cargo-home/registry/src/index.crates.io-6f17d22bba15001f/packed_simd-0.3.9/src/lib.rs:214:1
[INFO] [stdout]     |
[INFO] [stdout] 214 | / #![feature(
[INFO] [stdout] 215 | |     adt_const_params,
[INFO] [stdout] 216 | |     repr_simd,
[INFO] [stdout] 217 | |     rustc_attrs,
[INFO] [stdout] ...   |
[INFO] [stdout] 224 | |     custom_inner_attributes,
[INFO] [stdout] 225 | | )]
[INFO] [stdout]     | |__^
[INFO] [stdout] 
[INFO] [stdout] 
[INFO] [stderr]     Checking wgpu-hal v0.18.1
[INFO] [stderr]     Checking list-any v0.2.1
[INFO] [stderr]    Compiling cfg_aliases v0.1.1
[INFO] [stderr]    Compiling winit v0.28.7
[INFO] [stderr]     Checking rend3-types v0.3.0 (https://github.com/BVE-Reborn/rend3#de9a8ac8)
[INFO] [stderr]     Checking ab_glyph v0.2.23
[INFO] [stderr]     Checking rand_chacha v0.3.1
[INFO] [stderr]    Compiling proc-macro-crate v2.0.1
[INFO] [stdout] error[E0554]: `#![feature]` may not be used on the beta release channel
[INFO] [stdout]    --> /opt/rustwide/cargo-home/registry/src/index.crates.io-6f17d22bba15001f/packed_simd-0.3.9/src/lib.rs:219:5
[INFO] [stdout]     |
[INFO] [stdout] 219 |     stdsimd,
[INFO] [stdout]     |     ^^^^^^^
[INFO] [stdout] 
[INFO] [stdout] 
[INFO] [stdout] error[E0554]: `#![feature]` may not be used on the beta release channel
[INFO] [stdout]    --> /opt/rustwide/cargo-home/registry/src/index.crates.io-6f17d22bba15001f/packed_simd-0.3.9/src/lib.rs:222:5
[INFO] [stdout]     |
[INFO] [stdout] 222 |     core_intrinsics,
[INFO] [stdout]     |     ^^^^^^^^^^^^^^^
[INFO] [stdout] 
[INFO] [stdout] 
[INFO] [stderr]     Checking rust-embed v8.1.0
[INFO] [stderr]     Checking handlebars v4.5.0
[INFO] [stderr]     Checking tiny-skia v0.8.4
[INFO] [stderr]     Checking jpeg-decoder v0.3.0
[INFO] [stderr]    Compiling nalgebra-macros v0.2.1
[INFO] [stderr]    Compiling toml_edit v0.19.15
[INFO] [stderr]     Checking mio v0.8.10
[INFO] [stderr]     Checking zune-inflate v0.2.54
[INFO] [stderr]     Checking color_quant v1.1.0
[INFO] [stderr]    Compiling anyhow v1.0.77
[INFO] [stderr]     Checking lebe v0.5.2
[INFO] [stderr]     Checking wgpu-core v0.18.1
[INFO] [stderr]     Checking range-alloc v0.1.3
[INFO] [stderr]     Checking robust v1.1.0
[INFO] [stderr]     Checking bit_field v0.10.2
[INFO] [stderr]     Checking bumpalo v3.14.0
[INFO] [stderr]     Checking half v2.2.1
[INFO] [stderr]     Checking noop-waker v0.1.0
[INFO] [stderr]     Checking bimap v0.6.3
[INFO] [stderr]    Compiling num_enum_derive v0.7.1
[INFO] [stderr]     Checking exr v1.71.0
[INFO] [stderr]     Checking spade v2.5.0
[INFO] [stderr]     Checking gif v0.12.0
[INFO] [stderr]     Checking tiff v0.9.0
[INFO] [stderr]    Compiling proc-macro-crate v1.3.1
[INFO] [stdout] error: aborting due to 3 previous errors
[INFO] [stdout] 
[INFO] [stdout] 
[INFO] [stdout] For more information about this error, try `rustc --explain E0554`.
[INFO] [stdout] 
[INFO] [stderr] error: could not compile `packed_simd` (lib) due to 4 previous errors
[INFO] [stderr] warning: build failed, waiting for other jobs to finish...
[INFO] running `Command { std: "docker" "inspect" "13eef55d3ca4ecfeba361178efb78713aa7199d4ff33550c665deac063f8fb65", kill_on_drop: false }`
[INFO] running `Command { std: "docker" "rm" "-f" "13eef55d3ca4ecfeba361178efb78713aa7199d4ff33550c665deac063f8fb65", kill_on_drop: false }`
[INFO] [stdout] 13eef55d3ca4ecfeba361178efb78713aa7199d4ff33550c665deac063f8fb65
