[INFO] cloning repository https://github.com/Mavulp/pokebot
[INFO] running `Command { std: "git" "-c" "credential.helper=" "-c" "credential.helper=/workspace/cargo-home/bin/git-credential-null" "clone" "--bare" "https://github.com/Mavulp/pokebot" "/workspace/cache/git-repos/https%3A%2F%2Fgithub.com%2FMavulp%2Fpokebot", kill_on_drop: false }`
[INFO] [stderr] Cloning into bare repository '/workspace/cache/git-repos/https%3A%2F%2Fgithub.com%2FMavulp%2Fpokebot'...
[INFO] running `Command { std: "git" "rev-parse" "HEAD", kill_on_drop: false }`
[INFO] [stdout] 784b62772f4aeccab4fd6e40123aba195483bf0d
[INFO] documenting Mavulp/pokebot against 1.75.0 for beta-1.76-rustdoc-1
[INFO] running `Command { std: "git" "clone" "/workspace/cache/git-repos/https%3A%2F%2Fgithub.com%2FMavulp%2Fpokebot" "/workspace/builds/worker-2-tc1/source", kill_on_drop: false }`
[INFO] [stderr] Cloning into '/workspace/builds/worker-2-tc1/source'...
[INFO] [stderr] done.
[INFO] validating manifest of git repo https://github.com/Mavulp/pokebot on toolchain 1.75.0
[INFO] running `Command { std: CARGO_HOME="/workspace/cargo-home" RUSTUP_HOME="/workspace/rustup-home" "/workspace/cargo-home/bin/cargo" "+1.75.0" "metadata" "--manifest-path" "Cargo.toml" "--no-deps", kill_on_drop: false }`
[INFO] started tweaking git repo https://github.com/Mavulp/pokebot
[INFO] finished tweaking git repo https://github.com/Mavulp/pokebot
[INFO] tweaked toml for git repo https://github.com/Mavulp/pokebot written to /workspace/builds/worker-2-tc1/source/Cargo.toml
[INFO] crate git repo https://github.com/Mavulp/pokebot already has a lockfile, it will not be regenerated
[INFO] running `Command { std: CARGO_HOME="/workspace/cargo-home" RUSTUP_HOME="/workspace/rustup-home" "/workspace/cargo-home/bin/cargo" "+1.75.0" "fetch" "--manifest-path" "Cargo.toml", kill_on_drop: false }`
[INFO] [stderr]     Updating crates.io index
[INFO] [stderr]     Updating git repository `https://github.com/ReSpeak/tsclientlib`
[INFO] [stderr]     Updating git submodule `https://github.com/ReSpeak/tsdeclarations.git`
[INFO] [stderr]  Downloading crates ...
[INFO] [stderr]   Downloaded pollster v0.2.4
[INFO] [stderr]   Downloaded futures-sink v0.3.16
[INFO] [stderr]   Downloaded flume v0.10.7
[INFO] [stderr]   Downloaded spin v0.7.1
[INFO] [stderr]   Downloaded generator v0.6.25
[INFO] [stderr]   Downloaded log4rs v1.0.0
[INFO] [stderr]   Downloaded futures-macro v0.3.16
[INFO] [stderr]   Downloaded system-deps v3.2.0
[INFO] [stderr]   Downloaded catty v0.1.4
[INFO] [stderr]   Downloaded xtra v0.5.1
[INFO] [stderr]   Downloaded gstreamer-sys v0.17.0
[INFO] [stderr]   Downloaded actix v0.10.0
[INFO] [stderr]   Downloaded audiopus_sys v0.1.8
[INFO] [stderr]   Downloaded glib v0.14.2
[INFO] [stderr]   Downloaded trust-dns-proto v0.20.3
[INFO] [stderr]   Downloaded aes v0.7.4
[INFO] [stderr]   Downloaded t4rust-derive v0.3.0
[INFO] [stderr]   Downloaded glib-sys v0.14.0
[INFO] [stderr]   Downloaded askama_actix v0.11.1
[INFO] [stderr]   Downloaded quicklz v0.3.0
[INFO] [stderr]   Downloaded self_cell v0.9.1
[INFO] [stderr]   Downloaded cfg-expr v0.8.0
[INFO] [stderr]   Downloaded barrage v0.2.1
[INFO] [stderr]   Downloaded gstreamer-base-sys v0.17.0
[INFO] [stderr]   Downloaded arc-swap v1.3.0
[INFO] [stderr]   Downloaded audiopus v0.2.0
[INFO] [stderr]   Downloaded v_escape_derive v0.8.4
[INFO] [stderr]   Downloaded gstreamer-app-sys v0.17.0
[INFO] [stderr]   Downloaded id3 v0.6.4
[INFO] [stderr]   Downloaded eax v0.4.1
[INFO] [stderr]   Downloaded spinny v0.2.2
[INFO] [stderr]   Downloaded futures v0.3.16
[INFO] [stderr]   Downloaded slog-term v2.8.0
[INFO] [stderr]   Downloaded trust-dns-resolver v0.20.3
[INFO] [stderr]   Downloaded gstreamer-audio v0.17.0
[INFO] [stderr]   Downloaded git-testament v0.2.0
[INFO] [stderr]   Downloaded der v0.4.0
[INFO] [stderr]   Downloaded gstreamer-base v0.17.0
[INFO] [stderr]   Downloaded p256 v0.9.0
[INFO] [stderr]   Downloaded glib-macros v0.14.1
[INFO] [stderr]   Downloaded gstreamer-app v0.17.0
[INFO] [stderr]   Downloaded gstreamer-audio-sys v0.17.0
[INFO] [stderr]   Downloaded actix-slog v0.2.1
[INFO] [stderr]   Downloaded gobject-sys v0.14.0
[INFO] [stderr]   Downloaded aead v0.4.2
[INFO] [stderr]   Downloaded actix_derive v0.5.0
[INFO] [stderr]   Downloaded wasm-bindgen-futures v0.4.25
[INFO] [stderr]   Downloaded metaflac v0.2.4
[INFO] [stderr]   Downloaded futures-executor v0.3.16
[INFO] [stderr]   Downloaded sha-1 v0.9.7
[INFO] [stderr]   Downloaded pretty-hex v0.2.1
[INFO] [stderr]   Downloaded slog-stdlog v4.1.0
[INFO] [stderr]   Downloaded array-init v2.0.0
[INFO] [stderr]   Downloaded muldiv v1.0.0
[INFO] [stderr]   Downloaded git-testament-derive v0.1.12
[INFO] [stderr]   Downloaded dbl v0.3.1
[INFO] [stderr]   Downloaded cmac v0.6.0
[INFO] [stderr]   Downloaded slog-perf v0.2.0
[INFO] [stderr]   Downloaded omnom v3.0.0
[INFO] [stderr]   Downloaded num-bigint v0.4.0
[INFO] [stderr]   Downloaded gstreamer v0.17.1
[INFO] running `Command { std: "docker" "create" "-v" "/var/lib/crater-agent-workspace/builds/worker-2-tc1/target:/opt/rustwide/target:rw,Z" "-v" "/var/lib/crater-agent-workspace/builds/worker-2-tc1/source:/opt/rustwide/workdir:ro,Z" "-v" "/var/lib/crater-agent-workspace/cargo-home:/opt/rustwide/cargo-home:ro,Z" "-v" "/var/lib/crater-agent-workspace/rustup-home:/opt/rustwide/rustup-home:ro,Z" "-e" "SOURCE_DIR=/opt/rustwide/workdir" "-e" "CARGO_TARGET_DIR=/opt/rustwide/target" "-e" "CARGO_HOME=/opt/rustwide/cargo-home" "-e" "RUSTUP_HOME=/opt/rustwide/rustup-home" "-w" "/opt/rustwide/workdir" "-m" "1610612736" "--user" "0:0" "--network" "none" "ghcr.io/rust-lang/crates-build-env/linux@sha256:2788e3201cd34a07e3172128adcd8b3090168a8e3bcc40d7c032b9dda1df7d1c" "/opt/rustwide/cargo-home/bin/cargo" "+1.75.0" "metadata" "--no-deps" "--format-version=1", kill_on_drop: false }`
[INFO] [stdout] fa90d9ce35bcaa56af5d6fd4bda38cc2233c9c4da5654fdf6c488f054fd0dbfa
[INFO] running `Command { std: "docker" "start" "-a" "fa90d9ce35bcaa56af5d6fd4bda38cc2233c9c4da5654fdf6c488f054fd0dbfa", kill_on_drop: false }`
[INFO] running `Command { std: "docker" "inspect" "fa90d9ce35bcaa56af5d6fd4bda38cc2233c9c4da5654fdf6c488f054fd0dbfa", kill_on_drop: false }`
[INFO] running `Command { std: "docker" "rm" "-f" "fa90d9ce35bcaa56af5d6fd4bda38cc2233c9c4da5654fdf6c488f054fd0dbfa", kill_on_drop: false }`
[INFO] [stdout] fa90d9ce35bcaa56af5d6fd4bda38cc2233c9c4da5654fdf6c488f054fd0dbfa
[INFO] running `Command { std: "docker" "create" "-v" "/var/lib/crater-agent-workspace/builds/worker-2-tc1/target:/opt/rustwide/target:rw,Z" "-v" "/var/lib/crater-agent-workspace/builds/worker-2-tc1/source:/opt/rustwide/workdir:ro,Z" "-v" "/var/lib/crater-agent-workspace/cargo-home:/opt/rustwide/cargo-home:ro,Z" "-v" "/var/lib/crater-agent-workspace/rustup-home:/opt/rustwide/rustup-home:ro,Z" "-e" "SOURCE_DIR=/opt/rustwide/workdir" "-e" "CARGO_TARGET_DIR=/opt/rustwide/target" "-e" "CARGO_INCREMENTAL=0" "-e" "RUST_BACKTRACE=full" "-e" "RUSTFLAGS=--cap-lints=warn" "-e" "RUSTDOCFLAGS=--cap-lints=warn" "-e" "CARGO_HOME=/opt/rustwide/cargo-home" "-e" "RUSTUP_HOME=/opt/rustwide/rustup-home" "-w" "/opt/rustwide/workdir" "-m" "1610612736" "--user" "0:0" "--network" "none" "ghcr.io/rust-lang/crates-build-env/linux@sha256:2788e3201cd34a07e3172128adcd8b3090168a8e3bcc40d7c032b9dda1df7d1c" "/opt/rustwide/cargo-home/bin/cargo" "+1.75.0" "doc" "--frozen" "--no-deps" "--document-private-items" "--message-format=json", kill_on_drop: false }`
[INFO] [stdout] 1dd2c5cd3af0f1385de8a451b529817e13862e0173524e457072be2f2c0a353d
[INFO] running `Command { std: "docker" "start" "-a" "1dd2c5cd3af0f1385de8a451b529817e13862e0173524e457072be2f2c0a353d", kill_on_drop: false }`
[INFO] [stderr]    Compiling proc-macro2 v1.0.28
[INFO] [stderr]    Compiling unicode-xid v0.2.2
[INFO] [stderr]    Compiling syn v1.0.74
[INFO] [stderr]    Compiling serde_derive v1.0.127
[INFO] [stderr]    Compiling libc v0.2.98
[INFO] [stderr]    Compiling serde v1.0.127
[INFO] [stderr]    Compiling autocfg v1.0.1
[INFO] [stderr]     Checking cfg-if v1.0.0
[INFO] [stderr]    Compiling version_check v0.9.3
[INFO] [stderr]    Compiling memchr v2.4.0
[INFO] [stderr]    Compiling log v0.4.14
[INFO] [stderr]    Compiling unicode-segmentation v1.8.0
[INFO] [stderr]    Compiling bitflags v1.2.1
[INFO] [stderr]    Compiling futures-core v0.3.16
[INFO] [stderr]    Compiling proc-macro-hack v0.5.19
[INFO] [stderr]     Checking pin-project-lite v0.2.7
[INFO] [stderr]     Checking futures-sink v0.3.16
[INFO] [stderr]    Compiling heck v0.3.3
[INFO] [stderr]    Compiling pkg-config v0.3.19
[INFO] [stderr]     Checking slab v0.4.3
[INFO] [stderr]     Checking lazy_static v1.4.0
[INFO] [stderr]    Compiling futures-channel v0.3.16
[INFO] [stderr]    Compiling futures-macro v0.3.16
[INFO] [stderr]    Compiling quote v1.0.9
[INFO] [stderr]    Compiling futures-task v0.3.16
[INFO] [stderr]    Compiling proc-macro-nested v0.1.7
[INFO] [stderr]     Checking futures-io v0.3.16
[INFO] [stderr]    Compiling futures-util v0.3.16
[INFO] [stderr]     Checking pin-utils v0.1.0
[INFO] [stderr]    Compiling ryu v1.0.5
[INFO] [stderr]     Checking signal-hook-registry v1.4.0
[INFO] [stderr]    Compiling typenum v1.13.0
[INFO] [stderr]    Compiling generic-array v0.14.4
[INFO] [stderr]    Compiling num-traits v0.2.14
[INFO] [stderr]    Compiling anyhow v1.0.42
[INFO] [stderr]    Compiling either v1.6.1
[INFO] [stderr]     Checking num_cpus v1.13.0
[INFO] [stderr]     Checking fnv v1.0.7
[INFO] [stderr]    Compiling itertools v0.10.1
[INFO] [stderr]     Checking smallvec v1.6.1
[INFO] [stderr]     Checking bytes v1.0.1
[INFO] [stderr]     Checking once_cell v1.8.0
[INFO] [stderr]    Compiling cfg-expr v0.8.0
[INFO] [stderr]    Compiling strum v0.21.0
[INFO] [stderr]     Checking scopeguard v1.1.0
[INFO] [stderr]     Checking cfg-if v0.1.10
[INFO] [stderr]    Compiling version-compare v0.0.11
[INFO] [stderr]     Checking lock_api v0.4.4
[INFO] [stderr]     Checking bytes v0.5.6
[INFO] [stderr]     Checking net2 v0.2.37
[INFO] [stderr]     Checking iovec v0.1.4
[INFO] [stderr]    Compiling num-integer v0.1.44
[INFO] [stderr]    Compiling cc v1.0.69
[INFO] [stderr]     Checking ppv-lite86 v0.2.10
[INFO] [stderr]    Compiling lexical-core v0.7.6
[INFO] [stderr]    Compiling getrandom v0.1.16
[INFO] [stderr]     Checking percent-encoding v2.1.0
[INFO] [stderr]     Checking instant v0.1.10
[INFO] [stderr]     Checking matches v0.1.8
[INFO] [stderr]     Checking itoa v0.4.7
[INFO] [stderr]     Checking pin-project-lite v0.1.12
[INFO] [stderr]     Checking parking_lot_core v0.8.3
[INFO] [stderr]     Checking tinyvec_macros v0.1.0
[INFO] [stderr]     Checking tinyvec v1.3.1
[INFO] [stderr]     Checking rand_core v0.5.1
[INFO] [stderr]    Compiling standback v0.2.17
[INFO] [stderr]     Checking parking_lot v0.11.1
[INFO] [stderr]    Compiling pin-project-internal v0.4.28
[INFO] [stderr]     Checking digest v0.9.0
[INFO] [stderr]     Checking form_urlencoded v1.0.1
[INFO] [stderr]     Checking unicode-bidi v0.3.5
[INFO] [stderr]     Checking getrandom v0.2.3
[INFO] [stderr]    Compiling static_assertions v1.1.0
[INFO] [stderr]    Compiling arrayvec v0.5.2
[INFO] [stderr]    Compiling async-trait v0.1.51
[INFO] [stderr]     Checking rand_core v0.6.3
[INFO] [stderr]     Checking rand_chacha v0.2.2
[INFO] [stderr]     Checking http v0.2.4
[INFO] [stderr]     Checking subtle v2.4.1
[INFO] [stderr]     Checking unicode-normalization v0.1.19
[INFO] [stderr]    Compiling convert_case v0.4.0
[INFO] [stderr]     Checking byteorder v1.4.3
[INFO] [stderr]     Checking linked-hash-map v0.5.4
[INFO] [stderr]     Checking rand v0.7.3
[INFO] [stderr]     Checking threadpool v1.8.1
[INFO] [stderr]     Checking tracing-core v0.1.18
[INFO] [stderr]    Compiling tokio v1.9.0
[INFO] [stderr]    Compiling indexmap v1.7.0
[INFO] [stderr]     Checking opaque-debug v0.3.0
[INFO] [stderr]     Checking cpufeatures v0.1.5
[INFO] [stderr]    Compiling const_fn v0.4.8
[INFO] [stderr]     Checking block-buffer v0.9.0
[INFO] [stderr]    Compiling time v0.2.27
[INFO] [stderr]     Checking copyless v0.1.5
[INFO] [stderr]     Checking idna v0.2.3
[INFO] [stderr]     Checking hashbrown v0.11.2
[INFO] [stderr]     Checking match_cfg v0.1.0
[INFO] [stderr]     Checking hostname v0.3.1
[INFO] [stderr]     Checking cipher v0.3.0
[INFO] [stderr]     Checking quick-error v1.2.3
[INFO] [stderr]     Checking base64 v0.13.0
[INFO] [stderr]     Checking url v2.2.2
[INFO] [stderr]    Compiling httparse v1.4.1
[INFO] [stderr]    Compiling radium v0.5.3
[INFO] [stderr]     Checking resolv-conf v0.7.0
[INFO] [stderr]     Checking lru-cache v0.1.2
[INFO] [stderr]    Compiling proc-macro-error-attr v1.0.4
[INFO] [stderr]    Compiling nom v5.1.2
[INFO] [stderr]    Compiling slog v2.7.0
[INFO] [stderr]    Compiling regex-automata v0.1.10
[INFO] [stderr]     Checking sha-1 v0.9.7
[INFO] [stderr]    Compiling openssl-sys v0.9.65
[INFO] [stderr]    Compiling csv-core v0.1.10
[INFO] [stderr]    Compiling proc-macro-error v1.0.4
[INFO] [stderr]    Compiling miniz_oxide v0.4.4
[INFO] [stderr]     Checking mime v0.3.16
[INFO] [stderr]    Compiling encoding_rs v0.8.28
[INFO] [stderr]    Compiling crc32fast v1.2.1
[INFO] [stderr]     Checking const-oid v0.6.0
[INFO] [stderr]     Checking der v0.4.0
[INFO] [stderr]     Checking crypto-mac v0.11.1
[INFO] [stderr]    Compiling brotli-sys v0.3.2
[INFO] [stderr]     Checking time v0.1.43
[INFO] [stderr]     Checking aho-corasick v0.7.18
[INFO] [stderr]    Compiling unicase v2.6.0
[INFO] [stderr]     Checking regex-syntax v0.6.25
[INFO] [stderr]     Checking zeroize v1.4.1
[INFO] [stderr]    Compiling serde_json v1.0.66
[INFO] [stderr]     Checking adler v1.0.2
[INFO] [stderr]     Checking chrono v0.4.19
[INFO] [stderr]     Checking spki v0.4.0
[INFO] [stderr]     Checking ff v0.10.0
[INFO] [stderr]    Compiling nom v6.1.2
[INFO] [stderr]    Compiling cookie v0.14.4
[INFO] [stderr]     Checking flate2 v1.0.20
[INFO] [stderr]     Checking group v0.10.0
[INFO] [stderr]     Checking pkcs8 v0.7.5
[INFO] [stderr]     Checking regex v1.5.4
[INFO] [stderr]     Checking crypto-bigint v0.2.2
[INFO] [stderr]     Checking rand_chacha v0.3.1
[INFO] [stderr]    Compiling num-bigint v0.4.0
[INFO] [stderr]    Compiling openssl v0.10.35
[INFO] [stderr]    Compiling version_check v0.1.5
[INFO] [stderr]     Checking foreign-types-shared v0.1.1
[INFO] [stderr]     Checking foreign-types v0.3.2
[INFO] [stderr]    Compiling thiserror-impl v1.0.26
[INFO] [stderr]    Compiling strum_macros v0.21.1
[INFO] [stderr]    Compiling derive_more v0.99.16
[INFO] [stderr]    Compiling thiserror v1.0.26
[INFO] [stderr]    Compiling enum-as-inner v0.3.3
[INFO] [stderr]    Compiling time-macros-impl v0.1.2
[INFO] [stderr]    Compiling actix-macros v0.1.3
[INFO] [stderr]     Checking pin-project v0.4.28
[INFO] [stderr]    Compiling tokio-macros v1.3.0
[INFO] [stderr]    Compiling pin-project-internal v1.0.8
[INFO] [stderr]     Checking time-macros v0.1.1
[INFO] [stderr]    Compiling t4rust-derive v0.3.0
[INFO] [stderr]    Compiling nom v4.2.3
[INFO] [stderr]     Checking elliptic-curve v0.10.5
[INFO] [stderr]     Checking rand v0.8.4
[INFO] [stderr]     Checking hmac v0.11.0
[INFO] [stderr]     Checking fxhash v0.2.1
[INFO] [stderr]     Checking brotli2 v0.3.2
[INFO] [stderr]     Checking signature v1.3.1
[INFO] [stderr]     Checking socket2 v0.3.19
[INFO] [stderr]     Checking futures-executor v0.3.16
[INFO] [stderr]     Checking actix-service v1.0.6
[INFO] [stderr]     Checking futures v0.3.16
[INFO] [stderr]    Compiling num-rational v0.4.0
[INFO] [stderr]    Compiling wyz v0.2.0
[INFO] [stderr]     Checking language-tags v0.2.2
[INFO] [stderr]    Compiling native-tls v0.2.7
[INFO] [stderr]     Checking pin-project v1.0.8
[INFO] [stderr]    Compiling tap v1.0.1
[INFO] [stderr]    Compiling funty v1.1.0
[INFO] [stderr]    Compiling ref-cast v1.0.6
[INFO] [stderr]     Checking ecdsa v0.12.3
[INFO] [stderr]    Compiling mime_guess v2.0.3
[INFO] [stderr]    Compiling ref-cast-impl v1.0.6
[INFO] [stderr]    Compiling num-derive v0.3.3
[INFO] [stderr]    Compiling bitvec v0.19.5
[INFO] [stdout] error[E0308]: mismatched types
[INFO] [stdout]   --> /opt/rustwide/cargo-home/registry/src/index.crates.io-6f17d22bba15001f/num-bigint-0.4.0/src/biguint/convert.rs:70:19
[INFO] [stdout]    |
[INFO] [stdout] 70 |         .div_ceil(&big_digit::BITS.into())
[INFO] [stdout]    |          -------- ^^^^^^^^^^^^^^^^^^^^^^^ expected `u64`, found `&_`
[INFO] [stdout]    |          |
[INFO] [stdout]    |          arguments to this method are incorrect
[INFO] [stdout]    |
[INFO] [stdout]    = note:   expected type `u64`
[INFO] [stdout]            found reference `&_`
[INFO] [stdout] note: method defined here
[INFO] [stdout]   --> /rustc/82e1608dfa6e0b5569232559e3d385fea5a93112/library/core/src/num/mod.rs:1169:5
[INFO] [stdout]    = note: this error originates in the macro `uint_impl` (in Nightly builds, run with -Z macro-backtrace for more info)
[INFO] [stdout] help: consider removing the borrow
[INFO] [stdout]    |
[INFO] [stdout] 70 -         .div_ceil(&big_digit::BITS.into())
[INFO] [stdout] 70 +         .div_ceil(big_digit::BITS.into())
[INFO] [stdout]    |
[INFO] [stdout] 
[INFO] [stdout] 
[INFO] [stdout] error[E0308]: mismatched types
[INFO] [stdout]    --> /opt/rustwide/cargo-home/registry/src/index.crates.io-6f17d22bba15001f/num-bigint-0.4.0/src/biguint/convert.rs:585:19
[INFO] [stdout]     |
[INFO] [stdout] 585 |         .div_ceil(&u64::from(bits))
[INFO] [stdout]     |          -------- ^^^^^^^^^^^^^^^^ expected `u64`, found `&u64`
[INFO] [stdout]     |          |
[INFO] [stdout]     |          arguments to this method are incorrect
[INFO] [stdout]     |
[INFO] [stdout] note: method defined here
[INFO] [stdout]    --> /rustc/82e1608dfa6e0b5569232559e3d385fea5a93112/library/core/src/num/mod.rs:1169:5
[INFO] [stdout]     = note: this error originates in the macro `uint_impl` (in Nightly builds, run with -Z macro-backtrace for more info)
[INFO] [stdout] help: consider removing the borrow
[INFO] [stdout]     |
[INFO] [stdout] 585 -         .div_ceil(&u64::from(bits))
[INFO] [stdout] 585 +         .div_ceil(u64::from(bits))
[INFO] [stdout]     |
[INFO] [stdout] 
[INFO] [stdout] 
[INFO] [stdout] error[E0308]: mismatched types
[INFO] [stdout]    --> /opt/rustwide/cargo-home/registry/src/index.crates.io-6f17d22bba15001f/num-bigint-0.4.0/src/biguint/convert.rs:613:19
[INFO] [stdout]     |
[INFO] [stdout] 613 |         .div_ceil(&u64::from(bits))
[INFO] [stdout]     |          -------- ^^^^^^^^^^^^^^^^ expected `u64`, found `&u64`
[INFO] [stdout]     |          |
[INFO] [stdout]     |          arguments to this method are incorrect
[INFO] [stdout]     |
[INFO] [stdout] note: method defined here
[INFO] [stdout]    --> /rustc/82e1608dfa6e0b5569232559e3d385fea5a93112/library/core/src/num/mod.rs:1169:5
[INFO] [stdout]     = note: this error originates in the macro `uint_impl` (in Nightly builds, run with -Z macro-backtrace for more info)
[INFO] [stdout] help: consider removing the borrow
[INFO] [stdout]     |
[INFO] [stdout] 613 -         .div_ceil(&u64::from(bits))
[INFO] [stdout] 613 +         .div_ceil(u64::from(bits))
[INFO] [stdout]     |
[INFO] [stdout] 
[INFO] [stdout] 
[INFO] [stderr]     Checking sha2 v0.9.5
[INFO] [stdout] error[E0308]: mismatched types
[INFO] [stdout]    --> /opt/rustwide/cargo-home/registry/src/index.crates.io-6f17d22bba15001f/num-bigint-0.4.0/src/biguint.rs:398:54
[INFO] [stdout]     |
[INFO] [stdout] 398 |                 let root_scale = extra_bits.div_ceil(&n64);
[INFO] [stdout]     |                                             -------- ^^^^ expected `u64`, found `&u64`
[INFO] [stdout]     |                                             |
[INFO] [stdout]     |                                             arguments to this method are incorrect
[INFO] [stdout]     |
[INFO] [stdout] note: method defined here
[INFO] [stdout]    --> /rustc/82e1608dfa6e0b5569232559e3d385fea5a93112/library/core/src/num/mod.rs:1169:5
[INFO] [stdout]     = note: this error originates in the macro `uint_impl` (in Nightly builds, run with -Z macro-backtrace for more info)
[INFO] [stdout] help: consider removing the borrow
[INFO] [stdout]     |
[INFO] [stdout] 398 -                 let root_scale = extra_bits.div_ceil(&n64);
[INFO] [stdout] 398 +                 let root_scale = extra_bits.div_ceil(n64);
[INFO] [stdout]     |
[INFO] [stdout] 
[INFO] [stdout] 
[INFO] [stdout] error: aborting due to 4 previous errors
[INFO] [stdout] 
[INFO] [stdout] 
[INFO] [stdout] For more information about this error, try `rustc --explain E0308`.
[INFO] [stdout] 
[INFO] [stderr] error: could not compile `num-bigint` (lib) due to 5 previous errors
[INFO] [stderr] warning: build failed, waiting for other jobs to finish...
[INFO] running `Command { std: "docker" "inspect" "1dd2c5cd3af0f1385de8a451b529817e13862e0173524e457072be2f2c0a353d", kill_on_drop: false }`
[INFO] running `Command { std: "docker" "rm" "-f" "1dd2c5cd3af0f1385de8a451b529817e13862e0173524e457072be2f2c0a353d", kill_on_drop: false }`
[INFO] [stdout] 1dd2c5cd3af0f1385de8a451b529817e13862e0173524e457072be2f2c0a353d
