[INFO] cloning repository https://github.com/Matthias-Fauconneau/aoc2023
[INFO] running `Command { std: "git" "-c" "credential.helper=" "-c" "credential.helper=/workspace/cargo-home/bin/git-credential-null" "clone" "--bare" "https://github.com/Matthias-Fauconneau/aoc2023" "/workspace/cache/git-repos/https%3A%2F%2Fgithub.com%2FMatthias-Fauconneau%2Faoc2023", kill_on_drop: false }`
[INFO] [stderr] Cloning into bare repository '/workspace/cache/git-repos/https%3A%2F%2Fgithub.com%2FMatthias-Fauconneau%2Faoc2023'...
[INFO] running `Command { std: "git" "rev-parse" "HEAD", kill_on_drop: false }`
[INFO] [stdout] b97fcd4e19e600c67e8767f08b8568fa0b3516f1
[INFO] documenting Matthias-Fauconneau/aoc2023 against 1.75.0 for beta-1.76-rustdoc-1
[INFO] running `Command { std: "git" "clone" "/workspace/cache/git-repos/https%3A%2F%2Fgithub.com%2FMatthias-Fauconneau%2Faoc2023" "/workspace/builds/worker-3-tc1/source", kill_on_drop: false }`
[INFO] [stderr] Cloning into '/workspace/builds/worker-3-tc1/source'...
[INFO] [stderr] done.
[INFO] validating manifest of git repo https://github.com/Matthias-Fauconneau/aoc2023 on toolchain 1.75.0
[INFO] running `Command { std: CARGO_HOME="/workspace/cargo-home" RUSTUP_HOME="/workspace/rustup-home" "/workspace/cargo-home/bin/cargo" "+1.75.0" "metadata" "--manifest-path" "Cargo.toml" "--no-deps", kill_on_drop: false }`
[INFO] removed /workspace/builds/worker-3-tc1/source/.cargo/config.toml
[INFO] removed /workspace/builds/worker-3-tc1/source/rust-toolchain.toml
[INFO] started tweaking git repo https://github.com/Matthias-Fauconneau/aoc2023
[INFO] finished tweaking git repo https://github.com/Matthias-Fauconneau/aoc2023
[INFO] tweaked toml for git repo https://github.com/Matthias-Fauconneau/aoc2023 written to /workspace/builds/worker-3-tc1/source/Cargo.toml
[INFO] crate git repo https://github.com/Matthias-Fauconneau/aoc2023 already has a lockfile, it will not be regenerated
[INFO] running `Command { std: CARGO_HOME="/workspace/cargo-home" RUSTUP_HOME="/workspace/rustup-home" "/workspace/cargo-home/bin/cargo" "+1.75.0" "fetch" "--manifest-path" "Cargo.toml", kill_on_drop: false }`
[INFO] running `Command { std: "docker" "create" "-v" "/var/lib/crater-agent-workspace/builds/worker-3-tc1/target:/opt/rustwide/target:rw,Z" "-v" "/var/lib/crater-agent-workspace/builds/worker-3-tc1/source:/opt/rustwide/workdir:ro,Z" "-v" "/var/lib/crater-agent-workspace/cargo-home:/opt/rustwide/cargo-home:ro,Z" "-v" "/var/lib/crater-agent-workspace/rustup-home:/opt/rustwide/rustup-home:ro,Z" "-e" "SOURCE_DIR=/opt/rustwide/workdir" "-e" "CARGO_TARGET_DIR=/opt/rustwide/target" "-e" "CARGO_HOME=/opt/rustwide/cargo-home" "-e" "RUSTUP_HOME=/opt/rustwide/rustup-home" "-w" "/opt/rustwide/workdir" "-m" "1610612736" "--user" "0:0" "--network" "none" "ghcr.io/rust-lang/crates-build-env/linux@sha256:2788e3201cd34a07e3172128adcd8b3090168a8e3bcc40d7c032b9dda1df7d1c" "/opt/rustwide/cargo-home/bin/cargo" "+1.75.0" "metadata" "--no-deps" "--format-version=1", kill_on_drop: false }`
[INFO] [stdout] 3db26fd47d78e3f876f8c1595a689dd6c41408a221c982a8d2130219a60152c6
[INFO] running `Command { std: "docker" "start" "-a" "3db26fd47d78e3f876f8c1595a689dd6c41408a221c982a8d2130219a60152c6", kill_on_drop: false }`
[INFO] running `Command { std: "docker" "inspect" "3db26fd47d78e3f876f8c1595a689dd6c41408a221c982a8d2130219a60152c6", kill_on_drop: false }`
[INFO] running `Command { std: "docker" "rm" "-f" "3db26fd47d78e3f876f8c1595a689dd6c41408a221c982a8d2130219a60152c6", kill_on_drop: false }`
[INFO] [stdout] 3db26fd47d78e3f876f8c1595a689dd6c41408a221c982a8d2130219a60152c6
[INFO] running `Command { std: "docker" "create" "-v" "/var/lib/crater-agent-workspace/builds/worker-3-tc1/target:/opt/rustwide/target:rw,Z" "-v" "/var/lib/crater-agent-workspace/builds/worker-3-tc1/source:/opt/rustwide/workdir:ro,Z" "-v" "/var/lib/crater-agent-workspace/cargo-home:/opt/rustwide/cargo-home:ro,Z" "-v" "/var/lib/crater-agent-workspace/rustup-home:/opt/rustwide/rustup-home:ro,Z" "-e" "SOURCE_DIR=/opt/rustwide/workdir" "-e" "CARGO_TARGET_DIR=/opt/rustwide/target" "-e" "CARGO_INCREMENTAL=0" "-e" "RUST_BACKTRACE=full" "-e" "RUSTFLAGS=--cap-lints=warn" "-e" "RUSTDOCFLAGS=--cap-lints=warn" "-e" "CARGO_HOME=/opt/rustwide/cargo-home" "-e" "RUSTUP_HOME=/opt/rustwide/rustup-home" "-w" "/opt/rustwide/workdir" "-m" "1610612736" "--user" "0:0" "--network" "none" "ghcr.io/rust-lang/crates-build-env/linux@sha256:2788e3201cd34a07e3172128adcd8b3090168a8e3bcc40d7c032b9dda1df7d1c" "/opt/rustwide/cargo-home/bin/cargo" "+1.75.0" "doc" "--frozen" "--no-deps" "--document-private-items" "--message-format=json", kill_on_drop: false }`
[INFO] [stdout] 7f5480dd6a1bf2678bca0089908426e59fa96ad6d58a586d2a7c92b3a1a9620c
[INFO] running `Command { std: "docker" "start" "-a" "7f5480dd6a1bf2678bca0089908426e59fa96ad6d58a586d2a7c92b3a1a9620c", kill_on_drop: false }`
[INFO] [stderr]    Compiling proc-macro2 v1.0.70
[INFO] [stderr]    Compiling unicode-ident v1.0.12
[INFO] [stderr]    Compiling syn v1.0.109
[INFO] [stderr]     Checking either v1.9.0
[INFO] [stderr]     Checking pico-args v0.5.0
[INFO] [stderr]     Checking itertools v0.12.0
[INFO] [stderr]    Compiling quote v1.0.33
[INFO] [stderr]    Compiling fehler-macros v1.0.0
[INFO] [stderr]     Checking fehler v1.0.0
[INFO] [stderr]     Checking advent_of_code v0.9.5 (/opt/rustwide/workdir)
[INFO] [stderr]  Documenting advent_of_code v0.9.5 (/opt/rustwide/workdir)
[INFO] [stdout] error[E0554]: `#![feature]` may not be used on the stable release channel
[INFO] [stdout]  --> src/bin/05.rs:1:12
[INFO] [stdout]   |
[INFO] [stdout] 1 | #![feature(iter_array_chunks)]
[INFO] [stdout]   |            ^^^^^^^^^^^^^^^^^
[INFO] [stdout] 
[INFO] [stdout] 
[INFO] [stdout] error[E0554]: `#![feature]` may not be used on the stable release channel
[INFO] [stdout]  --> src/bin/17.rs:1:12
[INFO] [stdout]   |
[INFO] [stdout] 1 | #![feature(array_chunks)]
[INFO] [stdout]   |            ^^^^^^^^^^^^
[INFO] [stdout] 
[INFO] [stdout] 
[INFO] [stdout] error: aborting due to previous error
[INFO] [stdout] 
[INFO] [stdout] 
[INFO] [stdout] For more information about this error, try `rustc --explain E0554`.
[INFO] [stdout] 
[INFO] [stdout] error: aborting due to previous error
[INFO] [stdout] 
[INFO] [stdout] 
[INFO] [stdout] For more information about this error, try `rustc --explain E0554`.
[INFO] [stdout] 
[INFO] [stderr] error: could not document `advent_of_code`
[INFO] [stderr] 
[INFO] [stderr] Caused by:
[INFO] [stderr]   process didn't exit successfully: `/opt/rustwide/rustup-home/toolchains/1.75.0-x86_64-unknown-linux-gnu/bin/rustdoc --edition=2021 --crate-type bin --crate-name 05 src/bin/05.rs -o /opt/rustwide/target/doc --error-format=json --json=diagnostic-rendered-ansi,artifacts,future-incompat --document-private-items '-Arustdoc::private-intra-doc-links' -C metadata=4b855d5a774640d7 -L dependency=/opt/rustwide/target/debug/deps --extern advent_of_code=/opt/rustwide/target/debug/deps/libadvent_of_code-4923abba556dd275.rmeta --extern fehler=/opt/rustwide/target/debug/deps/libfehler-27e5d63ba4a55448.rmeta --extern itertools=/opt/rustwide/target/debug/deps/libitertools-718e62fb194a164b.rmeta --extern pico_args=/opt/rustwide/target/debug/deps/libpico_args-724b89669257bf18.rmeta --cap-lints=warn --crate-version 0.9.5` (exit status: 1)
[INFO] [stderr] warning: build failed, waiting for other jobs to finish...
[INFO] [stderr] error: could not document `advent_of_code`
[INFO] [stderr] 
[INFO] [stderr] Caused by:
[INFO] [stderr]   process didn't exit successfully: `/opt/rustwide/rustup-home/toolchains/1.75.0-x86_64-unknown-linux-gnu/bin/rustdoc --edition=2021 --crate-type bin --crate-name 17 src/bin/17.rs -o /opt/rustwide/target/doc --error-format=json --json=diagnostic-rendered-ansi,artifacts,future-incompat --document-private-items '-Arustdoc::private-intra-doc-links' -C metadata=770c26db5b4122d3 -L dependency=/opt/rustwide/target/debug/deps --extern advent_of_code=/opt/rustwide/target/debug/deps/libadvent_of_code-4923abba556dd275.rmeta --extern fehler=/opt/rustwide/target/debug/deps/libfehler-27e5d63ba4a55448.rmeta --extern itertools=/opt/rustwide/target/debug/deps/libitertools-718e62fb194a164b.rmeta --extern pico_args=/opt/rustwide/target/debug/deps/libpico_args-724b89669257bf18.rmeta --cap-lints=warn --crate-version 0.9.5` (exit status: 1)
[INFO] running `Command { std: "docker" "inspect" "7f5480dd6a1bf2678bca0089908426e59fa96ad6d58a586d2a7c92b3a1a9620c", kill_on_drop: false }`
[INFO] running `Command { std: "docker" "rm" "-f" "7f5480dd6a1bf2678bca0089908426e59fa96ad6d58a586d2a7c92b3a1a9620c", kill_on_drop: false }`
[INFO] [stdout] 7f5480dd6a1bf2678bca0089908426e59fa96ad6d58a586d2a7c92b3a1a9620c
[INFO] documenting Matthias-Fauconneau/aoc2023 against beta-2023-12-22 for beta-1.76-rustdoc-1
[INFO] running `Command { std: "git" "clone" "/workspace/cache/git-repos/https%3A%2F%2Fgithub.com%2FMatthias-Fauconneau%2Faoc2023" "/workspace/builds/worker-3-tc2/source", kill_on_drop: false }`
[INFO] [stderr] Cloning into '/workspace/builds/worker-3-tc2/source'...
[INFO] [stderr] done.
[INFO] validating manifest of git repo https://github.com/Matthias-Fauconneau/aoc2023 on toolchain beta-2023-12-22
[INFO] running `Command { std: CARGO_HOME="/workspace/cargo-home" RUSTUP_HOME="/workspace/rustup-home" "/workspace/cargo-home/bin/cargo" "+beta-2023-12-22" "metadata" "--manifest-path" "Cargo.toml" "--no-deps", kill_on_drop: false }`
[INFO] removed /workspace/builds/worker-3-tc2/source/.cargo/config.toml
[INFO] removed /workspace/builds/worker-3-tc2/source/rust-toolchain.toml
[INFO] started tweaking git repo https://github.com/Matthias-Fauconneau/aoc2023
[INFO] finished tweaking git repo https://github.com/Matthias-Fauconneau/aoc2023
[INFO] tweaked toml for git repo https://github.com/Matthias-Fauconneau/aoc2023 written to /workspace/builds/worker-3-tc2/source/Cargo.toml
[INFO] crate git repo https://github.com/Matthias-Fauconneau/aoc2023 already has a lockfile, it will not be regenerated
[INFO] running `Command { std: CARGO_HOME="/workspace/cargo-home" RUSTUP_HOME="/workspace/rustup-home" "/workspace/cargo-home/bin/cargo" "+beta-2023-12-22" "fetch" "--manifest-path" "Cargo.toml", kill_on_drop: false }`
[INFO] [stderr]     Blocking waiting for file lock on package cache
[INFO] running `Command { std: "docker" "create" "-v" "/var/lib/crater-agent-workspace/builds/worker-3-tc2/target:/opt/rustwide/target:rw,Z" "-v" "/var/lib/crater-agent-workspace/builds/worker-3-tc2/source:/opt/rustwide/workdir:ro,Z" "-v" "/var/lib/crater-agent-workspace/cargo-home:/opt/rustwide/cargo-home:ro,Z" "-v" "/var/lib/crater-agent-workspace/rustup-home:/opt/rustwide/rustup-home:ro,Z" "-e" "SOURCE_DIR=/opt/rustwide/workdir" "-e" "CARGO_TARGET_DIR=/opt/rustwide/target" "-e" "CARGO_HOME=/opt/rustwide/cargo-home" "-e" "RUSTUP_HOME=/opt/rustwide/rustup-home" "-w" "/opt/rustwide/workdir" "-m" "1610612736" "--user" "0:0" "--network" "none" "ghcr.io/rust-lang/crates-build-env/linux@sha256:2788e3201cd34a07e3172128adcd8b3090168a8e3bcc40d7c032b9dda1df7d1c" "/opt/rustwide/cargo-home/bin/cargo" "+beta-2023-12-22" "metadata" "--no-deps" "--format-version=1", kill_on_drop: false }`
[INFO] [stdout] af8ff791f9af38cd0ec7049e62318dbe132aa583abc79640e3ed615b136da870
[INFO] running `Command { std: "docker" "start" "-a" "af8ff791f9af38cd0ec7049e62318dbe132aa583abc79640e3ed615b136da870", kill_on_drop: false }`
[INFO] running `Command { std: "docker" "inspect" "af8ff791f9af38cd0ec7049e62318dbe132aa583abc79640e3ed615b136da870", kill_on_drop: false }`
[INFO] running `Command { std: "docker" "rm" "-f" "af8ff791f9af38cd0ec7049e62318dbe132aa583abc79640e3ed615b136da870", kill_on_drop: false }`
[INFO] [stdout] af8ff791f9af38cd0ec7049e62318dbe132aa583abc79640e3ed615b136da870
[INFO] running `Command { std: "docker" "create" "-v" "/var/lib/crater-agent-workspace/builds/worker-3-tc2/target:/opt/rustwide/target:rw,Z" "-v" "/var/lib/crater-agent-workspace/builds/worker-3-tc2/source:/opt/rustwide/workdir:ro,Z" "-v" "/var/lib/crater-agent-workspace/cargo-home:/opt/rustwide/cargo-home:ro,Z" "-v" "/var/lib/crater-agent-workspace/rustup-home:/opt/rustwide/rustup-home:ro,Z" "-e" "SOURCE_DIR=/opt/rustwide/workdir" "-e" "CARGO_TARGET_DIR=/opt/rustwide/target" "-e" "CARGO_INCREMENTAL=0" "-e" "RUST_BACKTRACE=full" "-e" "RUSTFLAGS=--cap-lints=warn" "-e" "RUSTDOCFLAGS=--cap-lints=warn" "-e" "CARGO_HOME=/opt/rustwide/cargo-home" "-e" "RUSTUP_HOME=/opt/rustwide/rustup-home" "-w" "/opt/rustwide/workdir" "-m" "1610612736" "--user" "0:0" "--network" "none" "ghcr.io/rust-lang/crates-build-env/linux@sha256:2788e3201cd34a07e3172128adcd8b3090168a8e3bcc40d7c032b9dda1df7d1c" "/opt/rustwide/cargo-home/bin/cargo" "+beta-2023-12-22" "doc" "--frozen" "--no-deps" "--document-private-items" "--message-format=json", kill_on_drop: false }`
[INFO] [stdout] 27f50459b9f687fce2bfc9c1479df520b9a094c8a5c404772b5adcbbdd332687
[INFO] running `Command { std: "docker" "start" "-a" "27f50459b9f687fce2bfc9c1479df520b9a094c8a5c404772b5adcbbdd332687", kill_on_drop: false }`
[INFO] [stderr]    Compiling proc-macro2 v1.0.70
[INFO] [stderr]    Compiling unicode-ident v1.0.12
[INFO] [stderr]    Compiling syn v1.0.109
[INFO] [stderr]     Checking either v1.9.0
[INFO] [stderr]     Checking pico-args v0.5.0
[INFO] [stderr]     Checking itertools v0.12.0
[INFO] [stderr]    Compiling quote v1.0.33
[INFO] [stderr]    Compiling fehler-macros v1.0.0
[INFO] [stderr]     Checking fehler v1.0.0
[INFO] [stderr]  Documenting advent_of_code v0.9.5 (/opt/rustwide/workdir)
[INFO] [stderr]     Checking advent_of_code v0.9.5 (/opt/rustwide/workdir)
[INFO] [stdout] error[E0554]: `#![feature]` may not be used on the beta release channel
[INFO] [stdout]  --> src/bin/05.rs:1:12
[INFO] [stdout]   |
[INFO] [stdout] 1 | #![feature(iter_array_chunks)]
[INFO] [stdout]   |            ^^^^^^^^^^^^^^^^^
[INFO] [stdout] 
[INFO] [stdout] 
[INFO] [stdout] error[E0554]: `#![feature]` may not be used on the beta release channel
[INFO] [stdout]  --> src/bin/14.rs:1:12
[INFO] [stdout]   |
[INFO] [stdout] 1 | #![feature(iter_map_windows, get_many_mut)]
[INFO] [stdout]   |            ^^^^^^^^^^^^^^^^
[INFO] [stdout] 
[INFO] [stdout] 
[INFO] [stdout] error[E0554]: `#![feature]` may not be used on the beta release channel
[INFO] [stdout]  --> src/bin/14.rs:1:30
[INFO] [stdout]   |
[INFO] [stdout] 1 | #![feature(iter_map_windows, get_many_mut)]
[INFO] [stdout]   |                              ^^^^^^^^^^^^
[INFO] [stdout] 
[INFO] [stdout] 
[INFO] [stdout] error[E0554]: `#![feature]` may not be used on the beta release channel
[INFO] [stdout]  --> src/bin/18.rs:1:12
[INFO] [stdout]   |
[INFO] [stdout] 1 | #![feature(array_windows, get_many_mut)]#![allow(non_snake_case)]
[INFO] [stdout]   |            ^^^^^^^^^^^^^
[INFO] [stdout] 
[INFO] [stdout] 
[INFO] [stdout] error[E0554]: `#![feature]` may not be used on the beta release channel
[INFO] [stdout]  --> src/bin/18.rs:1:27
[INFO] [stdout]   |
[INFO] [stdout] 1 | #![feature(array_windows, get_many_mut)]#![allow(non_snake_case)]
[INFO] [stdout]   |                           ^^^^^^^^^^^^
[INFO] [stdout] 
[INFO] [stdout] 
[INFO] [stdout] error: aborting due to 1 previous error
[INFO] [stdout] 
[INFO] [stdout] 
[INFO] [stdout] For more information about this error, try `rustc --explain E0554`.
[INFO] [stdout] 
[INFO] [stdout] error: aborting due to 2 previous errors
[INFO] [stdout] 
[INFO] [stdout] 
[INFO] [stdout] For more information about this error, try `rustc --explain E0554`.
[INFO] [stdout] 
[INFO] [stderr] error: could not document `advent_of_code`
[INFO] [stderr] 
[INFO] [stderr] Caused by:
[INFO] [stderr]   process didn't exit successfully: `/opt/rustwide/rustup-home/toolchains/beta-2023-12-22-x86_64-unknown-linux-gnu/bin/rustdoc --edition=2021 --crate-type bin --crate-name 05 src/bin/05.rs -o /opt/rustwide/target/doc --error-format=json --json=diagnostic-rendered-ansi,artifacts,future-incompat --document-private-items '-Arustdoc::private-intra-doc-links' -C metadata=b9dd36f9d5b5c189 -L dependency=/opt/rustwide/target/debug/deps --extern advent_of_code=/opt/rustwide/target/debug/deps/libadvent_of_code-d1d601d418fee480.rmeta --extern fehler=/opt/rustwide/target/debug/deps/libfehler-e8067785122a68af.rmeta --extern itertools=/opt/rustwide/target/debug/deps/libitertools-8dbcfa8504ad0ef2.rmeta --extern pico_args=/opt/rustwide/target/debug/deps/libpico_args-3448d724722086a6.rmeta --cap-lints=warn --crate-version 0.9.5` (exit status: 1)
[INFO] [stderr] warning: build failed, waiting for other jobs to finish...
[INFO] [stdout] error: aborting due to 2 previous errors
[INFO] [stdout] 
[INFO] [stdout] 
[INFO] [stdout] For more information about this error, try `rustc --explain E0554`.
[INFO] [stdout] 
[INFO] [stderr] error: could not document `advent_of_code`
[INFO] [stderr] 
[INFO] [stderr] Caused by:
[INFO] [stderr]   process didn't exit successfully: `/opt/rustwide/rustup-home/toolchains/beta-2023-12-22-x86_64-unknown-linux-gnu/bin/rustdoc --edition=2021 --crate-type bin --crate-name 14 src/bin/14.rs -o /opt/rustwide/target/doc --error-format=json --json=diagnostic-rendered-ansi,artifacts,future-incompat --document-private-items '-Arustdoc::private-intra-doc-links' -C metadata=dc30d7189e6b0937 -L dependency=/opt/rustwide/target/debug/deps --extern advent_of_code=/opt/rustwide/target/debug/deps/libadvent_of_code-d1d601d418fee480.rmeta --extern fehler=/opt/rustwide/target/debug/deps/libfehler-e8067785122a68af.rmeta --extern itertools=/opt/rustwide/target/debug/deps/libitertools-8dbcfa8504ad0ef2.rmeta --extern pico_args=/opt/rustwide/target/debug/deps/libpico_args-3448d724722086a6.rmeta --cap-lints=warn --crate-version 0.9.5` (exit status: 1)
[INFO] [stderr] error: could not document `advent_of_code`
[INFO] [stderr] 
[INFO] [stderr] Caused by:
[INFO] [stderr]   process didn't exit successfully: `/opt/rustwide/rustup-home/toolchains/beta-2023-12-22-x86_64-unknown-linux-gnu/bin/rustdoc --edition=2021 --crate-type bin --crate-name 18 src/bin/18.rs -o /opt/rustwide/target/doc --error-format=json --json=diagnostic-rendered-ansi,artifacts,future-incompat --document-private-items '-Arustdoc::private-intra-doc-links' -C metadata=86f5b6db1cf7cec4 -L dependency=/opt/rustwide/target/debug/deps --extern advent_of_code=/opt/rustwide/target/debug/deps/libadvent_of_code-d1d601d418fee480.rmeta --extern fehler=/opt/rustwide/target/debug/deps/libfehler-e8067785122a68af.rmeta --extern itertools=/opt/rustwide/target/debug/deps/libitertools-8dbcfa8504ad0ef2.rmeta --extern pico_args=/opt/rustwide/target/debug/deps/libpico_args-3448d724722086a6.rmeta --cap-lints=warn --crate-version 0.9.5` (exit status: 1)
[INFO] running `Command { std: "docker" "inspect" "27f50459b9f687fce2bfc9c1479df520b9a094c8a5c404772b5adcbbdd332687", kill_on_drop: false }`
[INFO] running `Command { std: "docker" "rm" "-f" "27f50459b9f687fce2bfc9c1479df520b9a094c8a5c404772b5adcbbdd332687", kill_on_drop: false }`
[INFO] [stdout] 27f50459b9f687fce2bfc9c1479df520b9a094c8a5c404772b5adcbbdd332687
