[INFO] cloning repository https://github.com/MatchaChoco010/wgpu-website-prototype
[INFO] running `Command { std: "git" "-c" "credential.helper=" "-c" "credential.helper=/workspace/cargo-home/bin/git-credential-null" "clone" "--bare" "https://github.com/MatchaChoco010/wgpu-website-prototype" "/workspace/cache/git-repos/https%3A%2F%2Fgithub.com%2FMatchaChoco010%2Fwgpu-website-prototype", kill_on_drop: false }`
[INFO] [stderr] Cloning into bare repository '/workspace/cache/git-repos/https%3A%2F%2Fgithub.com%2FMatchaChoco010%2Fwgpu-website-prototype'...
[INFO] running `Command { std: "git" "rev-parse" "HEAD", kill_on_drop: false }`
[INFO] [stdout] 7e8af607b73e233843a2b72335222ecb454f9cff
[INFO] documenting MatchaChoco010/wgpu-website-prototype against 1.75.0 for beta-1.76-rustdoc-1
[INFO] running `Command { std: "git" "clone" "/workspace/cache/git-repos/https%3A%2F%2Fgithub.com%2FMatchaChoco010%2Fwgpu-website-prototype" "/workspace/builds/worker-0-tc1/source", kill_on_drop: false }`
[INFO] [stderr] Cloning into '/workspace/builds/worker-0-tc1/source'...
[INFO] [stderr] done.
[INFO] validating manifest of git repo https://github.com/MatchaChoco010/wgpu-website-prototype on toolchain 1.75.0
[INFO] running `Command { std: CARGO_HOME="/workspace/cargo-home" RUSTUP_HOME="/workspace/rustup-home" "/workspace/cargo-home/bin/cargo" "+1.75.0" "metadata" "--manifest-path" "Cargo.toml" "--no-deps", kill_on_drop: false }`
[INFO] removed /workspace/builds/worker-0-tc1/source/.cargo/config.toml
[INFO] started tweaking git repo https://github.com/MatchaChoco010/wgpu-website-prototype
[INFO] finished tweaking git repo https://github.com/MatchaChoco010/wgpu-website-prototype
[INFO] tweaked toml for git repo https://github.com/MatchaChoco010/wgpu-website-prototype written to /workspace/builds/worker-0-tc1/source/Cargo.toml
[INFO] crate git repo https://github.com/MatchaChoco010/wgpu-website-prototype already has a lockfile, it will not be regenerated
[INFO] running `Command { std: CARGO_HOME="/workspace/cargo-home" RUSTUP_HOME="/workspace/rustup-home" "/workspace/cargo-home/bin/cargo" "+1.75.0" "fetch" "--manifest-path" "Cargo.toml", kill_on_drop: false }`
[INFO] [stderr]     Updating crates.io index
[INFO] [stderr]  Downloading crates ...
[INFO] [stderr]   Downloaded gloo-render v0.1.0
[INFO] [stderr]   Downloaded gloo-storage v0.2.0
[INFO] [stderr]   Downloaded siphasher v0.3.9
[INFO] [stderr]   Downloaded gloo-net v0.1.0
[INFO] [stderr]   Downloaded gloo-worker v0.1.0
[INFO] [stderr]   Downloaded gloo-history v0.1.0
[INFO] [stderr]   Downloaded gloo-file v0.2.1
[INFO] [stderr]   Downloaded gloo-dialogs v0.1.0
[INFO] [stderr]   Downloaded gloo-console v0.2.1
[INFO] [stderr]   Downloaded serde-wasm-bindgen v0.3.1
[INFO] [stderr]   Downloaded gloo v0.6.1
[INFO] [stderr]   Downloaded parcel_sourcemap v2.0.2
[INFO] [stderr]   Downloaded yew-style-in-rs v0.1.0
[INFO] [stderr]   Downloaded gloo-utils v0.1.2
[INFO] [stderr]   Downloaded yew-style-in-rs-macro v0.1.0
[INFO] [stderr]   Downloaded cssparser v0.29.2
[INFO] [stderr]   Downloaded parcel_selectors v0.24.1
[INFO] [stderr]   Downloaded vek v0.15.6
[INFO] [stderr]   Downloaded wgpu-hal v0.12.4
[INFO] [stderr]   Downloaded parcel_css v1.0.0-alpha.18
[INFO] running `Command { std: "docker" "create" "-v" "/var/lib/crater-agent-workspace/builds/worker-0-tc1/target:/opt/rustwide/target:rw,Z" "-v" "/var/lib/crater-agent-workspace/builds/worker-0-tc1/source:/opt/rustwide/workdir:ro,Z" "-v" "/var/lib/crater-agent-workspace/cargo-home:/opt/rustwide/cargo-home:ro,Z" "-v" "/var/lib/crater-agent-workspace/rustup-home:/opt/rustwide/rustup-home:ro,Z" "-e" "SOURCE_DIR=/opt/rustwide/workdir" "-e" "CARGO_TARGET_DIR=/opt/rustwide/target" "-e" "CARGO_HOME=/opt/rustwide/cargo-home" "-e" "RUSTUP_HOME=/opt/rustwide/rustup-home" "-w" "/opt/rustwide/workdir" "-m" "1610612736" "--user" "0:0" "--network" "none" "ghcr.io/rust-lang/crates-build-env/linux@sha256:2788e3201cd34a07e3172128adcd8b3090168a8e3bcc40d7c032b9dda1df7d1c" "/opt/rustwide/cargo-home/bin/cargo" "+1.75.0" "metadata" "--no-deps" "--format-version=1", kill_on_drop: false }`
[INFO] [stdout] ee3744b30ba4af0a4b1e08e1dacaf0fb4f0ec20bf8aaa9a32d014e762aaa4d8f
[INFO] running `Command { std: "docker" "start" "-a" "ee3744b30ba4af0a4b1e08e1dacaf0fb4f0ec20bf8aaa9a32d014e762aaa4d8f", kill_on_drop: false }`
[INFO] running `Command { std: "docker" "inspect" "ee3744b30ba4af0a4b1e08e1dacaf0fb4f0ec20bf8aaa9a32d014e762aaa4d8f", kill_on_drop: false }`
[INFO] running `Command { std: "docker" "rm" "-f" "ee3744b30ba4af0a4b1e08e1dacaf0fb4f0ec20bf8aaa9a32d014e762aaa4d8f", kill_on_drop: false }`
[INFO] [stdout] ee3744b30ba4af0a4b1e08e1dacaf0fb4f0ec20bf8aaa9a32d014e762aaa4d8f
[INFO] running `Command { std: "docker" "create" "-v" "/var/lib/crater-agent-workspace/builds/worker-0-tc1/target:/opt/rustwide/target:rw,Z" "-v" "/var/lib/crater-agent-workspace/builds/worker-0-tc1/source:/opt/rustwide/workdir:ro,Z" "-v" "/var/lib/crater-agent-workspace/cargo-home:/opt/rustwide/cargo-home:ro,Z" "-v" "/var/lib/crater-agent-workspace/rustup-home:/opt/rustwide/rustup-home:ro,Z" "-e" "SOURCE_DIR=/opt/rustwide/workdir" "-e" "CARGO_TARGET_DIR=/opt/rustwide/target" "-e" "CARGO_INCREMENTAL=0" "-e" "RUST_BACKTRACE=full" "-e" "RUSTFLAGS=--cap-lints=warn" "-e" "RUSTDOCFLAGS=--cap-lints=warn" "-e" "CARGO_HOME=/opt/rustwide/cargo-home" "-e" "RUSTUP_HOME=/opt/rustwide/rustup-home" "-w" "/opt/rustwide/workdir" "-m" "1610612736" "--user" "0:0" "--network" "none" "ghcr.io/rust-lang/crates-build-env/linux@sha256:2788e3201cd34a07e3172128adcd8b3090168a8e3bcc40d7c032b9dda1df7d1c" "/opt/rustwide/cargo-home/bin/cargo" "+1.75.0" "doc" "--frozen" "--no-deps" "--document-private-items" "--message-format=json", kill_on_drop: false }`
[INFO] [stdout] a4b97741134db6a175d1f974152f9860fade1b7055080e370bfaa82f2bb7c3c5
[INFO] running `Command { std: "docker" "start" "-a" "a4b97741134db6a175d1f974152f9860fade1b7055080e370bfaa82f2bb7c3c5", kill_on_drop: false }`
[INFO] [stderr]    Compiling proc-macro2 v1.0.36
[INFO] [stderr]    Compiling syn v1.0.86
[INFO] [stderr]    Compiling libc v0.2.119
[INFO] [stderr]    Compiling serde_derive v1.0.136
[INFO] [stderr]    Compiling serde v1.0.136
[INFO] [stderr]    Compiling wasm-bindgen-shared v0.2.79
[INFO] [stderr]    Compiling serde_json v1.0.79
[INFO] [stderr]    Compiling bumpalo v3.9.1
[INFO] [stderr]     Checking ryu v1.0.9
[INFO] [stderr]     Checking itoa v1.0.1
[INFO] [stderr]    Compiling log v0.4.14
[INFO] [stderr]    Compiling wasm-bindgen v0.2.79
[INFO] [stderr]    Compiling getrandom v0.1.16
[INFO] [stderr]    Compiling memoffset v0.6.5
[INFO] [stderr]    Compiling num-traits v0.2.14
[INFO] [stderr]    Compiling ppv-lite86 v0.2.16
[INFO] [stderr]    Compiling crossbeam-utils v0.8.7
[INFO] [stderr]    Compiling siphasher v0.3.9
[INFO] [stderr]     Checking smallvec v1.8.0
[INFO] [stderr]    Compiling crossbeam-epoch v0.9.7
[INFO] [stderr]    Compiling ahash v0.7.6
[INFO] [stderr]    Compiling phf_shared v0.8.0
[INFO] [stderr]    Compiling parking_lot_core v0.9.1
[INFO] [stderr]     Checking lock_api v0.4.6
[INFO] [stderr]    Compiling indexmap v1.8.0
[INFO] [stderr]    Compiling scopeguard v1.1.0
[INFO] [stderr]    Compiling rayon-core v1.9.1
[INFO] [stderr]     Checking byteorder v1.4.3
[INFO] [stderr]    Compiling rkyv v0.6.7
[INFO] [stderr]    Compiling proc-macro-error-attr v1.0.4
[INFO] [stderr]     Checking instant v0.1.12
[INFO] [stderr]    Compiling parking_lot_core v0.8.5
[INFO] [stderr]    Compiling proc-macro-error v1.0.4
[INFO] [stderr]    Compiling num-integer v0.1.44
[INFO] [stderr]    Compiling rayon v1.5.1
[INFO] [stderr]     Checking fxhash v0.2.1
[INFO] [stderr]    Compiling convert_case v0.4.0
[INFO] [stderr]     Checking termcolor v1.1.2
[INFO] [stderr]    Compiling khronos-egl v4.1.0
[INFO] [stderr]     Checking bit-vec v0.6.3
[INFO] [stderr]    Compiling ash v0.34.0+1.2.203
[INFO] [stderr]     Checking gpu-alloc-types v0.2.0
[INFO] [stderr]     Checking gpu-descriptor-types v0.1.1
[INFO] [stderr]     Checking codespan-reporting v0.11.1
[INFO] [stderr]    Compiling semver v1.0.5
[INFO] [stderr]     Checking hexf-parse v0.2.1
[INFO] [stderr]    Compiling quote v1.0.15
[INFO] [stderr]     Checking bit-set v0.5.2
[INFO] [stderr]     Checking rustc-hash v1.1.0
[INFO] [stderr]     Checking cty v0.2.2
[INFO] [stderr]    Compiling dtoa v0.4.8
[INFO] [stderr]    Compiling cfg_aliases v0.1.1
[INFO] [stderr]     Checking getrandom v0.2.4
[INFO] [stderr]     Checking raw-window-handle v0.4.2
[INFO] [stderr]    Compiling wgpu-core v0.12.2
[INFO] [stderr]    Compiling num_cpus v1.13.1
[INFO] [stderr]    Compiling dtoa-short v0.3.3
[INFO] [stderr]     Checking spirv v0.2.0+1.5.4
[INFO] [stderr]    Compiling crossbeam-deque v0.8.1
[INFO] [stderr]    Compiling rand_core v0.5.1
[INFO] [stderr]     Checking parking_lot v0.11.2
[INFO] [stderr]     Checking gpu-alloc v0.5.3
[INFO] [stderr]     Checking hashbrown v0.11.2
[INFO] [stderr]    Compiling crossbeam-channel v0.5.2
[INFO] [stderr]    Compiling rand_chacha v0.2.2
[INFO] [stderr]    Compiling rand_pcg v0.2.1
[INFO] [stderr]     Checking wgpu-types v0.12.0
[INFO] [stderr]     Checking renderdoc-sys v0.7.1
[INFO] [stderr]    Compiling futures-core v0.3.21
[INFO] [stderr]    Compiling matches v0.1.9
[INFO] [stderr]    Compiling seahash v4.1.0
[INFO] [stderr]     Checking glow v0.11.2
[INFO] [stderr]     Checking inplace_it v0.3.3
[INFO] [stderr]     Checking profiling v1.0.5
[INFO] [stderr]    Compiling rand v0.7.3
[INFO] [stderr]     Checking arrayvec v0.7.2
[INFO] [stderr]    Compiling boolinator v2.4.0
[INFO] [stderr]    Compiling itoa v0.4.8
[INFO] [stderr]    Compiling anyhow v1.0.55
[INFO] [stderr]     Checking gpu-descriptor v0.2.2
[INFO] [stderr]    Compiling parking_lot v0.12.0
[INFO] [stderr]    Compiling num-bigint v0.4.3
[INFO] [stderr]    Compiling precomputed-hash v0.1.1
[INFO] [stderr]     Checking scoped-tls-hkt v0.1.2
[INFO] [stderr]    Compiling vlq v0.5.1
[INFO] [stderr]     Checking either v1.6.1
[INFO] [stderr]     Checking copyless v0.1.5
[INFO] [stderr]    Compiling futures-channel v0.3.21
[INFO] [stderr]    Compiling rustc_version v0.4.0
[INFO] [stderr]    Compiling dashmap v5.1.0
[INFO] [stderr]    Compiling itertools v0.10.3
[INFO] [stderr]    Compiling num-iter v0.1.42
[INFO] [stderr]    Compiling num-rational v0.4.0
[INFO] [stderr]    Compiling data-encoding v2.3.2
[INFO] [stderr]    Compiling retain_mut v0.1.7
[INFO] [stderr]    Compiling phf_generator v0.8.0
[INFO] [stderr]    Compiling phf_codegen v0.8.0
[INFO] [stderr]    Compiling vek v0.15.6
[INFO] [stderr]    Compiling parcel_selectors v0.24.1
[INFO] [stderr]    Compiling fslock v0.2.1
[INFO] [stderr]     Checking anymap2 v0.13.0
[INFO] [stderr]    Compiling once_cell v1.10.0
[INFO] [stderr]    Compiling fastrand v1.7.0
[INFO] [stderr]     Checking futures-sink v0.3.21
[INFO] [stderr]     Checking approx v0.4.0
[INFO] [stderr]     Checking num-complex v0.4.0
[INFO] [stderr]    Compiling wee_alloc v0.4.5
[INFO] [stderr]     Checking memory_units v0.4.0
[INFO] [stderr]     Checking num v0.4.0
[INFO] [stderr]    Compiling wasm-bindgen-backend v0.2.79
[INFO] [stderr]    Compiling thiserror-impl v1.0.30
[INFO] [stderr]    Compiling phf_macros v0.8.0
[INFO] [stderr]    Compiling ptr_meta_derive v0.1.4
[INFO] [stderr]    Compiling cssparser v0.29.2
[INFO] [stderr]    Compiling cssparser-macros v0.6.0
[INFO] [stderr]    Compiling rkyv_derive v0.6.7
[INFO] [stderr]    Compiling derive_more v0.99.17
[INFO] [stderr]    Compiling yew-macro v0.19.3
[INFO] [stderr]    Compiling pin-project-internal v1.0.10
[INFO] [stderr]    Compiling derivative v2.2.0
[INFO] [stderr]    Compiling bytemuck_derive v1.0.1
[INFO] [stderr]    Compiling wasm-bindgen-macro-support v0.2.79
[INFO] [stderr]    Compiling ptr_meta v0.1.4
[INFO] [stderr]     Checking bytemuck v1.7.3
[INFO] [stderr]    Compiling wasm-bindgen-macro v0.2.79
[INFO] [stderr]    Compiling phf v0.8.0
[INFO] [stderr]     Checking thiserror v1.0.30
[INFO] [stderr]     Checking pin-project v1.0.10
[INFO] [stderr]     Checking naga v0.8.5
[INFO] [stderr]     Checking parcel_sourcemap v2.0.2
[INFO] [stderr]     Checking wgpu-hal v0.12.4
[INFO] [stderr]     Checking serde_urlencoded v0.7.1
[INFO] [stderr]     Checking bincode v1.3.3
[INFO] [stderr]     Checking parcel_css v1.0.0-alpha.18
[INFO] [stderr]     Checking js-sys v0.3.56
[INFO] [stderr]     Checking console_error_panic_hook v0.1.7
[INFO] [stderr]     Checking web-sys v0.3.56
[INFO] [stderr]     Checking gloo-timers v0.2.3
[INFO] [stderr]     Checking wasm-bindgen-futures v0.4.29
[INFO] [stderr]     Checking serde-wasm-bindgen v0.3.1
[INFO] [stderr]     Checking wgpu v0.12.0
[INFO] [stderr]     Checking gloo-utils v0.1.2
[INFO] [stderr]     Checking gloo-events v0.1.1
[INFO] [stderr]     Checking gloo-console v0.2.1
[INFO] [stderr]     Checking gloo-render v0.1.0
[INFO] [stderr]     Checking gloo-dialogs v0.1.0
[INFO] [stderr]     Checking wasm-logger v0.2.0
[INFO] [stderr]     Checking gloo-storage v0.2.0
[INFO] [stderr]     Checking gloo-net v0.1.0
[INFO] [stderr]     Checking gloo-worker v0.1.0
[INFO] [stderr]     Checking gloo-file v0.2.1
[INFO] [stderr]     Checking gloo-history v0.1.0
[INFO] [stderr]     Checking gloo v0.4.2
[INFO] [stderr]     Checking yew v0.19.3
[INFO] [stderr]     Checking gloo v0.6.1
[INFO] [stderr]     Checking yew-wgpu v0.1.0 (/opt/rustwide/workdir/yew-wgpu)
[INFO] [stderr]  Documenting yew-wgpu v0.1.0 (/opt/rustwide/workdir/yew-wgpu)
[INFO] [stdout] warning: private item shadows public glob re-export
[INFO] [stdout]  --> yew-wgpu/src/lib.rs:4:1
[INFO] [stdout]   |
[INFO] [stdout] 4 | mod wgpu_canvas;
[INFO] [stdout]   | ^^^^^^^^^^^^^^^^
[INFO] [stdout]   |
[INFO] [stdout] note: the name `wgpu_canvas` in the type namespace is supposed to be publicly re-exported here
[INFO] [stdout]  --> yew-wgpu/src/lib.rs:6:9
[INFO] [stdout]   |
[INFO] [stdout] 6 | pub use wgpu_canvas::*;
[INFO] [stdout]   |         ^^^^^^^^^^^^^^
[INFO] [stdout] note: but the private item here shadows it
[INFO] [stdout]  --> yew-wgpu/src/lib.rs:4:1
[INFO] [stdout]   |
[INFO] [stdout] 4 | mod wgpu_canvas;
[INFO] [stdout]   | ^^^^^^^^^^^^^^^^
[INFO] [stdout]   = note: `#[warn(hidden_glob_reexports)]` on by default
[INFO] [stdout] 
[INFO] [stdout] 
[INFO] [stdout] warning: 1 warning emitted
[INFO] [stdout] 
[INFO] [stdout] 
[INFO] [stderr]    Compiling yew-style-in-rs-macro v0.1.0
[INFO] [stderr]     Checking yew-style-in-rs v0.1.0
[INFO] [stderr]     Checking yew-components v0.1.0 (/opt/rustwide/workdir/yew-components)
[INFO] [stderr]  Documenting yew-components v0.1.0 (/opt/rustwide/workdir/yew-components)
[INFO] [stdout] error: proc macro panicked
[INFO] [stdout]    --> yew-components/src/slider.rs:35:15
[INFO] [stdout]     |
[INFO] [stdout] 35  |       let css = css! {r#"
[INFO] [stdout]     |  _______________^
[INFO] [stdout] 36  | |         width: 100%;
[INFO] [stdout] 37  | |         flex-grow: 1;
[INFO] [stdout] 38  | |         display: flex;
[INFO] [stdout] ...   |
[INFO] [stdout] 118 | |         }
[INFO] [stdout] 119 | |     "#};
[INFO] [stdout]     | |_______^
[INFO] [stdout]     |
[INFO] [stdout]     = help: message: Failed to create state of yew-style-in-rs-macro: Read-only file system (os error 30)
[INFO] [stdout] 
[INFO] [stdout] 
[INFO] [stdout] error: proc macro panicked
[INFO] [stdout]    --> yew-components/src/color_slider.rs:72:15
[INFO] [stdout]     |
[INFO] [stdout] 72  |       let css = css! {r#"
[INFO] [stdout]     |  _______________^
[INFO] [stdout] 73  | |         width: 100%;
[INFO] [stdout] 74  | |         flex-grow: 1;
[INFO] [stdout] 75  | |         display: flex;
[INFO] [stdout] ...   |
[INFO] [stdout] 202 | |         }
[INFO] [stdout] 203 | |     "#};
[INFO] [stdout]     | |_______^
[INFO] [stdout]     |
[INFO] [stdout]     = help: message: Lazy instance has previously been poisoned
[INFO] [stdout] 
[INFO] [stdout] 
[INFO] [stdout] error: proc macro panicked
[INFO] [stdout]    --> yew-components/src/hue_slider.rs:36:15
[INFO] [stdout]     |
[INFO] [stdout] 36  |       let css = css! {r#"
[INFO] [stdout]     |  _______________^
[INFO] [stdout] 37  | |         width: 100%;
[INFO] [stdout] 38  | |         flex-grow: 1;
[INFO] [stdout] 39  | |         display: flex;
[INFO] [stdout] ...   |
[INFO] [stdout] 107 | |         }
[INFO] [stdout] 108 | |     "#};
[INFO] [stdout]     | |_______^
[INFO] [stdout]     |
[INFO] [stdout]     = help: message: Lazy instance has previously been poisoned
[INFO] [stdout] 
[INFO] [stdout] 
[INFO] [stdout] error: proc macro panicked
[INFO] [stdout]    --> yew-components/src/rgba_sliders.rs:86:15
[INFO] [stdout]     |
[INFO] [stdout] 86  |       let css = css!(
[INFO] [stdout]     |  _______________^
[INFO] [stdout] 87  | |         "
[INFO] [stdout] 88  | |         width: 100%;
[INFO] [stdout] 89  | |         height: 100%;
[INFO] [stdout] ...   |
[INFO] [stdout] 110 | |         "
[INFO] [stdout] 111 | |     );
[INFO] [stdout]     | |_____^
[INFO] [stdout]     |
[INFO] [stdout]     = help: message: Lazy instance has previously been poisoned
[INFO] [stdout] 
[INFO] [stdout] 
[INFO] [stdout] error: proc macro panicked
[INFO] [stdout]    --> yew-components/src/hsva_sliders.rs:101:15
[INFO] [stdout]     |
[INFO] [stdout] 101 |       let css = css!(
[INFO] [stdout]     |  _______________^
[INFO] [stdout] 102 | |         "
[INFO] [stdout] 103 | |         width: 100%;
[INFO] [stdout] 104 | |         height: 100%;
[INFO] [stdout] ...   |
[INFO] [stdout] 125 | |         "
[INFO] [stdout] 126 | |     );
[INFO] [stdout]     | |_____^
[INFO] [stdout]     |
[INFO] [stdout]     = help: message: Lazy instance has previously been poisoned
[INFO] [stdout] 
[INFO] [stdout] 
[INFO] [stdout] error: proc macro panicked
[INFO] [stdout]    --> yew-components/src/hsv_palette.rs:297:15
[INFO] [stdout]     |
[INFO] [stdout] 297 |       let css = css! {"
[INFO] [stdout]     |  _______________^
[INFO] [stdout] 298 | |         width: 140px;
[INFO] [stdout] 299 | |         height: 140px;
[INFO] [stdout] 300 | |         position: relative;
[INFO] [stdout] ...   |
[INFO] [stdout] 345 | |         }
[INFO] [stdout] 346 | |     "};
[INFO] [stdout]     | |______^
[INFO] [stdout]     |
[INFO] [stdout]     = help: message: Lazy instance has previously been poisoned
[INFO] [stdout] 
[INFO] [stdout] 
[INFO] [stdout] error: proc macro panicked
[INFO] [stdout]    --> yew-components/src/dropdown.rs:79:15
[INFO] [stdout]     |
[INFO] [stdout] 79  |       let css = css! {r#"
[INFO] [stdout]     |  _______________^
[INFO] [stdout] 80  | |         position: relative;
[INFO] [stdout] 81  | |         border: 1px solid #666;
[INFO] [stdout] 82  | |         border-radius: 8px;
[INFO] [stdout] ...   |
[INFO] [stdout] 149 | |         }
[INFO] [stdout] 150 | |     "#};
[INFO] [stdout]     | |_______^
[INFO] [stdout]     |
[INFO] [stdout]     = help: message: Lazy instance has previously been poisoned
[INFO] [stdout] 
[INFO] [stdout] 
[INFO] [stdout] error: proc macro panicked
[INFO] [stdout]    --> yew-components/src/color_picker.rs:177:15
[INFO] [stdout]     |
[INFO] [stdout] 177 |       let css = css! {r#"
[INFO] [stdout]     |  _______________^
[INFO] [stdout] 178 | |         width: 32px;
[INFO] [stdout] 179 | |         height: 16px;
[INFO] [stdout] 180 | |
[INFO] [stdout] ...   |
[INFO] [stdout] 281 | |         }
[INFO] [stdout] 282 | |     "#};
[INFO] [stdout]     | |_______^
[INFO] [stdout]     |
[INFO] [stdout]     = help: message: Lazy instance has previously been poisoned
[INFO] [stdout] 
[INFO] [stdout] 
[INFO] [stdout] error[E0433]: failed to resolve: could not find `ResizeObserver` in `web_sys`
[INFO] [stdout]    --> yew-components/src/color_picker.rs:155:34
[INFO] [stdout]     |
[INFO] [stdout] 155 |                         web_sys::ResizeObserver::new(f.as_ref().unchecked_ref()).unwrap();
[INFO] [stdout]     |                                  ^^^^^^^^^^^^^^ could not find `ResizeObserver` in `web_sys`
[INFO] [stdout] 
[INFO] [stdout] 
[INFO] [stdout] warning: private item shadows public glob re-export
[INFO] [stdout]  --> yew-components/src/lib.rs:3:1
[INFO] [stdout]   |
[INFO] [stdout] 3 | mod slider;
[INFO] [stdout]   | ^^^^^^^^^^^
[INFO] [stdout]   |
[INFO] [stdout] note: the name `slider` in the type namespace is supposed to be publicly re-exported here
[INFO] [stdout]  --> yew-components/src/lib.rs:4:9
[INFO] [stdout]   |
[INFO] [stdout] 4 | pub use slider::*;
[INFO] [stdout]   |         ^^^^^^^^^
[INFO] [stdout] note: but the private item here shadows it
[INFO] [stdout]  --> yew-components/src/lib.rs:3:1
[INFO] [stdout]   |
[INFO] [stdout] 3 | mod slider;
[INFO] [stdout]   | ^^^^^^^^^^^
[INFO] [stdout]   = note: `#[warn(hidden_glob_reexports)]` on by default
[INFO] [stdout] 
[INFO] [stdout] 
[INFO] [stdout] warning: ambiguous glob re-exports
[INFO] [stdout]   --> yew-components/src/lib.rs:4:9
[INFO] [stdout]    |
[INFO] [stdout] 4  | pub use slider::*;
[INFO] [stdout]    |         ^^^^^^^^^ the name `Props` in the type namespace is first re-exported here
[INFO] [stdout] ...
[INFO] [stdout] 25 | pub use color_picker::*;
[INFO] [stdout]    |         --------------- but the name `Props` in the type namespace is also re-exported here
[INFO] [stdout]    |
[INFO] [stdout]    = note: `#[warn(ambiguous_glob_reexports)]` on by default
[INFO] [stdout] 
[INFO] [stdout] 
[INFO] [stdout] warning: ambiguous glob re-exports
[INFO] [stdout]   --> yew-components/src/lib.rs:4:9
[INFO] [stdout]    |
[INFO] [stdout] 4  | pub use slider::*;
[INFO] [stdout]    |         ^^^^^^^^^ the name `PropsBuilderStepPropsBuilder` in the type namespace is first re-exported here
[INFO] [stdout] ...
[INFO] [stdout] 25 | pub use color_picker::*;
[INFO] [stdout]    |         --------------- but the name `PropsBuilderStepPropsBuilder` in the type namespace is also re-exported here
[INFO] [stdout] 
[INFO] [stdout] 
[INFO] [stdout] warning: ambiguous glob re-exports
[INFO] [stdout]   --> yew-components/src/lib.rs:4:9
[INFO] [stdout]    |
[INFO] [stdout] 4  | pub use slider::*;
[INFO] [stdout]    |         ^^^^^^^^^ the name `PropsBuilderStepPropsBuilder` in the value namespace is first re-exported here
[INFO] [stdout] ...
[INFO] [stdout] 25 | pub use color_picker::*;
[INFO] [stdout]    |         --------------- but the name `PropsBuilderStepPropsBuilder` in the value namespace is also re-exported here
[INFO] [stdout] 
[INFO] [stdout] 
[INFO] [stdout] warning: ambiguous glob re-exports
[INFO] [stdout]   --> yew-components/src/lib.rs:4:9
[INFO] [stdout]    |
[INFO] [stdout] 4  | pub use slider::*;
[INFO] [stdout]    |         ^^^^^^^^^ the name `PropsBuilderStep` in the type namespace is first re-exported here
[INFO] [stdout] ...
[INFO] [stdout] 25 | pub use color_picker::*;
[INFO] [stdout]    |         --------------- but the name `PropsBuilderStep` in the type namespace is also re-exported here
[INFO] [stdout] 
[INFO] [stdout] 
[INFO] [stdout] warning: ambiguous glob re-exports
[INFO] [stdout]   --> yew-components/src/lib.rs:4:9
[INFO] [stdout]    |
[INFO] [stdout] 4  | pub use slider::*;
[INFO] [stdout]    |         ^^^^^^^^^ the name `PropsBuilder` in the type namespace is first re-exported here
[INFO] [stdout] ...
[INFO] [stdout] 25 | pub use color_picker::*;
[INFO] [stdout]    |         --------------- but the name `PropsBuilder` in the type namespace is also re-exported here
[INFO] [stdout] 
[INFO] [stdout] 
[INFO] [stdout] warning: private item shadows public glob re-export
[INFO] [stdout]  --> yew-components/src/lib.rs:6:1
[INFO] [stdout]   |
[INFO] [stdout] 6 | mod color_slider;
[INFO] [stdout]   | ^^^^^^^^^^^^^^^^^
[INFO] [stdout]   |
[INFO] [stdout] note: the name `color_slider` in the type namespace is supposed to be publicly re-exported here
[INFO] [stdout]  --> yew-components/src/lib.rs:7:9
[INFO] [stdout]   |
[INFO] [stdout] 7 | pub use color_slider::*;
[INFO] [stdout]   |         ^^^^^^^^^^^^^^^
[INFO] [stdout] note: but the private item here shadows it
[INFO] [stdout]  --> yew-components/src/lib.rs:6:1
[INFO] [stdout]   |
[INFO] [stdout] 6 | mod color_slider;
[INFO] [stdout]   | ^^^^^^^^^^^^^^^^^
[INFO] [stdout] 
[INFO] [stdout] 
[INFO] [stdout] warning: private item shadows public glob re-export
[INFO] [stdout]   --> yew-components/src/lib.rs:9:1
[INFO] [stdout]    |
[INFO] [stdout] 9  | mod hue_slider;
[INFO] [stdout]    | ^^^^^^^^^^^^^^^
[INFO] [stdout]    |
[INFO] [stdout] note: the name `hue_slider` in the type namespace is supposed to be publicly re-exported here
[INFO] [stdout]   --> yew-components/src/lib.rs:10:9
[INFO] [stdout]    |
[INFO] [stdout] 10 | pub use hue_slider::*;
[INFO] [stdout]    |         ^^^^^^^^^^^^^
[INFO] [stdout] note: but the private item here shadows it
[INFO] [stdout]   --> yew-components/src/lib.rs:9:1
[INFO] [stdout]    |
[INFO] [stdout] 9  | mod hue_slider;
[INFO] [stdout]    | ^^^^^^^^^^^^^^^
[INFO] [stdout] 
[INFO] [stdout] 
[INFO] [stdout] warning: private item shadows public glob re-export
[INFO] [stdout]   --> yew-components/src/lib.rs:12:1
[INFO] [stdout]    |
[INFO] [stdout] 12 | mod rgba_sliders;
[INFO] [stdout]    | ^^^^^^^^^^^^^^^^^
[INFO] [stdout]    |
[INFO] [stdout] note: the name `rgba_sliders` in the type namespace is supposed to be publicly re-exported here
[INFO] [stdout]   --> yew-components/src/lib.rs:13:9
[INFO] [stdout]    |
[INFO] [stdout] 13 | pub use rgba_sliders::*;
[INFO] [stdout]    |         ^^^^^^^^^^^^^^^
[INFO] [stdout] note: but the private item here shadows it
[INFO] [stdout]   --> yew-components/src/lib.rs:12:1
[INFO] [stdout]    |
[INFO] [stdout] 12 | mod rgba_sliders;
[INFO] [stdout]    | ^^^^^^^^^^^^^^^^^
[INFO] [stdout] 
[INFO] [stdout] 
[INFO] [stdout] warning: ambiguous glob re-exports
[INFO] [stdout]   --> yew-components/src/lib.rs:13:9
[INFO] [stdout]    |
[INFO] [stdout] 13 | pub use rgba_sliders::*;
[INFO] [stdout]    |         ^^^^^^^^^^^^^^^ the name `PropsBuilderStep_missing_required_prop_color` in the type namespace is first re-exported here
[INFO] [stdout] ...
[INFO] [stdout] 25 | pub use color_picker::*;
[INFO] [stdout]    |         --------------- but the name `PropsBuilderStep_missing_required_prop_color` in the type namespace is also re-exported here
[INFO] [stdout] 
[INFO] [stdout] 
[INFO] [stdout] warning: ambiguous glob re-exports
[INFO] [stdout]   --> yew-components/src/lib.rs:13:9
[INFO] [stdout]    |
[INFO] [stdout] 13 | pub use rgba_sliders::*;
[INFO] [stdout]    |         ^^^^^^^^^^^^^^^ the name `PropsBuilderStep_missing_required_prop_color` in the value namespace is first re-exported here
[INFO] [stdout] ...
[INFO] [stdout] 25 | pub use color_picker::*;
[INFO] [stdout]    |         --------------- but the name `PropsBuilderStep_missing_required_prop_color` in the value namespace is also re-exported here
[INFO] [stdout] 
[INFO] [stdout] 
[INFO] [stdout] warning: private item shadows public glob re-export
[INFO] [stdout]   --> yew-components/src/lib.rs:15:1
[INFO] [stdout]    |
[INFO] [stdout] 15 | mod hsva_sliders;
[INFO] [stdout]    | ^^^^^^^^^^^^^^^^^
[INFO] [stdout]    |
[INFO] [stdout] note: the name `hsva_sliders` in the type namespace is supposed to be publicly re-exported here
[INFO] [stdout]   --> yew-components/src/lib.rs:16:9
[INFO] [stdout]    |
[INFO] [stdout] 16 | pub use hsva_sliders::*;
[INFO] [stdout]    |         ^^^^^^^^^^^^^^^
[INFO] [stdout] note: but the private item here shadows it
[INFO] [stdout]   --> yew-components/src/lib.rs:15:1
[INFO] [stdout]    |
[INFO] [stdout] 15 | mod hsva_sliders;
[INFO] [stdout]    | ^^^^^^^^^^^^^^^^^
[INFO] [stdout] 
[INFO] [stdout] 
[INFO] [stdout] warning: private item shadows public glob re-export
[INFO] [stdout]   --> yew-components/src/lib.rs:21:1
[INFO] [stdout]    |
[INFO] [stdout] 21 | mod dropdown;
[INFO] [stdout]    | ^^^^^^^^^^^^^
[INFO] [stdout]    |
[INFO] [stdout] note: the name `dropdown` in the type namespace is supposed to be publicly re-exported here
[INFO] [stdout]   --> yew-components/src/lib.rs:22:9
[INFO] [stdout]    |
[INFO] [stdout] 22 | pub use dropdown::*;
[INFO] [stdout]    |         ^^^^^^^^^^^
[INFO] [stdout] note: but the private item here shadows it
[INFO] [stdout]   --> yew-components/src/lib.rs:21:1
[INFO] [stdout]    |
[INFO] [stdout] 21 | mod dropdown;
[INFO] [stdout]    | ^^^^^^^^^^^^^
[INFO] [stdout] 
[INFO] [stdout] 
[INFO] [stdout] warning: private item shadows public glob re-export
[INFO] [stdout]   --> yew-components/src/lib.rs:24:1
[INFO] [stdout]    |
[INFO] [stdout] 24 | mod color_picker;
[INFO] [stdout]    | ^^^^^^^^^^^^^^^^^
[INFO] [stdout]    |
[INFO] [stdout] note: the name `color_picker` in the type namespace is supposed to be publicly re-exported here
[INFO] [stdout]   --> yew-components/src/lib.rs:25:9
[INFO] [stdout]    |
[INFO] [stdout] 25 | pub use color_picker::*;
[INFO] [stdout]    |         ^^^^^^^^^^^^^^^
[INFO] [stdout] note: but the private item here shadows it
[INFO] [stdout]   --> yew-components/src/lib.rs:24:1
[INFO] [stdout]    |
[INFO] [stdout] 24 | mod color_picker;
[INFO] [stdout]    | ^^^^^^^^^^^^^^^^^
[INFO] [stdout] 
[INFO] [stdout] 
[INFO] [stdout] error: aborting due to 8 previous errors
[INFO] [stdout] 
[INFO] [stdout] 
[INFO] [stderr] thread '<unnamed>' panicked at /opt/rustwide/cargo-home/registry/src/index.crates.io-6f17d22bba15001f/once_cell-1.10.0/src/lib.rs:1164:25:
[INFO] [stderr] Lazy instance has previously been poisoned
[INFO] [stderr] stack backtrace:
[INFO] [stderr]    0:     0x7efe7d6aa6ac - std::backtrace_rs::backtrace::libunwind::trace::ha637c64ce894333a
[INFO] [stderr]                                at /rustc/82e1608dfa6e0b5569232559e3d385fea5a93112/library/std/src/../../backtrace/src/backtrace/libunwind.rs:104:5
[INFO] [stderr]    1:     0x7efe7d6aa6ac - std::backtrace_rs::backtrace::trace_unsynchronized::h47f62dea28e0c88d
[INFO] [stderr]                                at /rustc/82e1608dfa6e0b5569232559e3d385fea5a93112/library/std/src/../../backtrace/src/backtrace/mod.rs:66:5
[INFO] [stderr]    2:     0x7efe7d6aa6ac - std::sys_common::backtrace::_print_fmt::h9eef0abe20ede486
[INFO] [stderr]                                at /rustc/82e1608dfa6e0b5569232559e3d385fea5a93112/library/std/src/sys_common/backtrace.rs:67:5
[INFO] [stderr]    3:     0x7efe7d6aa6ac - <std::sys_common::backtrace::_print::DisplayBacktrace as core::fmt::Display>::fmt::hed7f999df88cc644
[INFO] [stderr]                                at /rustc/82e1608dfa6e0b5569232559e3d385fea5a93112/library/std/src/sys_common/backtrace.rs:44:22
[INFO] [stderr]    4:     0x7efe7d6d3c10 - core::fmt::rt::Argument::fmt::h1539a9308b8d058d
[INFO] [stderr]                                at /rustc/82e1608dfa6e0b5569232559e3d385fea5a93112/library/core/src/fmt/rt.rs:142:9
[INFO] [stderr]    5:     0x7efe7d6d3c10 - core::fmt::write::h3a39390d8560d9c9
[INFO] [stderr]                                at /rustc/82e1608dfa6e0b5569232559e3d385fea5a93112/library/core/src/fmt/mod.rs:1120:17
[INFO] [stderr]    6:     0x7efe7d6a81af - std::io::Write::write_fmt::h5fc9997dfe05f882
[INFO] [stderr]                                at /rustc/82e1608dfa6e0b5569232559e3d385fea5a93112/library/std/src/io/mod.rs:1762:15
[INFO] [stderr]    7:     0x7efe7d6aa494 - std::sys_common::backtrace::_print::h894006fb5c6f3d45
[INFO] [stderr]                                at /rustc/82e1608dfa6e0b5569232559e3d385fea5a93112/library/std/src/sys_common/backtrace.rs:47:5
[INFO] [stderr]    8:     0x7efe7d6aa494 - std::sys_common::backtrace::print::h23a2d212c6fff936
[INFO] [stderr]                                at /rustc/82e1608dfa6e0b5569232559e3d385fea5a93112/library/std/src/sys_common/backtrace.rs:34:9
[INFO] [stderr]    9:     0x7efe7d6abb37 - std::panicking::default_hook::{{closure}}::h8a1d2ee00185001a
[INFO] [stderr]   10:     0x7efe7d6ab89f - std::panicking::default_hook::h6038f2eba384e475
[INFO] [stderr]                                at /rustc/82e1608dfa6e0b5569232559e3d385fea5a93112/library/std/src/panicking.rs:292:9
[INFO] [stderr]   11:     0x7efe7d6ac148 - <alloc::boxed::Box<F,A> as core::ops::function::Fn<Args>>::call::h1f8f335eaa9cfaee
[INFO] [stderr]                                at /rustc/82e1608dfa6e0b5569232559e3d385fea5a93112/library/alloc/src/boxed.rs:2021:9
[INFO] [stderr]   12:     0x7efe7d6ac148 - std::panicking::rust_panic_with_hook::h2b5517d590cab22e
[INFO] [stderr]                                at /rustc/82e1608dfa6e0b5569232559e3d385fea5a93112/library/std/src/panicking.rs:783:13
[INFO] [stderr]   13:     0x7efe7d6312be - std::panicking::begin_panic::{{closure}}::h76d46f3726e5ace4
[INFO] [stderr]   14:     0x7efe7d63120a - std::sys_common::backtrace::__rust_end_short_backtrace::hc414f8cbaee74ab3
[INFO] [stderr]   15:     0x7efe7d63123b - std::panicking::begin_panic::h5cf86de47edd60bf
[INFO] [stderr]   16:     0x7efe7d26620f - once_cell::sync::Lazy<T,F>::force::{{closure}}::hdc8bec8ac5a25ddf
[INFO] [stderr]   17:     0x7efe7d266297 - once_cell::sync::OnceCell<T>::get_or_init::{{closure}}::h584e911a11ab135e
[INFO] [stderr]   18:     0x7efe7d281b41 - once_cell::imp::OnceCell<T>::initialize::{{closure}}::h8e370cc3471ab258
[INFO] [stderr]   19:     0x7efe7d38007c - once_cell::imp::initialize_inner::h8cc48553b5c2dcc4
[INFO] [stderr]   20:     0x7efe7d28191b - once_cell::imp::OnceCell<T>::initialize::h3ab2a15798f47c3d
[INFO] [stderr]   21:     0x7efe7d2663a8 - once_cell::sync::OnceCell<T>::get_or_try_init::h4010cb8256838982
[INFO] [stderr]   22:     0x7efe7d266243 - once_cell::sync::OnceCell<T>::get_or_init::h3f9d1e69570c92ab
[INFO] [stderr]   23:     0x7efe7d2661a2 - once_cell::sync::Lazy<T,F>::force::h4c7b7859f085f98a
[INFO] [stderr]   24:     0x7efe7d265e36 - <once_cell::sync::Lazy<T,F> as core::ops::deref::Deref>::deref::h2e815423a5d8a257
[INFO] [stderr]   25:     0x7efe7d2693c0 - yew_style_in_rs_macro::static_style::state::State::new::dropper::ha19af221029f6b3f
[INFO] [stderr]   26:     0x7efe92df5495 - <unknown>
[INFO] [stderr]   27:     0x7efe92df5610 - exit
[INFO] [stderr]   28:     0x7efe93194677 - std::sys::unix::os::exit::h962d8a5aa26943cc
[INFO] [stderr]                                at /rustc/82e1608dfa6e0b5569232559e3d385fea5a93112/library/std/src/sys/unix/os.rs:746:14
[INFO] [stderr]   29:     0x7efe93188e0f - std::process::exit::h48531cee1b318459
[INFO] [stderr]                                at /rustc/82e1608dfa6e0b5569232559e3d385fea5a93112/library/std/src/process.rs:2211:5
[INFO] [stderr]   30:     0x55900efc6c10 - rustdoc[a37b42b2a93f08e3]::main
[INFO] [stderr]   31:     0x55900ecf1ea3 - std[409886f6357001f0]::sys_common::backtrace::__rust_begin_short_backtrace::<fn(), ()>
[INFO] [stderr]   32:     0x55900ecf1eb9 - std[409886f6357001f0]::rt::lang_start::<()>::{closure#0}
[INFO] [stderr]   33:     0x7efe93170857 - core::ops::function::impls::<impl core::ops::function::FnOnce<A> for &F>::call_once::hd95060ecd5e1ca24
[INFO] [stderr]                                at /rustc/82e1608dfa6e0b5569232559e3d385fea5a93112/library/core/src/ops/function.rs:284:13
[INFO] [stderr]   34:     0x7efe93170857 - std::panicking::try::do_call::h6e8cf51db32a6e4b
[INFO] [stderr]                                at /rustc/82e1608dfa6e0b5569232559e3d385fea5a93112/library/std/src/panicking.rs:552:40
[INFO] [stderr]   35:     0x7efe93170857 - std::panicking::try::h3a52eefe24fe3c29
[INFO] [stderr]                                at /rustc/82e1608dfa6e0b5569232559e3d385fea5a93112/library/std/src/panicking.rs:516:19
[INFO] [stderr]   36:     0x7efe93170857 - std::panic::catch_unwind::h24c28c23c02c3841
[INFO] [stderr]                                at /rustc/82e1608dfa6e0b5569232559e3d385fea5a93112/library/std/src/panic.rs:142:14
[INFO] [stderr]   37:     0x7efe93170857 - std::rt::lang_start_internal::{{closure}}::h705d3c9cbc06ef47
[INFO] [stderr]                                at /rustc/82e1608dfa6e0b5569232559e3d385fea5a93112/library/std/src/rt.rs:148:48
[INFO] [stderr]   38:     0x7efe93170857 - std::panicking::try::do_call::ha21f52ba13158470
[INFO] [stderr]                                at /rustc/82e1608dfa6e0b5569232559e3d385fea5a93112/library/std/src/panicking.rs:552:40
[INFO] [stderr]   39:     0x7efe93170857 - std::panicking::try::h5581346bf6aeb1f8
[INFO] [stderr]                                at /rustc/82e1608dfa6e0b5569232559e3d385fea5a93112/library/std/src/panicking.rs:516:19
[INFO] [stderr]   40:     0x7efe93170857 - std::panic::catch_unwind::h7919645a6b72e25b
[INFO] [stderr]                                at /rustc/82e1608dfa6e0b5569232559e3d385fea5a93112/library/std/src/panic.rs:142:14
[INFO] [stderr]   41:     0x7efe93170857 - std::rt::lang_start_internal::h12de51168669836e
[INFO] [stderr]                                at /rustc/82e1608dfa6e0b5569232559e3d385fea5a93112/library/std/src/rt.rs:148:20
[INFO] [stderr]   42:     0x55900ecf1e9e - std[409886f6357001f0]::rt::lang_start::<()>
[INFO] [stderr]   43:     0x7efe92dd9d90 - <unknown>
[INFO] [stderr]   44:     0x7efe92dd9e40 - __libc_start_main
[INFO] [stderr]   45:     0x55900ecf1da9 - <unknown>
[INFO] [stderr]   46:                0x0 - <unknown>
[INFO] [stderr] fatal runtime error: Rust cannot catch foreign exceptions
[INFO] [stdout] error: aborting due to previous error; 14 warnings emitted
[INFO] [stdout] 
[INFO] [stdout] 
[INFO] [stdout] For more information about this error, try `rustc --explain E0433`.
[INFO] [stdout] 
[INFO] [stderr] error: could not compile `yew-components` (lib) due to 2 previous errors; 14 warnings emitted
[INFO] [stderr] warning: build failed, waiting for other jobs to finish...
[INFO] [stderr] error: could not document `yew-components`
[INFO] [stderr] 
[INFO] [stderr] Caused by:
[INFO] [stderr]   process didn't exit successfully: `/opt/rustwide/rustup-home/toolchains/1.75.0-x86_64-unknown-linux-gnu/bin/rustdoc --edition=2021 --crate-type lib --crate-name yew_components yew-components/src/lib.rs -o /opt/rustwide/target/doc --error-format=json --json=diagnostic-rendered-ansi,artifacts,future-incompat --document-private-items -C metadata=fb13b9c44f1257ba -L dependency=/opt/rustwide/target/debug/deps --extern bytemuck=/opt/rustwide/target/debug/deps/libbytemuck-3a87a299ae40546d.rmeta --extern gloo=/opt/rustwide/target/debug/deps/libgloo-7b064058d9ac990b.rmeta --extern log=/opt/rustwide/target/debug/deps/liblog-f0223f3a435bc936.rmeta --extern num=/opt/rustwide/target/debug/deps/libnum-3d6f60ed05d6e03e.rmeta --extern num_traits=/opt/rustwide/target/debug/deps/libnum_traits-4ffb5d7ba4ec163b.rmeta --extern vek=/opt/rustwide/target/debug/deps/libvek-647cba1205425f59.rmeta --extern wasm_bindgen=/opt/rustwide/target/debug/deps/libwasm_bindgen-f80ec22f045ca43b.rmeta --extern web_sys=/opt/rustwide/target/debug/deps/libweb_sys-4907f5c726ce5b73.rmeta --extern wgpu=/opt/rustwide/target/debug/deps/libwgpu-ccf744df7fb080ef.rmeta --extern yew=/opt/rustwide/target/debug/deps/libyew-fab1d9f38f16e61e.rmeta --extern yew_style_in_rs=/opt/rustwide/target/debug/deps/libyew_style_in_rs-f1faff397f103317.rmeta --extern yew_wgpu=/opt/rustwide/target/debug/deps/libyew_wgpu-3ef583e3bc95703a.rmeta --cap-lints=warn --crate-version 0.1.0` (signal: 6, SIGABRT: process abort signal)
[INFO] running `Command { std: "docker" "inspect" "a4b97741134db6a175d1f974152f9860fade1b7055080e370bfaa82f2bb7c3c5", kill_on_drop: false }`
[INFO] running `Command { std: "docker" "rm" "-f" "a4b97741134db6a175d1f974152f9860fade1b7055080e370bfaa82f2bb7c3c5", kill_on_drop: false }`
[INFO] [stdout] a4b97741134db6a175d1f974152f9860fade1b7055080e370bfaa82f2bb7c3c5
[INFO] documenting MatchaChoco010/wgpu-website-prototype against beta-2023-12-22 for beta-1.76-rustdoc-1
[INFO] running `Command { std: "git" "clone" "/workspace/cache/git-repos/https%3A%2F%2Fgithub.com%2FMatchaChoco010%2Fwgpu-website-prototype" "/workspace/builds/worker-0-tc2/source", kill_on_drop: false }`
[INFO] [stderr] Cloning into '/workspace/builds/worker-0-tc2/source'...
[INFO] [stderr] done.
[INFO] validating manifest of git repo https://github.com/MatchaChoco010/wgpu-website-prototype on toolchain beta-2023-12-22
[INFO] running `Command { std: CARGO_HOME="/workspace/cargo-home" RUSTUP_HOME="/workspace/rustup-home" "/workspace/cargo-home/bin/cargo" "+beta-2023-12-22" "metadata" "--manifest-path" "Cargo.toml" "--no-deps", kill_on_drop: false }`
[INFO] removed /workspace/builds/worker-0-tc2/source/.cargo/config.toml
[INFO] started tweaking git repo https://github.com/MatchaChoco010/wgpu-website-prototype
[INFO] finished tweaking git repo https://github.com/MatchaChoco010/wgpu-website-prototype
[INFO] tweaked toml for git repo https://github.com/MatchaChoco010/wgpu-website-prototype written to /workspace/builds/worker-0-tc2/source/Cargo.toml
[INFO] crate git repo https://github.com/MatchaChoco010/wgpu-website-prototype already has a lockfile, it will not be regenerated
[INFO] running `Command { std: CARGO_HOME="/workspace/cargo-home" RUSTUP_HOME="/workspace/rustup-home" "/workspace/cargo-home/bin/cargo" "+beta-2023-12-22" "fetch" "--manifest-path" "Cargo.toml", kill_on_drop: false }`
[INFO] running `Command { std: "docker" "create" "-v" "/var/lib/crater-agent-workspace/builds/worker-0-tc2/target:/opt/rustwide/target:rw,Z" "-v" "/var/lib/crater-agent-workspace/builds/worker-0-tc2/source:/opt/rustwide/workdir:ro,Z" "-v" "/var/lib/crater-agent-workspace/cargo-home:/opt/rustwide/cargo-home:ro,Z" "-v" "/var/lib/crater-agent-workspace/rustup-home:/opt/rustwide/rustup-home:ro,Z" "-e" "SOURCE_DIR=/opt/rustwide/workdir" "-e" "CARGO_TARGET_DIR=/opt/rustwide/target" "-e" "CARGO_HOME=/opt/rustwide/cargo-home" "-e" "RUSTUP_HOME=/opt/rustwide/rustup-home" "-w" "/opt/rustwide/workdir" "-m" "1610612736" "--user" "0:0" "--network" "none" "ghcr.io/rust-lang/crates-build-env/linux@sha256:2788e3201cd34a07e3172128adcd8b3090168a8e3bcc40d7c032b9dda1df7d1c" "/opt/rustwide/cargo-home/bin/cargo" "+beta-2023-12-22" "metadata" "--no-deps" "--format-version=1", kill_on_drop: false }`
[INFO] [stdout] f16a2d806e9eac8230b4bd71bdc9c82cff8e9fc07ffee86147e95845e4aa2c27
[INFO] running `Command { std: "docker" "start" "-a" "f16a2d806e9eac8230b4bd71bdc9c82cff8e9fc07ffee86147e95845e4aa2c27", kill_on_drop: false }`
[INFO] running `Command { std: "docker" "inspect" "f16a2d806e9eac8230b4bd71bdc9c82cff8e9fc07ffee86147e95845e4aa2c27", kill_on_drop: false }`
[INFO] running `Command { std: "docker" "rm" "-f" "f16a2d806e9eac8230b4bd71bdc9c82cff8e9fc07ffee86147e95845e4aa2c27", kill_on_drop: false }`
[INFO] [stdout] f16a2d806e9eac8230b4bd71bdc9c82cff8e9fc07ffee86147e95845e4aa2c27
[INFO] running `Command { std: "docker" "create" "-v" "/var/lib/crater-agent-workspace/builds/worker-0-tc2/target:/opt/rustwide/target:rw,Z" "-v" "/var/lib/crater-agent-workspace/builds/worker-0-tc2/source:/opt/rustwide/workdir:ro,Z" "-v" "/var/lib/crater-agent-workspace/cargo-home:/opt/rustwide/cargo-home:ro,Z" "-v" "/var/lib/crater-agent-workspace/rustup-home:/opt/rustwide/rustup-home:ro,Z" "-e" "SOURCE_DIR=/opt/rustwide/workdir" "-e" "CARGO_TARGET_DIR=/opt/rustwide/target" "-e" "CARGO_INCREMENTAL=0" "-e" "RUST_BACKTRACE=full" "-e" "RUSTFLAGS=--cap-lints=warn" "-e" "RUSTDOCFLAGS=--cap-lints=warn" "-e" "CARGO_HOME=/opt/rustwide/cargo-home" "-e" "RUSTUP_HOME=/opt/rustwide/rustup-home" "-w" "/opt/rustwide/workdir" "-m" "1610612736" "--user" "0:0" "--network" "none" "ghcr.io/rust-lang/crates-build-env/linux@sha256:2788e3201cd34a07e3172128adcd8b3090168a8e3bcc40d7c032b9dda1df7d1c" "/opt/rustwide/cargo-home/bin/cargo" "+beta-2023-12-22" "doc" "--frozen" "--no-deps" "--document-private-items" "--message-format=json", kill_on_drop: false }`
[INFO] [stdout] 940984daee501a2d251425032637b4ce2aea6931776b927e294400609e285386
[INFO] running `Command { std: "docker" "start" "-a" "940984daee501a2d251425032637b4ce2aea6931776b927e294400609e285386", kill_on_drop: false }`
[INFO] [stderr]    Compiling proc-macro2 v1.0.36
[INFO] [stderr]    Compiling syn v1.0.86
[INFO] [stderr]    Compiling libc v0.2.119
[INFO] [stderr]    Compiling serde_derive v1.0.136
[INFO] [stderr]    Compiling serde v1.0.136
[INFO] [stderr]    Compiling wasm-bindgen-shared v0.2.79
[INFO] [stderr]    Compiling serde_json v1.0.79
[INFO] [stderr]    Compiling bumpalo v3.9.1
[INFO] [stderr]     Checking itoa v1.0.1
[INFO] [stderr]     Checking ryu v1.0.9
[INFO] [stderr]    Compiling log v0.4.14
[INFO] [stderr]    Compiling wasm-bindgen v0.2.79
[INFO] [stderr]    Compiling getrandom v0.1.16
[INFO] [stderr]    Compiling memoffset v0.6.5
[INFO] [stderr]    Compiling num-traits v0.2.14
[INFO] [stderr]    Compiling ppv-lite86 v0.2.16
[INFO] [stderr]    Compiling crossbeam-utils v0.8.7
[INFO] [stderr]    Compiling siphasher v0.3.9
[INFO] [stderr]     Checking smallvec v1.8.0
[INFO] [stderr]    Compiling crossbeam-epoch v0.9.7
[INFO] [stderr]    Compiling ahash v0.7.6
[INFO] [stderr]    Compiling phf_shared v0.8.0
[INFO] [stderr]    Compiling parking_lot_core v0.9.1
[INFO] [stderr]     Checking lock_api v0.4.6
[INFO] [stderr]    Compiling indexmap v1.8.0
[INFO] [stderr]    Compiling rayon-core v1.9.1
[INFO] [stderr]    Compiling scopeguard v1.1.0
[INFO] [stderr]     Checking byteorder v1.4.3
[INFO] [stderr]    Compiling rkyv v0.6.7
[INFO] [stderr]    Compiling proc-macro-error-attr v1.0.4
[INFO] [stderr]     Checking instant v0.1.12
[INFO] [stderr]    Compiling parking_lot_core v0.8.5
[INFO] [stderr]    Compiling proc-macro-error v1.0.4
[INFO] [stderr]    Compiling rayon v1.5.1
[INFO] [stderr]    Compiling num-integer v0.1.44
[INFO] [stderr]     Checking fxhash v0.2.1
[INFO] [stderr]     Checking termcolor v1.1.2
[INFO] [stderr]    Compiling ash v0.34.0+1.2.203
[INFO] [stderr]     Checking bit-vec v0.6.3
[INFO] [stderr]    Compiling khronos-egl v4.1.0
[INFO] [stderr]    Compiling convert_case v0.4.0
[INFO] [stderr]     Checking gpu-alloc-types v0.2.0
[INFO] [stderr]     Checking gpu-descriptor-types v0.1.1
[INFO] [stderr]     Checking codespan-reporting v0.11.1
[INFO] [stderr]    Compiling quote v1.0.15
[INFO] [stderr]    Compiling semver v1.0.5
[INFO] [stderr]     Checking rustc-hash v1.1.0
[INFO] [stderr]     Checking bit-set v0.5.2
[INFO] [stderr]     Checking cty v0.2.2
[INFO] [stderr]    Compiling dtoa v0.4.8
[INFO] [stderr]     Checking hexf-parse v0.2.1
[INFO] [stderr]    Compiling num_cpus v1.13.1
[INFO] [stderr]    Compiling cfg_aliases v0.1.1
[INFO] [stderr]     Checking raw-window-handle v0.4.2
[INFO] [stderr]     Checking getrandom v0.2.4
[INFO] [stderr]    Compiling crossbeam-deque v0.8.1
[INFO] [stderr]    Compiling rand_core v0.5.1
[INFO] [stderr]    Compiling wgpu-core v0.12.2
[INFO] [stderr]    Compiling dtoa-short v0.3.3
[INFO] [stderr]     Checking spirv v0.2.0+1.5.4
[INFO] [stderr]     Checking parking_lot v0.11.2
[INFO] [stderr]     Checking gpu-alloc v0.5.3
[INFO] [stderr]    Compiling crossbeam-channel v0.5.2
[INFO] [stderr]    Compiling rand_pcg v0.2.1
[INFO] [stderr]    Compiling rand_chacha v0.2.2
[INFO] [stderr]     Checking hashbrown v0.11.2
[INFO] [stderr]     Checking wgpu-types v0.12.0
[INFO] [stderr]     Checking arrayvec v0.7.2
[INFO] [stderr]    Compiling anyhow v1.0.55
[INFO] [stderr]    Compiling futures-core v0.3.21
[INFO] [stderr]    Compiling rand v0.7.3
[INFO] [stderr]     Checking glow v0.11.2
[INFO] [stderr]    Compiling itoa v0.4.8
[INFO] [stderr]    Compiling seahash v4.1.0
[INFO] [stderr]    Compiling boolinator v2.4.0
[INFO] [stderr]    Compiling matches v0.1.9
[INFO] [stderr]     Checking inplace_it v0.3.3
[INFO] [stderr]     Checking profiling v1.0.5
[INFO] [stderr]     Checking renderdoc-sys v0.7.1
[INFO] [stderr]     Checking gpu-descriptor v0.2.2
[INFO] [stderr]    Compiling parking_lot v0.12.0
[INFO] [stderr]    Compiling num-bigint v0.4.3
[INFO] [stderr]     Checking copyless v0.1.5
[INFO] [stderr]    Compiling vlq v0.5.1
[INFO] [stderr]    Compiling precomputed-hash v0.1.1
[INFO] [stderr]     Checking either v1.6.1
[INFO] [stderr]    Compiling futures-channel v0.3.21
[INFO] [stderr]     Checking scoped-tls-hkt v0.1.2
[INFO] [stderr]    Compiling rustc_version v0.4.0
[INFO] [stderr]    Compiling dashmap v5.1.0
[INFO] [stderr]    Compiling itertools v0.10.3
[INFO] [stderr]    Compiling num-rational v0.4.0
[INFO] [stderr]    Compiling num-iter v0.1.42
[INFO] [stderr]    Compiling phf_generator v0.8.0
[INFO] [stderr]    Compiling data-encoding v2.3.2
[INFO] [stderr]    Compiling retain_mut v0.1.7
[INFO] [stderr]    Compiling phf_codegen v0.8.0
[INFO] [stderr]    Compiling vek v0.15.6
[INFO] [stderr]    Compiling parcel_selectors v0.24.1
[INFO] [stderr]    Compiling fslock v0.2.1
[INFO] [stderr]     Checking anymap2 v0.13.0
[INFO] [stderr]    Compiling once_cell v1.10.0
[INFO] [stderr]     Checking futures-sink v0.3.21
[INFO] [stderr]    Compiling fastrand v1.7.0
[INFO] [stderr]     Checking num-complex v0.4.0
[INFO] [stderr]     Checking approx v0.4.0
[INFO] [stderr]    Compiling wee_alloc v0.4.5
[INFO] [stderr]     Checking memory_units v0.4.0
[INFO] [stderr]     Checking num v0.4.0
[INFO] [stderr]    Compiling wasm-bindgen-backend v0.2.79
[INFO] [stderr]    Compiling wasm-bindgen-macro-support v0.2.79
[INFO] [stderr]    Compiling thiserror-impl v1.0.30
[INFO] [stderr]    Compiling ptr_meta_derive v0.1.4
[INFO] [stderr]    Compiling phf_macros v0.8.0
[INFO] [stderr]    Compiling cssparser v0.29.2
[INFO] [stderr]    Compiling cssparser-macros v0.6.0
[INFO] [stderr]    Compiling rkyv_derive v0.6.7
[INFO] [stderr]    Compiling derive_more v0.99.17
[INFO] [stderr]    Compiling yew-macro v0.19.3
[INFO] [stderr]    Compiling pin-project-internal v1.0.10
[INFO] [stderr]    Compiling derivative v2.2.0
[INFO] [stderr]    Compiling bytemuck_derive v1.0.1
[INFO] [stderr]    Compiling ptr_meta v0.1.4
[INFO] [stderr]    Compiling wasm-bindgen-macro v0.2.79
[INFO] [stderr]    Compiling phf v0.8.0
[INFO] [stderr]     Checking bytemuck v1.7.3
[INFO] [stderr]     Checking thiserror v1.0.30
[INFO] [stderr]     Checking naga v0.8.5
[INFO] [stderr]     Checking pin-project v1.0.10
[INFO] [stderr]    Compiling parcel_sourcemap v2.0.2
[INFO] [stderr]     Checking wgpu-hal v0.12.4
[INFO] [stderr]     Checking serde_urlencoded v0.7.1
[INFO] [stderr]     Checking bincode v1.3.3
[INFO] [stderr]     Checking parcel_css v1.0.0-alpha.18
[INFO] [stderr]     Checking js-sys v0.3.56
[INFO] [stderr]     Checking console_error_panic_hook v0.1.7
[INFO] [stderr]     Checking web-sys v0.3.56
[INFO] [stderr]     Checking wasm-bindgen-futures v0.4.29
[INFO] [stderr]     Checking gloo-timers v0.2.3
[INFO] [stderr]     Checking serde-wasm-bindgen v0.3.1
[INFO] [stderr]     Checking wgpu v0.12.0
[INFO] [stderr]     Checking gloo-utils v0.1.2
[INFO] [stderr]     Checking gloo-events v0.1.1
[INFO] [stderr]     Checking gloo-console v0.2.1
[INFO] [stderr]     Checking gloo-dialogs v0.1.0
[INFO] [stderr]     Checking gloo-render v0.1.0
[INFO] [stderr]     Checking wasm-logger v0.2.0
[INFO] [stderr]     Checking gloo-storage v0.2.0
[INFO] [stderr]     Checking gloo-file v0.2.1
[INFO] [stderr]     Checking gloo-history v0.1.0
[INFO] [stderr]     Checking gloo-net v0.1.0
[INFO] [stderr]     Checking gloo-worker v0.1.0
[INFO] [stderr]     Checking gloo v0.4.2
[INFO] [stderr]     Checking yew v0.19.3
[INFO] [stderr]     Checking gloo v0.6.1
[INFO] [stderr]     Checking yew-wgpu v0.1.0 (/opt/rustwide/workdir/yew-wgpu)
[INFO] [stderr]  Documenting yew-wgpu v0.1.0 (/opt/rustwide/workdir/yew-wgpu)
[INFO] [stdout] warning: private item shadows public glob re-export
[INFO] [stdout]  --> yew-wgpu/src/lib.rs:4:1
[INFO] [stdout]   |
[INFO] [stdout] 4 | mod wgpu_canvas;
[INFO] [stdout]   | ^^^^^^^^^^^^^^^^
[INFO] [stdout]   |
[INFO] [stdout] note: the name `wgpu_canvas` in the type namespace is supposed to be publicly re-exported here
[INFO] [stdout]  --> yew-wgpu/src/lib.rs:6:9
[INFO] [stdout]   |
[INFO] [stdout] 6 | pub use wgpu_canvas::*;
[INFO] [stdout]   |         ^^^^^^^^^^^^^^
[INFO] [stdout] note: but the private item here shadows it
[INFO] [stdout]  --> yew-wgpu/src/lib.rs:4:1
[INFO] [stdout]   |
[INFO] [stdout] 4 | mod wgpu_canvas;
[INFO] [stdout]   | ^^^^^^^^^^^^^^^^
[INFO] [stdout]   = note: `#[warn(hidden_glob_reexports)]` on by default
[INFO] [stdout] 
[INFO] [stdout] 
[INFO] [stdout] warning: 1 warning emitted
[INFO] [stdout] 
[INFO] [stdout] 
[INFO] [stderr]    Compiling yew-style-in-rs-macro v0.1.0
[INFO] [stderr]     Checking yew-style-in-rs v0.1.0
[INFO] [stderr]     Checking yew-components v0.1.0 (/opt/rustwide/workdir/yew-components)
[INFO] [stderr]  Documenting yew-components v0.1.0 (/opt/rustwide/workdir/yew-components)
[INFO] [stdout] error: proc macro panicked
[INFO] [stdout]    --> yew-components/src/slider.rs:35:15
[INFO] [stdout]     |
[INFO] [stdout] 35  |       let css = css! {r#"
[INFO] [stdout]     |  _______________^
[INFO] [stdout] 36  | |         width: 100%;
[INFO] [stdout] 37  | |         flex-grow: 1;
[INFO] [stdout] 38  | |         display: flex;
[INFO] [stdout] ...   |
[INFO] [stdout] 118 | |         }
[INFO] [stdout] 119 | |     "#};
[INFO] [stdout]     | |_______^
[INFO] [stdout]     |
[INFO] [stdout]     = help: message: Failed to create state of yew-style-in-rs-macro: Read-only file system (os error 30)
[INFO] [stdout] 
[INFO] [stdout] 
[INFO] [stdout] error: proc macro panicked
[INFO] [stdout]    --> yew-components/src/color_slider.rs:72:15
[INFO] [stdout]     |
[INFO] [stdout] 72  |       let css = css! {r#"
[INFO] [stdout]     |  _______________^
[INFO] [stdout] 73  | |         width: 100%;
[INFO] [stdout] 74  | |         flex-grow: 1;
[INFO] [stdout] 75  | |         display: flex;
[INFO] [stdout] ...   |
[INFO] [stdout] 202 | |         }
[INFO] [stdout] 203 | |     "#};
[INFO] [stdout]     | |_______^
[INFO] [stdout]     |
[INFO] [stdout]     = help: message: Lazy instance has previously been poisoned
[INFO] [stdout] 
[INFO] [stdout] 
[INFO] [stdout] error: proc macro panicked
[INFO] [stdout]    --> yew-components/src/hue_slider.rs:36:15
[INFO] [stdout]     |
[INFO] [stdout] 36  |       let css = css! {r#"
[INFO] [stdout]     |  _______________^
[INFO] [stdout] 37  | |         width: 100%;
[INFO] [stdout] 38  | |         flex-grow: 1;
[INFO] [stdout] 39  | |         display: flex;
[INFO] [stdout] ...   |
[INFO] [stdout] 107 | |         }
[INFO] [stdout] 108 | |     "#};
[INFO] [stdout]     | |_______^
[INFO] [stdout]     |
[INFO] [stdout]     = help: message: Lazy instance has previously been poisoned
[INFO] [stdout] 
[INFO] [stdout] 
[INFO] [stdout] error: proc macro panicked
[INFO] [stdout]    --> yew-components/src/rgba_sliders.rs:86:15
[INFO] [stdout]     |
[INFO] [stdout] 86  |       let css = css!(
[INFO] [stdout]     |  _______________^
[INFO] [stdout] 87  | |         "
[INFO] [stdout] 88  | |         width: 100%;
[INFO] [stdout] 89  | |         height: 100%;
[INFO] [stdout] ...   |
[INFO] [stdout] 110 | |         "
[INFO] [stdout] 111 | |     );
[INFO] [stdout]     | |_____^
[INFO] [stdout]     |
[INFO] [stdout]     = help: message: Lazy instance has previously been poisoned
[INFO] [stdout] 
[INFO] [stdout] 
[INFO] [stdout] error: proc macro panicked
[INFO] [stdout]    --> yew-components/src/hsva_sliders.rs:101:15
[INFO] [stdout]     |
[INFO] [stdout] 101 |       let css = css!(
[INFO] [stdout]     |  _______________^
[INFO] [stdout] 102 | |         "
[INFO] [stdout] 103 | |         width: 100%;
[INFO] [stdout] 104 | |         height: 100%;
[INFO] [stdout] ...   |
[INFO] [stdout] 125 | |         "
[INFO] [stdout] 126 | |     );
[INFO] [stdout]     | |_____^
[INFO] [stdout]     |
[INFO] [stdout]     = help: message: Lazy instance has previously been poisoned
[INFO] [stdout] 
[INFO] [stdout] 
[INFO] [stdout] error: proc macro panicked
[INFO] [stdout]    --> yew-components/src/hsv_palette.rs:297:15
[INFO] [stdout]     |
[INFO] [stdout] 297 |       let css = css! {"
[INFO] [stdout]     |  _______________^
[INFO] [stdout] 298 | |         width: 140px;
[INFO] [stdout] 299 | |         height: 140px;
[INFO] [stdout] 300 | |         position: relative;
[INFO] [stdout] ...   |
[INFO] [stdout] 345 | |         }
[INFO] [stdout] 346 | |     "};
[INFO] [stdout]     | |______^
[INFO] [stdout]     |
[INFO] [stdout]     = help: message: Lazy instance has previously been poisoned
[INFO] [stdout] 
[INFO] [stdout] 
[INFO] [stdout] error: proc macro panicked
[INFO] [stdout]    --> yew-components/src/dropdown.rs:79:15
[INFO] [stdout]     |
[INFO] [stdout] 79  |       let css = css! {r#"
[INFO] [stdout]     |  _______________^
[INFO] [stdout] 80  | |         position: relative;
[INFO] [stdout] 81  | |         border: 1px solid #666;
[INFO] [stdout] 82  | |         border-radius: 8px;
[INFO] [stdout] ...   |
[INFO] [stdout] 149 | |         }
[INFO] [stdout] 150 | |     "#};
[INFO] [stdout]     | |_______^
[INFO] [stdout]     |
[INFO] [stdout]     = help: message: Lazy instance has previously been poisoned
[INFO] [stdout] 
[INFO] [stdout] 
[INFO] [stdout] error: proc macro panicked
[INFO] [stdout]    --> yew-components/src/color_picker.rs:177:15
[INFO] [stdout]     |
[INFO] [stdout] 177 |       let css = css! {r#"
[INFO] [stdout]     |  _______________^
[INFO] [stdout] 178 | |         width: 32px;
[INFO] [stdout] 179 | |         height: 16px;
[INFO] [stdout] 180 | |
[INFO] [stdout] ...   |
[INFO] [stdout] 281 | |         }
[INFO] [stdout] 282 | |     "#};
[INFO] [stdout]     | |_______^
[INFO] [stdout]     |
[INFO] [stdout]     = help: message: Lazy instance has previously been poisoned
[INFO] [stdout] 
[INFO] [stdout] 
[INFO] [stdout] error[E0433]: failed to resolve: could not find `ResizeObserver` in `web_sys`
[INFO] [stdout]    --> yew-components/src/color_picker.rs:155:34
[INFO] [stdout]     |
[INFO] [stdout] 155 |                         web_sys::ResizeObserver::new(f.as_ref().unchecked_ref()).unwrap();
[INFO] [stdout]     |                                  ^^^^^^^^^^^^^^ could not find `ResizeObserver` in `web_sys`
[INFO] [stdout] 
[INFO] [stdout] 
[INFO] [stdout] warning: private item shadows public glob re-export
[INFO] [stdout]  --> yew-components/src/lib.rs:3:1
[INFO] [stdout]   |
[INFO] [stdout] 3 | mod slider;
[INFO] [stdout]   | ^^^^^^^^^^^
[INFO] [stdout]   |
[INFO] [stdout] note: the name `slider` in the type namespace is supposed to be publicly re-exported here
[INFO] [stdout]  --> yew-components/src/lib.rs:4:9
[INFO] [stdout]   |
[INFO] [stdout] 4 | pub use slider::*;
[INFO] [stdout]   |         ^^^^^^^^^
[INFO] [stdout] note: but the private item here shadows it
[INFO] [stdout]  --> yew-components/src/lib.rs:3:1
[INFO] [stdout]   |
[INFO] [stdout] 3 | mod slider;
[INFO] [stdout]   | ^^^^^^^^^^^
[INFO] [stdout]   = note: `#[warn(hidden_glob_reexports)]` on by default
[INFO] [stdout] 
[INFO] [stdout] 
[INFO] [stdout] warning: ambiguous glob re-exports
[INFO] [stdout]   --> yew-components/src/lib.rs:4:9
[INFO] [stdout]    |
[INFO] [stdout] 4  | pub use slider::*;
[INFO] [stdout]    |         ^^^^^^^^^ the name `Props` in the type namespace is first re-exported here
[INFO] [stdout] ...
[INFO] [stdout] 25 | pub use color_picker::*;
[INFO] [stdout]    |         --------------- but the name `Props` in the type namespace is also re-exported here
[INFO] [stdout]    |
[INFO] [stdout]    = note: `#[warn(ambiguous_glob_reexports)]` on by default
[INFO] [stdout] 
[INFO] [stdout] 
[INFO] [stdout] warning: ambiguous glob re-exports
[INFO] [stdout]   --> yew-components/src/lib.rs:4:9
[INFO] [stdout]    |
[INFO] [stdout] 4  | pub use slider::*;
[INFO] [stdout]    |         ^^^^^^^^^ the name `PropsBuilderStepPropsBuilder` in the type namespace is first re-exported here
[INFO] [stdout] ...
[INFO] [stdout] 25 | pub use color_picker::*;
[INFO] [stdout]    |         --------------- but the name `PropsBuilderStepPropsBuilder` in the type namespace is also re-exported here
[INFO] [stdout] 
[INFO] [stdout] 
[INFO] [stdout] warning: ambiguous glob re-exports
[INFO] [stdout]   --> yew-components/src/lib.rs:4:9
[INFO] [stdout]    |
[INFO] [stdout] 4  | pub use slider::*;
[INFO] [stdout]    |         ^^^^^^^^^ the name `PropsBuilderStepPropsBuilder` in the value namespace is first re-exported here
[INFO] [stdout] ...
[INFO] [stdout] 25 | pub use color_picker::*;
[INFO] [stdout]    |         --------------- but the name `PropsBuilderStepPropsBuilder` in the value namespace is also re-exported here
[INFO] [stdout] 
[INFO] [stdout] 
[INFO] [stdout] warning: ambiguous glob re-exports
[INFO] [stdout]   --> yew-components/src/lib.rs:4:9
[INFO] [stdout]    |
[INFO] [stdout] 4  | pub use slider::*;
[INFO] [stdout]    |         ^^^^^^^^^ the name `PropsBuilderStep` in the type namespace is first re-exported here
[INFO] [stdout] ...
[INFO] [stdout] 25 | pub use color_picker::*;
[INFO] [stdout]    |         --------------- but the name `PropsBuilderStep` in the type namespace is also re-exported here
[INFO] [stdout] 
[INFO] [stdout] 
[INFO] [stdout] warning: ambiguous glob re-exports
[INFO] [stdout]   --> yew-components/src/lib.rs:4:9
[INFO] [stdout]    |
[INFO] [stdout] 4  | pub use slider::*;
[INFO] [stdout]    |         ^^^^^^^^^ the name `PropsBuilder` in the type namespace is first re-exported here
[INFO] [stdout] ...
[INFO] [stdout] 25 | pub use color_picker::*;
[INFO] [stdout]    |         --------------- but the name `PropsBuilder` in the type namespace is also re-exported here
[INFO] [stdout] 
[INFO] [stdout] 
[INFO] [stdout] warning: private item shadows public glob re-export
[INFO] [stdout]  --> yew-components/src/lib.rs:6:1
[INFO] [stdout]   |
[INFO] [stdout] 6 | mod color_slider;
[INFO] [stdout]   | ^^^^^^^^^^^^^^^^^
[INFO] [stdout]   |
[INFO] [stdout] note: the name `color_slider` in the type namespace is supposed to be publicly re-exported here
[INFO] [stdout]  --> yew-components/src/lib.rs:7:9
[INFO] [stdout]   |
[INFO] [stdout] 7 | pub use color_slider::*;
[INFO] [stdout]   |         ^^^^^^^^^^^^^^^
[INFO] [stdout] note: but the private item here shadows it
[INFO] [stdout]  --> yew-components/src/lib.rs:6:1
[INFO] [stdout]   |
[INFO] [stdout] 6 | mod color_slider;
[INFO] [stdout]   | ^^^^^^^^^^^^^^^^^
[INFO] [stdout] 
[INFO] [stdout] 
[INFO] [stdout] warning: private item shadows public glob re-export
[INFO] [stdout]   --> yew-components/src/lib.rs:9:1
[INFO] [stdout]    |
[INFO] [stdout] 9  | mod hue_slider;
[INFO] [stdout]    | ^^^^^^^^^^^^^^^
[INFO] [stdout]    |
[INFO] [stdout] note: the name `hue_slider` in the type namespace is supposed to be publicly re-exported here
[INFO] [stdout]   --> yew-components/src/lib.rs:10:9
[INFO] [stdout]    |
[INFO] [stdout] 10 | pub use hue_slider::*;
[INFO] [stdout]    |         ^^^^^^^^^^^^^
[INFO] [stdout] note: but the private item here shadows it
[INFO] [stdout]   --> yew-components/src/lib.rs:9:1
[INFO] [stdout]    |
[INFO] [stdout] 9  | mod hue_slider;
[INFO] [stdout]    | ^^^^^^^^^^^^^^^
[INFO] [stdout] 
[INFO] [stdout] 
[INFO] [stdout] warning: private item shadows public glob re-export
[INFO] [stdout]   --> yew-components/src/lib.rs:12:1
[INFO] [stdout]    |
[INFO] [stdout] 12 | mod rgba_sliders;
[INFO] [stdout]    | ^^^^^^^^^^^^^^^^^
[INFO] [stdout]    |
[INFO] [stdout] note: the name `rgba_sliders` in the type namespace is supposed to be publicly re-exported here
[INFO] [stdout]   --> yew-components/src/lib.rs:13:9
[INFO] [stdout]    |
[INFO] [stdout] 13 | pub use rgba_sliders::*;
[INFO] [stdout]    |         ^^^^^^^^^^^^^^^
[INFO] [stdout] note: but the private item here shadows it
[INFO] [stdout]   --> yew-components/src/lib.rs:12:1
[INFO] [stdout]    |
[INFO] [stdout] 12 | mod rgba_sliders;
[INFO] [stdout]    | ^^^^^^^^^^^^^^^^^
[INFO] [stdout] 
[INFO] [stdout] 
[INFO] [stdout] warning: ambiguous glob re-exports
[INFO] [stdout]   --> yew-components/src/lib.rs:13:9
[INFO] [stdout]    |
[INFO] [stdout] 13 | pub use rgba_sliders::*;
[INFO] [stdout]    |         ^^^^^^^^^^^^^^^ the name `PropsBuilderStep_missing_required_prop_color` in the type namespace is first re-exported here
[INFO] [stdout] ...
[INFO] [stdout] 25 | pub use color_picker::*;
[INFO] [stdout]    |         --------------- but the name `PropsBuilderStep_missing_required_prop_color` in the type namespace is also re-exported here
[INFO] [stdout] 
[INFO] [stdout] 
[INFO] [stdout] warning: ambiguous glob re-exports
[INFO] [stdout]   --> yew-components/src/lib.rs:13:9
[INFO] [stdout]    |
[INFO] [stdout] 13 | pub use rgba_sliders::*;
[INFO] [stdout]    |         ^^^^^^^^^^^^^^^ the name `PropsBuilderStep_missing_required_prop_color` in the value namespace is first re-exported here
[INFO] [stdout] ...
[INFO] [stdout] 25 | pub use color_picker::*;
[INFO] [stdout]    |         --------------- but the name `PropsBuilderStep_missing_required_prop_color` in the value namespace is also re-exported here
[INFO] [stdout] 
[INFO] [stdout] 
[INFO] [stdout] warning: private item shadows public glob re-export
[INFO] [stdout]   --> yew-components/src/lib.rs:15:1
[INFO] [stdout]    |
[INFO] [stdout] 15 | mod hsva_sliders;
[INFO] [stdout]    | ^^^^^^^^^^^^^^^^^
[INFO] [stdout]    |
[INFO] [stdout] note: the name `hsva_sliders` in the type namespace is supposed to be publicly re-exported here
[INFO] [stdout]   --> yew-components/src/lib.rs:16:9
[INFO] [stdout]    |
[INFO] [stdout] 16 | pub use hsva_sliders::*;
[INFO] [stdout]    |         ^^^^^^^^^^^^^^^
[INFO] [stdout] note: but the private item here shadows it
[INFO] [stdout]   --> yew-components/src/lib.rs:15:1
[INFO] [stdout]    |
[INFO] [stdout] 15 | mod hsva_sliders;
[INFO] [stdout]    | ^^^^^^^^^^^^^^^^^
[INFO] [stdout] 
[INFO] [stdout] 
[INFO] [stdout] warning: private item shadows public glob re-export
[INFO] [stdout]   --> yew-components/src/lib.rs:21:1
[INFO] [stdout]    |
[INFO] [stdout] 21 | mod dropdown;
[INFO] [stdout]    | ^^^^^^^^^^^^^
[INFO] [stdout]    |
[INFO] [stdout] note: the name `dropdown` in the type namespace is supposed to be publicly re-exported here
[INFO] [stdout]   --> yew-components/src/lib.rs:22:9
[INFO] [stdout]    |
[INFO] [stdout] 22 | pub use dropdown::*;
[INFO] [stdout]    |         ^^^^^^^^^^^
[INFO] [stdout] note: but the private item here shadows it
[INFO] [stdout]   --> yew-components/src/lib.rs:21:1
[INFO] [stdout]    |
[INFO] [stdout] 21 | mod dropdown;
[INFO] [stdout]    | ^^^^^^^^^^^^^
[INFO] [stdout] 
[INFO] [stdout] 
[INFO] [stdout] warning: private item shadows public glob re-export
[INFO] [stdout]   --> yew-components/src/lib.rs:24:1
[INFO] [stdout]    |
[INFO] [stdout] 24 | mod color_picker;
[INFO] [stdout]    | ^^^^^^^^^^^^^^^^^
[INFO] [stdout]    |
[INFO] [stdout] note: the name `color_picker` in the type namespace is supposed to be publicly re-exported here
[INFO] [stdout]   --> yew-components/src/lib.rs:25:9
[INFO] [stdout]    |
[INFO] [stdout] 25 | pub use color_picker::*;
[INFO] [stdout]    |         ^^^^^^^^^^^^^^^
[INFO] [stdout] note: but the private item here shadows it
[INFO] [stdout]   --> yew-components/src/lib.rs:24:1
[INFO] [stdout]    |
[INFO] [stdout] 24 | mod color_picker;
[INFO] [stdout]    | ^^^^^^^^^^^^^^^^^
[INFO] [stdout] 
[INFO] [stdout] 
[INFO] [stdout] error: aborting due to 8 previous errors
[INFO] [stdout] 
[INFO] [stdout] 
[INFO] [stderr] thread '<unnamed>' panicked at /opt/rustwide/cargo-home/registry/src/index.crates.io-6f17d22bba15001f/once_cell-1.10.0/src/lib.rs:1164:25:
[INFO] [stderr] Lazy instance has previously been poisoned
[INFO] [stderr] stack backtrace:
[INFO] [stderr]    0:     0x7fc57e4b3c96 - std::backtrace_rs::backtrace::libunwind::trace::h261606ad26a499c1
[INFO] [stderr]                                at /rustc/0e09125c6c3c2fd70d7de961bcf0e51575235fad/library/std/src/../../backtrace/src/backtrace/libunwind.rs:104:5
[INFO] [stderr]    1:     0x7fc57e4b3c96 - std::backtrace_rs::backtrace::trace_unsynchronized::hd183f0625477fb28
[INFO] [stderr]                                at /rustc/0e09125c6c3c2fd70d7de961bcf0e51575235fad/library/std/src/../../backtrace/src/backtrace/mod.rs:66:5
[INFO] [stderr]    2:     0x7fc57e4b3c96 - std::sys_common::backtrace::_print_fmt::hd7f8fef21b4eda67
[INFO] [stderr]                                at /rustc/0e09125c6c3c2fd70d7de961bcf0e51575235fad/library/std/src/sys_common/backtrace.rs:68:5
[INFO] [stderr]    3:     0x7fc57e4b3c96 - <std::sys_common::backtrace::_print::DisplayBacktrace as core::fmt::Display>::fmt::h623d9b51f2f453f1
[INFO] [stderr]                                at /rustc/0e09125c6c3c2fd70d7de961bcf0e51575235fad/library/std/src/sys_common/backtrace.rs:44:22
[INFO] [stderr]    4:     0x7fc57e4dc450 - core::fmt::rt::Argument::fmt::h9f417ac76a86f368
[INFO] [stderr]                                at /rustc/0e09125c6c3c2fd70d7de961bcf0e51575235fad/library/core/src/fmt/rt.rs:142:9
[INFO] [stderr]    5:     0x7fc57e4dc450 - core::fmt::write::hc9b6faf4ac2aeff7
[INFO] [stderr]                                at /rustc/0e09125c6c3c2fd70d7de961bcf0e51575235fad/library/core/src/fmt/mod.rs:1120:17
[INFO] [stderr]    6:     0x7fc57e4b182f - std::io::Write::write_fmt::hfead1eee52c2e65e
[INFO] [stderr]                                at /rustc/0e09125c6c3c2fd70d7de961bcf0e51575235fad/library/std/src/io/mod.rs:1810:15
[INFO] [stderr]    7:     0x7fc57e4b3a74 - std::sys_common::backtrace::_print::hd5d66399c7df88a2
[INFO] [stderr]                                at /rustc/0e09125c6c3c2fd70d7de961bcf0e51575235fad/library/std/src/sys_common/backtrace.rs:47:5
[INFO] [stderr]    8:     0x7fc57e4b3a74 - std::sys_common::backtrace::print::he81ed2da642d37e5
[INFO] [stderr]                                at /rustc/0e09125c6c3c2fd70d7de961bcf0e51575235fad/library/std/src/sys_common/backtrace.rs:34:9
[INFO] [stderr]    9:     0x7fc57e4b5147 - std::panicking::default_hook::{{closure}}::h85773f4fa117163d
[INFO] [stderr]   10:     0x7fc57e4b4ea9 - std::panicking::default_hook::h6a1694a91d09b278
[INFO] [stderr]                                at /rustc/0e09125c6c3c2fd70d7de961bcf0e51575235fad/library/std/src/panicking.rs:292:9
[INFO] [stderr]   11:     0x7fc57e4b5766 - <alloc::boxed::Box<F,A> as core::ops::function::Fn<Args>>::call::hcb3fe3b9bb537ba8
[INFO] [stderr]                                at /rustc/0e09125c6c3c2fd70d7de961bcf0e51575235fad/library/alloc/src/boxed.rs:2029:9
[INFO] [stderr]   12:     0x7fc57e4b5766 - std::panicking::rust_panic_with_hook::h0a7ad96e90f7145b
[INFO] [stderr]                                at /rustc/0e09125c6c3c2fd70d7de961bcf0e51575235fad/library/std/src/panicking.rs:783:13
[INFO] [stderr]   13:     0x7fc57e4083be - std::panicking::begin_panic::{{closure}}::hbe50f3be7ec1acdb
[INFO] [stderr]   14:     0x7fc57e40830a - std::sys_common::backtrace::__rust_end_short_backtrace::h7f317eff85237194
[INFO] [stderr]   15:     0x7fc57e40833b - std::panicking::begin_panic::h11adbf36890385fa
[INFO] [stderr]   16:     0x7fc57e0694ef - once_cell::sync::Lazy<T,F>::force::{{closure}}::h29ee74bfb112b741
[INFO] [stderr]   17:     0x7fc57e069577 - once_cell::sync::OnceCell<T>::get_or_init::{{closure}}::h7fa967291ca9e11d
[INFO] [stderr]   18:     0x7fc57e07fae1 - once_cell::imp::OnceCell<T>::initialize::{{closure}}::haa931bd5cb164c94
[INFO] [stderr]   19:     0x7fc57e184c9c - once_cell::imp::initialize_inner::h7da5c8b85d301d77
[INFO] [stderr]   20:     0x7fc57e07f949 - once_cell::imp::OnceCell<T>::initialize::h5db38337c2c52df1
[INFO] [stderr]   21:     0x7fc57e0697c8 - once_cell::sync::OnceCell<T>::get_or_try_init::he7b60f80b9e41b27
[INFO] [stderr]   22:     0x7fc57e069543 - once_cell::sync::OnceCell<T>::get_or_init::hca6877f76c995c1a
[INFO] [stderr]   23:     0x7fc57e069482 - once_cell::sync::Lazy<T,F>::force::h9c3f288a222356b0
[INFO] [stderr]   24:     0x7fc57e068d46 - <once_cell::sync::Lazy<T,F> as core::ops::deref::Deref>::deref::ha53cfed68dc25ef4
[INFO] [stderr]   25:     0x7fc57e080890 - yew_style_in_rs_macro::static_style::state::State::new::dropper::hb45fcc62ee012b05
[INFO] [stderr]   26:     0x7fc593d36495 - <unknown>
[INFO] [stderr]   27:     0x7fc593d36610 - exit
[INFO] [stderr]   28:     0x7fc599cae847 - std::sys::unix::os::exit::hbd2d5f856bc834ee
[INFO] [stderr]                                at /rustc/0e09125c6c3c2fd70d7de961bcf0e51575235fad/library/std/src/sys/unix/os.rs:750:14
[INFO] [stderr]   29:     0x7fc599ca2e1f - std::process::exit::h5656e8691dbf8314
[INFO] [stderr]                                at /rustc/0e09125c6c3c2fd70d7de961bcf0e51575235fad/library/std/src/process.rs:2211:5
[INFO] [stderr]   30:     0x5560f6a5b360 - rustdoc[fb2860d50d7d9920]::main
[INFO] [stderr]   31:     0x5560f677e243 - std[ee6a4c5be0dc2fe4]::sys_common::backtrace::__rust_begin_short_backtrace::<fn(), ()>
[INFO] [stderr]   32:     0x5560f677e259 - std[ee6a4c5be0dc2fe4]::rt::lang_start::<()>::{closure#0}
[INFO] [stderr]   33:     0x7fc599c89cb1 - core::ops::function::impls::<impl core::ops::function::FnOnce<A> for &F>::call_once::h4eb4c5e1620f29b0
[INFO] [stderr]                                at /rustc/0e09125c6c3c2fd70d7de961bcf0e51575235fad/library/core/src/ops/function.rs:284:13
[INFO] [stderr]   34:     0x7fc599c89cb1 - std::panicking::try::do_call::h73fd26535faffcdf
[INFO] [stderr]                                at /rustc/0e09125c6c3c2fd70d7de961bcf0e51575235fad/library/std/src/panicking.rs:552:40
[INFO] [stderr]   35:     0x7fc599c89cb1 - std::panicking::try::h77ff1d98f0fb9f39
[INFO] [stderr]                                at /rustc/0e09125c6c3c2fd70d7de961bcf0e51575235fad/library/std/src/panicking.rs:516:19
[INFO] [stderr]   36:     0x7fc599c89cb1 - std::panic::catch_unwind::hab3caf2448b95e37
[INFO] [stderr]                                at /rustc/0e09125c6c3c2fd70d7de961bcf0e51575235fad/library/std/src/panic.rs:142:14
[INFO] [stderr]   37:     0x7fc599c89cb1 - std::rt::lang_start_internal::{{closure}}::h8086711f9c783f78
[INFO] [stderr]                                at /rustc/0e09125c6c3c2fd70d7de961bcf0e51575235fad/library/std/src/rt.rs:148:48
[INFO] [stderr]   38:     0x7fc599c89cb1 - std::panicking::try::do_call::hf920d4dc291cd6ca
[INFO] [stderr]                                at /rustc/0e09125c6c3c2fd70d7de961bcf0e51575235fad/library/std/src/panicking.rs:552:40
[INFO] [stderr]   39:     0x7fc599c89cb1 - std::panicking::try::h2b806ccc0a85db74
[INFO] [stderr]                                at /rustc/0e09125c6c3c2fd70d7de961bcf0e51575235fad/library/std/src/panicking.rs:516:19
[INFO] [stderr]   40:     0x7fc599c89cb1 - std::panic::catch_unwind::h038489539c507df2
[INFO] [stderr]                                at /rustc/0e09125c6c3c2fd70d7de961bcf0e51575235fad/library/std/src/panic.rs:142:14
[INFO] [stderr]   41:     0x7fc599c89cb1 - std::rt::lang_start_internal::h28503b88912e8a5c
[INFO] [stderr]                                at /rustc/0e09125c6c3c2fd70d7de961bcf0e51575235fad/library/std/src/rt.rs:148:20
[INFO] [stderr]   42:     0x5560f677e2a8 - main
[INFO] [stderr]   43:     0x7fc593d1ad90 - <unknown>
[INFO] [stderr]   44:     0x7fc593d1ae40 - __libc_start_main
[INFO] [stderr]   45:     0x5560f677e169 - <unknown>
[INFO] [stderr]   46:                0x0 - <unknown>
[INFO] [stderr] fatal runtime error: Rust cannot catch foreign exceptions
[INFO] [stdout] error: aborting due to 1 previous error; 14 warnings emitted
[INFO] [stdout] 
[INFO] [stdout] 
[INFO] [stdout] For more information about this error, try `rustc --explain E0433`.
[INFO] [stdout] 
[INFO] [stderr] error: could not document `yew-components`
[INFO] [stderr] 
[INFO] [stderr] Caused by:
[INFO] [stderr]   process didn't exit successfully: `/opt/rustwide/rustup-home/toolchains/beta-2023-12-22-x86_64-unknown-linux-gnu/bin/rustdoc --edition=2021 --crate-type lib --crate-name yew_components yew-components/src/lib.rs -o /opt/rustwide/target/doc --error-format=json --json=diagnostic-rendered-ansi,artifacts,future-incompat --document-private-items -C metadata=07160634f4506fdb -L dependency=/opt/rustwide/target/debug/deps --extern bytemuck=/opt/rustwide/target/debug/deps/libbytemuck-09c0adb9b5a7a7e7.rmeta --extern gloo=/opt/rustwide/target/debug/deps/libgloo-ab6f4b36a40772a6.rmeta --extern log=/opt/rustwide/target/debug/deps/liblog-bd107c444234b702.rmeta --extern num=/opt/rustwide/target/debug/deps/libnum-1f60b7dba39b2989.rmeta --extern num_traits=/opt/rustwide/target/debug/deps/libnum_traits-9141d7adbe5de716.rmeta --extern vek=/opt/rustwide/target/debug/deps/libvek-b78ee2e4f821a68a.rmeta --extern wasm_bindgen=/opt/rustwide/target/debug/deps/libwasm_bindgen-9302ce7b4b988197.rmeta --extern web_sys=/opt/rustwide/target/debug/deps/libweb_sys-b91de2b34462afe5.rmeta --extern wgpu=/opt/rustwide/target/debug/deps/libwgpu-38c3656a93b3dca4.rmeta --extern yew=/opt/rustwide/target/debug/deps/libyew-9801fcde8fc05111.rmeta --extern yew_style_in_rs=/opt/rustwide/target/debug/deps/libyew_style_in_rs-01e6169b6a82018f.rmeta --extern yew_wgpu=/opt/rustwide/target/debug/deps/libyew_wgpu-5f512bfcd7437e5a.rmeta --cap-lints=warn --crate-version 0.1.0` (signal: 6, SIGABRT: process abort signal)
[INFO] [stderr] warning: build failed, waiting for other jobs to finish...
[INFO] [stderr] error: could not compile `yew-components` (lib) due to 2 previous errors; 14 warnings emitted
[INFO] running `Command { std: "docker" "inspect" "940984daee501a2d251425032637b4ce2aea6931776b927e294400609e285386", kill_on_drop: false }`
[INFO] running `Command { std: "docker" "rm" "-f" "940984daee501a2d251425032637b4ce2aea6931776b927e294400609e285386", kill_on_drop: false }`
[INFO] [stdout] 940984daee501a2d251425032637b4ce2aea6931776b927e294400609e285386
