[INFO] cloning repository https://github.com/MasonAsh/rustyrayer
[INFO] running `Command { std: "git" "-c" "credential.helper=" "-c" "credential.helper=/workspace/cargo-home/bin/git-credential-null" "clone" "--bare" "https://github.com/MasonAsh/rustyrayer" "/workspace/cache/git-repos/https%3A%2F%2Fgithub.com%2FMasonAsh%2Frustyrayer", kill_on_drop: false }`
[INFO] [stderr] Cloning into bare repository '/workspace/cache/git-repos/https%3A%2F%2Fgithub.com%2FMasonAsh%2Frustyrayer'...
[INFO] running `Command { std: "git" "rev-parse" "HEAD", kill_on_drop: false }`
[INFO] [stdout] 94441991c42049a444990229b376a15c6b2a57ae
[INFO] documenting MasonAsh/rustyrayer against 1.75.0 for beta-1.76-rustdoc-1
[INFO] running `Command { std: "git" "clone" "/workspace/cache/git-repos/https%3A%2F%2Fgithub.com%2FMasonAsh%2Frustyrayer" "/workspace/builds/worker-6-tc1/source", kill_on_drop: false }`
[INFO] [stderr] Cloning into '/workspace/builds/worker-6-tc1/source'...
[INFO] [stderr] done.
[INFO] validating manifest of git repo https://github.com/MasonAsh/rustyrayer on toolchain 1.75.0
[INFO] running `Command { std: CARGO_HOME="/workspace/cargo-home" RUSTUP_HOME="/workspace/rustup-home" "/workspace/cargo-home/bin/cargo" "+1.75.0" "metadata" "--manifest-path" "Cargo.toml" "--no-deps", kill_on_drop: false }`
[INFO] started tweaking git repo https://github.com/MasonAsh/rustyrayer
[INFO] finished tweaking git repo https://github.com/MasonAsh/rustyrayer
[INFO] tweaked toml for git repo https://github.com/MasonAsh/rustyrayer written to /workspace/builds/worker-6-tc1/source/Cargo.toml
[INFO] crate git repo https://github.com/MasonAsh/rustyrayer already has a lockfile, it will not be regenerated
[INFO] running `Command { std: CARGO_HOME="/workspace/cargo-home" RUSTUP_HOME="/workspace/rustup-home" "/workspace/cargo-home/bin/cargo" "+1.75.0" "fetch" "--manifest-path" "Cargo.toml", kill_on_drop: false }`
[INFO] [stderr]     Blocking waiting for file lock on package cache
[INFO] [stderr]     Updating git repository `https://github.com/gltf-rs/gltf`
[INFO] [stderr]     Updating git submodule `https://github.com/KhronosGroup/glTF-Sample-Models.git`
[INFO] [stderr]     Updating crates.io index
[INFO] [stderr]     Blocking waiting for file lock on package cache
[ERROR] error running command: no output for 300 seconds
[ERROR] this task or one of its parent failed!
[ERROR] no output for 300 seconds
[ERROR] note: run with `RUST_BACKTRACE=1` to display a backtrace.
[INFO] documenting MasonAsh/rustyrayer against beta-2023-12-22 for beta-1.76-rustdoc-1
[INFO] running `Command { std: "git" "clone" "/workspace/cache/git-repos/https%3A%2F%2Fgithub.com%2FMasonAsh%2Frustyrayer" "/workspace/builds/worker-6-tc2/source", kill_on_drop: false }`
[INFO] [stderr] Cloning into '/workspace/builds/worker-6-tc2/source'...
[INFO] [stderr] done.
[INFO] validating manifest of git repo https://github.com/MasonAsh/rustyrayer on toolchain beta-2023-12-22
[INFO] running `Command { std: CARGO_HOME="/workspace/cargo-home" RUSTUP_HOME="/workspace/rustup-home" "/workspace/cargo-home/bin/cargo" "+beta-2023-12-22" "metadata" "--manifest-path" "Cargo.toml" "--no-deps", kill_on_drop: false }`
[INFO] started tweaking git repo https://github.com/MasonAsh/rustyrayer
[INFO] finished tweaking git repo https://github.com/MasonAsh/rustyrayer
[INFO] tweaked toml for git repo https://github.com/MasonAsh/rustyrayer written to /workspace/builds/worker-6-tc2/source/Cargo.toml
[INFO] crate git repo https://github.com/MasonAsh/rustyrayer already has a lockfile, it will not be regenerated
[INFO] running `Command { std: CARGO_HOME="/workspace/cargo-home" RUSTUP_HOME="/workspace/rustup-home" "/workspace/cargo-home/bin/cargo" "+beta-2023-12-22" "fetch" "--manifest-path" "Cargo.toml", kill_on_drop: false }`
[INFO] [stderr]     Blocking waiting for file lock on package cache
[INFO] [stderr]     Blocking waiting for file lock on package cache
[ERROR] error running command: no output for 300 seconds
[INFO] documenting MasonAsh/rustyrayer against beta-2023-12-22 for beta-1.76-rustdoc-1
[INFO] running `Command { std: "git" "clone" "/workspace/cache/git-repos/https%3A%2F%2Fgithub.com%2FMasonAsh%2Frustyrayer" "/workspace/builds/worker-6-tc2/source", kill_on_drop: false }`
[INFO] [stderr] Cloning into '/workspace/builds/worker-6-tc2/source'...
[INFO] [stderr] done.
[INFO] validating manifest of git repo https://github.com/MasonAsh/rustyrayer on toolchain beta-2023-12-22
[INFO] running `Command { std: CARGO_HOME="/workspace/cargo-home" RUSTUP_HOME="/workspace/rustup-home" "/workspace/cargo-home/bin/cargo" "+beta-2023-12-22" "metadata" "--manifest-path" "Cargo.toml" "--no-deps", kill_on_drop: false }`
[INFO] started tweaking git repo https://github.com/MasonAsh/rustyrayer
[INFO] finished tweaking git repo https://github.com/MasonAsh/rustyrayer
[INFO] tweaked toml for git repo https://github.com/MasonAsh/rustyrayer written to /workspace/builds/worker-6-tc2/source/Cargo.toml
[INFO] crate git repo https://github.com/MasonAsh/rustyrayer already has a lockfile, it will not be regenerated
[INFO] running `Command { std: CARGO_HOME="/workspace/cargo-home" RUSTUP_HOME="/workspace/rustup-home" "/workspace/cargo-home/bin/cargo" "+beta-2023-12-22" "fetch" "--manifest-path" "Cargo.toml", kill_on_drop: false }`
[INFO] [stderr]     Blocking waiting for file lock on package cache
[INFO] [stderr]     Blocking waiting for file lock on package cache
[ERROR] error running command: no output for 300 seconds
[INFO] documenting MasonAsh/rustyrayer against beta-2023-12-22 for beta-1.76-rustdoc-1
[INFO] running `Command { std: "git" "clone" "/workspace/cache/git-repos/https%3A%2F%2Fgithub.com%2FMasonAsh%2Frustyrayer" "/workspace/builds/worker-6-tc2/source", kill_on_drop: false }`
[INFO] [stderr] Cloning into '/workspace/builds/worker-6-tc2/source'...
[INFO] [stderr] done.
[INFO] validating manifest of git repo https://github.com/MasonAsh/rustyrayer on toolchain beta-2023-12-22
[INFO] running `Command { std: CARGO_HOME="/workspace/cargo-home" RUSTUP_HOME="/workspace/rustup-home" "/workspace/cargo-home/bin/cargo" "+beta-2023-12-22" "metadata" "--manifest-path" "Cargo.toml" "--no-deps", kill_on_drop: false }`
[INFO] started tweaking git repo https://github.com/MasonAsh/rustyrayer
[INFO] finished tweaking git repo https://github.com/MasonAsh/rustyrayer
[INFO] tweaked toml for git repo https://github.com/MasonAsh/rustyrayer written to /workspace/builds/worker-6-tc2/source/Cargo.toml
[INFO] crate git repo https://github.com/MasonAsh/rustyrayer already has a lockfile, it will not be regenerated
[INFO] running `Command { std: CARGO_HOME="/workspace/cargo-home" RUSTUP_HOME="/workspace/rustup-home" "/workspace/cargo-home/bin/cargo" "+beta-2023-12-22" "fetch" "--manifest-path" "Cargo.toml", kill_on_drop: false }`
[INFO] [stderr]     Blocking waiting for file lock on package cache
[INFO] [stderr]     Blocking waiting for file lock on package cache
[ERROR] error running command: no output for 300 seconds
[INFO] documenting MasonAsh/rustyrayer against beta-2023-12-22 for beta-1.76-rustdoc-1
[INFO] running `Command { std: "git" "clone" "/workspace/cache/git-repos/https%3A%2F%2Fgithub.com%2FMasonAsh%2Frustyrayer" "/workspace/builds/worker-6-tc2/source", kill_on_drop: false }`
[INFO] [stderr] Cloning into '/workspace/builds/worker-6-tc2/source'...
[INFO] [stderr] done.
[INFO] validating manifest of git repo https://github.com/MasonAsh/rustyrayer on toolchain beta-2023-12-22
[INFO] running `Command { std: CARGO_HOME="/workspace/cargo-home" RUSTUP_HOME="/workspace/rustup-home" "/workspace/cargo-home/bin/cargo" "+beta-2023-12-22" "metadata" "--manifest-path" "Cargo.toml" "--no-deps", kill_on_drop: false }`
[INFO] started tweaking git repo https://github.com/MasonAsh/rustyrayer
[INFO] finished tweaking git repo https://github.com/MasonAsh/rustyrayer
[INFO] tweaked toml for git repo https://github.com/MasonAsh/rustyrayer written to /workspace/builds/worker-6-tc2/source/Cargo.toml
[INFO] crate git repo https://github.com/MasonAsh/rustyrayer already has a lockfile, it will not be regenerated
[INFO] running `Command { std: CARGO_HOME="/workspace/cargo-home" RUSTUP_HOME="/workspace/rustup-home" "/workspace/cargo-home/bin/cargo" "+beta-2023-12-22" "fetch" "--manifest-path" "Cargo.toml", kill_on_drop: false }`
[INFO] [stderr]     Blocking waiting for file lock on package cache
[INFO] [stderr]     Blocking waiting for file lock on package cache
[ERROR] error running command: no output for 300 seconds
[INFO] documenting MasonAsh/rustyrayer against beta-2023-12-22 for beta-1.76-rustdoc-1
[INFO] running `Command { std: "git" "clone" "/workspace/cache/git-repos/https%3A%2F%2Fgithub.com%2FMasonAsh%2Frustyrayer" "/workspace/builds/worker-6-tc2/source", kill_on_drop: false }`
[INFO] [stderr] Cloning into '/workspace/builds/worker-6-tc2/source'...
[INFO] [stderr] done.
[INFO] validating manifest of git repo https://github.com/MasonAsh/rustyrayer on toolchain beta-2023-12-22
[INFO] running `Command { std: CARGO_HOME="/workspace/cargo-home" RUSTUP_HOME="/workspace/rustup-home" "/workspace/cargo-home/bin/cargo" "+beta-2023-12-22" "metadata" "--manifest-path" "Cargo.toml" "--no-deps", kill_on_drop: false }`
[INFO] started tweaking git repo https://github.com/MasonAsh/rustyrayer
[INFO] finished tweaking git repo https://github.com/MasonAsh/rustyrayer
[INFO] tweaked toml for git repo https://github.com/MasonAsh/rustyrayer written to /workspace/builds/worker-6-tc2/source/Cargo.toml
[INFO] crate git repo https://github.com/MasonAsh/rustyrayer already has a lockfile, it will not be regenerated
[INFO] running `Command { std: CARGO_HOME="/workspace/cargo-home" RUSTUP_HOME="/workspace/rustup-home" "/workspace/cargo-home/bin/cargo" "+beta-2023-12-22" "fetch" "--manifest-path" "Cargo.toml", kill_on_drop: false }`
[INFO] [stderr]     Blocking waiting for file lock on package cache
[INFO] [stderr]     Blocking waiting for file lock on package cache
[INFO] [stderr]  Downloading crates ...
[INFO] [stderr]   Downloaded flate2 v1.0.6
[INFO] [stderr]   Downloaded unidiff v0.3.1
[INFO] [stderr]   Downloaded filetime v0.2.4
[INFO] [stderr]   Downloaded tar v0.4.20
[INFO] [stderr]   Downloaded serde v1.0.88
[INFO] [stderr]   Downloaded sdl2 v0.32.1
[INFO] [stderr]   Downloaded sdl2-sys v0.32.5
[INFO] [stderr]   Downloaded encoding_rs v0.8.16
[INFO] running `Command { std: "docker" "create" "-v" "/var/lib/crater-agent-workspace/builds/worker-6-tc2/target:/opt/rustwide/target:rw,Z" "-v" "/var/lib/crater-agent-workspace/builds/worker-6-tc2/source:/opt/rustwide/workdir:ro,Z" "-v" "/var/lib/crater-agent-workspace/cargo-home:/opt/rustwide/cargo-home:ro,Z" "-v" "/var/lib/crater-agent-workspace/rustup-home:/opt/rustwide/rustup-home:ro,Z" "-e" "SOURCE_DIR=/opt/rustwide/workdir" "-e" "CARGO_TARGET_DIR=/opt/rustwide/target" "-e" "CARGO_HOME=/opt/rustwide/cargo-home" "-e" "RUSTUP_HOME=/opt/rustwide/rustup-home" "-w" "/opt/rustwide/workdir" "-m" "1610612736" "--user" "0:0" "--network" "none" "ghcr.io/rust-lang/crates-build-env/linux@sha256:2788e3201cd34a07e3172128adcd8b3090168a8e3bcc40d7c032b9dda1df7d1c" "/opt/rustwide/cargo-home/bin/cargo" "+beta-2023-12-22" "metadata" "--no-deps" "--format-version=1", kill_on_drop: false }`
[INFO] [stdout] 36843368aa6a6e479592e5589b63f0d4397f59418a58a04df238bb80e1050c18
[INFO] running `Command { std: "docker" "start" "-a" "36843368aa6a6e479592e5589b63f0d4397f59418a58a04df238bb80e1050c18", kill_on_drop: false }`
[INFO] running `Command { std: "docker" "inspect" "36843368aa6a6e479592e5589b63f0d4397f59418a58a04df238bb80e1050c18", kill_on_drop: false }`
[INFO] running `Command { std: "docker" "rm" "-f" "36843368aa6a6e479592e5589b63f0d4397f59418a58a04df238bb80e1050c18", kill_on_drop: false }`
[INFO] [stdout] 36843368aa6a6e479592e5589b63f0d4397f59418a58a04df238bb80e1050c18
[INFO] running `Command { std: "docker" "create" "-v" "/var/lib/crater-agent-workspace/builds/worker-6-tc2/target:/opt/rustwide/target:rw,Z" "-v" "/var/lib/crater-agent-workspace/builds/worker-6-tc2/source:/opt/rustwide/workdir:ro,Z" "-v" "/var/lib/crater-agent-workspace/cargo-home:/opt/rustwide/cargo-home:ro,Z" "-v" "/var/lib/crater-agent-workspace/rustup-home:/opt/rustwide/rustup-home:ro,Z" "-e" "SOURCE_DIR=/opt/rustwide/workdir" "-e" "CARGO_TARGET_DIR=/opt/rustwide/target" "-e" "CARGO_INCREMENTAL=0" "-e" "RUST_BACKTRACE=full" "-e" "RUSTFLAGS=--cap-lints=warn" "-e" "RUSTDOCFLAGS=--cap-lints=warn" "-e" "CARGO_HOME=/opt/rustwide/cargo-home" "-e" "RUSTUP_HOME=/opt/rustwide/rustup-home" "-w" "/opt/rustwide/workdir" "-m" "1610612736" "--user" "0:0" "--network" "none" "ghcr.io/rust-lang/crates-build-env/linux@sha256:2788e3201cd34a07e3172128adcd8b3090168a8e3bcc40d7c032b9dda1df7d1c" "/opt/rustwide/cargo-home/bin/cargo" "+beta-2023-12-22" "doc" "--frozen" "--no-deps" "--document-private-items" "--message-format=json", kill_on_drop: false }`
[INFO] [stdout] 4ebe8131d92c6c79bf9b86ef5d6496c271a93d7d6666af50e79d9af088ef01b8
[INFO] running `Command { std: "docker" "start" "-a" "4ebe8131d92c6c79bf9b86ef5d6496c271a93d7d6666af50e79d9af088ef01b8", kill_on_drop: false }`
[INFO] [stderr]    Compiling libc v0.2.48
[INFO] [stderr]    Compiling num-traits v0.2.6
[INFO] [stderr]    Compiling memchr v2.2.0
[INFO] [stderr]     Checking lazy_static v1.2.0
[INFO] [stderr]    Compiling num-integer v0.1.39
[INFO] [stderr]     Checking cfg-if v0.1.6
[INFO] [stderr]    Compiling proc-macro2 v0.4.27
[INFO] [stderr]     Checking rand_core v0.4.0
[INFO] [stderr]    Compiling byteorder v1.3.1
[INFO] [stderr]    Compiling arrayvec v0.4.10
[INFO] [stderr]    Compiling num-iter v0.1.37
[INFO] [stderr]    Compiling cc v1.0.29
[INFO] [stderr]     Checking nodrop v0.1.13
[INFO] [stderr]    Compiling regex v1.1.0
[INFO] [stderr]     Checking rand_core v0.3.1
[INFO] [stderr]    Compiling quote v0.6.11
[INFO] [stderr]     Checking crossbeam-utils v0.2.2
[INFO] [stderr]     Checking memoffset v0.2.1
[INFO] [stderr]     Checking scopeguard v0.3.3
[INFO] [stderr]    Compiling autocfg v0.1.2
[INFO] [stderr]    Compiling rayon-core v1.4.1
[INFO] [stderr]     Checking crossbeam-epoch v0.3.1
[INFO] [stderr]    Compiling syn v0.15.26
[INFO] [stderr]    Compiling ucd-util v0.1.3
[INFO] [stderr]    Compiling crc32fast v1.1.2
[INFO] [stderr]    Compiling encoding_rs v0.8.16
[INFO] [stderr]     Checking adler32 v1.0.3
[INFO] [stderr]    Compiling aho-corasick v0.6.9
[INFO] [stderr]    Compiling thread_local v0.3.6
[INFO] [stderr]    Compiling regex-syntax v0.6.5
[INFO] [stderr]     Checking crossbeam-deque v0.2.0
[INFO] [stderr]     Checking num_cpus v1.10.0
[INFO] [stderr]    Compiling rayon v1.0.3
[INFO] [stderr]    Compiling utf8-ranges v1.0.2
[INFO] [stderr]     Checking bitflags v1.0.4
[INFO] [stderr]    Compiling num-derive v0.2.4
[INFO] [stderr]    Compiling miniz-sys v0.1.11
[INFO] [stderr]    Compiling rand_pcg v0.1.1
[INFO] [stderr]     Checking inflate v0.4.5
[INFO] [stderr]     Checking deflate v0.7.19
[INFO] [stderr]    Compiling rand_chacha v0.1.1
[INFO] [stderr]    Compiling filetime v0.2.4
[INFO] [stderr]    Compiling xattr v0.2.2
[INFO] [stderr]    Compiling serde v1.0.88
[INFO] [stderr]    Compiling unicode-xid v0.0.4
[INFO] [stderr]    Compiling ryu v0.2.7
[INFO] [stderr]     Checking either v1.5.0
[INFO] [stderr]    Compiling synom v0.11.3
[INFO] [stderr]    Compiling flate2 v1.0.6
[INFO] [stderr]    Compiling tar v0.4.20
[INFO] [stderr]    Compiling rand v0.6.5
[INFO] [stderr]    Compiling cmake v0.1.35
[INFO] [stderr]     Checking color_quant v1.0.1
[INFO] [stderr]    Compiling quote v0.3.15
[INFO] [stderr]     Checking gif v0.10.1
[INFO] [stderr]    Compiling syn v0.11.11
[INFO] [stderr]     Checking rand_hc v0.1.0
[INFO] [stderr]     Checking rand_isaac v0.1.1
[INFO] [stderr]     Checking rand_xorshift v0.1.1
[INFO] [stderr]     Checking rand v0.4.6
[INFO] [stderr]     Checking rand_os v0.1.2
[INFO] [stderr]     Checking rand_jitter v0.1.3
[INFO] [stderr]    Compiling inflections v1.1.1
[INFO] [stderr]     Checking itoa v0.4.3
[INFO] [stderr]     Checking jpeg-decoder v0.1.15
[INFO] [stderr]    Compiling num-rational v0.2.1
[INFO] [stderr]    Compiling serde_derive v1.0.88
[INFO] [stderr]     Checking rand v0.3.23
[INFO] [stderr]    Compiling gltf-derive v0.11.3 (https://github.com/gltf-rs/gltf#33197d62)
[INFO] [stderr]     Checking png v0.12.0
[INFO] [stderr]     Checking num-rational v0.1.42
[INFO] [stderr]    Compiling unidiff v0.3.1
[INFO] [stderr]     Checking num-traits v0.1.43
[INFO] [stderr]    Compiling cgmath v0.17.0
[INFO] [stderr]     Checking quick-error v1.2.2
[INFO] [stderr]     Checking safemem v0.2.0
[INFO] [stderr]     Checking approx v0.1.1
[INFO] [stderr]     Checking humantime v1.2.0
[INFO] [stderr]     Checking base64 v0.6.0
[INFO] [stderr]     Checking cgmath v0.15.0
[INFO] [stderr]     Checking png v0.14.0
[INFO] [stderr]     Checking num v0.1.42
[INFO] [stderr]     Checking approx v0.3.1
[INFO] [stderr]     Checking atty v0.2.11
[INFO] [stderr]     Checking log v0.4.6
[INFO] [stderr]     Checking safe-transmute v0.10.1
[INFO] [stderr]     Checking lazy_static v0.2.11
[INFO] [stderr]     Checking image v0.19.0
[INFO] [stderr]     Checking tiff v0.2.2
[INFO] [stderr]     Checking serde_json v1.0.39
[INFO] [stderr]     Checking termcolor v1.0.4
[INFO] [stderr]     Checking image v0.21.0
[INFO] [stderr]     Checking env_logger v0.6.0
[INFO] [stderr]    Compiling sdl2-sys v0.32.5
[INFO] [stderr] error: failed to run custom build command for `sdl2-sys v0.32.5`
[INFO] [stderr] note: To improve backtraces for build dependencies, set the CARGO_PROFILE_DEV_BUILD_OVERRIDE_DEBUG=true environment variable to enable debug information generation.
[INFO] [stderr] 
[INFO] [stderr] Caused by:
[INFO] [stderr]   process didn't exit successfully: `/opt/rustwide/target/debug/build/sdl2-sys-f795ac19075499f2/build-script-build` (exit status: 101)
[INFO] [stderr]   --- stderr
[INFO] [stderr]   thread 'main' panicked at /opt/rustwide/cargo-home/registry/src/index.crates.io-6f17d22bba15001f/sdl2-sys-0.32.5/build.rs:46:17:
[INFO] [stderr]   Command 'curl' failed:   % Total    % Received % Xferd  Average Speed   Time    Time     Time  Current
[INFO] [stderr]                                    Dload  Upload   Total   Spent    Left  Speed
[INFO] [stderr]   
  0     0    0     0    0     0      0      0 --:--:-- --:--:-- --:--:--     0curl: (6) Could not resolve host: libsdl.org
[INFO] [stderr] 
[INFO] [stderr]   stack backtrace:
[INFO] [stderr]      0:     0x561cc2a4a9e6 - std::backtrace_rs::backtrace::libunwind::trace::h261606ad26a499c1
[INFO] [stderr]                                  at /rustc/0e09125c6c3c2fd70d7de961bcf0e51575235fad/library/std/src/../../backtrace/src/backtrace/libunwind.rs:104:5
[INFO] [stderr]      1:     0x561cc2a4a9e6 - std::backtrace_rs::backtrace::trace_unsynchronized::hd183f0625477fb28
[INFO] [stderr]                                  at /rustc/0e09125c6c3c2fd70d7de961bcf0e51575235fad/library/std/src/../../backtrace/src/backtrace/mod.rs:66:5
[INFO] [stderr]      2:     0x561cc2a4a9e6 - std::sys_common::backtrace::_print_fmt::hd7f8fef21b4eda67
[INFO] [stderr]                                  at /rustc/0e09125c6c3c2fd70d7de961bcf0e51575235fad/library/std/src/sys_common/backtrace.rs:68:5
[INFO] [stderr]      3:     0x561cc2a4a9e6 - <std::sys_common::backtrace::_print::DisplayBacktrace as core::fmt::Display>::fmt::h623d9b51f2f453f1
[INFO] [stderr]                                  at /rustc/0e09125c6c3c2fd70d7de961bcf0e51575235fad/library/std/src/sys_common/backtrace.rs:44:22
[INFO] [stderr]      4:     0x561cc2a70a60 - core::fmt::rt::Argument::fmt::h9f417ac76a86f368
[INFO] [stderr]                                  at /rustc/0e09125c6c3c2fd70d7de961bcf0e51575235fad/library/core/src/fmt/rt.rs:142:9
[INFO] [stderr]      5:     0x561cc2a70a60 - core::fmt::write::hc9b6faf4ac2aeff7
[INFO] [stderr]                                  at /rustc/0e09125c6c3c2fd70d7de961bcf0e51575235fad/library/core/src/fmt/mod.rs:1120:17
[INFO] [stderr]      6:     0x561cc2a47eef - std::io::Write::write_fmt::hfead1eee52c2e65e
[INFO] [stderr]                                  at /rustc/0e09125c6c3c2fd70d7de961bcf0e51575235fad/library/std/src/io/mod.rs:1810:15
[INFO] [stderr]      7:     0x561cc2a4a7c4 - std::sys_common::backtrace::_print::hd5d66399c7df88a2
[INFO] [stderr]                                  at /rustc/0e09125c6c3c2fd70d7de961bcf0e51575235fad/library/std/src/sys_common/backtrace.rs:47:5
[INFO] [stderr]      8:     0x561cc2a4a7c4 - std::sys_common::backtrace::print::he81ed2da642d37e5
[INFO] [stderr]                                  at /rustc/0e09125c6c3c2fd70d7de961bcf0e51575235fad/library/std/src/sys_common/backtrace.rs:34:9
[INFO] [stderr]      9:     0x561cc2a4bf37 - std::panicking::default_hook::{{closure}}::h85773f4fa117163d
[INFO] [stderr]     10:     0x561cc2a4bc99 - std::panicking::default_hook::h6a1694a91d09b278
[INFO] [stderr]                                  at /rustc/0e09125c6c3c2fd70d7de961bcf0e51575235fad/library/std/src/panicking.rs:292:9
[INFO] [stderr]     11:     0x561cc2a4c3c8 - std::panicking::rust_panic_with_hook::h0a7ad96e90f7145b
[INFO] [stderr]                                  at /rustc/0e09125c6c3c2fd70d7de961bcf0e51575235fad/library/std/src/panicking.rs:779:13
[INFO] [stderr]     12:     0x561cc2a4c2a2 - std::panicking::begin_panic_handler::{{closure}}::h7919090525c6485e
[INFO] [stderr]                                  at /rustc/0e09125c6c3c2fd70d7de961bcf0e51575235fad/library/std/src/panicking.rs:657:13
[INFO] [stderr]     13:     0x561cc2a4aee6 - std::sys_common::backtrace::__rust_end_short_backtrace::hf3289479464f7dfe
[INFO] [stderr]                                  at /rustc/0e09125c6c3c2fd70d7de961bcf0e51575235fad/library/std/src/sys_common/backtrace.rs:171:18
[INFO] [stderr]     14:     0x561cc2a4c000 - rust_begin_unwind
[INFO] [stderr]                                  at /rustc/0e09125c6c3c2fd70d7de961bcf0e51575235fad/library/std/src/panicking.rs:645:5
[INFO] [stderr]     15:     0x561cc289b315 - core::panicking::panic_fmt::hcc9f77c5c132af55
[INFO] [stderr]                                  at /rustc/0e09125c6c3c2fd70d7de961bcf0e51575235fad/library/core/src/panicking.rs:72:14
[INFO] [stderr]     16:     0x561cc28a584e - build_script_build::run_command::hb81364608c824dd7
[INFO] [stderr]     17:     0x561cc28a5b7e - build_script_build::download_to::hbb49678d293621d3
[INFO] [stderr]     18:     0x561cc28a616f - build_script_build::download_sdl2::h38769a728f970a17
[INFO] [stderr]     19:     0x561cc28a9bb5 - build_script_build::main::h9c624fcc708291a8
[INFO] [stderr]     20:     0x561cc28ab503 - core::ops::function::FnOnce::call_once::h6023ffb704529dc9
[INFO] [stderr]     21:     0x561cc289bf86 - std::sys_common::backtrace::__rust_begin_short_backtrace::h4866f56efceb8239
[INFO] [stderr]     22:     0x561cc289cef9 - std::rt::lang_start::{{closure}}::h1526c1808234d116
[INFO] [stderr]     23:     0x561cc2a43861 - core::ops::function::impls::<impl core::ops::function::FnOnce<A> for &F>::call_once::h4eb4c5e1620f29b0
[INFO] [stderr]                                  at /rustc/0e09125c6c3c2fd70d7de961bcf0e51575235fad/library/core/src/ops/function.rs:284:13
[INFO] [stderr]     24:     0x561cc2a43861 - std::panicking::try::do_call::h73fd26535faffcdf
[INFO] [stderr]                                  at /rustc/0e09125c6c3c2fd70d7de961bcf0e51575235fad/library/std/src/panicking.rs:552:40
[INFO] [stderr]     25:     0x561cc2a43861 - std::panicking::try::h77ff1d98f0fb9f39
[INFO] [stderr]                                  at /rustc/0e09125c6c3c2fd70d7de961bcf0e51575235fad/library/std/src/panicking.rs:516:19
[INFO] [stderr]     26:     0x561cc2a43861 - std::panic::catch_unwind::hab3caf2448b95e37
[INFO] [stderr]                                  at /rustc/0e09125c6c3c2fd70d7de961bcf0e51575235fad/library/std/src/panic.rs:142:14
[INFO] [stderr]     27:     0x561cc2a43861 - std::rt::lang_start_internal::{{closure}}::h8086711f9c783f78
[INFO] [stderr]                                  at /rustc/0e09125c6c3c2fd70d7de961bcf0e51575235fad/library/std/src/rt.rs:148:48
[INFO] [stderr]     28:     0x561cc2a43861 - std::panicking::try::do_call::hf920d4dc291cd6ca
[INFO] [stderr]                                  at /rustc/0e09125c6c3c2fd70d7de961bcf0e51575235fad/library/std/src/panicking.rs:552:40
[INFO] [stderr]     29:     0x561cc2a43861 - std::panicking::try::h2b806ccc0a85db74
[INFO] [stderr]                                  at /rustc/0e09125c6c3c2fd70d7de961bcf0e51575235fad/library/std/src/panicking.rs:516:19
[INFO] [stderr]     30:     0x561cc2a43861 - std::panic::catch_unwind::h038489539c507df2
[INFO] [stderr]                                  at /rustc/0e09125c6c3c2fd70d7de961bcf0e51575235fad/library/std/src/panic.rs:142:14
[INFO] [stderr]     31:     0x561cc2a43861 - std::rt::lang_start_internal::h28503b88912e8a5c
[INFO] [stderr]                                  at /rustc/0e09125c6c3c2fd70d7de961bcf0e51575235fad/library/std/src/rt.rs:148:20
[INFO] [stderr]     32:     0x561cc289ced7 - std::rt::lang_start::h3ae95d632c1b87cb
[INFO] [stderr]     33:     0x561cc28aaad5 - main
[INFO] [stderr]     34:     0x7fb7416f6d90 - <unknown>
[INFO] [stderr]     35:     0x7fb7416f6e40 - __libc_start_main
[INFO] [stderr]     36:     0x561cc289bb75 - _start
[INFO] [stderr]     37:                0x0 - <unknown>
[INFO] [stderr] warning: build failed, waiting for other jobs to finish...
[INFO] running `Command { std: "docker" "inspect" "4ebe8131d92c6c79bf9b86ef5d6496c271a93d7d6666af50e79d9af088ef01b8", kill_on_drop: false }`
[INFO] running `Command { std: "docker" "rm" "-f" "4ebe8131d92c6c79bf9b86ef5d6496c271a93d7d6666af50e79d9af088ef01b8", kill_on_drop: false }`
[INFO] [stdout] 4ebe8131d92c6c79bf9b86ef5d6496c271a93d7d6666af50e79d9af088ef01b8
