[INFO] cloning repository https://github.com/MartinOndejka/zkrollup
[INFO] running `Command { std: "git" "-c" "credential.helper=" "-c" "credential.helper=/workspace/cargo-home/bin/git-credential-null" "clone" "--bare" "https://github.com/MartinOndejka/zkrollup" "/workspace/cache/git-repos/https%3A%2F%2Fgithub.com%2FMartinOndejka%2Fzkrollup", kill_on_drop: false }`
[INFO] [stderr] Cloning into bare repository '/workspace/cache/git-repos/https%3A%2F%2Fgithub.com%2FMartinOndejka%2Fzkrollup'...
[INFO] running `Command { std: "git" "rev-parse" "HEAD", kill_on_drop: false }`
[INFO] [stdout] 71560fe72ae2a1f8ab1665e6b71eaead588b820c
[INFO] documenting MartinOndejka/zkrollup against 1.75.0 for beta-1.76-rustdoc-1
[INFO] running `Command { std: "git" "clone" "/workspace/cache/git-repos/https%3A%2F%2Fgithub.com%2FMartinOndejka%2Fzkrollup" "/workspace/builds/worker-3-tc1/source", kill_on_drop: false }`
[INFO] [stderr] Cloning into '/workspace/builds/worker-3-tc1/source'...
[INFO] [stderr] done.
[INFO] validating manifest of git repo https://github.com/MartinOndejka/zkrollup on toolchain 1.75.0
[INFO] running `Command { std: CARGO_HOME="/workspace/cargo-home" RUSTUP_HOME="/workspace/rustup-home" "/workspace/cargo-home/bin/cargo" "+1.75.0" "metadata" "--manifest-path" "Cargo.toml" "--no-deps", kill_on_drop: false }`
[INFO] removed /workspace/builds/worker-3-tc1/source/rust-toolchain
[INFO] started tweaking git repo https://github.com/MartinOndejka/zkrollup
[INFO] finished tweaking git repo https://github.com/MartinOndejka/zkrollup
[INFO] tweaked toml for git repo https://github.com/MartinOndejka/zkrollup written to /workspace/builds/worker-3-tc1/source/Cargo.toml
[INFO] crate git repo https://github.com/MartinOndejka/zkrollup already has a lockfile, it will not be regenerated
[INFO] running `Command { std: CARGO_HOME="/workspace/cargo-home" RUSTUP_HOME="/workspace/rustup-home" "/workspace/cargo-home/bin/cargo" "+1.75.0" "fetch" "--manifest-path" "Cargo.toml", kill_on_drop: false }`
[INFO] [stderr]     Updating git repository `https://github.com/axiom-crypto/axiom-eth.git`
[INFO] [stderr]     Updating git repository `https://github.com/axiom-crypto/halo2-lib`
[INFO] [stderr]     Updating git repository `https://github.com/axiom-crypto/halo2-scaffold.git`
[INFO] [stderr]     Updating git repository `https://github.com/axiom-crypto/snark-verifier.git`
[INFO] [stderr]     Updating git repository `https://github.com/axiom-crypto/halo2.git`
[INFO] [stderr]     Updating git repository `https://github.com/privacy-scaling-explorations/halo2.git`
[INFO] [stderr]     Updating git repository `https://github.com/scroll-tech/poseidon-circuit.git`
[INFO] [stderr]     Updating git repository `https://github.com/privacy-scaling-explorations/halo2curves.git`
[INFO] [stderr]     Updating crates.io index
[INFO] [stderr]  Downloading crates ...
[INFO] [stderr]   Downloaded pasta_curves v0.4.1
[INFO] [stderr]   Downloaded fastrlp-derive v0.1.5
[INFO] [stderr]   Downloaded enr v0.8.1
[INFO] [stderr]   Downloaded fastrlp v0.1.3
[INFO] [stderr]   Downloaded tokio-tungstenite v0.19.0
[INFO] [stderr]   Downloaded revm_precompiles v1.1.2
[INFO] [stderr]   Downloaded substrate-bn v0.6.0
[INFO] [stderr]   Downloaded revm v2.3.1
[INFO] [stderr]   Downloaded elliptic-curve v0.13.6
[INFO] [stderr]   Downloaded ethers-core v0.17.0
[INFO] [stderr]   Downloaded tungstenite v0.19.0
[INFO] [stderr]   Downloaded ethers-core v2.0.6
[INFO] [stderr]   Downloaded ethers-providers v2.0.6
[INFO] running `Command { std: "docker" "create" "-v" "/var/lib/crater-agent-workspace/builds/worker-3-tc1/target:/opt/rustwide/target:rw,Z" "-v" "/var/lib/crater-agent-workspace/builds/worker-3-tc1/source:/opt/rustwide/workdir:ro,Z" "-v" "/var/lib/crater-agent-workspace/cargo-home:/opt/rustwide/cargo-home:ro,Z" "-v" "/var/lib/crater-agent-workspace/rustup-home:/opt/rustwide/rustup-home:ro,Z" "-e" "SOURCE_DIR=/opt/rustwide/workdir" "-e" "CARGO_TARGET_DIR=/opt/rustwide/target" "-e" "CARGO_HOME=/opt/rustwide/cargo-home" "-e" "RUSTUP_HOME=/opt/rustwide/rustup-home" "-w" "/opt/rustwide/workdir" "-m" "1610612736" "--user" "0:0" "--network" "none" "ghcr.io/rust-lang/crates-build-env/linux@sha256:2788e3201cd34a07e3172128adcd8b3090168a8e3bcc40d7c032b9dda1df7d1c" "/opt/rustwide/cargo-home/bin/cargo" "+1.75.0" "metadata" "--no-deps" "--format-version=1", kill_on_drop: false }`
[INFO] [stdout] 8e44a9c1bbad20d6bfaad149f88c2dcc6be15f58c56146c65cbff13e63a62d8d
[INFO] running `Command { std: "docker" "start" "-a" "8e44a9c1bbad20d6bfaad149f88c2dcc6be15f58c56146c65cbff13e63a62d8d", kill_on_drop: false }`
[INFO] running `Command { std: "docker" "inspect" "8e44a9c1bbad20d6bfaad149f88c2dcc6be15f58c56146c65cbff13e63a62d8d", kill_on_drop: false }`
[INFO] running `Command { std: "docker" "rm" "-f" "8e44a9c1bbad20d6bfaad149f88c2dcc6be15f58c56146c65cbff13e63a62d8d", kill_on_drop: false }`
[INFO] [stdout] 8e44a9c1bbad20d6bfaad149f88c2dcc6be15f58c56146c65cbff13e63a62d8d
[INFO] running `Command { std: "docker" "create" "-v" "/var/lib/crater-agent-workspace/builds/worker-3-tc1/target:/opt/rustwide/target:rw,Z" "-v" "/var/lib/crater-agent-workspace/builds/worker-3-tc1/source:/opt/rustwide/workdir:ro,Z" "-v" "/var/lib/crater-agent-workspace/cargo-home:/opt/rustwide/cargo-home:ro,Z" "-v" "/var/lib/crater-agent-workspace/rustup-home:/opt/rustwide/rustup-home:ro,Z" "-e" "SOURCE_DIR=/opt/rustwide/workdir" "-e" "CARGO_TARGET_DIR=/opt/rustwide/target" "-e" "CARGO_INCREMENTAL=0" "-e" "RUST_BACKTRACE=full" "-e" "RUSTFLAGS=--cap-lints=warn" "-e" "RUSTDOCFLAGS=--cap-lints=warn" "-e" "CARGO_HOME=/opt/rustwide/cargo-home" "-e" "RUSTUP_HOME=/opt/rustwide/rustup-home" "-w" "/opt/rustwide/workdir" "-m" "1610612736" "--user" "0:0" "--network" "none" "ghcr.io/rust-lang/crates-build-env/linux@sha256:2788e3201cd34a07e3172128adcd8b3090168a8e3bcc40d7c032b9dda1df7d1c" "/opt/rustwide/cargo-home/bin/cargo" "+1.75.0" "doc" "--frozen" "--no-deps" "--document-private-items" "--message-format=json", kill_on_drop: false }`
[INFO] [stdout] 7329dd3f0f507c5d3c8ea12a094d8a7047776e8e315e1d975fea8acba41a28bd
[INFO] running `Command { std: "docker" "start" "-a" "7329dd3f0f507c5d3c8ea12a094d8a7047776e8e315e1d975fea8acba41a28bd", kill_on_drop: false }`
[INFO] [stderr]    Compiling proc-macro2 v1.0.69
[INFO] [stderr]    Compiling unicode-ident v1.0.12
[INFO] [stderr]    Compiling libc v0.2.149
[INFO] [stderr]    Compiling serde v1.0.189
[INFO] [stderr]     Checking zeroize v1.6.0
[INFO] [stderr]     Checking subtle v2.5.0
[INFO] [stderr]    Compiling typenum v1.17.0
[INFO] [stderr]    Compiling syn v1.0.109
[INFO] [stderr]     Checking once_cell v1.18.0
[INFO] [stderr]     Checking const-oid v0.9.5
[INFO] [stderr]     Checking arrayvec v0.7.4
[INFO] [stderr]     Checking static_assertions v1.1.0
[INFO] [stderr]    Compiling generic-array v0.14.7
[INFO] [stderr]     Checking spin v0.5.2
[INFO] [stderr]    Compiling num-traits v0.2.17
[INFO] [stderr]    Compiling hashbrown v0.14.2
[INFO] [stderr]    Compiling equivalent v1.0.1
[INFO] [stderr]    Compiling toml_datetime v0.6.3
[INFO] [stderr]    Compiling winnow v0.5.17
[INFO] [stderr]     Checking byteorder v1.5.0
[INFO] [stderr]    Compiling radium v0.7.0
[INFO] [stderr]     Checking pin-project-lite v0.2.13
[INFO] [stderr]     Checking rustc-hex v2.1.0
[INFO] [stderr]     Checking tap v1.0.1
[INFO] [stderr]    Compiling num-integer v0.1.45
[INFO] [stderr]     Checking funty v2.0.0
[INFO] [stderr]    Compiling crunchy v0.2.2
[INFO] [stderr]     Checking lazy_static v1.4.0
[INFO] [stderr]     Checking wyz v0.5.1
[INFO] [stderr]    Compiling num-bigint v0.4.4
[INFO] [stderr]     Checking itoa v1.0.9
[INFO] [stderr]     Checking byte-slice-cast v1.2.2
[INFO] [stderr]     Checking keccak v0.1.4
[INFO] [stderr]    Compiling crossbeam-utils v0.8.16
[INFO] [stderr]     Checking tracing-core v0.1.32
[INFO] [stderr]     Checking hex v0.4.3
[INFO] [stderr]     Checking arrayref v0.3.7
[INFO] [stderr]     Checking memchr v2.6.4
[INFO] [stderr]    Compiling proc-macro-error-attr v1.0.4
[INFO] [stderr]    Compiling memoffset v0.9.0
[INFO] [stderr]     Checking constant_time_eq v0.3.0
[INFO] [stderr]     Checking uint v0.9.5
[INFO] [stderr]     Checking blake2b_simd v1.0.2
[INFO] [stderr]    Compiling indexmap v2.0.2
[INFO] [stderr]    Compiling proc-macro-error v1.0.4
[INFO] [stderr]     Checking bitvec v1.0.1
[INFO] [stderr]    Compiling crossbeam-epoch v0.9.15
[INFO] [stderr]    Compiling quote v1.0.33
[INFO] [stderr]     Checking scopeguard v1.2.0
[INFO] [stderr]     Checking cpufeatures v0.2.10
[INFO] [stderr]     Checking log v0.4.20
[INFO] [stderr]    Compiling tiny-keccak v2.0.2
[INFO] [stderr]    Compiling syn v2.0.38
[INFO] [stderr]    Compiling serde_json v1.0.107
[INFO] [stderr]     Checking getrandom v0.2.10
[INFO] [stderr]    Compiling cc v1.0.83
[INFO] [stderr]     Checking ryu v1.0.15
[INFO] [stderr]    Compiling rayon-core v1.12.0
[INFO] [stderr]    Compiling futures-channel v0.3.28
[INFO] [stderr]     Checking rand_core v0.6.4
[INFO] [stderr]    Compiling thiserror v1.0.50
[INFO] [stderr]     Checking either v1.9.0
[INFO] [stderr]     Checking untrusted v0.7.1
[INFO] [stderr]     Checking rand_chacha v0.3.1
[INFO] [stderr]    Compiling slab v0.4.9
[INFO] [stderr]    Compiling rustix v0.38.20
[INFO] [stderr]    Compiling tokio v1.28.2
[INFO] [stderr]     Checking crossbeam-deque v0.8.3
[INFO] [stderr]     Checking bitflags v2.4.1
[INFO] [stderr]     Checking rand v0.8.5
[INFO] [stderr]    Compiling wasm-bindgen-shared v0.2.87
[INFO] [stderr]     Checking linux-raw-sys v0.4.10
[INFO] [stderr]    Compiling futures-util v0.3.28
[INFO] [stderr]    Compiling crossbeam-queue v0.3.8
[INFO] [stderr]     Checking block-padding v0.2.1
[INFO] [stderr]     Checking mio v0.8.8
[INFO] [stderr]     Checking num_cpus v1.16.0
[INFO] [stderr]     Checking socket2 v0.4.10
[INFO] [stderr]     Checking aho-corasick v1.1.2
[INFO] [stderr]     Checking der v0.7.8
[INFO] [stderr]     Checking regex-syntax v0.8.2
[INFO] [stderr]    Compiling halo2curves v0.3.1 (https://github.com/axiom-crypto/halo2.git?rev=7db51d3#7db51d3e)
[INFO] [stderr]     Checking rayon v1.7.0
[INFO] [stderr]     Checking block-buffer v0.10.4
[INFO] [stderr]     Checking crypto-common v0.1.6
[INFO] [stderr]    Compiling toml_edit v0.19.15
[INFO] [stderr]     Checking block-buffer v0.9.0
[INFO] [stderr]     Checking digest v0.9.0
[INFO] [stderr]     Checking digest v0.10.7
[INFO] [stderr]     Checking crossbeam-channel v0.5.8
[INFO] [stderr]     Checking der v0.6.1
[INFO] [stderr]     Checking sha3 v0.9.1
[INFO] [stderr]     Checking fixed-hash v0.8.0
[INFO] [stderr]     Checking sha3 v0.10.8
[INFO] [stderr]     Checking hmac v0.12.1
[INFO] [stderr]     Checking sha2 v0.10.8
[INFO] [stderr]    Compiling bytes v1.5.0
[INFO] [stderr]    Compiling bumpalo v3.14.0
[INFO] [stderr]    Compiling ring v0.16.20
[INFO] [stderr]    Compiling heck v0.4.1
[INFO] [stderr]    Compiling rustversion v1.0.14
[INFO] [stderr]     Checking base64ct v1.6.0
[INFO] [stderr]    Compiling rustls v0.21.7
[INFO] [stderr]     Checking crossbeam v0.8.2
[INFO] [stderr]    Compiling secp256k1-sys v0.6.1
[INFO] [stderr]     Checking spki v0.7.2
[INFO] [stderr]     Checking fixed-hash v0.7.0
[INFO] [stderr]     Checking ff v0.13.0
[INFO] [stderr]     Checking spki v0.6.0
[INFO] [stderr]    Compiling indexmap v1.9.3
[INFO] [stderr]    Compiling num-iter v0.1.43
[INFO] [stderr]    Compiling num-rational v0.4.1
[INFO] [stderr]    Compiling ahash v0.8.3
[INFO] [stderr]     Checking rustc-hash v1.1.0
[INFO] [stderr]     Checking base16ct v0.2.0
[INFO] [stderr]     Checking percent-encoding v2.3.0
[INFO] [stderr]     Checking sec1 v0.7.3
[INFO] [stderr]     Checking form_urlencoded v1.2.0
[INFO] [stderr]     Checking pkcs8 v0.9.0
[INFO] [stderr]     Checking group v0.13.0
[INFO] [stderr]     Checking ff v0.12.1
[INFO] [stderr]     Checking pkcs8 v0.10.2
[INFO] [stderr]     Checking unicode-normalization v0.1.22
[INFO] [stderr]    Compiling ring v0.17.5
[INFO] [stderr]     Checking crypto-bigint v0.5.3
[INFO] [stderr]     Checking group v0.12.1
[INFO] [stderr]     Checking crypto-bigint v0.4.9
[INFO] [stderr]     Checking itertools v0.10.5
[INFO] [stderr]    Compiling cfg-if v1.0.0
[INFO] [stderr]     Checking unicode-bidi v0.3.13
[INFO] [stderr]     Checking pasta_curves v0.4.1
[INFO] [stderr]    Compiling proc-macro-crate v1.3.1
[INFO] [stderr]     Checking regex-automata v0.4.3
[INFO] [stderr]    Compiling wasm-bindgen v0.2.87
[INFO] [stderr]     Checking hashbrown v0.12.3
[INFO] [stderr]     Checking base16ct v0.1.1
[INFO] [stderr]     Checking is-terminal v0.4.9
[INFO] [stderr]     Checking idna v0.4.0
[INFO] [stderr]     Checking sec1 v0.3.0
[INFO] [stderr]     Checking rfc6979 v0.4.0
[INFO] [stderr]     Checking signature v2.1.0
[INFO] [stderr]     Checking num-complex v0.4.4
[INFO] [stderr]    Compiling ident_case v1.0.1
[INFO] [stderr]     Checking spin v0.9.8
[INFO] [stderr]    Compiling strsim v0.10.0
[INFO] [stderr]     Checking untrusted v0.9.0
[INFO] [stderr]    Compiling fnv v1.0.7
[INFO] [stderr]     Checking try-lock v0.2.4
[INFO] [stderr]     Checking elliptic-curve v0.12.3
[INFO] [stderr]     Checking hashbrown v0.13.2
[INFO] [stderr]     Checking want v0.3.1
[INFO] [stderr]     Checking halo2curves v0.2.1 (https://github.com/privacy-scaling-explorations/halo2curves?tag=0.2.1#f75ed26c)
[INFO] [stderr]     Checking url v2.4.1
[INFO] [stderr]     Checking rfc6979 v0.3.1
[INFO] [stderr]     Checking ripemd v0.1.3
[INFO] [stdout] error[E0554]: `#![feature]` may not be used on the stable release channel
[INFO] [stdout]  --> /opt/rustwide/cargo-home/git/checkouts/halo2curves-8faaa2253bde9eba/f75ed26/src/lib.rs:1:1
[INFO] [stdout]   |
[INFO] [stdout] 1 | #![feature(asm)]
[INFO] [stdout]   | ^^^^^^^^^^^^^^^^
[INFO] [stdout] 
[INFO] [stdout] 
[INFO] [stdout] error[E0554]: `#![feature]` may not be used on the stable release channel
[INFO] [stdout]  --> /opt/rustwide/cargo-home/git/checkouts/halo2curves-8faaa2253bde9eba/f75ed26/src/lib.rs:2:1
[INFO] [stdout]   |
[INFO] [stdout] 2 | #![feature(asm_const)]
[INFO] [stdout]   | ^^^^^^^^^^^^^^^^^^^^^^
[INFO] [stdout] 
[INFO] [stdout] 
[INFO] [stderr]     Checking signature v1.6.4
[INFO] [stderr]     Checking substrate-bn v0.6.0
[INFO] [stderr]     Checking num v0.4.1
[INFO] [stdout] error[E0554]: `#![feature]` may not be used on the stable release channel
[INFO] [stdout]  --> /opt/rustwide/cargo-home/git/checkouts/halo2curves-8faaa2253bde9eba/f75ed26/src/lib.rs:1:12
[INFO] [stdout]   |
[INFO] [stdout] 1 | #![feature(asm)]
[INFO] [stdout]   |            ^^^
[INFO] [stdout] 
[INFO] [stdout] 
[INFO] [stderr]     Checking chrono v0.4.31
[INFO] [stderr]     Checking httpdate v1.0.3
[INFO] [stderr]    Compiling wasm-bindgen-backend v0.2.87
[INFO] [stderr]    Compiling darling_core v0.20.3
[INFO] [stderr]    Compiling rust_decimal v1.32.0
[INFO] [stderr]     Checking unicode-xid v0.2.4
[INFO] [stderr]     Checking tower-service v0.3.2
[INFO] [stderr]     Checking ecdsa v0.14.8
[INFO] [stderr]     Checking sha1 v0.10.6
[INFO] [stderr]     Checking elliptic-curve v0.13.6
[INFO] [stdout] error: aborting due to 3 previous errors
[INFO] [stdout] 
[INFO] [stdout] 
[INFO] [stdout] For more information about this error, try `rustc --explain E0554`.
[INFO] [stdout] 
[INFO] [stderr] error: could not compile `halo2curves` (lib) due to 4 previous errors
[INFO] [stderr] warning: build failed, waiting for other jobs to finish...
[INFO] running `Command { std: "docker" "inspect" "7329dd3f0f507c5d3c8ea12a094d8a7047776e8e315e1d975fea8acba41a28bd", kill_on_drop: false }`
[INFO] running `Command { std: "docker" "rm" "-f" "7329dd3f0f507c5d3c8ea12a094d8a7047776e8e315e1d975fea8acba41a28bd", kill_on_drop: false }`
[INFO] [stdout] 7329dd3f0f507c5d3c8ea12a094d8a7047776e8e315e1d975fea8acba41a28bd
[INFO] documenting MartinOndejka/zkrollup against beta-2023-12-22 for beta-1.76-rustdoc-1
[INFO] running `Command { std: "git" "clone" "/workspace/cache/git-repos/https%3A%2F%2Fgithub.com%2FMartinOndejka%2Fzkrollup" "/workspace/builds/worker-3-tc2/source", kill_on_drop: false }`
[INFO] [stderr] Cloning into '/workspace/builds/worker-3-tc2/source'...
[INFO] [stderr] done.
[INFO] validating manifest of git repo https://github.com/MartinOndejka/zkrollup on toolchain beta-2023-12-22
[INFO] running `Command { std: CARGO_HOME="/workspace/cargo-home" RUSTUP_HOME="/workspace/rustup-home" "/workspace/cargo-home/bin/cargo" "+beta-2023-12-22" "metadata" "--manifest-path" "Cargo.toml" "--no-deps", kill_on_drop: false }`
[INFO] removed /workspace/builds/worker-3-tc2/source/rust-toolchain
[INFO] started tweaking git repo https://github.com/MartinOndejka/zkrollup
[INFO] finished tweaking git repo https://github.com/MartinOndejka/zkrollup
[INFO] tweaked toml for git repo https://github.com/MartinOndejka/zkrollup written to /workspace/builds/worker-3-tc2/source/Cargo.toml
[INFO] crate git repo https://github.com/MartinOndejka/zkrollup already has a lockfile, it will not be regenerated
[INFO] running `Command { std: CARGO_HOME="/workspace/cargo-home" RUSTUP_HOME="/workspace/rustup-home" "/workspace/cargo-home/bin/cargo" "+beta-2023-12-22" "fetch" "--manifest-path" "Cargo.toml", kill_on_drop: false }`
[INFO] running `Command { std: "docker" "create" "-v" "/var/lib/crater-agent-workspace/builds/worker-3-tc2/target:/opt/rustwide/target:rw,Z" "-v" "/var/lib/crater-agent-workspace/builds/worker-3-tc2/source:/opt/rustwide/workdir:ro,Z" "-v" "/var/lib/crater-agent-workspace/cargo-home:/opt/rustwide/cargo-home:ro,Z" "-v" "/var/lib/crater-agent-workspace/rustup-home:/opt/rustwide/rustup-home:ro,Z" "-e" "SOURCE_DIR=/opt/rustwide/workdir" "-e" "CARGO_TARGET_DIR=/opt/rustwide/target" "-e" "CARGO_HOME=/opt/rustwide/cargo-home" "-e" "RUSTUP_HOME=/opt/rustwide/rustup-home" "-w" "/opt/rustwide/workdir" "-m" "1610612736" "--user" "0:0" "--network" "none" "ghcr.io/rust-lang/crates-build-env/linux@sha256:2788e3201cd34a07e3172128adcd8b3090168a8e3bcc40d7c032b9dda1df7d1c" "/opt/rustwide/cargo-home/bin/cargo" "+beta-2023-12-22" "metadata" "--no-deps" "--format-version=1", kill_on_drop: false }`
[INFO] [stdout] 783b084809d4f9ff37630eba854033633a2ccdcbdc8d4ee3b4be028ab481fbb8
[INFO] running `Command { std: "docker" "start" "-a" "783b084809d4f9ff37630eba854033633a2ccdcbdc8d4ee3b4be028ab481fbb8", kill_on_drop: false }`
[INFO] running `Command { std: "docker" "inspect" "783b084809d4f9ff37630eba854033633a2ccdcbdc8d4ee3b4be028ab481fbb8", kill_on_drop: false }`
[INFO] running `Command { std: "docker" "rm" "-f" "783b084809d4f9ff37630eba854033633a2ccdcbdc8d4ee3b4be028ab481fbb8", kill_on_drop: false }`
[INFO] [stdout] 783b084809d4f9ff37630eba854033633a2ccdcbdc8d4ee3b4be028ab481fbb8
[INFO] running `Command { std: "docker" "create" "-v" "/var/lib/crater-agent-workspace/builds/worker-3-tc2/target:/opt/rustwide/target:rw,Z" "-v" "/var/lib/crater-agent-workspace/builds/worker-3-tc2/source:/opt/rustwide/workdir:ro,Z" "-v" "/var/lib/crater-agent-workspace/cargo-home:/opt/rustwide/cargo-home:ro,Z" "-v" "/var/lib/crater-agent-workspace/rustup-home:/opt/rustwide/rustup-home:ro,Z" "-e" "SOURCE_DIR=/opt/rustwide/workdir" "-e" "CARGO_TARGET_DIR=/opt/rustwide/target" "-e" "CARGO_INCREMENTAL=0" "-e" "RUST_BACKTRACE=full" "-e" "RUSTFLAGS=--cap-lints=warn" "-e" "RUSTDOCFLAGS=--cap-lints=warn" "-e" "CARGO_HOME=/opt/rustwide/cargo-home" "-e" "RUSTUP_HOME=/opt/rustwide/rustup-home" "-w" "/opt/rustwide/workdir" "-m" "1610612736" "--user" "0:0" "--network" "none" "ghcr.io/rust-lang/crates-build-env/linux@sha256:2788e3201cd34a07e3172128adcd8b3090168a8e3bcc40d7c032b9dda1df7d1c" "/opt/rustwide/cargo-home/bin/cargo" "+beta-2023-12-22" "doc" "--frozen" "--no-deps" "--document-private-items" "--message-format=json", kill_on_drop: false }`
[INFO] [stdout] 373fe28f3d65995b79f166d9a5b58c1980b8c77072a9ec20007ca0ee6071909e
[INFO] running `Command { std: "docker" "start" "-a" "373fe28f3d65995b79f166d9a5b58c1980b8c77072a9ec20007ca0ee6071909e", kill_on_drop: false }`
[INFO] [stderr]    Compiling proc-macro2 v1.0.69
[INFO] [stderr]    Compiling unicode-ident v1.0.12
[INFO] [stderr]    Compiling libc v0.2.149
[INFO] [stderr]    Compiling serde v1.0.189
[INFO] [stderr]     Checking subtle v2.5.0
[INFO] [stderr]     Checking zeroize v1.6.0
[INFO] [stderr]    Compiling typenum v1.17.0
[INFO] [stderr]    Compiling syn v1.0.109
[INFO] [stderr]     Checking once_cell v1.18.0
[INFO] [stderr]     Checking const-oid v0.9.5
[INFO] [stderr]     Checking arrayvec v0.7.4
[INFO] [stderr]     Checking static_assertions v1.1.0
[INFO] [stderr]    Compiling generic-array v0.14.7
[INFO] [stderr]     Checking spin v0.5.2
[INFO] [stderr]    Compiling num-traits v0.2.17
[INFO] [stderr]    Compiling equivalent v1.0.1
[INFO] [stderr]    Compiling hashbrown v0.14.2
[INFO] [stderr]    Compiling toml_datetime v0.6.3
[INFO] [stderr]    Compiling winnow v0.5.17
[INFO] [stderr]     Checking byteorder v1.5.0
[INFO] [stderr]    Compiling radium v0.7.0
[INFO] [stderr]     Checking pin-project-lite v0.2.13
[INFO] [stderr]     Checking tap v1.0.1
[INFO] [stderr]     Checking rustc-hex v2.1.0
[INFO] [stderr]    Compiling num-integer v0.1.45
[INFO] [stderr]     Checking wyz v0.5.1
[INFO] [stderr]    Compiling crunchy v0.2.2
[INFO] [stderr]     Checking funty v2.0.0
[INFO] [stderr]     Checking lazy_static v1.4.0
[INFO] [stderr]    Compiling num-bigint v0.4.4
[INFO] [stderr]     Checking itoa v1.0.9
[INFO] [stderr]     Checking byte-slice-cast v1.2.2
[INFO] [stderr]    Compiling crossbeam-utils v0.8.16
[INFO] [stderr]     Checking keccak v0.1.4
[INFO] [stderr]     Checking tracing-core v0.1.32
[INFO] [stderr]     Checking memchr v2.6.4
[INFO] [stderr]     Checking arrayref v0.3.7
[INFO] [stderr]     Checking hex v0.4.3
[INFO] [stderr]    Compiling memoffset v0.9.0
[INFO] [stderr]    Compiling proc-macro-error-attr v1.0.4
[INFO] [stderr]     Checking constant_time_eq v0.3.0
[INFO] [stderr]     Checking blake2b_simd v1.0.2
[INFO] [stderr]    Compiling indexmap v2.0.2
[INFO] [stderr]    Compiling proc-macro-error v1.0.4
[INFO] [stderr]    Compiling quote v1.0.33
[INFO] [stderr]     Checking uint v0.9.5
[INFO] [stderr]    Compiling crossbeam-epoch v0.9.15
[INFO] [stderr]     Checking bitvec v1.0.1
[INFO] [stderr]     Checking cpufeatures v0.2.10
[INFO] [stderr]     Checking log v0.4.20
[INFO] [stderr]    Compiling tiny-keccak v2.0.2
[INFO] [stderr]     Checking scopeguard v1.2.0
[INFO] [stderr]    Compiling serde_json v1.0.107
[INFO] [stderr]    Compiling syn v2.0.38
[INFO] [stderr]     Checking getrandom v0.2.10
[INFO] [stderr]     Checking ryu v1.0.15
[INFO] [stderr]    Compiling rayon-core v1.12.0
[INFO] [stderr]    Compiling futures-channel v0.3.28
[INFO] [stderr]     Checking rand_core v0.6.4
[INFO] [stderr]    Compiling cc v1.0.83
[INFO] [stderr]    Compiling thiserror v1.0.50
[INFO] [stderr]     Checking untrusted v0.7.1
[INFO] [stderr]     Checking either v1.9.0
[INFO] [stderr]    Compiling slab v0.4.9
[INFO] [stderr]    Compiling rustix v0.38.20
[INFO] [stderr]     Checking rand_chacha v0.3.1
[INFO] [stderr]    Compiling tokio v1.28.2
[INFO] [stderr]     Checking bitflags v2.4.1
[INFO] [stderr]     Checking crossbeam-deque v0.8.3
[INFO] [stderr]     Checking rand v0.8.5
[INFO] [stderr]     Checking block-padding v0.2.1
[INFO] [stderr]     Checking linux-raw-sys v0.4.10
[INFO] [stderr]    Compiling crossbeam-queue v0.3.8
[INFO] [stderr]    Compiling wasm-bindgen-shared v0.2.87
[INFO] [stderr]    Compiling futures-util v0.3.28
[INFO] [stderr]     Checking num_cpus v1.16.0
[INFO] [stderr]     Checking socket2 v0.4.10
[INFO] [stderr]     Checking mio v0.8.8
[INFO] [stderr]     Checking aho-corasick v1.1.2
[INFO] [stderr]     Checking der v0.7.8
[INFO] [stderr]     Checking regex-syntax v0.8.2
[INFO] [stderr]    Compiling halo2curves v0.3.1 (https://github.com/axiom-crypto/halo2.git?rev=7db51d3#7db51d3e)
[INFO] [stderr]     Checking rayon v1.7.0
[INFO] [stderr]     Checking crypto-common v0.1.6
[INFO] [stderr]     Checking block-buffer v0.10.4
[INFO] [stderr]    Compiling toml_edit v0.19.15
[INFO] [stderr]     Checking digest v0.9.0
[INFO] [stderr]     Checking block-buffer v0.9.0
[INFO] [stderr]     Checking crossbeam-channel v0.5.8
[INFO] [stderr]     Checking digest v0.10.7
[INFO] [stderr]     Checking der v0.6.1
[INFO] [stderr]    Compiling heck v0.4.1
[INFO] [stderr]     Checking fixed-hash v0.8.0
[INFO] [stderr]     Checking sha3 v0.9.1
[INFO] [stderr]     Checking sha3 v0.10.8
[INFO] [stderr]     Checking sha2 v0.10.8
[INFO] [stderr]     Checking hmac v0.12.1
[INFO] [stderr]    Compiling bytes v1.5.0
[INFO] [stderr]     Checking base64ct v1.6.0
[INFO] [stderr]    Compiling ring v0.16.20
[INFO] [stderr]    Compiling rustls v0.21.7
[INFO] [stderr]    Compiling bumpalo v3.14.0
[INFO] [stderr]    Compiling rustversion v1.0.14
[INFO] [stderr]    Compiling secp256k1-sys v0.6.1
[INFO] [stderr]     Checking spki v0.6.0
[INFO] [stderr]     Checking spki v0.7.2
[INFO] [stderr]     Checking crossbeam v0.8.2
[INFO] [stderr]     Checking fixed-hash v0.7.0
[INFO] [stderr]     Checking ff v0.13.0
[INFO] [stderr]    Compiling num-rational v0.4.1
[INFO] [stderr]    Compiling num-iter v0.1.43
[INFO] [stderr]    Compiling indexmap v1.9.3
[INFO] [stderr]    Compiling ahash v0.8.3
[INFO] [stderr]     Checking rustc-hash v1.1.0
[INFO] [stderr]     Checking base16ct v0.2.0
[INFO] [stderr]     Checking percent-encoding v2.3.0
[INFO] [stderr]     Checking sec1 v0.7.3
[INFO] [stderr]     Checking ff v0.12.1
[INFO] [stderr]     Checking form_urlencoded v1.2.0
[INFO] [stderr]     Checking group v0.13.0
[INFO] [stderr]     Checking pkcs8 v0.10.2
[INFO] [stderr]     Checking group v0.12.1
[INFO] [stderr]     Checking unicode-normalization v0.1.22
[INFO] [stderr]     Checking pkcs8 v0.9.0
[INFO] [stderr]    Compiling ring v0.17.5
[INFO] [stderr]     Checking crypto-bigint v0.4.9
[INFO] [stderr]     Checking crypto-bigint v0.5.3
[INFO] [stderr]     Checking itertools v0.10.5
[INFO] [stderr]     Checking pasta_curves v0.4.1
[INFO] [stderr]     Checking hashbrown v0.12.3
[INFO] [stderr]    Compiling proc-macro-crate v1.3.1
[INFO] [stderr]     Checking regex-automata v0.4.3
[INFO] [stderr]    Compiling wasm-bindgen v0.2.87
[INFO] [stderr]    Compiling cfg-if v1.0.0
[INFO] [stderr]     Checking base16ct v0.1.1
[INFO] [stderr]     Checking unicode-bidi v0.3.13
[INFO] [stderr]     Checking is-terminal v0.4.9
[INFO] [stderr]     Checking sec1 v0.3.0
[INFO] [stderr]     Checking rfc6979 v0.4.0
[INFO] [stderr]     Checking signature v2.1.0
[INFO] [stderr]     Checking num-complex v0.4.4
[INFO] [stderr]     Checking untrusted v0.9.0
[INFO] [stderr]    Compiling ident_case v1.0.1
[INFO] [stderr]     Checking idna v0.4.0
[INFO] [stderr]    Compiling strsim v0.10.0
[INFO] [stderr]    Compiling fnv v1.0.7
[INFO] [stderr]     Checking spin v0.9.8
[INFO] [stderr]     Checking try-lock v0.2.4
[INFO] [stderr]     Checking hashbrown v0.13.2
[INFO] [stderr]     Checking elliptic-curve v0.12.3
[INFO] [stderr]     Checking halo2curves v0.2.1 (https://github.com/privacy-scaling-explorations/halo2curves?tag=0.2.1#f75ed26c)
[INFO] [stderr]     Checking want v0.3.1
[INFO] [stderr]     Checking rfc6979 v0.3.1
[INFO] [stdout] error[E0554]: `#![feature]` may not be used on the beta release channel
[INFO] [stdout]  --> /opt/rustwide/cargo-home/git/checkouts/halo2curves-8faaa2253bde9eba/f75ed26/src/lib.rs:1:1
[INFO] [stdout]   |
[INFO] [stdout] 1 | #![feature(asm)]
[INFO] [stdout]   | ^^^^^^^^^^^^^^^^
[INFO] [stdout] 
[INFO] [stdout] 
[INFO] [stdout] error[E0554]: `#![feature]` may not be used on the beta release channel
[INFO] [stdout]  --> /opt/rustwide/cargo-home/git/checkouts/halo2curves-8faaa2253bde9eba/f75ed26/src/lib.rs:2:1
[INFO] [stdout]   |
[INFO] [stdout] 2 | #![feature(asm_const)]
[INFO] [stdout]   | ^^^^^^^^^^^^^^^^^^^^^^
[INFO] [stdout] 
[INFO] [stdout] 
[INFO] [stderr]     Checking ripemd v0.1.3
[INFO] [stdout] error[E0554]: `#![feature]` may not be used on the beta release channel
[INFO] [stdout]  --> /opt/rustwide/cargo-home/git/checkouts/halo2curves-8faaa2253bde9eba/f75ed26/src/lib.rs:1:12
[INFO] [stdout]   |
[INFO] [stdout] 1 | #![feature(asm)]
[INFO] [stdout]   |            ^^^
[INFO] [stdout] 
[INFO] [stdout] 
[INFO] [stderr]     Checking num v0.4.1
[INFO] [stderr]     Checking signature v1.6.4
[INFO] [stderr]     Checking substrate-bn v0.6.0
[INFO] [stderr]     Checking chrono v0.4.31
[INFO] [stderr]     Checking httpdate v1.0.3
[INFO] [stderr]     Checking unicode-xid v0.2.4
[INFO] [stderr]     Checking url v2.4.1
[INFO] [stderr]     Checking tower-service v0.3.2
[INFO] [stderr]    Compiling rust_decimal v1.32.0
[INFO] [stderr]     Checking ecdsa v0.14.8
[INFO] [stderr]    Compiling wasm-bindgen-backend v0.2.87
[INFO] [stderr]     Checking elliptic-curve v0.13.6
[INFO] [stdout] error: aborting due to 3 previous errors
[INFO] [stdout] 
[INFO] [stdout] 
[INFO] [stdout] For more information about this error, try `rustc --explain E0554`.
[INFO] [stdout] 
[INFO] [stderr] error: could not compile `halo2curves` (lib) due to 4 previous errors
[INFO] [stderr] warning: build failed, waiting for other jobs to finish...
[INFO] running `Command { std: "docker" "inspect" "373fe28f3d65995b79f166d9a5b58c1980b8c77072a9ec20007ca0ee6071909e", kill_on_drop: false }`
[INFO] running `Command { std: "docker" "rm" "-f" "373fe28f3d65995b79f166d9a5b58c1980b8c77072a9ec20007ca0ee6071909e", kill_on_drop: false }`
[INFO] [stdout] 373fe28f3d65995b79f166d9a5b58c1980b8c77072a9ec20007ca0ee6071909e
