[INFO] cloning repository https://github.com/MarshallWace/reflex
[INFO] running `Command { std: "git" "-c" "credential.helper=" "-c" "credential.helper=/workspace/cargo-home/bin/git-credential-null" "clone" "--bare" "https://github.com/MarshallWace/reflex" "/workspace/cache/git-repos/https%3A%2F%2Fgithub.com%2FMarshallWace%2Freflex", kill_on_drop: false }`
[INFO] [stderr] Cloning into bare repository '/workspace/cache/git-repos/https%3A%2F%2Fgithub.com%2FMarshallWace%2Freflex'...
[INFO] running `Command { std: "git" "rev-parse" "HEAD", kill_on_drop: false }`
[INFO] [stdout] 9521b26c47d671111218f1b8348ce9b6d355a491
[INFO] documenting MarshallWace/reflex against 1.75.0 for beta-1.76-rustdoc-1
[INFO] running `Command { std: "git" "clone" "/workspace/cache/git-repos/https%3A%2F%2Fgithub.com%2FMarshallWace%2Freflex" "/workspace/builds/worker-2-tc1/source", kill_on_drop: false }`
[INFO] [stderr] Cloning into '/workspace/builds/worker-2-tc1/source'...
[INFO] [stderr] done.
[INFO] validating manifest of git repo https://github.com/MarshallWace/reflex on toolchain 1.75.0
[INFO] running `Command { std: CARGO_HOME="/workspace/cargo-home" RUSTUP_HOME="/workspace/rustup-home" "/workspace/cargo-home/bin/cargo" "+1.75.0" "metadata" "--manifest-path" "Cargo.toml" "--no-deps", kill_on_drop: false }`
[INFO] removed /workspace/builds/worker-2-tc1/source/.cargo/config.toml
[INFO] removed /workspace/builds/worker-2-tc1/source/rust-toolchain
[INFO] started tweaking git repo https://github.com/MarshallWace/reflex
[INFO] finished tweaking git repo https://github.com/MarshallWace/reflex
[INFO] tweaked toml for git repo https://github.com/MarshallWace/reflex written to /workspace/builds/worker-2-tc1/source/Cargo.toml
[INFO] crate git repo https://github.com/MarshallWace/reflex already has a lockfile, it will not be regenerated
[INFO] running `Command { std: CARGO_HOME="/workspace/cargo-home" RUSTUP_HOME="/workspace/rustup-home" "/workspace/cargo-home/bin/cargo" "+1.75.0" "fetch" "--manifest-path" "Cargo.toml", kill_on_drop: false }`
[INFO] [stderr] warning: virtual workspace defaulting to `resolver = "1"` despite one or more workspace members being on edition 2021 which implies `resolver = "2"`
[INFO] [stderr] note: to keep the current resolver, specify `workspace.resolver = "1"` in the workspace root's manifest
[INFO] [stderr] note: to use the edition 2021 resolver, specify `workspace.resolver = "2"` in the workspace root's manifest
[INFO] [stderr] note: for more details see https://doc.rust-lang.org/cargo/reference/resolver.html#resolver-versions
[INFO] [stderr]     Updating crates.io index
[INFO] [stderr]  Downloading crates ...
[INFO] [stderr]   Downloaded metrics-macros v0.5.1
[INFO] [stderr]   Downloaded metrics v0.18.1
[INFO] [stderr]   Downloaded triomphe v0.1.8
[INFO] [stderr]   Downloaded atomic-shim v0.2.0
[INFO] [stderr]   Downloaded swc_eq_ignore_macros v0.1.1
[INFO] [stderr]   Downloaded console-subscriber v0.1.8
[INFO] [stderr]   Downloaded swc_visit_macros v0.5.4
[INFO] [stderr]   Downloaded http-serde v1.1.2
[INFO] [stderr]   Downloaded metrics-util v0.12.1
[INFO] [stderr]   Downloaded ast_node v0.8.6
[INFO] [stderr]   Downloaded tonic v0.8.2
[INFO] [stderr]   Downloaded opentelemetry-http v0.6.0
[INFO] [stderr]   Downloaded sketches-ddsketch v0.1.3
[INFO] [stderr]   Downloaded swc_visit v0.5.3
[INFO] [stderr]   Downloaded from_variant v0.1.4
[INFO] [stderr]   Downloaded swc_atoms v0.4.25
[INFO] [stderr]   Downloaded hyper-tungstenite v0.6.0
[INFO] [stderr]   Downloaded metrics-exporter-prometheus v0.9.0
[INFO] [stderr]   Downloaded swc_ecma_ast v0.94.21
[INFO] [stderr]   Downloaded string_enum v0.3.2
[INFO] [stderr]   Downloaded prost-reflect v0.8.1
[INFO] [stderr]   Downloaded quantiles v0.7.1
[INFO] [stderr]   Downloaded tokio-metrics v0.1.0
[INFO] [stderr]   Downloaded console-api v0.4.0
[INFO] [stderr] warning: spurious network error (3 tries remaining): [55] Failed sending data to the peer (Send failure: Broken pipe)
[INFO] [stderr] warning: spurious network error (3 tries remaining): [56] Failure when receiving data from the peer (Recv failure: Connection reset by peer)
[INFO] [stderr]   Downloaded swc_common v0.29.19
[INFO] [stderr]   Downloaded swc_ecma_parser v0.122.32
[INFO] running `Command { std: "docker" "create" "-v" "/var/lib/crater-agent-workspace/builds/worker-2-tc1/target:/opt/rustwide/target:rw,Z" "-v" "/var/lib/crater-agent-workspace/builds/worker-2-tc1/source:/opt/rustwide/workdir:ro,Z" "-v" "/var/lib/crater-agent-workspace/cargo-home:/opt/rustwide/cargo-home:ro,Z" "-v" "/var/lib/crater-agent-workspace/rustup-home:/opt/rustwide/rustup-home:ro,Z" "-e" "SOURCE_DIR=/opt/rustwide/workdir" "-e" "CARGO_TARGET_DIR=/opt/rustwide/target" "-e" "CARGO_HOME=/opt/rustwide/cargo-home" "-e" "RUSTUP_HOME=/opt/rustwide/rustup-home" "-w" "/opt/rustwide/workdir" "-m" "1610612736" "--user" "0:0" "--network" "none" "ghcr.io/rust-lang/crates-build-env/linux@sha256:2788e3201cd34a07e3172128adcd8b3090168a8e3bcc40d7c032b9dda1df7d1c" "/opt/rustwide/cargo-home/bin/cargo" "+1.75.0" "metadata" "--no-deps" "--format-version=1", kill_on_drop: false }`
[INFO] [stdout] 6b4ebd030180fe703e8b694e463bf11c1a7a1d46641c224014542e36d8d8044e
[INFO] running `Command { std: "docker" "start" "-a" "6b4ebd030180fe703e8b694e463bf11c1a7a1d46641c224014542e36d8d8044e", kill_on_drop: false }`
[INFO] running `Command { std: "docker" "inspect" "6b4ebd030180fe703e8b694e463bf11c1a7a1d46641c224014542e36d8d8044e", kill_on_drop: false }`
[INFO] running `Command { std: "docker" "rm" "-f" "6b4ebd030180fe703e8b694e463bf11c1a7a1d46641c224014542e36d8d8044e", kill_on_drop: false }`
[INFO] [stdout] 6b4ebd030180fe703e8b694e463bf11c1a7a1d46641c224014542e36d8d8044e
[INFO] running `Command { std: "docker" "create" "-v" "/var/lib/crater-agent-workspace/builds/worker-2-tc1/target:/opt/rustwide/target:rw,Z" "-v" "/var/lib/crater-agent-workspace/builds/worker-2-tc1/source:/opt/rustwide/workdir:ro,Z" "-v" "/var/lib/crater-agent-workspace/cargo-home:/opt/rustwide/cargo-home:ro,Z" "-v" "/var/lib/crater-agent-workspace/rustup-home:/opt/rustwide/rustup-home:ro,Z" "-e" "SOURCE_DIR=/opt/rustwide/workdir" "-e" "CARGO_TARGET_DIR=/opt/rustwide/target" "-e" "CARGO_INCREMENTAL=0" "-e" "RUST_BACKTRACE=full" "-e" "RUSTFLAGS=--cap-lints=warn" "-e" "RUSTDOCFLAGS=--cap-lints=warn" "-e" "CARGO_HOME=/opt/rustwide/cargo-home" "-e" "RUSTUP_HOME=/opt/rustwide/rustup-home" "-w" "/opt/rustwide/workdir" "-m" "1610612736" "--user" "0:0" "--network" "none" "ghcr.io/rust-lang/crates-build-env/linux@sha256:2788e3201cd34a07e3172128adcd8b3090168a8e3bcc40d7c032b9dda1df7d1c" "/opt/rustwide/cargo-home/bin/cargo" "+1.75.0" "doc" "--frozen" "--no-deps" "--document-private-items" "--message-format=json", kill_on_drop: false }`
[INFO] [stdout] 280f485623d750177ea03da6e8cba6d3f98e805c9987555441e99e49986911f7
[INFO] running `Command { std: "docker" "start" "-a" "280f485623d750177ea03da6e8cba6d3f98e805c9987555441e99e49986911f7", kill_on_drop: false }`
[INFO] [stderr] warning: virtual workspace defaulting to `resolver = "1"` despite one or more workspace members being on edition 2021 which implies `resolver = "2"`
[INFO] [stderr] note: to keep the current resolver, specify `workspace.resolver = "1"` in the workspace root's manifest
[INFO] [stderr] note: to use the edition 2021 resolver, specify `workspace.resolver = "2"` in the workspace root's manifest
[INFO] [stderr] note: for more details see https://doc.rust-lang.org/cargo/reference/resolver.html#resolver-versions
[INFO] [stderr]    Compiling proc-macro2 v1.0.47
[INFO] [stderr]    Compiling unicode-ident v1.0.5
[INFO] [stderr]    Compiling syn v1.0.104
[INFO] [stderr]    Compiling libc v0.2.137
[INFO] [stderr]    Compiling memchr v2.5.0
[INFO] [stderr]     Checking once_cell v1.16.0
[INFO] [stderr]     Checking bytes v1.3.0
[INFO] [stderr]    Compiling parking_lot_core v0.9.4
[INFO] [stderr]     Checking itoa v1.0.4
[INFO] [stderr]    Compiling serde_derive v1.0.148
[INFO] [stderr]    Compiling serde v1.0.148
[INFO] [stderr]    Compiling tokio v1.22.0
[INFO] [stderr]    Compiling futures-core v0.3.25
[INFO] [stderr]     Checking futures-sink v0.3.25
[INFO] [stderr]    Compiling either v1.8.0
[INFO] [stderr]    Compiling cc v1.0.77
[INFO] [stderr]    Compiling futures-channel v0.3.25
[INFO] [stderr]    Compiling futures-task v0.3.25
[INFO] [stderr]    Compiling typenum v1.15.0
[INFO] [stderr]     Checking tracing-core v0.1.30
[INFO] [stderr]    Compiling anyhow v1.0.66
[INFO] [stderr]    Compiling futures-util v0.3.25
[INFO] [stderr]     Checking futures-io v0.3.25
[INFO] [stderr]    Compiling num-traits v0.2.15
[INFO] [stderr]    Compiling serde_json v1.0.89
[INFO] [stderr]    Compiling itertools v0.10.5
[INFO] [stderr]     Checking byteorder v1.4.3
[INFO] [stderr]    Compiling regex-syntax v0.6.28
[INFO] [stderr]    Compiling im v15.1.0
[INFO] [stderr]     Checking http v0.2.8
[INFO] [stderr]    Compiling unicode-segmentation v1.10.0
[INFO] [stderr]     Checking nohash-hasher v0.2.0
[INFO] [stderr]    Compiling crossbeam-utils v0.8.14
[INFO] [stderr]    Compiling ahash v0.7.6
[INFO] [stderr]     Checking untrusted v0.7.1
[INFO] [stderr]    Compiling quote v1.0.21
[INFO] [stderr]    Compiling aho-corasick v0.7.20
[INFO] [stderr]    Compiling heck v0.3.3
[INFO] [stderr]    Compiling which v4.3.0
[INFO] [stderr]     Checking getrandom v0.2.8
[INFO] [stderr]     Checking num_cpus v1.14.0
[INFO] [stderr]     Checking signal-hook-registry v1.4.0
[INFO] [stderr]     Checking mio v0.8.5
[INFO] [stderr]     Checking socket2 v0.4.7
[INFO] [stderr]     Checking rand_core v0.6.4
[INFO] [stderr]     Checking spin v0.5.2
[INFO] [stderr]     Checking base64 v0.13.1
[INFO] [stderr]     Checking parking_lot v0.12.1
[INFO] [stderr]    Compiling ring v0.16.20
[INFO] [stderr]    Compiling paste v1.0.9
[INFO] [stderr]     Checking http-body v0.4.5
[INFO] [stderr]     Checking rand_chacha v0.3.1
[INFO] [stderr]     Checking rand_xoshiro v0.6.0
[INFO] [stderr]    Compiling hashbrown v0.12.3
[INFO] [stderr]    Compiling fixedbitset v0.4.2
[INFO] [stderr]     Checking strum v0.22.0
[INFO] [stderr]    Compiling remove_dir_all v0.5.3
[INFO] [stderr]    Compiling fastrand v1.8.0
[INFO] [stderr]     Checking try-lock v0.2.3
[INFO] [stderr]    Compiling log v0.4.17
[INFO] [stderr]    Compiling memoffset v0.7.1
[INFO] [stderr]     Checking rand v0.8.5
[INFO] [stderr]     Checking want v0.3.0
[INFO] [stderr]     Checking bitmaps v2.1.0
[INFO] [stderr]    Compiling multimap v0.8.3
[INFO] [stderr]    Compiling tempfile v3.3.0
[INFO] [stderr]    Compiling crossbeam-epoch v0.9.13
[INFO] [stderr]    Compiling thiserror v1.0.37
[INFO] [stderr]    Compiling metrics v0.18.1
[INFO] [stderr]     Checking crossbeam-channel v0.5.6
[INFO] [stderr]    Compiling cmake v0.1.49
[INFO] [stderr]    Compiling heck v0.4.0
[INFO] [stderr]    Compiling async-trait v0.1.58
[INFO] [stderr]     Checking tinyvec v1.6.0
[INFO] [stderr]     Checking rmp v0.8.11
[INFO] [stderr]    Compiling indexmap v1.9.2
[INFO] [stderr]    Compiling num-integer v0.1.45
[INFO] [stderr]     Checking tower-layer v0.3.2
[INFO] [stderr]    Compiling ppv-lite86 v0.2.17
[INFO] [stderr]     Checking unicode-bidi v0.3.8
[INFO] [stderr]    Compiling prost-build v0.10.4
[INFO] [stderr]    Compiling generic-array v0.14.6
[INFO] [stderr]    Compiling siphasher v0.3.10
[INFO] [stderr]    Compiling rayon-core v1.10.1
[INFO] [stderr]     Checking static_assertions v1.1.0
[INFO] [stderr]     Checking crossbeam-deque v0.8.2
[INFO] [stderr]     Checking lexical-util v0.8.5
[INFO] [stderr]     Checking sized-chunks v0.6.5
[INFO] [stderr]    Compiling regex v1.7.0
[INFO] [stderr]    Compiling phf_shared v0.10.0
[INFO] [stderr]     Checking http-range-header v0.3.0
[INFO] [stderr]     Checking base64 v0.21.2
[INFO] [stderr]    Compiling petgraph v0.6.2
[INFO] [stderr]     Checking time v0.1.43
[INFO] [stderr]    Compiling num-bigint v0.4.3
[INFO] [stderr]     Checking sync_wrapper v0.1.1
[INFO] [stderr]     Checking precomputed-hash v0.1.1
[INFO] [stderr]     Checking stable_deref_trait v1.2.0
[INFO] [stderr]     Checking new_debug_unreachable v1.0.4
[INFO] [stderr]     Checking rustls-pemfile v1.0.2
[INFO] [stderr]     Checking unicode-normalization v0.1.22
[INFO] [stderr]     Checking minimal-lexical v0.2.1
[INFO] [stderr]     Checking void v1.0.2
[INFO] [stderr]     Checking matchit v0.5.0
[INFO] [stderr]     Checking unreachable v1.0.0
[INFO] [stderr]     Checking chrono v0.4.23
[INFO] [stderr]     Checking rayon v1.6.0
[INFO] [stderr]     Checking rustls-native-certs v0.6.3
[INFO] [stderr]     Checking lexical-write-integer v0.8.5
[INFO] [stderr]     Checking nom v7.1.1
[INFO] [stderr]     Checking lexical-parse-integer v0.8.6
[INFO] [stderr]     Checking ordered-float v2.10.0
[INFO] [stderr]     Checking block-buffer v0.10.3
[INFO] [stderr]     Checking crypto-common v0.1.6
[INFO] [stderr]    Compiling rustls v0.21.2
[INFO] [stderr]     Checking ascii v0.9.3
[INFO] [stderr]     Checking idna v0.3.0
[INFO] [stderr]     Checking digest v0.10.6
[INFO] [stderr]     Checking scoped-tls v1.0.1
[INFO] [stderr]    Compiling rustls v0.20.8
[INFO] [stderr]     Checking quantiles v0.7.1
[INFO] [stderr]     Checking rustc-hash v1.1.0
[INFO] [stderr]     Checking cpufeatures v0.2.5
[INFO] [stderr]    Compiling Inflector v0.11.4
[INFO] [stderr]     Checking sha-1 v0.10.1
[INFO] [stderr]     Checking combine v3.8.1
[INFO] [stderr]    Compiling phf_generator v0.10.0
[INFO] [stderr]     Checking better_scoped_tls v0.1.0
[INFO] [stderr]     Checking lexical-parse-float v0.8.5
[INFO] [stderr]     Checking time v0.3.17
[INFO] [stderr]     Checking lexical-write-float v0.8.5
[INFO] [stderr]    Compiling string_cache_codegen v0.5.2
[INFO] [stderr]     Checking utf-8 v0.7.6
[INFO] [stderr]     Checking url v2.3.1
[INFO] [stderr]    Compiling swc_ecma_ast v0.94.21
[INFO] [stderr]     Checking unicode-id v0.3.3
[INFO] [stderr]    Compiling proc-macro-error-attr v1.0.4
[INFO] [stderr]    Compiling prost-build v0.9.0
[INFO] [stderr]     Checking typed-arena v2.0.1
[INFO] [stderr]     Checking crc-catalog v1.1.1
[INFO] [stderr]    Compiling parking_lot_core v0.8.5
[INFO] [stderr]     Checking crc v2.1.0
[INFO] [stderr]     Checking instant v0.1.12
[INFO] [stderr]     Checking os_str_bytes v6.4.1
[INFO] [stderr]     Checking urlencoding v1.3.3
[INFO] [stderr]     Checking lexical-core v0.8.5
[INFO] [stderr]    Compiling crc32fast v1.3.2
[INFO] [stderr]    Compiling swc_atoms v0.4.25
[INFO] [stderr]     Checking raw-cpuid v10.6.0
[INFO] [stderr]     Checking lexical v6.1.1
[INFO] [stderr]     Checking clap_lex v0.2.4
[INFO] [stderr]     Checking atty v0.2.14
[INFO] [stderr]     Checking textwrap v0.16.0
[INFO] [stderr]     Checking termcolor v1.1.3
[INFO] [stderr]     Checking strsim v0.10.0
[INFO] [stderr]     Checking adler v1.0.2
[INFO] [stderr]     Checking hashbrown v0.11.2
[INFO] [stderr]     Checking parking_lot v0.11.2
[INFO] [stderr]     Checking miniz_oxide v0.6.2
[INFO] [stderr]     Checking dashmap v4.0.2
[INFO] [stderr]     Checking overload v0.1.1
[INFO] [stderr]     Checking sketches-ddsketch v0.1.3
[INFO] [stderr]     Checking atomic-shim v0.2.0
[INFO] [stderr]     Checking nu-ansi-term v0.46.0
[INFO] [stderr]     Checking tracing-log v0.1.3
[INFO] [stderr]     Checking sharded-slab v0.1.4
[INFO] [stderr]     Checking thread_local v1.1.4
[INFO] [stderr]     Checking ipnet v2.5.1
[INFO] [stderr]     Checking flate2 v1.0.25
[INFO] [stderr]     Checking quanta v0.9.3
[INFO] [stderr]     Checking hdrhistogram v7.5.2
[INFO] [stderr]     Checking sct v0.7.0
[INFO] [stderr]     Checking rustls-webpki v0.100.1
[INFO] [stderr]     Checking webpki v0.22.0
[INFO] [stderr]     Checking webpki v0.21.4
[INFO] [stderr]     Checking sct v0.6.1
[INFO] [stderr]     Checking rustls v0.19.1
[INFO] [stderr]    Compiling pmutil v0.5.3
[INFO] [stderr]    Compiling darling_core v0.13.4
[INFO] [stderr]    Compiling proc-macro-error v1.0.4
[INFO] [stderr]     Checking regex-automata v0.1.10
[INFO] [stderr]    Compiling swc_macros_common v0.3.6
[INFO] [stderr]     Checking matchers v0.1.0
[INFO] [stderr]    Compiling tokio-macros v1.8.0
[INFO] [stderr]    Compiling tracing-attributes v0.1.23
[INFO] [stderr]    Compiling futures-macro v0.3.25
[INFO] [stderr]    Compiling pin-project-internal v1.0.12
[INFO] [stderr]    Compiling uuid-macro-internal v1.2.2
[INFO] [stderr]    Compiling strum_macros v0.22.0
[INFO] [stderr]    Compiling prost-derive v0.10.1
[INFO] [stderr]    Compiling thiserror-impl v1.0.37
[INFO] [stderr]    Compiling metrics-macros v0.5.1
[INFO] [stderr]    Compiling async-stream-impl v0.3.3
[INFO] [stderr]    Compiling reflex-macros v0.1.0 (/opt/rustwide/workdir/reflex-macros)
[INFO] [stderr]    Compiling prost-derive v0.9.0
[INFO] [stderr]    Compiling swc_visit_macros v0.5.4
[INFO] [stderr]    Compiling swc_eq_ignore_macros v0.1.1
[INFO] [stderr]     Checking async-stream v0.3.3
[INFO] [stderr]    Compiling from_variant v0.1.4
[INFO] [stderr]     Checking tungstenite v0.17.3
[INFO] [stderr]     Checking pin-project v1.0.12
[INFO] [stderr]     Checking graphql-parser v0.4.0
[INFO] [stderr]    Compiling string_enum v0.3.2
[INFO] [stderr]    Compiling is-macro v0.2.1
[INFO] [stderr]    Compiling enum_kind v0.2.1
[INFO] [stderr]     Checking tracing v0.1.37
[INFO] [stderr]    Compiling darling_macro v0.13.4
[INFO] [stderr]    Compiling async-recursion v1.0.0
[INFO] [stderr]    Compiling prost-derive v0.11.2
[INFO] [stderr]     Checking tracing-futures v0.2.5
[INFO] [stderr]    Compiling prost v0.10.4
[INFO] [stderr]    Compiling clap_derive v3.2.18
[INFO] [stderr]    Compiling prost-types v0.10.1
[INFO] [stderr]     Checking metrics-util v0.12.1
[INFO] [stderr]     Checking rustls-native-certs v0.5.0
[INFO] [stderr]     Checking tracing-subscriber v0.3.16
[INFO] [stderr]  Documenting reflex-macros v0.1.0 (/opt/rustwide/workdir/reflex-macros)
[INFO] [stderr]    Compiling prost v0.9.0
[INFO] [stderr]    Compiling darling v0.13.4
[INFO] [stderr]    Compiling ast_node v0.8.6
[INFO] [stderr]    Compiling prost-types v0.9.0
[INFO] [stdout] warning: unclosed HTML tag `X`
[INFO] [stdout]   --> reflex-macros/src/utils.rs:12:20
[INFO] [stdout]    |
[INFO] [stdout] 12 | /// struct MyStruct<X> {}
[INFO] [stdout]    |                    ^^^
[INFO] [stdout]    |
[INFO] [stdout]    = note: `#[warn(rustdoc::invalid_html_tags)]` on by default
[INFO] [stdout] help: try marking as source code
[INFO] [stdout]    |
[INFO] [stdout] 12 | /// struct `MyStruct<X>` {}
[INFO] [stdout]    |            +           +
[INFO] [stdout] 
[INFO] [stdout] 
[INFO] [stdout] warning: 1 warning emitted
[INFO] [stdout] 
[INFO] [stdout] 
[INFO] [stderr]     Checking futures-executor v0.3.25
[INFO] [stderr]     Checking axum-core v0.2.9
[INFO] [stderr]     Checking futures v0.3.25
[INFO] [stderr]    Compiling prost-reflect v0.8.1
[INFO] [stderr]    Compiling reflex-protobuf v0.1.0 (/opt/rustwide/workdir/reflex-protobuf)
[INFO] [stderr]    Compiling reflex-grpc v0.1.0 (/opt/rustwide/workdir/reflex-grpc)
[INFO] [stderr]     Checking prost v0.11.2
[INFO] [stderr]     Checking tokio-util v0.7.4
[INFO] [stderr]     Checking tokio-io-timeout v1.2.0
[INFO] [stderr]     Checking tokio-metrics v0.1.0
[INFO] [stderr]     Checking tokio-rustls v0.24.1
[INFO] [stderr]     Checking tokio-tungstenite v0.17.2
[INFO] [stderr]     Checking tokio-rustls v0.23.4
[INFO] [stderr]     Checking tokio-util v0.6.10
[INFO] [stderr]     Checking tokio-rustls v0.22.0
[INFO] [stderr]     Checking clap v3.2.23
[INFO] [stderr]     Checking swc_visit v0.5.3
[INFO] [stderr]     Checking prost-types v0.11.2
[INFO] [stderr]     Checking h2 v0.3.15
[INFO] [stderr]     Checking tokio-stream v0.1.11
[INFO] [stderr]     Checking tower v0.4.13
[INFO] [stderr]    Compiling tonic-build v0.6.2
[INFO] [stderr]     Checking opentelemetry v0.17.0
[INFO] [stderr]    Compiling opentelemetry-otlp v0.10.0
[INFO] [stderr]     Checking tower-http v0.3.4
[INFO] [stderr]     Checking opentelemetry-http v0.6.0
[INFO] [stderr]     Checking uuid v1.2.2
[INFO] [stderr]     Checking rmp-serde v1.1.1
[INFO] [stderr]     Checking triomphe v0.1.8
[INFO] [stderr]     Checking string_cache v0.8.4
[INFO] [stderr]     Checking serde-value v0.7.0
[INFO] [stderr]     Checking http-serde v1.1.2
[INFO] [stderr]     Checking hyper v0.14.23
[INFO] [stderr]     Checking reflex v0.1.0 (/opt/rustwide/workdir/reflex)
[INFO] [stderr]     Checking reflex-utils v0.1.0 (/opt/rustwide/workdir/reflex-utils)
[INFO] [stderr]     Checking reflex-dispatcher v0.1.0 (/opt/rustwide/workdir/reflex-dispatcher)
[INFO] [stderr]  Documenting reflex-dispatcher v0.1.0 (/opt/rustwide/workdir/reflex-dispatcher)
[INFO] [stderr]  Documenting reflex-utils v0.1.0 (/opt/rustwide/workdir/reflex-utils)
[INFO] [stderr]  Documenting reflex v0.1.0 (/opt/rustwide/workdir/reflex)
[INFO] [stdout] warning: unused import: `option::*`
[INFO] [stdout]   --> reflex-dispatcher/src/actor/mod.rs:12:9
[INFO] [stdout]    |
[INFO] [stdout] 12 | pub use option::*;
[INFO] [stdout]    |         ^^^^^^^^^
[INFO] [stdout]    |
[INFO] [stdout]    = note: `#[warn(unused_imports)]` on by default
[INFO] [stdout] 
[INFO] [stdout] 
[INFO] [stdout] warning: 1 warning emitted
[INFO] [stdout] 
[INFO] [stdout] 
[INFO] [stderr]     Checking reflex-scheduler v0.1.0 (/opt/rustwide/workdir/reflex-scheduler)
[INFO] [stderr]  Documenting reflex-scheduler v0.1.0 (/opt/rustwide/workdir/reflex-scheduler)
[INFO] [stderr]     Checking swc_common v0.29.19
[INFO] [stderr]     Checking reflex-stdlib v0.1.0 (/opt/rustwide/workdir/reflex-stdlib)
[INFO] [stderr]     Checking reflex-json v0.1.0 (/opt/rustwide/workdir/reflex-json)
[INFO] [stderr]     Checking reflex-lang v0.1.0 (/opt/rustwide/workdir/reflex-lang)
[INFO] [stderr]  Documenting reflex-json v0.1.0 (/opt/rustwide/workdir/reflex-json)
[INFO] [stderr]  Documenting reflex-stdlib v0.1.0 (/opt/rustwide/workdir/reflex-stdlib)
[INFO] [stderr]  Documenting reflex-lang v0.1.0 (/opt/rustwide/workdir/reflex-lang)
[INFO] [stderr]     Checking reflex-recorder v0.1.0 (/opt/rustwide/workdir/reflex-recorder)
[INFO] [stderr]  Documenting reflex-recorder v0.1.0 (/opt/rustwide/workdir/reflex-recorder)
[INFO] [stderr]     Checking reflex-graphql v0.1.0 (/opt/rustwide/workdir/reflex-graphql)
[INFO] [stderr]     Checking reflex-lisp v0.1.0 (/opt/rustwide/workdir/reflex-lisp)
[INFO] [stderr]  Documenting reflex-lisp v0.1.0 (/opt/rustwide/workdir/reflex-lisp)
[INFO] [stderr]  Documenting reflex-graphql v0.1.0 (/opt/rustwide/workdir/reflex-graphql)
[INFO] [stderr]     Checking reflex-interpreter v0.1.0 (/opt/rustwide/workdir/reflex-interpreter)
[INFO] [stderr]  Documenting reflex-interpreter v0.1.0 (/opt/rustwide/workdir/reflex-interpreter)
[INFO] [stderr]  Documenting reflex-protobuf v0.1.0 (/opt/rustwide/workdir/reflex-protobuf)
[INFO] [stderr]     Checking reflex-runtime v0.1.0 (/opt/rustwide/workdir/reflex-runtime)
[INFO] [stderr]  Documenting reflex-runtime v0.1.0 (/opt/rustwide/workdir/reflex-runtime)
[INFO] [stderr]     Checking hyper-timeout v0.4.1
[INFO] [stderr]     Checking axum v0.5.17
[INFO] [stderr]     Checking hyper-rustls v0.24.0
[INFO] [stderr]     Checking metrics-exporter-prometheus v0.9.0
[INFO] [stderr]     Checking hyper-tungstenite v0.6.0
[INFO] [stderr]     Checking tonic v0.6.2
[INFO] [stderr]  Documenting reflex-test-utils v0.1.0 (/opt/rustwide/workdir/reflex-test-utils)
[INFO] [stdout] warning: variable does not need to be mutable
[INFO] [stdout]    --> reflex-runtime/src/actor/evaluate_handler.rs:908:25
[INFO] [stdout]     |
[INFO] [stdout] 908 |                     let mut worker = existing_entry.get_mut();
[INFO] [stdout]     |                         ----^^^^^^
[INFO] [stdout]     |                         |
[INFO] [stdout]     |                         help: remove this `mut`
[INFO] [stdout]     |
[INFO] [stdout]     = note: `#[warn(unused_mut)]` on by default
[INFO] [stdout] 
[INFO] [stdout] 
[INFO] [stdout] warning: 1 warning emitted
[INFO] [stdout] 
[INFO] [stdout] 
[INFO] [stderr]     Checking reflex-handlers v0.1.0 (/opt/rustwide/workdir/reflex-handlers)
[INFO] [stderr]  Documenting reflex-handlers v0.1.0 (/opt/rustwide/workdir/reflex-handlers)
[INFO] [stderr]     Checking tonic v0.7.2
[INFO] [stderr]     Checking tonic v0.8.2
[INFO] [stderr]     Checking console-api v0.4.0
[INFO] [stderr]  Documenting reflex-grpc v0.1.0 (/opt/rustwide/workdir/reflex-grpc)
[INFO] [stderr]     Checking console-subscriber v0.1.8
[INFO] [stderr]     Checking swc_ecma_parser v0.122.32
[INFO] [stderr]     Checking reflex-js v0.1.0 (/opt/rustwide/workdir/reflex-js)
[INFO] [stderr]  Documenting reflex-js v0.1.0 (/opt/rustwide/workdir/reflex-js)
[INFO] [stderr]     Checking reflex-cli v0.1.0 (/opt/rustwide/workdir/reflex-cli)
[INFO] [stderr]  Documenting reflex-cli v0.1.0 (/opt/rustwide/workdir/reflex-cli)
[INFO] [stderr]     Checking reflex-server v0.1.0 (/opt/rustwide/workdir/reflex-server)
[INFO] [stderr]  Documenting reflex-server v0.1.0 (/opt/rustwide/workdir/reflex-server)
[INFO] [stdout] error[E0433]: failed to resolve: could not find `RuntimeMonitor` in `tokio_metrics`
[INFO] [stdout]   --> reflex-server/src/tokio_runtime_metrics_export.rs:83:42
[INFO] [stdout]    |
[INFO] [stdout] 83 |     let runtime_monitor = tokio_metrics::RuntimeMonitor::new(&runtime_handle);
[INFO] [stdout]    |                                          ^^^^^^^^^^^^^^ could not find `RuntimeMonitor` in `tokio_metrics`
[INFO] [stdout] 
[INFO] [stdout] 
[INFO] [stdout] error[E0412]: cannot find type `RuntimeMetrics` in module `tokio::runtime`
[INFO] [stdout]    --> reflex-server/src/tokio_runtime_metrics_export.rs:245:49
[INFO] [stdout]     |
[INFO] [stdout] 245 |         tokio_runtime_metrics: &tokio::runtime::RuntimeMetrics,
[INFO] [stdout]     |                                                 ^^^^^^^^^^^^^^ not found in `tokio::runtime`
[INFO] [stdout]     |
[INFO] [stdout] note: found an item that was configured out
[INFO] [stdout]    --> /opt/rustwide/cargo-home/registry/src/index.crates.io-6f17d22bba15001f/tokio-1.22.0/src/runtime/mod.rs:239:26
[INFO] [stdout]     |
[INFO] [stdout] 239 |         pub use metrics::RuntimeMetrics;
[INFO] [stdout]     |                          ^^^^^^^^^^^^^^
[INFO] [stdout] 
[INFO] [stdout] 
[INFO] [stdout] error[E0412]: cannot find type `RuntimeMetrics` in module `tokio::runtime`
[INFO] [stdout]    --> reflex-server/src/tokio_runtime_metrics_export.rs:245:49
[INFO] [stdout]     |
[INFO] [stdout] 245 |         tokio_runtime_metrics: &tokio::runtime::RuntimeMetrics,
[INFO] [stdout]     |                                                 ^^^^^^^^^^^^^^ not found in `tokio::runtime`
[INFO] [stdout]     |
[INFO] [stdout] note: found an item that was configured out
[INFO] [stdout]    --> /opt/rustwide/cargo-home/registry/src/index.crates.io-6f17d22bba15001f/tokio-1.22.0/src/runtime/mod.rs:239:26
[INFO] [stdout]     |
[INFO] [stdout] 239 |         pub use metrics::RuntimeMetrics;
[INFO] [stdout]     |                          ^^^^^^^^^^^^^^
[INFO] [stdout] 
[INFO] [stdout] 
[INFO] [stdout] error[E0412]: cannot find type `RuntimeMetrics` in module `tokio::runtime`
[INFO] [stdout]    --> reflex-server/src/tokio_runtime_metrics_export.rs:261:48
[INFO] [stdout]     |
[INFO] [stdout] 261 |         tokio_runtime_metrics: tokio::runtime::RuntimeMetrics,
[INFO] [stdout]     |                                                ^^^^^^^^^^^^^^ not found in `tokio::runtime`
[INFO] [stdout]     |
[INFO] [stdout] note: found an item that was configured out
[INFO] [stdout]    --> /opt/rustwide/cargo-home/registry/src/index.crates.io-6f17d22bba15001f/tokio-1.22.0/src/runtime/mod.rs:239:26
[INFO] [stdout]     |
[INFO] [stdout] 239 |         pub use metrics::RuntimeMetrics;
[INFO] [stdout]     |                          ^^^^^^^^^^^^^^
[INFO] [stdout] 
[INFO] [stdout] 
[INFO] [stdout] error[E0412]: cannot find type `RuntimeMetrics` in module `tokio::runtime`
[INFO] [stdout]    --> reflex-server/src/tokio_runtime_metrics_export.rs:261:48
[INFO] [stdout]     |
[INFO] [stdout] 261 |         tokio_runtime_metrics: tokio::runtime::RuntimeMetrics,
[INFO] [stdout]     |                                                ^^^^^^^^^^^^^^ not found in `tokio::runtime`
[INFO] [stdout]     |
[INFO] [stdout] note: found an item that was configured out
[INFO] [stdout]    --> /opt/rustwide/cargo-home/registry/src/index.crates.io-6f17d22bba15001f/tokio-1.22.0/src/runtime/mod.rs:239:26
[INFO] [stdout]     |
[INFO] [stdout] 239 |         pub use metrics::RuntimeMetrics;
[INFO] [stdout]     |                          ^^^^^^^^^^^^^^
[INFO] [stdout] 
[INFO] [stdout] 
[INFO] [stdout] error: aborting due to 2 previous errors
[INFO] [stdout] 
[INFO] [stdout] 
[INFO] [stdout] For more information about this error, try `rustc --explain E0412`.
[INFO] [stdout] 
[INFO] [stderr] error: could not document `reflex-server`
[INFO] [stderr] 
[INFO] [stderr] Caused by:
[INFO] [stderr]   process didn't exit successfully: `/opt/rustwide/rustup-home/toolchains/1.75.0-x86_64-unknown-linux-gnu/bin/rustdoc --edition=2021 --crate-type lib --crate-name reflex_server reflex-server/src/lib.rs -o /opt/rustwide/target/doc --error-format=json --json=diagnostic-rendered-ansi,artifacts,future-incompat --document-private-items -C metadata=45791344eeefcb3f -L dependency=/opt/rustwide/target/debug/deps --extern anyhow=/opt/rustwide/target/debug/deps/libanyhow-527cac6c1448f5b4.rmeta --extern bytes=/opt/rustwide/target/debug/deps/libbytes-85a9e9f3fe0247d6.rmeta --extern chrono=/opt/rustwide/target/debug/deps/libchrono-9bebe2370eeb8b25.rmeta --extern clap=/opt/rustwide/target/debug/deps/libclap-3e17e926027ae0a7.rmeta --extern console_subscriber=/opt/rustwide/target/debug/deps/libconsole_subscriber-1f160f17192f0b7f.rmeta --extern futures=/opt/rustwide/target/debug/deps/libfutures-afe1e83d813f1b77.rmeta --extern http=/opt/rustwide/target/debug/deps/libhttp-9431f40b51740b21.rmeta --extern http_serde=/opt/rustwide/target/debug/deps/libhttp_serde-e5e768867906fb2c.rmeta --extern hyper=/opt/rustwide/target/debug/deps/libhyper-e4eb6426e09d5bca.rmeta --extern hyper_tungstenite=/opt/rustwide/target/debug/deps/libhyper_tungstenite-921a37d77bc5c416.rmeta --extern metrics=/opt/rustwide/target/debug/deps/libmetrics-ea47b42c0982c670.rmeta --extern metrics_exporter_prometheus=/opt/rustwide/target/debug/deps/libmetrics_exporter_prometheus-dd5dd67199842bdd.rmeta --extern nom=/opt/rustwide/target/debug/deps/libnom-e82b3de0d828c584.rmeta --extern opentelemetry=/opt/rustwide/target/debug/deps/libopentelemetry-d223fb31b0b8f8f1.rmeta --extern opentelemetry_http=/opt/rustwide/target/debug/deps/libopentelemetry_http-d436dec60ff72ea0.rmeta --extern opentelemetry_otlp=/opt/rustwide/target/debug/deps/libopentelemetry_otlp-c7b5f4b6fbe673f4.rmeta --extern pin_project=/opt/rustwide/target/debug/deps/libpin_project-630109f1c3e45576.rmeta --extern reflex=/opt/rustwide/target/debug/deps/libreflex-39f11428a55d4a4b.rmeta --extern reflex_cli=/opt/rustwide/target/debug/deps/libreflex_cli-6ec675915a42e724.rmeta --extern reflex_dispatcher=/opt/rustwide/target/debug/deps/libreflex_dispatcher-ca7199b8db988711.rmeta --extern reflex_graphql=/opt/rustwide/target/debug/deps/libreflex_graphql-a9a16f2e04c423e2.rmeta --extern reflex_grpc=/opt/rustwide/target/debug/deps/libreflex_grpc-66ff0b104ccda43f.rmeta --extern reflex_handlers=/opt/rustwide/target/debug/deps/libreflex_handlers-87801646ec537d9a.rmeta --extern reflex_interpreter=/opt/rustwide/target/debug/deps/libreflex_interpreter-5847d7121772e184.rmeta --extern reflex_js=/opt/rustwide/target/debug/deps/libreflex_js-6ff97cab9be14dbd.rmeta --extern reflex_json=/opt/rustwide/target/debug/deps/libreflex_json-4281e373a54795a1.rmeta --extern reflex_lang=/opt/rustwide/target/debug/deps/libreflex_lang-2d42ed448174adf5.rmeta --extern reflex_macros=/opt/rustwide/target/debug/deps/libreflex_macros-12d4b5170256902f.so --extern reflex_protobuf=/opt/rustwide/target/debug/deps/libreflex_protobuf-8589310dafaeef60.rmeta --extern reflex_recorder=/opt/rustwide/target/debug/deps/libreflex_recorder-50cf126e09dfdfda.rmeta --extern reflex_runtime=/opt/rustwide/target/debug/deps/libreflex_runtime-ba1b9d0ea83b1784.rmeta --extern reflex_scheduler=/opt/rustwide/target/debug/deps/libreflex_scheduler-83d48a061d5a7a78.rmeta --extern reflex_stdlib=/opt/rustwide/target/debug/deps/libreflex_stdlib-ee5df2cae054437c.rmeta --extern reflex_utils=/opt/rustwide/target/debug/deps/libreflex_utils-7ac7b8780a667398.rmeta --extern serde=/opt/rustwide/target/debug/deps/libserde-f799467d32900a45.rmeta --extern serde_json=/opt/rustwide/target/debug/deps/libserde_json-848da01e4d37d10e.rmeta --extern strum=/opt/rustwide/target/debug/deps/libstrum-4c36da28fa86b5d8.rmeta --extern strum_macros=/opt/rustwide/target/debug/deps/libstrum_macros-2179b1616535e1d8.so --extern tokio=/opt/rustwide/target/debug/deps/libtokio-f59c50c87443b577.rmeta --extern tokio_metrics=/opt/rustwide/target/debug/deps/libtokio_metrics-8a97b95f7aec39f5.rmeta --extern tokio_stream=/opt/rustwide/target/debug/deps/libtokio_stream-6829955056cffbd8.rmeta --extern tonic=/opt/rustwide/target/debug/deps/libtonic-8cd4aca85c255a00.rmeta --extern tracing=/opt/rustwide/target/debug/deps/libtracing-69b6dedf87cfb4a3.rmeta --extern tracing_subscriber=/opt/rustwide/target/debug/deps/libtracing_subscriber-909761bf2b9c05c1.rmeta --extern uuid=/opt/rustwide/target/debug/deps/libuuid-86bec13ea3e4276f.rmeta --cap-lints=warn --crate-version 0.1.0` (exit status: 1)
[INFO] [stderr] warning: build failed, waiting for other jobs to finish...
[INFO] [stdout] error[E0599]: no method named `metrics` found for struct `Handle` in the current scope
[INFO] [stdout]   --> reflex-server/src/tokio_runtime_metrics_export.rs:84:72
[INFO] [stdout]    |
[INFO] [stdout] 84 |     let mut per_worker_metrics = PerWorkerMetrics::new(&runtime_handle.metrics(), runtime_name);
[INFO] [stdout]    |                                                                        ^^^^^^^ method not found in `Handle`
[INFO] [stdout] 
[INFO] [stdout] 
[INFO] [stdout] error[E0599]: no method named `metrics` found for struct `Handle` in the current scope
[INFO] [stdout]    --> reflex-server/src/tokio_runtime_metrics_export.rs:232:60
[INFO] [stdout]     |
[INFO] [stdout] 232 |             per_worker_metrics.record_metrics(inner_handle.metrics(), &tokio_runtime_metric_names);
[INFO] [stdout]     |                                                            ^^^^^^^ method not found in `Handle`
[INFO] [stdout] 
[INFO] [stdout] 
[INFO] [stdout] error: aborting due to 5 previous errors
[INFO] [stdout] 
[INFO] [stdout] 
[INFO] [stdout] Some errors have detailed explanations: E0412, E0433, E0599.
[INFO] [stdout] 
[INFO] [stdout] For more information about an error, try `rustc --explain E0412`.
[INFO] [stdout] 
[INFO] [stderr] error: could not compile `reflex-server` (lib) due to 6 previous errors
[INFO] running `Command { std: "docker" "inspect" "280f485623d750177ea03da6e8cba6d3f98e805c9987555441e99e49986911f7", kill_on_drop: false }`
[INFO] running `Command { std: "docker" "rm" "-f" "280f485623d750177ea03da6e8cba6d3f98e805c9987555441e99e49986911f7", kill_on_drop: false }`
[INFO] [stdout] 280f485623d750177ea03da6e8cba6d3f98e805c9987555441e99e49986911f7
