[INFO] cloning repository https://github.com/MarkMcCaskey/webapp
[INFO] running `Command { std: "git" "-c" "credential.helper=" "-c" "credential.helper=/workspace/cargo-home/bin/git-credential-null" "clone" "--bare" "https://github.com/MarkMcCaskey/webapp" "/workspace/cache/git-repos/https%3A%2F%2Fgithub.com%2FMarkMcCaskey%2Fwebapp", kill_on_drop: false }`
[INFO] [stderr] Cloning into bare repository '/workspace/cache/git-repos/https%3A%2F%2Fgithub.com%2FMarkMcCaskey%2Fwebapp'...
[INFO] running `Command { std: "git" "rev-parse" "HEAD", kill_on_drop: false }`
[INFO] [stdout] bf75638d1679728bd66da080ab336dc664dbe572
[INFO] documenting MarkMcCaskey/webapp against 1.75.0 for beta-1.76-rustdoc-1
[INFO] running `Command { std: "git" "clone" "/workspace/cache/git-repos/https%3A%2F%2Fgithub.com%2FMarkMcCaskey%2Fwebapp" "/workspace/builds/worker-4-tc1/source", kill_on_drop: false }`
[INFO] [stderr] Cloning into '/workspace/builds/worker-4-tc1/source'...
[INFO] [stderr] done.
[INFO] validating manifest of git repo https://github.com/MarkMcCaskey/webapp on toolchain 1.75.0
[INFO] running `Command { std: CARGO_HOME="/workspace/cargo-home" RUSTUP_HOME="/workspace/rustup-home" "/workspace/cargo-home/bin/cargo" "+1.75.0" "metadata" "--manifest-path" "Cargo.toml" "--no-deps", kill_on_drop: false }`
[INFO] started tweaking git repo https://github.com/MarkMcCaskey/webapp
[INFO] finished tweaking git repo https://github.com/MarkMcCaskey/webapp
[INFO] tweaked toml for git repo https://github.com/MarkMcCaskey/webapp written to /workspace/builds/worker-4-tc1/source/Cargo.toml
[INFO] crate git repo https://github.com/MarkMcCaskey/webapp already has a lockfile, it will not be regenerated
[INFO] running `Command { std: CARGO_HOME="/workspace/cargo-home" RUSTUP_HOME="/workspace/rustup-home" "/workspace/cargo-home/bin/cargo" "+1.75.0" "fetch" "--manifest-path" "Cargo.toml", kill_on_drop: false }`
[INFO] [stderr]     Updating crates.io index
[INFO] [stderr]  Downloading crates ...
[INFO] [stderr]   Downloaded syntex_errors v0.54.0
[INFO] [stderr]   Downloaded syntex v0.54.0
[INFO] [stderr]   Downloaded serde_derive v1.0.15
[INFO] [stderr]   Downloaded syntex_pos v0.54.0
[INFO] [stderr]   Downloaded cookie v0.9.1
[INFO] [stderr]   Downloaded serde_codegen_internals v0.11.3
[INFO] [stderr]   Downloaded isatty v0.1.3
[INFO] [stderr]   Downloaded serde_json v1.0.3
[INFO] [stderr]   Downloaded odds v0.2.25
[INFO] [stderr]   Downloaded ordermap v0.2.12
[INFO] [stderr]   Downloaded rocket_contrib v0.3.3
[INFO] [stderr]   Downloaded cc v1.0.0
[INFO] [stderr]   Downloaded rand v0.3.16
[INFO] [stderr]   Downloaded syn v0.10.8
[INFO] [stderr]   Downloaded libc v0.2.31
[INFO] [stderr]   Downloaded syntex_syntax v0.54.0
[INFO] [stderr]   Downloaded backtrace-sys v0.1.14
[INFO] [stderr]   Downloaded typenum v1.9.0
[INFO] [stderr]   Downloaded magenta v0.1.1
[INFO] [stderr]   Downloaded magenta-sys v0.1.1
[INFO] [stderr]   Downloaded nodrop v0.1.9
[INFO] [stderr]   Downloaded serde_codegen v0.9.0
[INFO] [stderr]   Downloaded blake2 v0.6.1
[INFO] running `Command { std: "docker" "create" "-v" "/var/lib/crater-agent-workspace/builds/worker-4-tc1/target:/opt/rustwide/target:rw,Z" "-v" "/var/lib/crater-agent-workspace/builds/worker-4-tc1/source:/opt/rustwide/workdir:ro,Z" "-v" "/var/lib/crater-agent-workspace/cargo-home:/opt/rustwide/cargo-home:ro,Z" "-v" "/var/lib/crater-agent-workspace/rustup-home:/opt/rustwide/rustup-home:ro,Z" "-e" "SOURCE_DIR=/opt/rustwide/workdir" "-e" "CARGO_TARGET_DIR=/opt/rustwide/target" "-e" "CARGO_HOME=/opt/rustwide/cargo-home" "-e" "RUSTUP_HOME=/opt/rustwide/rustup-home" "-w" "/opt/rustwide/workdir" "-m" "1610612736" "--user" "0:0" "--network" "none" "ghcr.io/rust-lang/crates-build-env/linux@sha256:2788e3201cd34a07e3172128adcd8b3090168a8e3bcc40d7c032b9dda1df7d1c" "/opt/rustwide/cargo-home/bin/cargo" "+1.75.0" "metadata" "--no-deps" "--format-version=1", kill_on_drop: false }`
[INFO] [stdout] 0815a98e6849d8d6587131d7409ff1e15f5720a950b164aa3bb2f1c5ba00da1b
[INFO] running `Command { std: "docker" "start" "-a" "0815a98e6849d8d6587131d7409ff1e15f5720a950b164aa3bb2f1c5ba00da1b", kill_on_drop: false }`
[INFO] running `Command { std: "docker" "inspect" "0815a98e6849d8d6587131d7409ff1e15f5720a950b164aa3bb2f1c5ba00da1b", kill_on_drop: false }`
[INFO] running `Command { std: "docker" "rm" "-f" "0815a98e6849d8d6587131d7409ff1e15f5720a950b164aa3bb2f1c5ba00da1b", kill_on_drop: false }`
[INFO] [stdout] 0815a98e6849d8d6587131d7409ff1e15f5720a950b164aa3bb2f1c5ba00da1b
[INFO] running `Command { std: "docker" "create" "-v" "/var/lib/crater-agent-workspace/builds/worker-4-tc1/target:/opt/rustwide/target:rw,Z" "-v" "/var/lib/crater-agent-workspace/builds/worker-4-tc1/source:/opt/rustwide/workdir:ro,Z" "-v" "/var/lib/crater-agent-workspace/cargo-home:/opt/rustwide/cargo-home:ro,Z" "-v" "/var/lib/crater-agent-workspace/rustup-home:/opt/rustwide/rustup-home:ro,Z" "-e" "SOURCE_DIR=/opt/rustwide/workdir" "-e" "CARGO_TARGET_DIR=/opt/rustwide/target" "-e" "CARGO_INCREMENTAL=0" "-e" "RUST_BACKTRACE=full" "-e" "RUSTFLAGS=--cap-lints=warn" "-e" "RUSTDOCFLAGS=--cap-lints=warn" "-e" "CARGO_HOME=/opt/rustwide/cargo-home" "-e" "RUSTUP_HOME=/opt/rustwide/rustup-home" "-w" "/opt/rustwide/workdir" "-m" "1610612736" "--user" "0:0" "--network" "none" "ghcr.io/rust-lang/crates-build-env/linux@sha256:2788e3201cd34a07e3172128adcd8b3090168a8e3bcc40d7c032b9dda1df7d1c" "/opt/rustwide/cargo-home/bin/cargo" "+1.75.0" "doc" "--frozen" "--no-deps" "--document-private-items" "--message-format=json", kill_on_drop: false }`
[INFO] [stdout] f931877e62a37dd87b518800fb2bc7234e1e662c2bbad6d850e66cda55b9c174
[INFO] running `Command { std: "docker" "start" "-a" "f931877e62a37dd87b518800fb2bc7234e1e662c2bbad6d850e66cda55b9c174", kill_on_drop: false }`
[INFO] [stderr]    Compiling libc v0.2.31
[INFO] [stderr]    Compiling lazy_static v0.2.9
[INFO] [stderr]    Compiling version_check v0.1.3
[INFO] [stderr]    Compiling either v1.2.0
[INFO] [stderr]    Compiling rayon-core v1.2.1
[INFO] [stderr]    Compiling scopeguard v0.3.2
[INFO] [stderr]    Compiling futures v0.1.16
[INFO] [stderr]    Compiling cc v1.0.0
[INFO] [stderr]     Checking log v0.3.8
[INFO] [stderr]    Compiling coco v0.1.1
[INFO] [stderr]    Compiling gcc v0.3.54
[INFO] [stderr]    Compiling unicase v1.4.2
[INFO] [stderr]    Compiling pq-sys v0.4.4
[INFO] [stderr]    Compiling num_cpus v1.7.0
[INFO] [stderr]    Compiling rand v0.3.16
[INFO] [stderr]    Compiling yansi v0.3.4
[INFO] [stdout] error[E0554]: `#![feature]` may not be used on the stable release channel
[INFO] [stdout]  --> /opt/rustwide/cargo-home/registry/src/index.crates.io-6f17d22bba15001f/yansi-0.3.4/src/lib.rs:1:40
[INFO] [stdout]   |
[INFO] [stdout] 1 | #![cfg_attr(feature="nightly", feature(const_atomic_bool_new))]
[INFO] [stdout]   |                                        ^^^^^^^^^^^^^^^^^^^^^
[INFO] [stdout] 
[INFO] [stdout] 
[INFO] [stdout] error[E0635]: unknown feature `const_atomic_bool_new`
[INFO] [stdout]  --> /opt/rustwide/cargo-home/registry/src/index.crates.io-6f17d22bba15001f/yansi-0.3.4/src/lib.rs:1:40
[INFO] [stdout]   |
[INFO] [stdout] 1 | #![cfg_attr(feature="nightly", feature(const_atomic_bool_new))]
[INFO] [stdout]   |                                        ^^^^^^^^^^^^^^^^^^^^^
[INFO] [stdout] 
[INFO] [stdout] 
[INFO] [stdout] error: aborting due to 2 previous errors
[INFO] [stdout] 
[INFO] [stdout] 
[INFO] [stdout] Some errors have detailed explanations: E0554, E0635.
[INFO] [stdout] 
[INFO] [stdout] For more information about an error, try `rustc --explain E0554`.
[INFO] [stdout] 
[INFO] [stderr] error: could not compile `yansi` (lib) due to 3 previous errors
[INFO] [stderr] warning: build failed, waiting for other jobs to finish...
[INFO] running `Command { std: "docker" "inspect" "f931877e62a37dd87b518800fb2bc7234e1e662c2bbad6d850e66cda55b9c174", kill_on_drop: false }`
[INFO] running `Command { std: "docker" "rm" "-f" "f931877e62a37dd87b518800fb2bc7234e1e662c2bbad6d850e66cda55b9c174", kill_on_drop: false }`
[INFO] [stdout] f931877e62a37dd87b518800fb2bc7234e1e662c2bbad6d850e66cda55b9c174
[INFO] documenting MarkMcCaskey/webapp against beta-2023-12-22 for beta-1.76-rustdoc-1
[INFO] running `Command { std: "git" "clone" "/workspace/cache/git-repos/https%3A%2F%2Fgithub.com%2FMarkMcCaskey%2Fwebapp" "/workspace/builds/worker-4-tc2/source", kill_on_drop: false }`
[INFO] [stderr] Cloning into '/workspace/builds/worker-4-tc2/source'...
[INFO] [stderr] done.
[INFO] validating manifest of git repo https://github.com/MarkMcCaskey/webapp on toolchain beta-2023-12-22
[INFO] running `Command { std: CARGO_HOME="/workspace/cargo-home" RUSTUP_HOME="/workspace/rustup-home" "/workspace/cargo-home/bin/cargo" "+beta-2023-12-22" "metadata" "--manifest-path" "Cargo.toml" "--no-deps", kill_on_drop: false }`
[INFO] started tweaking git repo https://github.com/MarkMcCaskey/webapp
[INFO] finished tweaking git repo https://github.com/MarkMcCaskey/webapp
[INFO] tweaked toml for git repo https://github.com/MarkMcCaskey/webapp written to /workspace/builds/worker-4-tc2/source/Cargo.toml
[INFO] crate git repo https://github.com/MarkMcCaskey/webapp already has a lockfile, it will not be regenerated
[INFO] running `Command { std: CARGO_HOME="/workspace/cargo-home" RUSTUP_HOME="/workspace/rustup-home" "/workspace/cargo-home/bin/cargo" "+beta-2023-12-22" "fetch" "--manifest-path" "Cargo.toml", kill_on_drop: false }`
[INFO] running `Command { std: "docker" "create" "-v" "/var/lib/crater-agent-workspace/builds/worker-4-tc2/target:/opt/rustwide/target:rw,Z" "-v" "/var/lib/crater-agent-workspace/builds/worker-4-tc2/source:/opt/rustwide/workdir:ro,Z" "-v" "/var/lib/crater-agent-workspace/cargo-home:/opt/rustwide/cargo-home:ro,Z" "-v" "/var/lib/crater-agent-workspace/rustup-home:/opt/rustwide/rustup-home:ro,Z" "-e" "SOURCE_DIR=/opt/rustwide/workdir" "-e" "CARGO_TARGET_DIR=/opt/rustwide/target" "-e" "CARGO_HOME=/opt/rustwide/cargo-home" "-e" "RUSTUP_HOME=/opt/rustwide/rustup-home" "-w" "/opt/rustwide/workdir" "-m" "1610612736" "--user" "0:0" "--network" "none" "ghcr.io/rust-lang/crates-build-env/linux@sha256:2788e3201cd34a07e3172128adcd8b3090168a8e3bcc40d7c032b9dda1df7d1c" "/opt/rustwide/cargo-home/bin/cargo" "+beta-2023-12-22" "metadata" "--no-deps" "--format-version=1", kill_on_drop: false }`
[INFO] [stdout] fa1047126e5322644deef9b06686b46bbf9bd4c8bf8cf302add584f4b7475238
[INFO] running `Command { std: "docker" "start" "-a" "fa1047126e5322644deef9b06686b46bbf9bd4c8bf8cf302add584f4b7475238", kill_on_drop: false }`
[INFO] running `Command { std: "docker" "inspect" "fa1047126e5322644deef9b06686b46bbf9bd4c8bf8cf302add584f4b7475238", kill_on_drop: false }`
[INFO] running `Command { std: "docker" "rm" "-f" "fa1047126e5322644deef9b06686b46bbf9bd4c8bf8cf302add584f4b7475238", kill_on_drop: false }`
[INFO] [stdout] fa1047126e5322644deef9b06686b46bbf9bd4c8bf8cf302add584f4b7475238
[INFO] running `Command { std: "docker" "create" "-v" "/var/lib/crater-agent-workspace/builds/worker-4-tc2/target:/opt/rustwide/target:rw,Z" "-v" "/var/lib/crater-agent-workspace/builds/worker-4-tc2/source:/opt/rustwide/workdir:ro,Z" "-v" "/var/lib/crater-agent-workspace/cargo-home:/opt/rustwide/cargo-home:ro,Z" "-v" "/var/lib/crater-agent-workspace/rustup-home:/opt/rustwide/rustup-home:ro,Z" "-e" "SOURCE_DIR=/opt/rustwide/workdir" "-e" "CARGO_TARGET_DIR=/opt/rustwide/target" "-e" "CARGO_INCREMENTAL=0" "-e" "RUST_BACKTRACE=full" "-e" "RUSTFLAGS=--cap-lints=warn" "-e" "RUSTDOCFLAGS=--cap-lints=warn" "-e" "CARGO_HOME=/opt/rustwide/cargo-home" "-e" "RUSTUP_HOME=/opt/rustwide/rustup-home" "-w" "/opt/rustwide/workdir" "-m" "1610612736" "--user" "0:0" "--network" "none" "ghcr.io/rust-lang/crates-build-env/linux@sha256:2788e3201cd34a07e3172128adcd8b3090168a8e3bcc40d7c032b9dda1df7d1c" "/opt/rustwide/cargo-home/bin/cargo" "+beta-2023-12-22" "doc" "--frozen" "--no-deps" "--document-private-items" "--message-format=json", kill_on_drop: false }`
[INFO] [stdout] 17696522ff8a8badc767ad467f2c73300adab33639275a03a71eff9d9ff0cad6
[INFO] running `Command { std: "docker" "start" "-a" "17696522ff8a8badc767ad467f2c73300adab33639275a03a71eff9d9ff0cad6", kill_on_drop: false }`
[INFO] [stderr]    Compiling libc v0.2.31
[INFO] [stderr]    Compiling lazy_static v0.2.9
[INFO] [stderr]    Compiling version_check v0.1.3
[INFO] [stderr]    Compiling scopeguard v0.3.2
[INFO] [stderr]    Compiling either v1.2.0
[INFO] [stderr]    Compiling rayon-core v1.2.1
[INFO] [stderr]    Compiling futures v0.1.16
[INFO] [stderr]    Compiling cc v1.0.0
[INFO] [stderr]     Checking log v0.3.8
[INFO] [stderr]    Compiling coco v0.1.1
[INFO] [stderr]    Compiling gcc v0.3.54
[INFO] [stderr]    Compiling yansi v0.3.4
[INFO] [stderr]    Compiling unicase v1.4.2
[INFO] [stdout] error[E0554]: `#![feature]` may not be used on the beta release channel
[INFO] [stdout]  --> /opt/rustwide/cargo-home/registry/src/index.crates.io-6f17d22bba15001f/yansi-0.3.4/src/lib.rs:1:40
[INFO] [stdout]   |
[INFO] [stdout] 1 | #![cfg_attr(feature="nightly", feature(const_atomic_bool_new))]
[INFO] [stdout]   |                                        ^^^^^^^^^^^^^^^^^^^^^
[INFO] [stdout] 
[INFO] [stdout] 
[INFO] [stdout] error[E0635]: unknown feature `const_atomic_bool_new`
[INFO] [stdout]  --> /opt/rustwide/cargo-home/registry/src/index.crates.io-6f17d22bba15001f/yansi-0.3.4/src/lib.rs:1:40
[INFO] [stdout]   |
[INFO] [stdout] 1 | #![cfg_attr(feature="nightly", feature(const_atomic_bool_new))]
[INFO] [stdout]   |                                        ^^^^^^^^^^^^^^^^^^^^^
[INFO] [stdout] 
[INFO] [stdout] 
[INFO] [stdout] error: aborting due to 2 previous errors
[INFO] [stdout] 
[INFO] [stdout] 
[INFO] [stdout] Some errors have detailed explanations: E0554, E0635.
[INFO] [stdout] 
[INFO] [stdout] For more information about an error, try `rustc --explain E0554`.
[INFO] [stdout] 
[INFO] [stderr] error: could not compile `yansi` (lib) due to 3 previous errors
[INFO] [stderr] warning: build failed, waiting for other jobs to finish...
[INFO] running `Command { std: "docker" "inspect" "17696522ff8a8badc767ad467f2c73300adab33639275a03a71eff9d9ff0cad6", kill_on_drop: false }`
[INFO] running `Command { std: "docker" "rm" "-f" "17696522ff8a8badc767ad467f2c73300adab33639275a03a71eff9d9ff0cad6", kill_on_drop: false }`
[INFO] [stdout] 17696522ff8a8badc767ad467f2c73300adab33639275a03a71eff9d9ff0cad6
