[INFO] cloning repository https://github.com/MarcusTL12/fractals-rs
[INFO] running `Command { std: "git" "-c" "credential.helper=" "-c" "credential.helper=/workspace/cargo-home/bin/git-credential-null" "clone" "--bare" "https://github.com/MarcusTL12/fractals-rs" "/workspace/cache/git-repos/https%3A%2F%2Fgithub.com%2FMarcusTL12%2Ffractals-rs", kill_on_drop: false }`
[INFO] [stderr] Cloning into bare repository '/workspace/cache/git-repos/https%3A%2F%2Fgithub.com%2FMarcusTL12%2Ffractals-rs'...
[INFO] running `Command { std: "git" "rev-parse" "HEAD", kill_on_drop: false }`
[INFO] [stdout] 725347807fa3671820c8ff02b8fe6b737bf2273a
[INFO] documenting MarcusTL12/fractals-rs against 1.75.0 for beta-1.76-rustdoc-1
[INFO] running `Command { std: "git" "clone" "/workspace/cache/git-repos/https%3A%2F%2Fgithub.com%2FMarcusTL12%2Ffractals-rs" "/workspace/builds/worker-7-tc1/source", kill_on_drop: false }`
[INFO] [stderr] Cloning into '/workspace/builds/worker-7-tc1/source'...
[INFO] [stderr] done.
[INFO] validating manifest of git repo https://github.com/MarcusTL12/fractals-rs on toolchain 1.75.0
[INFO] running `Command { std: CARGO_HOME="/workspace/cargo-home" RUSTUP_HOME="/workspace/rustup-home" "/workspace/cargo-home/bin/cargo" "+1.75.0" "metadata" "--manifest-path" "Cargo.toml" "--no-deps", kill_on_drop: false }`
[INFO] removed /workspace/builds/worker-7-tc1/source/.cargo/config.toml
[INFO] started tweaking git repo https://github.com/MarcusTL12/fractals-rs
[INFO] finished tweaking git repo https://github.com/MarcusTL12/fractals-rs
[INFO] tweaked toml for git repo https://github.com/MarcusTL12/fractals-rs written to /workspace/builds/worker-7-tc1/source/Cargo.toml
[INFO] crate git repo https://github.com/MarcusTL12/fractals-rs already has a lockfile, it will not be regenerated
[INFO] running `Command { std: CARGO_HOME="/workspace/cargo-home" RUSTUP_HOME="/workspace/rustup-home" "/workspace/cargo-home/bin/cargo" "+1.75.0" "fetch" "--manifest-path" "Cargo.toml", kill_on_drop: false }`
[INFO] [stderr]     Updating git repository `https://github.com/MarcusTL12/complex-simd-rs`
[INFO] [stderr]     Updating git repository `https://github.com/MarcusTL12/simd-math-rs`
[INFO] [stderr]     Blocking waiting for file lock on package cache
[INFO] running `Command { std: "docker" "create" "-v" "/var/lib/crater-agent-workspace/builds/worker-7-tc1/target:/opt/rustwide/target:rw,Z" "-v" "/var/lib/crater-agent-workspace/builds/worker-7-tc1/source:/opt/rustwide/workdir:ro,Z" "-v" "/var/lib/crater-agent-workspace/cargo-home:/opt/rustwide/cargo-home:ro,Z" "-v" "/var/lib/crater-agent-workspace/rustup-home:/opt/rustwide/rustup-home:ro,Z" "-e" "SOURCE_DIR=/opt/rustwide/workdir" "-e" "CARGO_TARGET_DIR=/opt/rustwide/target" "-e" "CARGO_HOME=/opt/rustwide/cargo-home" "-e" "RUSTUP_HOME=/opt/rustwide/rustup-home" "-w" "/opt/rustwide/workdir" "-m" "1610612736" "--user" "0:0" "--network" "none" "ghcr.io/rust-lang/crates-build-env/linux@sha256:2788e3201cd34a07e3172128adcd8b3090168a8e3bcc40d7c032b9dda1df7d1c" "/opt/rustwide/cargo-home/bin/cargo" "+1.75.0" "metadata" "--no-deps" "--format-version=1", kill_on_drop: false }`
[INFO] [stdout] 52f97a210f58588246ddb9852f46c1cc7cb413167c25aa7dbc577e97c7a9fb72
[INFO] running `Command { std: "docker" "start" "-a" "52f97a210f58588246ddb9852f46c1cc7cb413167c25aa7dbc577e97c7a9fb72", kill_on_drop: false }`
[INFO] running `Command { std: "docker" "inspect" "52f97a210f58588246ddb9852f46c1cc7cb413167c25aa7dbc577e97c7a9fb72", kill_on_drop: false }`
[INFO] running `Command { std: "docker" "rm" "-f" "52f97a210f58588246ddb9852f46c1cc7cb413167c25aa7dbc577e97c7a9fb72", kill_on_drop: false }`
[INFO] [stdout] 52f97a210f58588246ddb9852f46c1cc7cb413167c25aa7dbc577e97c7a9fb72
[INFO] running `Command { std: "docker" "create" "-v" "/var/lib/crater-agent-workspace/builds/worker-7-tc1/target:/opt/rustwide/target:rw,Z" "-v" "/var/lib/crater-agent-workspace/builds/worker-7-tc1/source:/opt/rustwide/workdir:ro,Z" "-v" "/var/lib/crater-agent-workspace/cargo-home:/opt/rustwide/cargo-home:ro,Z" "-v" "/var/lib/crater-agent-workspace/rustup-home:/opt/rustwide/rustup-home:ro,Z" "-e" "SOURCE_DIR=/opt/rustwide/workdir" "-e" "CARGO_TARGET_DIR=/opt/rustwide/target" "-e" "CARGO_INCREMENTAL=0" "-e" "RUST_BACKTRACE=full" "-e" "RUSTFLAGS=--cap-lints=warn" "-e" "RUSTDOCFLAGS=--cap-lints=warn" "-e" "CARGO_HOME=/opt/rustwide/cargo-home" "-e" "RUSTUP_HOME=/opt/rustwide/rustup-home" "-w" "/opt/rustwide/workdir" "-m" "1610612736" "--user" "0:0" "--network" "none" "ghcr.io/rust-lang/crates-build-env/linux@sha256:2788e3201cd34a07e3172128adcd8b3090168a8e3bcc40d7c032b9dda1df7d1c" "/opt/rustwide/cargo-home/bin/cargo" "+1.75.0" "doc" "--frozen" "--no-deps" "--document-private-items" "--message-format=json", kill_on_drop: false }`
[INFO] [stdout] ef503985181db011a0aee3e6c3cf59cf9b29d0d11bb22805ca484de2ea0573f4
[INFO] running `Command { std: "docker" "start" "-a" "ef503985181db011a0aee3e6c3cf59cf9b29d0d11bb22805ca484de2ea0573f4", kill_on_drop: false }`
[INFO] [stderr]    Compiling libc v0.2.135
[INFO] [stderr]    Compiling crossbeam-utils v0.8.12
[INFO] [stderr]    Compiling crossbeam-epoch v0.9.11
[INFO] [stderr]    Compiling syn v1.0.102
[INFO] [stderr]    Compiling rayon-core v1.9.3
[INFO] [stderr]    Compiling rayon v1.5.3
[INFO] [stderr]    Compiling futures-core v0.3.24
[INFO] [stderr]    Compiling num-integer v0.1.45
[INFO] [stderr]     Checking miniz_oxide v0.5.4
[INFO] [stderr]    Compiling num-rational v0.4.1
[INFO] [stderr]     Checking futures-sink v0.3.24
[INFO] [stderr]     Checking bytemuck v1.12.1
[INFO] [stderr]     Checking simd-math v0.1.0 (https://github.com/MarcusTL12/simd-math-rs#a14d0589)
[INFO] [stdout] error[E0554]: `#![feature]` may not be used on the stable release channel
[INFO] [stdout]  --> /opt/rustwide/cargo-home/git/checkouts/simd-math-rs-572610f3c04d9739/a14d058/src/lib.rs:1:12
[INFO] [stdout]   |
[INFO] [stdout] 1 | #![feature(portable_simd)]
[INFO] [stdout]   |            ^^^^^^^^^^^^^
[INFO] [stdout] 
[INFO] [stdout] 
[INFO] [stdout] error[E0034]: multiple applicable items in scope
[INFO] [stdout]   --> /opt/rustwide/cargo-home/git/checkouts/simd-math-rs-572610f3c04d9739/a14d058/src/util.rs:23:13
[INFO] [stdout]    |
[INFO] [stdout] 23 |     (x - (n.cast()) * Simd::splat(a), n)
[INFO] [stdout]    |             ^^^^ multiple `cast` found
[INFO] [stdout]    |
[INFO] [stdout] note: candidate #1 is defined in the trait `SimdFloat`
[INFO] [stdout]   --> /rustc/82e1608dfa6e0b5569232559e3d385fea5a93112/library/core/src/../../portable-simd/crates/core_simd/src/elements/float.rs:45:5
[INFO] [stdout] note: candidate #2 is defined in the trait `SimdInt`
[INFO] [stdout]   --> /rustc/82e1608dfa6e0b5569232559e3d385fea5a93112/library/core/src/../../portable-simd/crates/core_simd/src/elements/int.rs:22:5
[INFO] [stdout] help: disambiguate the method for candidate #1
[INFO] [stdout]    |
[INFO] [stdout] 23 |     (x - SimdFloat::cast(n) * Simd::splat(a), n)
[INFO] [stdout]    |          ~~~~~~~~~~~~~~~~~~
[INFO] [stdout] help: disambiguate the method for candidate #2
[INFO] [stdout]    |
[INFO] [stdout] 23 |     (x - SimdInt::cast(n) * Simd::splat(a), n)
[INFO] [stdout]    |          ~~~~~~~~~~~~~~~~
[INFO] [stdout] 
[INFO] [stdout] 
[INFO] [stdout] error[E0599]: no method named `cast` found for struct `Simd` in the current scope
[INFO] [stdout]   --> /opt/rustwide/cargo-home/git/checkouts/simd-math-rs-572610f3c04d9739/a14d058/src/trig.rs:62:33
[INFO] [stdout]    |
[INFO] [stdout] 62 |     let n: Simd<i64, LANES> = n.cast();
[INFO] [stdout]    |                                 ^^^^ method not found in `Simd<i32, LANES>`
[INFO] [stdout]   --> /rustc/82e1608dfa6e0b5569232559e3d385fea5a93112/library/core/src/../../portable-simd/crates/core_simd/src/elements/int.rs:22:8
[INFO] [stdout]    |
[INFO] [stdout]    = note: the method is available for `Simd<i32, LANES>` here
[INFO] [stdout]    |
[INFO] [stdout]    = help: items from traits can only be used if the trait is in scope
[INFO] [stdout] help: the following trait is implemented but not in scope; perhaps add a `use` for it:
[INFO] [stdout]    |
[INFO] [stdout] 1  + use std::simd::SimdInt;
[INFO] [stdout]    |
[INFO] [stdout] 
[INFO] [stdout] 
[INFO] [stdout] error[E0599]: no method named `cast` found for struct `Simd` in the current scope
[INFO] [stdout]   --> /opt/rustwide/cargo-home/git/checkouts/simd-math-rs-572610f3c04d9739/a14d058/src/log.rs:88:32
[INFO] [stdout]    |
[INFO] [stdout] 88 |     (exp2 - Simd::splat(1023)).cast()
[INFO] [stdout]    |                                ^^^^ method not found in `Simd<u64, LANES>`
[INFO] [stdout]   --> /rustc/82e1608dfa6e0b5569232559e3d385fea5a93112/library/core/src/../../portable-simd/crates/core_simd/src/elements/uint.rs:17:8
[INFO] [stdout]    |
[INFO] [stdout]    = note: the method is available for `Simd<u64, LANES>` here
[INFO] [stdout]    |
[INFO] [stdout]    = help: items from traits can only be used if the trait is in scope
[INFO] [stdout] help: the following trait is implemented but not in scope; perhaps add a `use` for it:
[INFO] [stdout]    |
[INFO] [stdout] 1  + use std::simd::SimdUint;
[INFO] [stdout]    |
[INFO] [stdout] 
[INFO] [stdout] 
[INFO] [stdout] error: aborting due to 4 previous errors
[INFO] [stdout] 
[INFO] [stdout] 
[INFO] [stdout] Some errors have detailed explanations: E0034, E0554, E0599.
[INFO] [stdout] 
[INFO] [stdout] For more information about an error, try `rustc --explain E0034`.
[INFO] [stdout] 
[INFO] [stderr] error: could not compile `simd-math` (lib) due to 5 previous errors
[INFO] [stderr] warning: build failed, waiting for other jobs to finish...
[INFO] running `Command { std: "docker" "inspect" "ef503985181db011a0aee3e6c3cf59cf9b29d0d11bb22805ca484de2ea0573f4", kill_on_drop: false }`
[INFO] running `Command { std: "docker" "rm" "-f" "ef503985181db011a0aee3e6c3cf59cf9b29d0d11bb22805ca484de2ea0573f4", kill_on_drop: false }`
[INFO] [stdout] ef503985181db011a0aee3e6c3cf59cf9b29d0d11bb22805ca484de2ea0573f4
[INFO] documenting MarcusTL12/fractals-rs against beta-2023-12-22 for beta-1.76-rustdoc-1
[INFO] running `Command { std: "git" "clone" "/workspace/cache/git-repos/https%3A%2F%2Fgithub.com%2FMarcusTL12%2Ffractals-rs" "/workspace/builds/worker-7-tc2/source", kill_on_drop: false }`
[INFO] [stderr] Cloning into '/workspace/builds/worker-7-tc2/source'...
[INFO] [stderr] done.
[INFO] validating manifest of git repo https://github.com/MarcusTL12/fractals-rs on toolchain beta-2023-12-22
[INFO] running `Command { std: CARGO_HOME="/workspace/cargo-home" RUSTUP_HOME="/workspace/rustup-home" "/workspace/cargo-home/bin/cargo" "+beta-2023-12-22" "metadata" "--manifest-path" "Cargo.toml" "--no-deps", kill_on_drop: false }`
[INFO] removed /workspace/builds/worker-7-tc2/source/.cargo/config.toml
[INFO] started tweaking git repo https://github.com/MarcusTL12/fractals-rs
[INFO] finished tweaking git repo https://github.com/MarcusTL12/fractals-rs
[INFO] tweaked toml for git repo https://github.com/MarcusTL12/fractals-rs written to /workspace/builds/worker-7-tc2/source/Cargo.toml
[INFO] crate git repo https://github.com/MarcusTL12/fractals-rs already has a lockfile, it will not be regenerated
[INFO] running `Command { std: CARGO_HOME="/workspace/cargo-home" RUSTUP_HOME="/workspace/rustup-home" "/workspace/cargo-home/bin/cargo" "+beta-2023-12-22" "fetch" "--manifest-path" "Cargo.toml", kill_on_drop: false }`
[INFO] running `Command { std: "docker" "create" "-v" "/var/lib/crater-agent-workspace/builds/worker-7-tc2/target:/opt/rustwide/target:rw,Z" "-v" "/var/lib/crater-agent-workspace/builds/worker-7-tc2/source:/opt/rustwide/workdir:ro,Z" "-v" "/var/lib/crater-agent-workspace/cargo-home:/opt/rustwide/cargo-home:ro,Z" "-v" "/var/lib/crater-agent-workspace/rustup-home:/opt/rustwide/rustup-home:ro,Z" "-e" "SOURCE_DIR=/opt/rustwide/workdir" "-e" "CARGO_TARGET_DIR=/opt/rustwide/target" "-e" "CARGO_HOME=/opt/rustwide/cargo-home" "-e" "RUSTUP_HOME=/opt/rustwide/rustup-home" "-w" "/opt/rustwide/workdir" "-m" "1610612736" "--user" "0:0" "--network" "none" "ghcr.io/rust-lang/crates-build-env/linux@sha256:2788e3201cd34a07e3172128adcd8b3090168a8e3bcc40d7c032b9dda1df7d1c" "/opt/rustwide/cargo-home/bin/cargo" "+beta-2023-12-22" "metadata" "--no-deps" "--format-version=1", kill_on_drop: false }`
[INFO] [stdout] eb8cd28319a028d9a66c15e7b9db9fe81efac678734294e643902184f444884a
[INFO] running `Command { std: "docker" "start" "-a" "eb8cd28319a028d9a66c15e7b9db9fe81efac678734294e643902184f444884a", kill_on_drop: false }`
[INFO] running `Command { std: "docker" "inspect" "eb8cd28319a028d9a66c15e7b9db9fe81efac678734294e643902184f444884a", kill_on_drop: false }`
[INFO] running `Command { std: "docker" "rm" "-f" "eb8cd28319a028d9a66c15e7b9db9fe81efac678734294e643902184f444884a", kill_on_drop: false }`
[INFO] [stdout] eb8cd28319a028d9a66c15e7b9db9fe81efac678734294e643902184f444884a
[INFO] running `Command { std: "docker" "create" "-v" "/var/lib/crater-agent-workspace/builds/worker-7-tc2/target:/opt/rustwide/target:rw,Z" "-v" "/var/lib/crater-agent-workspace/builds/worker-7-tc2/source:/opt/rustwide/workdir:ro,Z" "-v" "/var/lib/crater-agent-workspace/cargo-home:/opt/rustwide/cargo-home:ro,Z" "-v" "/var/lib/crater-agent-workspace/rustup-home:/opt/rustwide/rustup-home:ro,Z" "-e" "SOURCE_DIR=/opt/rustwide/workdir" "-e" "CARGO_TARGET_DIR=/opt/rustwide/target" "-e" "CARGO_INCREMENTAL=0" "-e" "RUST_BACKTRACE=full" "-e" "RUSTFLAGS=--cap-lints=warn" "-e" "RUSTDOCFLAGS=--cap-lints=warn" "-e" "CARGO_HOME=/opt/rustwide/cargo-home" "-e" "RUSTUP_HOME=/opt/rustwide/rustup-home" "-w" "/opt/rustwide/workdir" "-m" "1610612736" "--user" "0:0" "--network" "none" "ghcr.io/rust-lang/crates-build-env/linux@sha256:2788e3201cd34a07e3172128adcd8b3090168a8e3bcc40d7c032b9dda1df7d1c" "/opt/rustwide/cargo-home/bin/cargo" "+beta-2023-12-22" "doc" "--frozen" "--no-deps" "--document-private-items" "--message-format=json", kill_on_drop: false }`
[INFO] [stdout] 2dbf01caf933c517c1f1fafd888c1502b3e3f11820570035440916a26b8d9b8f
[INFO] running `Command { std: "docker" "start" "-a" "2dbf01caf933c517c1f1fafd888c1502b3e3f11820570035440916a26b8d9b8f", kill_on_drop: false }`
[INFO] [stderr]    Compiling libc v0.2.135
[INFO] [stderr]    Compiling crossbeam-utils v0.8.12
[INFO] [stderr]    Compiling crossbeam-epoch v0.9.11
[INFO] [stderr]    Compiling syn v1.0.102
[INFO] [stderr]    Compiling rayon-core v1.9.3
[INFO] [stderr]    Compiling rayon v1.5.3
[INFO] [stderr]    Compiling futures-core v0.3.24
[INFO] [stderr]     Checking miniz_oxide v0.5.4
[INFO] [stderr]    Compiling num-integer v0.1.45
[INFO] [stderr]    Compiling num-rational v0.4.1
[INFO] [stderr]     Checking futures-sink v0.3.24
[INFO] [stderr]     Checking simd-math v0.1.0 (https://github.com/MarcusTL12/simd-math-rs#a14d0589)
[INFO] [stderr]     Checking bytemuck v1.12.1
[INFO] [stdout] error[E0432]: unresolved imports `std::simd::SimdFloat`, `std::simd::SimdInt`, `std::simd::SimdPartialEq`
[INFO] [stdout]  --> /opt/rustwide/cargo-home/git/checkouts/simd-math-rs-572610f3c04d9739/a14d058/src/util.rs:2:22
[INFO] [stdout]   |
[INFO] [stdout] 2 |     LaneCount, Simd, SimdFloat, SimdInt, SimdPartialEq, StdFloat,
[INFO] [stdout]   |                      ^^^^^^^^^  ^^^^^^^  ^^^^^^^^^^^^^ no `SimdPartialEq` in `simd`
[INFO] [stdout]   |                      |          |
[INFO] [stdout]   |                      |          no `SimdInt` in `simd`
[INFO] [stdout]   |                      no `SimdFloat` in `simd`
[INFO] [stdout]   |                      help: a similar name exists in the module: `StdFloat`
[INFO] [stdout]   |
[INFO] [stdout]   = help: consider importing one of these items instead:
[INFO] [stdout]           core::simd::prelude::SimdFloat
[INFO] [stdout]           std::simd::prelude::SimdFloat
[INFO] [stdout]   = help: consider importing one of these items instead:
[INFO] [stdout]           core::simd::prelude::SimdInt
[INFO] [stdout]           std::simd::prelude::SimdInt
[INFO] [stdout]   = help: consider importing one of these items instead:
[INFO] [stdout]           core::simd::prelude::SimdPartialEq
[INFO] [stdout]           std::simd::prelude::SimdPartialEq
[INFO] [stdout] 
[INFO] [stdout] 
[INFO] [stdout] error[E0432]: unresolved import `std::simd::SimdPartialEq`
[INFO] [stdout]  --> /opt/rustwide/cargo-home/git/checkouts/simd-math-rs-572610f3c04d9739/a14d058/src/trig.rs:3:29
[INFO] [stdout]   |
[INFO] [stdout] 3 |     simd::{LaneCount, Simd, SimdPartialEq, SupportedLaneCount},
[INFO] [stdout]   |                             ^^^^^^^^^^^^^ no `SimdPartialEq` in `simd`
[INFO] [stdout]   |
[INFO] [stdout]   = help: consider importing one of these items instead:
[INFO] [stdout]           core::simd::prelude::SimdPartialEq
[INFO] [stdout]           std::simd::prelude::SimdPartialEq
[INFO] [stdout] 
[INFO] [stdout] 
[INFO] [stdout] error[E0432]: unresolved imports `std::simd::SimdFloat`, `std::simd::SimdPartialEq`
[INFO] [stdout]  --> /opt/rustwide/cargo-home/git/checkouts/simd-math-rs-572610f3c04d9739/a14d058/src/invtrig.rs:4:26
[INFO] [stdout]   |
[INFO] [stdout] 4 |         LaneCount, Simd, SimdFloat, SimdPartialEq, StdFloat, SupportedLaneCount,
[INFO] [stdout]   |                          ^^^^^^^^^  ^^^^^^^^^^^^^ no `SimdPartialEq` in `simd`
[INFO] [stdout]   |                          |
[INFO] [stdout]   |                          no `SimdFloat` in `simd`
[INFO] [stdout]   |                          help: a similar name exists in the module: `StdFloat`
[INFO] [stdout]   |
[INFO] [stdout]   = help: consider importing one of these items instead:
[INFO] [stdout]           core::simd::prelude::SimdFloat
[INFO] [stdout]           std::simd::prelude::SimdFloat
[INFO] [stdout]   = help: consider importing one of these items instead:
[INFO] [stdout]           core::simd::prelude::SimdPartialEq
[INFO] [stdout]           std::simd::prelude::SimdPartialEq
[INFO] [stdout] 
[INFO] [stdout] 
[INFO] [stdout] error[E0432]: unresolved imports `std::simd::SimdFloat`, `std::simd::SimdInt`
[INFO] [stdout]  --> /opt/rustwide/cargo-home/git/checkouts/simd-math-rs-572610f3c04d9739/a14d058/src/log.rs:1:34
[INFO] [stdout]   |
[INFO] [stdout] 1 | use std::simd::{LaneCount, Simd, SimdFloat, SimdInt, SupportedLaneCount};
[INFO] [stdout]   |                                  ^^^^^^^^^  ^^^^^^^ no `SimdInt` in `simd`
[INFO] [stdout]   |                                  |
[INFO] [stdout]   |                                  no `SimdFloat` in `simd`
[INFO] [stdout]   |                                  help: a similar name exists in the module: `StdFloat`
[INFO] [stdout]   |
[INFO] [stdout]   = help: consider importing one of these items instead:
[INFO] [stdout]           core::simd::prelude::SimdFloat
[INFO] [stdout]           std::simd::prelude::SimdFloat
[INFO] [stdout]   = help: consider importing one of these items instead:
[INFO] [stdout]           core::simd::prelude::SimdInt
[INFO] [stdout]           std::simd::prelude::SimdInt
[INFO] [stdout] 
[INFO] [stdout] 
[INFO] [stdout] error[E0432]: unresolved import `std::simd::SimdFloat`
[INFO] [stdout]  --> /opt/rustwide/cargo-home/git/checkouts/simd-math-rs-572610f3c04d9739/a14d058/src/simdfloatmath_trait/mod.rs:1:5
[INFO] [stdout]   |
[INFO] [stdout] 1 | use std::simd::SimdFloat;
[INFO] [stdout]   |     ^^^^^^^^^^^^^^^^^^^^ no `SimdFloat` in `simd`
[INFO] [stdout]   |
[INFO] [stdout] help: a similar name exists in the module
[INFO] [stdout]   |
[INFO] [stdout] 1 | use std::simd::StdFloat;
[INFO] [stdout]   |                ~~~~~~~~
[INFO] [stdout] help: consider importing one of these items instead
[INFO] [stdout]   |
[INFO] [stdout] 1 | use core::simd::prelude::SimdFloat;
[INFO] [stdout]   |     ~~~~~~~~~~~~~~~~~~~~~~~~~~~~~~
[INFO] [stdout] 1 | use std::simd::prelude::SimdFloat;
[INFO] [stdout]   |     ~~~~~~~~~~~~~~~~~~~~~~~~~~~~~
[INFO] [stdout] 
[INFO] [stdout] 
[INFO] [stdout] error[E0554]: `#![feature]` may not be used on the beta release channel
[INFO] [stdout]  --> /opt/rustwide/cargo-home/git/checkouts/simd-math-rs-572610f3c04d9739/a14d058/src/lib.rs:1:12
[INFO] [stdout]   |
[INFO] [stdout] 1 | #![feature(portable_simd)]
[INFO] [stdout]   |            ^^^^^^^^^^^^^
[INFO] [stdout] 
[INFO] [stdout] 
[INFO] [stdout] error: aborting due to 6 previous errors
[INFO] [stdout] 
[INFO] [stdout] 
[INFO] [stdout] Some errors have detailed explanations: E0432, E0554.
[INFO] [stdout] 
[INFO] [stdout] For more information about an error, try `rustc --explain E0432`.
[INFO] [stdout] 
[INFO] [stderr] error: could not compile `simd-math` (lib) due to 7 previous errors
[INFO] [stderr] warning: build failed, waiting for other jobs to finish...
[INFO] running `Command { std: "docker" "inspect" "2dbf01caf933c517c1f1fafd888c1502b3e3f11820570035440916a26b8d9b8f", kill_on_drop: false }`
[INFO] running `Command { std: "docker" "rm" "-f" "2dbf01caf933c517c1f1fafd888c1502b3e3f11820570035440916a26b8d9b8f", kill_on_drop: false }`
[INFO] [stdout] 2dbf01caf933c517c1f1fafd888c1502b3e3f11820570035440916a26b8d9b8f
