[INFO] cloning repository https://github.com/Mangman/ihateblockchain
[INFO] running `Command { std: "git" "-c" "credential.helper=" "-c" "credential.helper=/workspace/cargo-home/bin/git-credential-null" "clone" "--bare" "https://github.com/Mangman/ihateblockchain" "/workspace/cache/git-repos/https%3A%2F%2Fgithub.com%2FMangman%2Fihateblockchain", kill_on_drop: false }`
[INFO] [stderr] Cloning into bare repository '/workspace/cache/git-repos/https%3A%2F%2Fgithub.com%2FMangman%2Fihateblockchain'...
[INFO] running `Command { std: "git" "rev-parse" "HEAD", kill_on_drop: false }`
[INFO] [stdout] 2a829816f63bc4ae117b4b15bba274f2f49688dd
[INFO] documenting Mangman/ihateblockchain against 1.75.0 for beta-1.76-rustdoc-1
[INFO] running `Command { std: "git" "clone" "/workspace/cache/git-repos/https%3A%2F%2Fgithub.com%2FMangman%2Fihateblockchain" "/workspace/builds/worker-3-tc1/source", kill_on_drop: false }`
[INFO] [stderr] Cloning into '/workspace/builds/worker-3-tc1/source'...
[INFO] [stderr] done.
[INFO] validating manifest of git repo https://github.com/Mangman/ihateblockchain on toolchain 1.75.0
[INFO] running `Command { std: CARGO_HOME="/workspace/cargo-home" RUSTUP_HOME="/workspace/rustup-home" "/workspace/cargo-home/bin/cargo" "+1.75.0" "metadata" "--manifest-path" "Cargo.toml" "--no-deps", kill_on_drop: false }`
[INFO] started tweaking git repo https://github.com/Mangman/ihateblockchain
[INFO] finished tweaking git repo https://github.com/Mangman/ihateblockchain
[INFO] tweaked toml for git repo https://github.com/Mangman/ihateblockchain written to /workspace/builds/worker-3-tc1/source/Cargo.toml
[INFO] crate git repo https://github.com/Mangman/ihateblockchain already has a lockfile, it will not be regenerated
[INFO] running `Command { std: CARGO_HOME="/workspace/cargo-home" RUSTUP_HOME="/workspace/rustup-home" "/workspace/cargo-home/bin/cargo" "+1.75.0" "fetch" "--manifest-path" "Cargo.toml", kill_on_drop: false }`
[INFO] [stderr]     Updating crates.io index
[INFO] [stderr]  Downloading crates ...
[INFO] [stderr]   Downloaded ctrlc v3.0.2
[INFO] [stderr]   Downloaded router v0.5.1
[INFO] [stderr]   Downloaded route-recognizer v0.1.12
[INFO] [stderr]   Downloaded sequence_trie v0.2.1
[INFO] [stderr]   Downloaded colored v1.5.2
[INFO] [stderr]   Downloaded params v0.6.0
[INFO] [stderr]   Downloaded toml v0.4.5
[INFO] [stderr]   Downloaded multipart v0.8.1
[INFO] [stderr]   Downloaded urlencoded v0.5.0
[INFO] [stderr]   Downloaded bodyparser v0.5.0
[INFO] [stderr]   Downloaded bodyparser v0.7.0
[INFO] [stderr]   Downloaded mount v0.3.0
[INFO] [stderr]   Downloaded serde v1.0.11
[INFO] [stderr]   Downloaded buf_redux v0.3.0
[INFO] [stderr]   Downloaded headers v0.1.0
[INFO] [stderr]   Downloaded redox_syscall v0.1.30
[INFO] [stderr]   Downloaded serde_derive v1.0.11
[INFO] [stderr]   Downloaded mime_guess v1.8.2
[INFO] [stderr]   Downloaded persistent v0.3.0
[INFO] [stderr]   Downloaded iron v0.5.1
[INFO] [stderr]   Downloaded leveldb-sys v2.0.1
[INFO] [stderr]   Downloaded sodiumoxide v0.0.14
[INFO] [stderr]   Downloaded cookie v0.6.2
[INFO] [stderr]   Downloaded exonum_leveldb v0.9.0
[INFO] [stderr]   Downloaded libsodium-sys v0.0.14
[INFO] [stderr]   Downloaded exonum v0.1.0
[INFO] [stderr]   Downloaded exonum_profiler v0.1.0
[INFO] running `Command { std: "docker" "create" "-v" "/var/lib/crater-agent-workspace/builds/worker-3-tc1/target:/opt/rustwide/target:rw,Z" "-v" "/var/lib/crater-agent-workspace/builds/worker-3-tc1/source:/opt/rustwide/workdir:ro,Z" "-v" "/var/lib/crater-agent-workspace/cargo-home:/opt/rustwide/cargo-home:ro,Z" "-v" "/var/lib/crater-agent-workspace/rustup-home:/opt/rustwide/rustup-home:ro,Z" "-e" "SOURCE_DIR=/opt/rustwide/workdir" "-e" "CARGO_TARGET_DIR=/opt/rustwide/target" "-e" "CARGO_HOME=/opt/rustwide/cargo-home" "-e" "RUSTUP_HOME=/opt/rustwide/rustup-home" "-w" "/opt/rustwide/workdir" "-m" "1610612736" "--user" "0:0" "--network" "none" "ghcr.io/rust-lang/crates-build-env/linux@sha256:2788e3201cd34a07e3172128adcd8b3090168a8e3bcc40d7c032b9dda1df7d1c" "/opt/rustwide/cargo-home/bin/cargo" "+1.75.0" "metadata" "--no-deps" "--format-version=1", kill_on_drop: false }`
[INFO] [stdout] 555b03e8d1465e603b1aa3174a8dd35ba9543d00c82d6cc0515bec91fcc84b55
[INFO] running `Command { std: "docker" "start" "-a" "555b03e8d1465e603b1aa3174a8dd35ba9543d00c82d6cc0515bec91fcc84b55", kill_on_drop: false }`
[INFO] running `Command { std: "docker" "inspect" "555b03e8d1465e603b1aa3174a8dd35ba9543d00c82d6cc0515bec91fcc84b55", kill_on_drop: false }`
[INFO] running `Command { std: "docker" "rm" "-f" "555b03e8d1465e603b1aa3174a8dd35ba9543d00c82d6cc0515bec91fcc84b55", kill_on_drop: false }`
[INFO] [stdout] 555b03e8d1465e603b1aa3174a8dd35ba9543d00c82d6cc0515bec91fcc84b55
[INFO] running `Command { std: "docker" "create" "-v" "/var/lib/crater-agent-workspace/builds/worker-3-tc1/target:/opt/rustwide/target:rw,Z" "-v" "/var/lib/crater-agent-workspace/builds/worker-3-tc1/source:/opt/rustwide/workdir:ro,Z" "-v" "/var/lib/crater-agent-workspace/cargo-home:/opt/rustwide/cargo-home:ro,Z" "-v" "/var/lib/crater-agent-workspace/rustup-home:/opt/rustwide/rustup-home:ro,Z" "-e" "SOURCE_DIR=/opt/rustwide/workdir" "-e" "CARGO_TARGET_DIR=/opt/rustwide/target" "-e" "CARGO_INCREMENTAL=0" "-e" "RUST_BACKTRACE=full" "-e" "RUSTFLAGS=--cap-lints=warn" "-e" "RUSTDOCFLAGS=--cap-lints=warn" "-e" "CARGO_HOME=/opt/rustwide/cargo-home" "-e" "RUSTUP_HOME=/opt/rustwide/rustup-home" "-w" "/opt/rustwide/workdir" "-m" "1610612736" "--user" "0:0" "--network" "none" "ghcr.io/rust-lang/crates-build-env/linux@sha256:2788e3201cd34a07e3172128adcd8b3090168a8e3bcc40d7c032b9dda1df7d1c" "/opt/rustwide/cargo-home/bin/cargo" "+1.75.0" "doc" "--frozen" "--no-deps" "--document-private-items" "--message-format=json", kill_on_drop: false }`
[INFO] [stdout] 9ce8ba4ea3b0646a45e6263ea1e75c75d2d16b7f2269e4f5cd4aa5b0c2d627af
[INFO] running `Command { std: "docker" "start" "-a" "9ce8ba4ea3b0646a45e6263ea1e75c75d2d16b7f2269e4f5cd4aa5b0c2d627af", kill_on_drop: false }`
[INFO] [stderr]     Checking libc v0.2.29
[INFO] [stderr]    Compiling version_check v0.1.3
[INFO] [stderr]    Compiling winapi-build v0.1.1
[INFO] [stderr]     Checking log v0.3.8
[INFO] [stderr]     Checking rustc-serialize v0.3.24
[INFO] [stderr]     Checking traitobject v0.1.0
[INFO] [stderr]     Checking num-traits v0.1.40
[INFO] [stderr]     Checking matches v0.1.6
[INFO] [stderr]     Checking unicode-normalization v0.1.5
[INFO] [stderr]     Checking byteorder v1.1.0
[INFO] [stderr]     Checking typeable v0.1.2
[INFO] [stderr]     Checking percent-encoding v1.0.0
[INFO] [stderr]     Checking winapi v0.2.8
[INFO] [stderr]     Checking lazy_static v0.2.8
[INFO] [stderr]     Checking httparse v1.2.3
[INFO] [stderr]     Checking language-tags v0.2.2
[INFO] [stderr]     Checking unicode-bidi v0.3.4
[INFO] [stderr]     Checking modifier v0.1.0
[INFO] [stderr]    Compiling siphasher v0.2.2
[INFO] [stderr]     Checking unsafe-any v0.4.2
[INFO] [stderr]     Checking error v0.1.9
[INFO] [stderr]     Checking mime v0.2.6
[INFO] [stderr]    Compiling kernel32-sys v0.2.2
[INFO] [stderr]    Compiling ws2_32-sys v0.2.1
[INFO] [stderr]     Checking typemap v0.3.3
[INFO] [stderr]    Compiling unicode-xid v0.0.4
[INFO] [stderr]     Checking itoa v0.1.1
[INFO] [stderr]     Checking base64 v0.5.2
[INFO] [stderr]     Checking serde v0.8.23
[INFO] [stderr]    Compiling pkg-config v0.3.9
[INFO] [stderr]     Checking dtoa v0.2.2
[INFO] [stderr]     Checking plugin v0.2.6
[INFO] [stderr]    Compiling unicase v1.4.2
[INFO] [stderr]    Compiling synom v0.11.3
[INFO] [stderr]    Compiling leveldb-sys v2.0.1
[INFO] [stderr]     Checking cfg-if v0.1.2
[INFO] [stderr]     Checking serde v1.0.11
[INFO] [stderr]    Compiling quote v0.3.15
[INFO] [stderr]     Checking bitflags v0.4.0
[INFO] [stderr]     Checking unicode-width v0.1.4
[INFO] [stderr]     Checking time v0.1.38
[INFO] [stderr]     Checking num_cpus v1.6.2
[INFO] [stderr]     Checking rand v0.3.16
[INFO] [stderr]     Checking idna v0.1.4
[INFO] [stderr]     Checking memchr v0.1.11
[INFO] [stderr]     Checking thread-id v2.0.0
[INFO] [stderr]     Checking num-integer v0.1.35
[INFO] [stderr]     Checking net2 v0.2.31
[INFO] [stderr]     Checking thread_local v0.2.7
[INFO] [stderr]     Checking aho-corasick v0.5.3
[INFO] [stderr]    Compiling syn v0.11.11
[INFO] [stderr]     Checking num-iter v0.1.34
[INFO] [stderr]     Checking term_size v0.3.0
[INFO] [stderr]    Compiling libsodium-sys v0.0.14
[INFO] [stderr]     Checking phf_shared v0.7.21
[INFO] [stderr]     Checking regex-syntax v0.3.9
[INFO] [stderr]     Checking itoa v0.3.1
[INFO] [stderr]     Checking utf8-ranges v0.1.3
[INFO] [stderr]     Checking dtoa v0.4.1
[INFO] [stderr]     Checking buf_redux v0.3.0
[INFO] [stderr]     Checking phf v0.7.21
[INFO] [stderr]     Checking miow v0.1.5
[INFO] [stderr]     Checking textwrap v0.7.0
[INFO] [stderr]     Checking ctrlc v3.0.2
[INFO] [stderr]     Checking atty v0.2.2
[INFO] [stderr]     Checking nix v0.5.1
[INFO] [stderr]     Checking ansi_term v0.9.0
[INFO] [stderr]     Checking bytes v0.3.0
[INFO] [stderr]     Checking route-recognizer v0.1.12
[INFO] [stderr]     Checking sequence_trie v0.2.1
[INFO] [stderr]     Checking vec_map v0.8.0
[INFO] [stderr] error: failed to run custom build command for `leveldb-sys v2.0.1`
[INFO] [stderr] note: To improve backtraces for build dependencies, set the CARGO_PROFILE_DEV_BUILD_OVERRIDE_DEBUG=true environment variable to enable debug information generation.
[INFO] [stderr] 
[INFO] [stderr] Caused by:
[INFO] [stderr]   process didn't exit successfully: `/opt/rustwide/target/debug/build/leveldb-sys-7046967f57c88c4b/build-script-build` (exit status: 101)
[INFO] [stderr]   --- stdout
[INFO] [stderr]   [build] Started
[INFO] [stderr]   [build] Patching the `build_detect_platform` template
[INFO] [stderr] 
[INFO] [stderr]   --- stderr
[INFO] [stderr]   thread 'main' panicked at /opt/rustwide/cargo-home/registry/src/index.crates.io-6f17d22bba15001f/leveldb-sys-2.0.1/src/build.rs:161:48:
[INFO] [stderr]   called `Result::unwrap()` on an `Err` value: Os { code: 30, kind: ReadOnlyFilesystem, message: "Read-only file system" }
[INFO] [stderr]   stack backtrace:
[INFO] [stderr]      0:     0x55f62644fbbc - std::backtrace_rs::backtrace::libunwind::trace::ha637c64ce894333a
[INFO] [stderr]                                  at /rustc/82e1608dfa6e0b5569232559e3d385fea5a93112/library/std/src/../../backtrace/src/backtrace/libunwind.rs:104:5
[INFO] [stderr]      1:     0x55f62644fbbc - std::backtrace_rs::backtrace::trace_unsynchronized::h47f62dea28e0c88d
[INFO] [stderr]                                  at /rustc/82e1608dfa6e0b5569232559e3d385fea5a93112/library/std/src/../../backtrace/src/backtrace/mod.rs:66:5
[INFO] [stderr]      2:     0x55f62644fbbc - std::sys_common::backtrace::_print_fmt::h9eef0abe20ede486
[INFO] [stderr]                                  at /rustc/82e1608dfa6e0b5569232559e3d385fea5a93112/library/std/src/sys_common/backtrace.rs:67:5
[INFO] [stderr]      3:     0x55f62644fbbc - <std::sys_common::backtrace::_print::DisplayBacktrace as core::fmt::Display>::fmt::hed7f999df88cc644
[INFO] [stderr]                                  at /rustc/82e1608dfa6e0b5569232559e3d385fea5a93112/library/std/src/sys_common/backtrace.rs:44:22
[INFO] [stderr]      4:     0x55f626473c50 - core::fmt::rt::Argument::fmt::h1539a9308b8d058d
[INFO] [stderr]                                  at /rustc/82e1608dfa6e0b5569232559e3d385fea5a93112/library/core/src/fmt/rt.rs:142:9
[INFO] [stderr]      5:     0x55f626473c50 - core::fmt::write::h3a39390d8560d9c9
[INFO] [stderr]                                  at /rustc/82e1608dfa6e0b5569232559e3d385fea5a93112/library/core/src/fmt/mod.rs:1120:17
[INFO] [stderr]      6:     0x55f62644dc7f - std::io::Write::write_fmt::h5fc9997dfe05f882
[INFO] [stderr]                                  at /rustc/82e1608dfa6e0b5569232559e3d385fea5a93112/library/std/src/io/mod.rs:1762:15
[INFO] [stderr]      7:     0x55f62644f9a4 - std::sys_common::backtrace::_print::h894006fb5c6f3d45
[INFO] [stderr]                                  at /rustc/82e1608dfa6e0b5569232559e3d385fea5a93112/library/std/src/sys_common/backtrace.rs:47:5
[INFO] [stderr]      8:     0x55f62644f9a4 - std::sys_common::backtrace::print::h23a2d212c6fff936
[INFO] [stderr]                                  at /rustc/82e1608dfa6e0b5569232559e3d385fea5a93112/library/std/src/sys_common/backtrace.rs:34:9
[INFO] [stderr]      9:     0x55f626451047 - std::panicking::default_hook::{{closure}}::h8a1d2ee00185001a
[INFO] [stderr]     10:     0x55f626450daf - std::panicking::default_hook::h6038f2eba384e475
[INFO] [stderr]                                  at /rustc/82e1608dfa6e0b5569232559e3d385fea5a93112/library/std/src/panicking.rs:292:9
[INFO] [stderr]     11:     0x55f6264514c8 - std::panicking::rust_panic_with_hook::h2b5517d590cab22e
[INFO] [stderr]                                  at /rustc/82e1608dfa6e0b5569232559e3d385fea5a93112/library/std/src/panicking.rs:779:13
[INFO] [stderr]     12:     0x55f6264513ae - std::panicking::begin_panic_handler::{{closure}}::h233112c06e0ef43e
[INFO] [stderr]                                  at /rustc/82e1608dfa6e0b5569232559e3d385fea5a93112/library/std/src/panicking.rs:657:13
[INFO] [stderr]     13:     0x55f626450086 - std::sys_common::backtrace::__rust_end_short_backtrace::h6e893f24d7ebbff8
[INFO] [stderr]                                  at /rustc/82e1608dfa6e0b5569232559e3d385fea5a93112/library/std/src/sys_common/backtrace.rs:170:18
[INFO] [stderr]     14:     0x55f626451112 - rust_begin_unwind
[INFO] [stderr]                                  at /rustc/82e1608dfa6e0b5569232559e3d385fea5a93112/library/std/src/panicking.rs:645:5
[INFO] [stderr]     15:     0x55f62641a365 - core::panicking::panic_fmt::hbf0e066aabfa482c
[INFO] [stderr]                                  at /rustc/82e1608dfa6e0b5569232559e3d385fea5a93112/library/core/src/panicking.rs:72:14
[INFO] [stderr]     16:     0x55f62641a7c3 - core::result::unwrap_failed::hddb4fea594200c52
[INFO] [stderr]                                  at /rustc/82e1608dfa6e0b5569232559e3d385fea5a93112/library/core/src/result.rs:1653:5
[INFO] [stderr]     17:     0x55f6264232c4 - core::result::Result<T,E>::unwrap::h684d6bf1ced4b74e
[INFO] [stderr]     18:     0x55f62642971c - build_script_build::main::h234b10ea1e73e0b6
[INFO] [stderr]     19:     0x55f62642aa43 - core::ops::function::FnOnce::call_once::h23f71c9440fffd4d
[INFO] [stderr]     20:     0x55f62642c5b6 - std::sys_common::backtrace::__rust_begin_short_backtrace::h484ad7ac19e14b3b
[INFO] [stderr]     21:     0x55f626422609 - std::rt::lang_start::{{closure}}::hfa38b58173ec090e
[INFO] [stderr]     22:     0x55f62644a627 - core::ops::function::impls::<impl core::ops::function::FnOnce<A> for &F>::call_once::hd95060ecd5e1ca24
[INFO] [stderr]                                  at /rustc/82e1608dfa6e0b5569232559e3d385fea5a93112/library/core/src/ops/function.rs:284:13
[INFO] [stderr]     23:     0x55f62644a627 - std::panicking::try::do_call::h6e8cf51db32a6e4b
[INFO] [stderr]                                  at /rustc/82e1608dfa6e0b5569232559e3d385fea5a93112/library/std/src/panicking.rs:552:40
[INFO] [stderr]     24:     0x55f62644a627 - std::panicking::try::h3a52eefe24fe3c29
[INFO] [stderr]                                  at /rustc/82e1608dfa6e0b5569232559e3d385fea5a93112/library/std/src/panicking.rs:516:19
[INFO] [stderr]     25:     0x55f62644a627 - std::panic::catch_unwind::h24c28c23c02c3841
[INFO] [stderr]                                  at /rustc/82e1608dfa6e0b5569232559e3d385fea5a93112/library/std/src/panic.rs:142:14
[INFO] [stderr]     26:     0x55f62644a627 - std::rt::lang_start_internal::{{closure}}::h705d3c9cbc06ef47
[INFO] [stderr]                                  at /rustc/82e1608dfa6e0b5569232559e3d385fea5a93112/library/std/src/rt.rs:148:48
[INFO] [stderr]     27:     0x55f62644a627 - std::panicking::try::do_call::ha21f52ba13158470
[INFO] [stderr]                                  at /rustc/82e1608dfa6e0b5569232559e3d385fea5a93112/library/std/src/panicking.rs:552:40
[INFO] [stderr]     28:     0x55f62644a627 - std::panicking::try::h5581346bf6aeb1f8
[INFO] [stderr]                                  at /rustc/82e1608dfa6e0b5569232559e3d385fea5a93112/library/std/src/panicking.rs:516:19
[INFO] [stderr]     29:     0x55f62644a627 - std::panic::catch_unwind::h7919645a6b72e25b
[INFO] [stderr]                                  at /rustc/82e1608dfa6e0b5569232559e3d385fea5a93112/library/std/src/panic.rs:142:14
[INFO] [stderr]     30:     0x55f62644a627 - std::rt::lang_start_internal::h12de51168669836e
[INFO] [stderr]                                  at /rustc/82e1608dfa6e0b5569232559e3d385fea5a93112/library/std/src/rt.rs:148:20
[INFO] [stderr]     31:     0x55f6264225e7 - std::rt::lang_start::hb7799962fbc96d30
[INFO] [stderr]     32:     0x55f62642a065 - main
[INFO] [stderr]     33:     0x7fc401b4dd90 - <unknown>
[INFO] [stderr]     34:     0x7fc401b4de40 - __libc_start_main
[INFO] [stderr]     35:     0x55f62641aa85 - _start
[INFO] [stderr]     36:                0x0 - <unknown>
[INFO] [stderr] warning: build failed, waiting for other jobs to finish...
[INFO] running `Command { std: "docker" "inspect" "9ce8ba4ea3b0646a45e6263ea1e75c75d2d16b7f2269e4f5cd4aa5b0c2d627af", kill_on_drop: false }`
[INFO] running `Command { std: "docker" "rm" "-f" "9ce8ba4ea3b0646a45e6263ea1e75c75d2d16b7f2269e4f5cd4aa5b0c2d627af", kill_on_drop: false }`
[INFO] [stdout] 9ce8ba4ea3b0646a45e6263ea1e75c75d2d16b7f2269e4f5cd4aa5b0c2d627af
[INFO] documenting Mangman/ihateblockchain against beta-2023-12-22 for beta-1.76-rustdoc-1
[INFO] running `Command { std: "git" "clone" "/workspace/cache/git-repos/https%3A%2F%2Fgithub.com%2FMangman%2Fihateblockchain" "/workspace/builds/worker-3-tc2/source", kill_on_drop: false }`
[INFO] [stderr] Cloning into '/workspace/builds/worker-3-tc2/source'...
[INFO] [stderr] done.
[INFO] validating manifest of git repo https://github.com/Mangman/ihateblockchain on toolchain beta-2023-12-22
[INFO] running `Command { std: CARGO_HOME="/workspace/cargo-home" RUSTUP_HOME="/workspace/rustup-home" "/workspace/cargo-home/bin/cargo" "+beta-2023-12-22" "metadata" "--manifest-path" "Cargo.toml" "--no-deps", kill_on_drop: false }`
[INFO] started tweaking git repo https://github.com/Mangman/ihateblockchain
[INFO] finished tweaking git repo https://github.com/Mangman/ihateblockchain
[INFO] tweaked toml for git repo https://github.com/Mangman/ihateblockchain written to /workspace/builds/worker-3-tc2/source/Cargo.toml
[INFO] crate git repo https://github.com/Mangman/ihateblockchain already has a lockfile, it will not be regenerated
[INFO] running `Command { std: CARGO_HOME="/workspace/cargo-home" RUSTUP_HOME="/workspace/rustup-home" "/workspace/cargo-home/bin/cargo" "+beta-2023-12-22" "fetch" "--manifest-path" "Cargo.toml", kill_on_drop: false }`
[INFO] running `Command { std: "docker" "create" "-v" "/var/lib/crater-agent-workspace/builds/worker-3-tc2/target:/opt/rustwide/target:rw,Z" "-v" "/var/lib/crater-agent-workspace/builds/worker-3-tc2/source:/opt/rustwide/workdir:ro,Z" "-v" "/var/lib/crater-agent-workspace/cargo-home:/opt/rustwide/cargo-home:ro,Z" "-v" "/var/lib/crater-agent-workspace/rustup-home:/opt/rustwide/rustup-home:ro,Z" "-e" "SOURCE_DIR=/opt/rustwide/workdir" "-e" "CARGO_TARGET_DIR=/opt/rustwide/target" "-e" "CARGO_HOME=/opt/rustwide/cargo-home" "-e" "RUSTUP_HOME=/opt/rustwide/rustup-home" "-w" "/opt/rustwide/workdir" "-m" "1610612736" "--user" "0:0" "--network" "none" "ghcr.io/rust-lang/crates-build-env/linux@sha256:2788e3201cd34a07e3172128adcd8b3090168a8e3bcc40d7c032b9dda1df7d1c" "/opt/rustwide/cargo-home/bin/cargo" "+beta-2023-12-22" "metadata" "--no-deps" "--format-version=1", kill_on_drop: false }`
[INFO] [stdout] 9a13dce93088abed7d2f26898f9d91d9dc803e8d5459c7dc803fd87984cd7c0c
[INFO] running `Command { std: "docker" "start" "-a" "9a13dce93088abed7d2f26898f9d91d9dc803e8d5459c7dc803fd87984cd7c0c", kill_on_drop: false }`
[INFO] running `Command { std: "docker" "inspect" "9a13dce93088abed7d2f26898f9d91d9dc803e8d5459c7dc803fd87984cd7c0c", kill_on_drop: false }`
[INFO] running `Command { std: "docker" "rm" "-f" "9a13dce93088abed7d2f26898f9d91d9dc803e8d5459c7dc803fd87984cd7c0c", kill_on_drop: false }`
[INFO] [stdout] 9a13dce93088abed7d2f26898f9d91d9dc803e8d5459c7dc803fd87984cd7c0c
[INFO] running `Command { std: "docker" "create" "-v" "/var/lib/crater-agent-workspace/builds/worker-3-tc2/target:/opt/rustwide/target:rw,Z" "-v" "/var/lib/crater-agent-workspace/builds/worker-3-tc2/source:/opt/rustwide/workdir:ro,Z" "-v" "/var/lib/crater-agent-workspace/cargo-home:/opt/rustwide/cargo-home:ro,Z" "-v" "/var/lib/crater-agent-workspace/rustup-home:/opt/rustwide/rustup-home:ro,Z" "-e" "SOURCE_DIR=/opt/rustwide/workdir" "-e" "CARGO_TARGET_DIR=/opt/rustwide/target" "-e" "CARGO_INCREMENTAL=0" "-e" "RUST_BACKTRACE=full" "-e" "RUSTFLAGS=--cap-lints=warn" "-e" "RUSTDOCFLAGS=--cap-lints=warn" "-e" "CARGO_HOME=/opt/rustwide/cargo-home" "-e" "RUSTUP_HOME=/opt/rustwide/rustup-home" "-w" "/opt/rustwide/workdir" "-m" "1610612736" "--user" "0:0" "--network" "none" "ghcr.io/rust-lang/crates-build-env/linux@sha256:2788e3201cd34a07e3172128adcd8b3090168a8e3bcc40d7c032b9dda1df7d1c" "/opt/rustwide/cargo-home/bin/cargo" "+beta-2023-12-22" "doc" "--frozen" "--no-deps" "--document-private-items" "--message-format=json", kill_on_drop: false }`
[INFO] [stdout] 9765b0aa2da1e1aa6d861e340536e80cffd221d2df443a067a7bc317318a0da7
[INFO] running `Command { std: "docker" "start" "-a" "9765b0aa2da1e1aa6d861e340536e80cffd221d2df443a067a7bc317318a0da7", kill_on_drop: false }`
[INFO] [stderr]     Checking libc v0.2.29
[INFO] [stderr]    Compiling version_check v0.1.3
[INFO] [stderr]     Checking log v0.3.8
[INFO] [stderr]    Compiling winapi-build v0.1.1
[INFO] [stderr]     Checking traitobject v0.1.0
[INFO] [stderr]     Checking rustc-serialize v0.3.24
[INFO] [stderr]     Checking num-traits v0.1.40
[INFO] [stderr]     Checking matches v0.1.6
[INFO] [stderr]     Checking unicode-normalization v0.1.5
[INFO] [stderr]     Checking byteorder v1.1.0
[INFO] [stderr]     Checking percent-encoding v1.0.0
[INFO] [stderr]     Checking lazy_static v0.2.8
[INFO] [stderr]     Checking winapi v0.2.8
[INFO] [stderr]     Checking typeable v0.1.2
[INFO] [stderr]     Checking httparse v1.2.3
[INFO] [stderr]     Checking language-tags v0.2.2
[INFO] [stderr]     Checking unicode-bidi v0.3.4
[INFO] [stderr]     Checking modifier v0.1.0
[INFO] [stderr]    Compiling siphasher v0.2.2
[INFO] [stderr]     Checking unsafe-any v0.4.2
[INFO] [stderr]     Checking error v0.1.9
[INFO] [stderr]    Compiling kernel32-sys v0.2.2
[INFO] [stderr]     Checking typemap v0.3.3
[INFO] [stderr]    Compiling ws2_32-sys v0.2.1
[INFO] [stderr]     Checking mime v0.2.6
[INFO] [stderr]     Checking itoa v0.1.1
[INFO] [stderr]    Compiling pkg-config v0.3.9
[INFO] [stderr]     Checking base64 v0.5.2
[INFO] [stderr]     Checking serde v0.8.23
[INFO] [stderr]     Checking plugin v0.2.6
[INFO] [stderr]     Checking dtoa v0.2.2
[INFO] [stderr]    Compiling unicode-xid v0.0.4
[INFO] [stderr]    Compiling unicase v1.4.2
[INFO] [stderr]    Compiling leveldb-sys v2.0.1
[INFO] [stderr]     Checking serde v1.0.11
[INFO] [stderr]    Compiling quote v0.3.15
[INFO] [stderr]     Checking cfg-if v0.1.2
[INFO] [stdout] error[E0310]: the parameter type `T` may not live long enough
[INFO] [stdout]     --> /opt/rustwide/cargo-home/registry/src/index.crates.io-6f17d22bba15001f/rustc-serialize-0.3.24/src/serialize.rs:1155:5
[INFO] [stdout]      |
[INFO] [stdout] 1155 |     fn decode<D: Decoder>(d: &mut D) -> Result<Cow<'static, T>, D::Error> {
[INFO] [stdout]      |     ^^^^^^^^^^^^^^^^^^^^^^^^^^^^^^^^^^^^^^^^^^^^^^^^^^^^^^^^^^^^^^^^^^^^^
[INFO] [stdout]      |     |
[INFO] [stdout]      |     the parameter type `T` must be valid for the static lifetime...
[INFO] [stdout]      |     ...so that the type `T` will meet its required lifetime bounds...
[INFO] [stdout]      |
[INFO] [stdout] note: ...that is required by this bound
[INFO] [stdout]     --> /rustc/0e09125c6c3c2fd70d7de961bcf0e51575235fad/library/alloc/src/borrow.rs:180:30
[INFO] [stdout] help: consider adding an explicit lifetime bound
[INFO] [stdout]      |
[INFO] [stdout] 1151 | impl<'a, T: ?Sized + 'static> Decodable for Cow<'a, T>
[INFO] [stdout]      |                    +++++++++
[INFO] [stdout] 
[INFO] [stdout] 
[INFO] [stderr]    Compiling synom v0.11.3
[INFO] [stderr]     Checking idna v0.1.4
[INFO] [stderr]     Checking unicode-width v0.1.4
[INFO] [stderr]     Checking bitflags v0.4.0
[INFO] [stderr]     Checking buf_redux v0.3.0
[INFO] [stderr]     Checking dtoa v0.4.1
[INFO] [stderr]     Checking time v0.1.38
[INFO] [stderr]     Checking num_cpus v1.6.2
[INFO] [stderr]     Checking rand v0.3.16
[INFO] [stderr]     Checking num-integer v0.1.35
[INFO] [stderr]     Checking memchr v0.1.11
[INFO] [stderr]     Checking thread-id v2.0.0
[INFO] [stderr]     Checking thread_local v0.2.7
[INFO] [stderr]    Compiling syn v0.11.11
[INFO] [stderr]     Checking net2 v0.2.31
[INFO] [stderr]     Checking term_size v0.3.0
[INFO] [stderr]     Checking num-iter v0.1.34
[INFO] [stderr]     Checking aho-corasick v0.5.3
[INFO] [stderr]    Compiling libsodium-sys v0.0.14
[INFO] [stderr]     Checking utf8-ranges v0.1.3
[INFO] [stderr]     Checking phf_shared v0.7.21
[INFO] [stderr]     Checking itoa v0.3.1
[INFO] [stderr]     Checking regex-syntax v0.3.9
[INFO] [stderr]     Checking phf v0.7.21
[INFO] [stderr]     Checking miow v0.1.5
[INFO] [stderr]     Checking textwrap v0.7.0
[INFO] [stderr]     Checking nix v0.5.1
[INFO] [stderr]     Checking atty v0.2.2
[INFO] [stderr]     Checking ctrlc v3.0.2
[INFO] [stderr]     Checking bitflags v0.9.1
[INFO] [stderr]     Checking route-recognizer v0.1.12
[INFO] [stderr]     Checking bytes v0.3.0
[INFO] [stderr]     Checking unicode-segmentation v1.2.0
[INFO] [stderr]     Checking ansi_term v0.9.0
[INFO] [stderr]     Checking serde v0.9.15
[INFO] [stderr] error: failed to run custom build command for `leveldb-sys v2.0.1`
[INFO] [stderr] note: To improve backtraces for build dependencies, set the CARGO_PROFILE_DEV_BUILD_OVERRIDE_DEBUG=true environment variable to enable debug information generation.
[INFO] [stderr] 
[INFO] [stderr] Caused by:
[INFO] [stderr]   process didn't exit successfully: `/opt/rustwide/target/debug/build/leveldb-sys-f386f0934400e36b/build-script-build` (exit status: 101)
[INFO] [stderr]   --- stdout
[INFO] [stderr]   [build] Started
[INFO] [stderr]   [build] Patching the `build_detect_platform` template
[INFO] [stderr] 
[INFO] [stderr]   --- stderr
[INFO] [stderr]   thread 'main' panicked at /opt/rustwide/cargo-home/registry/src/index.crates.io-6f17d22bba15001f/leveldb-sys-2.0.1/src/build.rs:161:48:
[INFO] [stderr]   called `Result::unwrap()` on an `Err` value: Os { code: 30, kind: ReadOnlyFilesystem, message: "Read-only file system" }
[INFO] [stderr]   stack backtrace:
[INFO] [stderr]      0:     0x5632fe455f96 - std::backtrace_rs::backtrace::libunwind::trace::h261606ad26a499c1
[INFO] [stderr]                                  at /rustc/0e09125c6c3c2fd70d7de961bcf0e51575235fad/library/std/src/../../backtrace/src/backtrace/libunwind.rs:104:5
[INFO] [stderr]      1:     0x5632fe455f96 - std::backtrace_rs::backtrace::trace_unsynchronized::hd183f0625477fb28
[INFO] [stderr]                                  at /rustc/0e09125c6c3c2fd70d7de961bcf0e51575235fad/library/std/src/../../backtrace/src/backtrace/mod.rs:66:5
[INFO] [stderr]      2:     0x5632fe455f96 - std::sys_common::backtrace::_print_fmt::hd7f8fef21b4eda67
[INFO] [stderr]                                  at /rustc/0e09125c6c3c2fd70d7de961bcf0e51575235fad/library/std/src/sys_common/backtrace.rs:68:5
[INFO] [stderr]      3:     0x5632fe455f96 - <std::sys_common::backtrace::_print::DisplayBacktrace as core::fmt::Display>::fmt::h623d9b51f2f453f1
[INFO] [stderr]                                  at /rustc/0e09125c6c3c2fd70d7de961bcf0e51575235fad/library/std/src/sys_common/backtrace.rs:44:22
[INFO] [stderr]      4:     0x5632fe479380 - core::fmt::rt::Argument::fmt::h9f417ac76a86f368
[INFO] [stderr]                                  at /rustc/0e09125c6c3c2fd70d7de961bcf0e51575235fad/library/core/src/fmt/rt.rs:142:9
[INFO] [stderr]      5:     0x5632fe479380 - core::fmt::write::hc9b6faf4ac2aeff7
[INFO] [stderr]                                  at /rustc/0e09125c6c3c2fd70d7de961bcf0e51575235fad/library/core/src/fmt/mod.rs:1120:17
[INFO] [stderr]      6:     0x5632fe4540ff - std::io::Write::write_fmt::hfead1eee52c2e65e
[INFO] [stderr]                                  at /rustc/0e09125c6c3c2fd70d7de961bcf0e51575235fad/library/std/src/io/mod.rs:1810:15
[INFO] [stderr]      7:     0x5632fe455d74 - std::sys_common::backtrace::_print::hd5d66399c7df88a2
[INFO] [stderr]                                  at /rustc/0e09125c6c3c2fd70d7de961bcf0e51575235fad/library/std/src/sys_common/backtrace.rs:47:5
[INFO] [stderr]      8:     0x5632fe455d74 - std::sys_common::backtrace::print::he81ed2da642d37e5
[INFO] [stderr]                                  at /rustc/0e09125c6c3c2fd70d7de961bcf0e51575235fad/library/std/src/sys_common/backtrace.rs:34:9
[INFO] [stderr]      9:     0x5632fe457467 - std::panicking::default_hook::{{closure}}::h85773f4fa117163d
[INFO] [stderr]     10:     0x5632fe4571c9 - std::panicking::default_hook::h6a1694a91d09b278
[INFO] [stderr]                                  at /rustc/0e09125c6c3c2fd70d7de961bcf0e51575235fad/library/std/src/panicking.rs:292:9
[INFO] [stderr]     11:     0x5632fe4578f8 - std::panicking::rust_panic_with_hook::h0a7ad96e90f7145b
[INFO] [stderr]                                  at /rustc/0e09125c6c3c2fd70d7de961bcf0e51575235fad/library/std/src/panicking.rs:779:13
[INFO] [stderr]     12:     0x5632fe4577d2 - std::panicking::begin_panic_handler::{{closure}}::h7919090525c6485e
[INFO] [stderr]                                  at /rustc/0e09125c6c3c2fd70d7de961bcf0e51575235fad/library/std/src/panicking.rs:657:13
[INFO] [stderr]     13:     0x5632fe456496 - std::sys_common::backtrace::__rust_end_short_backtrace::hf3289479464f7dfe
[INFO] [stderr]                                  at /rustc/0e09125c6c3c2fd70d7de961bcf0e51575235fad/library/std/src/sys_common/backtrace.rs:171:18
[INFO] [stderr]     14:     0x5632fe457530 - rust_begin_unwind
[INFO] [stderr]                                  at /rustc/0e09125c6c3c2fd70d7de961bcf0e51575235fad/library/std/src/panicking.rs:645:5
[INFO] [stderr]     15:     0x5632fe420365 - core::panicking::panic_fmt::hcc9f77c5c132af55
[INFO] [stderr]                                  at /rustc/0e09125c6c3c2fd70d7de961bcf0e51575235fad/library/core/src/panicking.rs:72:14
[INFO] [stderr]     16:     0x5632fe4207d3 - core::result::unwrap_failed::hbe14f498be1452f9
[INFO] [stderr]                                  at /rustc/0e09125c6c3c2fd70d7de961bcf0e51575235fad/library/core/src/result.rs:1649:5
[INFO] [stderr]     17:     0x5632fe42e814 - core::result::Result<T,E>::unwrap::h1eb729a49eb7ec56
[INFO] [stderr]     18:     0x5632fe42d29c - build_script_build::main::hdb99a6600a2146fa
[INFO] [stderr]     19:     0x5632fe433c93 - core::ops::function::FnOnce::call_once::h4b165e51ca96de28
[INFO] [stderr]     20:     0x5632fe433996 - std::sys_common::backtrace::__rust_begin_short_backtrace::hb890b34dc3de6450
[INFO] [stderr]     21:     0x5632fe433a09 - std::rt::lang_start::{{closure}}::h26eb382e8ab97b0e
[INFO] [stderr]     22:     0x5632fe450981 - core::ops::function::impls::<impl core::ops::function::FnOnce<A> for &F>::call_once::h4eb4c5e1620f29b0
[INFO] [stderr]                                  at /rustc/0e09125c6c3c2fd70d7de961bcf0e51575235fad/library/core/src/ops/function.rs:284:13
[INFO] [stderr]     23:     0x5632fe450981 - std::panicking::try::do_call::h73fd26535faffcdf
[INFO] [stderr]                                  at /rustc/0e09125c6c3c2fd70d7de961bcf0e51575235fad/library/std/src/panicking.rs:552:40
[INFO] [stderr]     24:     0x5632fe450981 - std::panicking::try::h77ff1d98f0fb9f39
[INFO] [stderr]                                  at /rustc/0e09125c6c3c2fd70d7de961bcf0e51575235fad/library/std/src/panicking.rs:516:19
[INFO] [stderr]     25:     0x5632fe450981 - std::panic::catch_unwind::hab3caf2448b95e37
[INFO] [stderr]                                  at /rustc/0e09125c6c3c2fd70d7de961bcf0e51575235fad/library/std/src/panic.rs:142:14
[INFO] [stderr]     26:     0x5632fe450981 - std::rt::lang_start_internal::{{closure}}::h8086711f9c783f78
[INFO] [stderr]                                  at /rustc/0e09125c6c3c2fd70d7de961bcf0e51575235fad/library/std/src/rt.rs:148:48
[INFO] [stderr]     27:     0x5632fe450981 - std::panicking::try::do_call::hf920d4dc291cd6ca
[INFO] [stderr]                                  at /rustc/0e09125c6c3c2fd70d7de961bcf0e51575235fad/library/std/src/panicking.rs:552:40
[INFO] [stderr]     28:     0x5632fe450981 - std::panicking::try::h2b806ccc0a85db74
[INFO] [stderr]                                  at /rustc/0e09125c6c3c2fd70d7de961bcf0e51575235fad/library/std/src/panicking.rs:516:19
[INFO] [stderr]     29:     0x5632fe450981 - std::panic::catch_unwind::h038489539c507df2
[INFO] [stderr]                                  at /rustc/0e09125c6c3c2fd70d7de961bcf0e51575235fad/library/std/src/panic.rs:142:14
[INFO] [stderr]     30:     0x5632fe450981 - std::rt::lang_start_internal::h28503b88912e8a5c
[INFO] [stderr]                                  at /rustc/0e09125c6c3c2fd70d7de961bcf0e51575235fad/library/std/src/rt.rs:148:20
[INFO] [stderr]     31:     0x5632fe4339e7 - std::rt::lang_start::hfdb81ff0b4cbf7a2
[INFO] [stderr]     32:     0x5632fe42db95 - main
[INFO] [stderr]     33:     0x7f2599a59d90 - <unknown>
[INFO] [stderr]     34:     0x7f2599a59e40 - __libc_start_main
[INFO] [stderr]     35:     0x5632fe420a95 - _start
[INFO] [stderr]     36:                0x0 - <unknown>
[INFO] [stderr] warning: build failed, waiting for other jobs to finish...
[INFO] [stdout] error: aborting due to 1 previous error
[INFO] [stdout] 
[INFO] [stdout] 
[INFO] [stdout] For more information about this error, try `rustc --explain E0310`.
[INFO] [stdout] 
[INFO] [stderr] error: could not compile `rustc-serialize` (lib) due to 2 previous errors
[INFO] running `Command { std: "docker" "inspect" "9765b0aa2da1e1aa6d861e340536e80cffd221d2df443a067a7bc317318a0da7", kill_on_drop: false }`
[INFO] running `Command { std: "docker" "rm" "-f" "9765b0aa2da1e1aa6d861e340536e80cffd221d2df443a067a7bc317318a0da7", kill_on_drop: false }`
[INFO] [stdout] 9765b0aa2da1e1aa6d861e340536e80cffd221d2df443a067a7bc317318a0da7
