[INFO] cloning repository https://github.com/Maneren/file-share-rs
[INFO] running `Command { std: "git" "-c" "credential.helper=" "-c" "credential.helper=/workspace/cargo-home/bin/git-credential-null" "clone" "--bare" "https://github.com/Maneren/file-share-rs" "/workspace/cache/git-repos/https%3A%2F%2Fgithub.com%2FManeren%2Ffile-share-rs", kill_on_drop: false }`
[INFO] [stderr] Cloning into bare repository '/workspace/cache/git-repos/https%3A%2F%2Fgithub.com%2FManeren%2Ffile-share-rs'...
[INFO] running `Command { std: "git" "rev-parse" "HEAD", kill_on_drop: false }`
[INFO] [stdout] 8b604690057ddfc7707e5339a13e1e9be850519d
[INFO] documenting Maneren/file-share-rs against 1.75.0 for beta-1.76-rustdoc-1
[INFO] running `Command { std: "git" "clone" "/workspace/cache/git-repos/https%3A%2F%2Fgithub.com%2FManeren%2Ffile-share-rs" "/workspace/builds/worker-6-tc1/source", kill_on_drop: false }`
[INFO] [stderr] Cloning into '/workspace/builds/worker-6-tc1/source'...
[INFO] [stderr] done.
[INFO] validating manifest of git repo https://github.com/Maneren/file-share-rs on toolchain 1.75.0
[INFO] running `Command { std: CARGO_HOME="/workspace/cargo-home" RUSTUP_HOME="/workspace/rustup-home" "/workspace/cargo-home/bin/cargo" "+1.75.0" "metadata" "--manifest-path" "Cargo.toml" "--no-deps", kill_on_drop: false }`
[INFO] removed /workspace/builds/worker-6-tc1/source/.cargo/config.toml
[INFO] removed /workspace/builds/worker-6-tc1/source/rust-toolchain.toml
[INFO] started tweaking git repo https://github.com/Maneren/file-share-rs
[INFO] finished tweaking git repo https://github.com/Maneren/file-share-rs
[INFO] tweaked toml for git repo https://github.com/Maneren/file-share-rs written to /workspace/builds/worker-6-tc1/source/Cargo.toml
[INFO] crate git repo https://github.com/Maneren/file-share-rs already has a lockfile, it will not be regenerated
[INFO] running `Command { std: CARGO_HOME="/workspace/cargo-home" RUSTUP_HOME="/workspace/rustup-home" "/workspace/cargo-home/bin/cargo" "+1.75.0" "fetch" "--manifest-path" "Cargo.toml", kill_on_drop: false }`
[INFO] [stderr]     Updating crates.io index
[INFO] [stderr]  Downloading crates ...
[INFO] [stderr]   Downloaded leptos_meta v0.5.4
[INFO] [stderr]   Downloaded leptos_router v0.5.4
[INFO] [stderr]   Downloaded linear-map v1.2.0
[INFO] [stderr]   Downloaded port_check v0.1.5
[INFO] [stderr]   Downloaded syn_derive v0.1.7
[INFO] [stderr]   Downloaded cached_proc_macro v0.18.0
[INFO] [stderr]   Downloaded leptos_axum v0.5.4
[INFO] [stderr]   Downloaded axum-macros v0.3.8
[INFO] [stderr]   Downloaded cached v0.45.1
[INFO] [stderr]   Downloaded derive-where v1.2.5
[INFO] [stderr]   Downloaded leptos_integration_utils v0.5.4
[INFO] [stderr]   Downloaded qr_code v2.0.0
[INFO] running `Command { std: "docker" "create" "-v" "/var/lib/crater-agent-workspace/builds/worker-6-tc1/target:/opt/rustwide/target:rw,Z" "-v" "/var/lib/crater-agent-workspace/builds/worker-6-tc1/source:/opt/rustwide/workdir:ro,Z" "-v" "/var/lib/crater-agent-workspace/cargo-home:/opt/rustwide/cargo-home:ro,Z" "-v" "/var/lib/crater-agent-workspace/rustup-home:/opt/rustwide/rustup-home:ro,Z" "-e" "SOURCE_DIR=/opt/rustwide/workdir" "-e" "CARGO_TARGET_DIR=/opt/rustwide/target" "-e" "CARGO_HOME=/opt/rustwide/cargo-home" "-e" "RUSTUP_HOME=/opt/rustwide/rustup-home" "-w" "/opt/rustwide/workdir" "-m" "1610612736" "--user" "0:0" "--network" "none" "ghcr.io/rust-lang/crates-build-env/linux@sha256:2788e3201cd34a07e3172128adcd8b3090168a8e3bcc40d7c032b9dda1df7d1c" "/opt/rustwide/cargo-home/bin/cargo" "+1.75.0" "metadata" "--no-deps" "--format-version=1", kill_on_drop: false }`
[INFO] [stdout] 91bc770c9f4f99134eaa878fa35d57275ef9a9d3e06e7d6fabcd1b80d2689d91
[INFO] running `Command { std: "docker" "start" "-a" "91bc770c9f4f99134eaa878fa35d57275ef9a9d3e06e7d6fabcd1b80d2689d91", kill_on_drop: false }`
[INFO] running `Command { std: "docker" "inspect" "91bc770c9f4f99134eaa878fa35d57275ef9a9d3e06e7d6fabcd1b80d2689d91", kill_on_drop: false }`
[INFO] running `Command { std: "docker" "rm" "-f" "91bc770c9f4f99134eaa878fa35d57275ef9a9d3e06e7d6fabcd1b80d2689d91", kill_on_drop: false }`
[INFO] [stdout] 91bc770c9f4f99134eaa878fa35d57275ef9a9d3e06e7d6fabcd1b80d2689d91
[INFO] running `Command { std: "docker" "create" "-v" "/var/lib/crater-agent-workspace/builds/worker-6-tc1/target:/opt/rustwide/target:rw,Z" "-v" "/var/lib/crater-agent-workspace/builds/worker-6-tc1/source:/opt/rustwide/workdir:ro,Z" "-v" "/var/lib/crater-agent-workspace/cargo-home:/opt/rustwide/cargo-home:ro,Z" "-v" "/var/lib/crater-agent-workspace/rustup-home:/opt/rustwide/rustup-home:ro,Z" "-e" "SOURCE_DIR=/opt/rustwide/workdir" "-e" "CARGO_TARGET_DIR=/opt/rustwide/target" "-e" "CARGO_INCREMENTAL=0" "-e" "RUST_BACKTRACE=full" "-e" "RUSTFLAGS=--cap-lints=warn" "-e" "RUSTDOCFLAGS=--cap-lints=warn" "-e" "CARGO_HOME=/opt/rustwide/cargo-home" "-e" "RUSTUP_HOME=/opt/rustwide/rustup-home" "-w" "/opt/rustwide/workdir" "-m" "1610612736" "--user" "0:0" "--network" "none" "ghcr.io/rust-lang/crates-build-env/linux@sha256:2788e3201cd34a07e3172128adcd8b3090168a8e3bcc40d7c032b9dda1df7d1c" "/opt/rustwide/cargo-home/bin/cargo" "+1.75.0" "doc" "--frozen" "--no-deps" "--document-private-items" "--message-format=json", kill_on_drop: false }`
[INFO] [stdout] 38ab72f04b7fcc25bc4d6402666d6aa6300ac7102eb3168cbb28ea2490f022d0
[INFO] running `Command { std: "docker" "start" "-a" "38ab72f04b7fcc25bc4d6402666d6aa6300ac7102eb3168cbb28ea2490f022d0", kill_on_drop: false }`
[INFO] [stderr]    Compiling proc-macro2 v1.0.67
[INFO] [stderr]    Compiling serde v1.0.188
[INFO] [stderr]    Compiling once_cell v1.18.0
[INFO] [stderr]    Compiling wasm-bindgen-shared v0.2.89
[INFO] [stderr]    Compiling bumpalo v3.14.0
[INFO] [stderr]     Checking memchr v2.6.3
[INFO] [stderr]    Compiling log v0.4.20
[INFO] [stderr]     Checking futures-sink v0.3.28
[INFO] [stderr]    Compiling futures-channel v0.3.28
[INFO] [stderr]    Compiling wasm-bindgen v0.2.89
[INFO] [stderr]    Compiling thiserror v1.0.48
[INFO] [stderr]    Compiling futures-task v0.3.28
[INFO] [stderr]    Compiling proc-macro-error v1.0.4
[INFO] [stderr]    Compiling futures-util v0.3.28
[INFO] [stderr]    Compiling smallvec v1.11.0
[INFO] [stderr]     Checking futures-io v0.3.28
[INFO] [stderr]     Checking tracing-core v0.1.31
[INFO] [stderr]    Compiling unicode-xid v0.2.4
[INFO] [stderr]     Checking mio v0.8.9
[INFO] [stderr]     Checking socket2 v0.5.5
[INFO] [stderr]    Compiling serde_json v1.0.107
[INFO] [stderr]     Checking http v0.2.9
[INFO] [stderr]    Compiling libc v0.2.150
[INFO] [stderr]    Compiling httparse v1.8.0
[INFO] [stderr]    Compiling quote v1.0.33
[INFO] [stderr]     Checking tokio v1.34.0
[INFO] [stderr]    Compiling proc-macro2-diagnostics v0.10.1
[INFO] [stderr]    Compiling syn v2.0.35
[INFO] [stderr]    Compiling proc-macro-utils v0.8.0
[INFO] [stderr]    Compiling xxhash-rust v0.8.7
[INFO] [stderr]     Checking try-lock v0.2.4
[INFO] [stderr]    Compiling proc-macro-error-attr v1.0.4
[INFO] [stderr]    Compiling const_format_proc_macros v0.2.31
[INFO] [stderr]     Checking http-body v0.4.5
[INFO] [stderr]     Checking want v0.3.1
[INFO] [stderr]    Compiling parking_lot_core v0.9.8
[INFO] [stderr]    Compiling lock_api v0.4.10
[INFO] [stderr]     Checking socket2 v0.4.9
[INFO] [stderr]    Compiling slotmap v1.0.6
[INFO] [stderr]    Compiling yansi v1.0.0-rc.1
[INFO] [stderr]    Compiling manyhow-macros v0.8.1
[INFO] [stderr]    Compiling camino v1.1.6
[INFO] [stderr]     Checking tower-service v0.3.2
[INFO] [stderr]     Checking half v1.8.2
[INFO] [stderr]    Compiling scopeguard v1.2.0
[INFO] [stderr]     Checking httpdate v1.0.3
[INFO] [stderr]     Checking ciborium-io v0.2.1
[INFO] [stderr]     Checking base64 v0.21.4
[INFO] [stderr]     Checking ciborium-ll v0.2.1
[INFO] [stderr]    Compiling anyhow v1.0.75
[INFO] [stderr]     Checking encoding_rs v0.8.33
[INFO] [stderr]    Compiling prettyplease v0.2.15
[INFO] [stderr]    Compiling collection_literals v1.0.1
[INFO] [stderr]    Compiling const_format v0.2.31
[INFO] [stderr]     Checking hashbrown v0.14.0
[INFO] [stderr]    Compiling interpolator v0.5.0
[INFO] [stderr]    Compiling same-file v1.0.6
[INFO] [stderr]     Checking mime v0.3.17
[INFO] [stderr]     Checking ipnet v2.8.0
[INFO] [stderr]    Compiling async-trait v0.1.73
[INFO] [stderr]    Compiling walkdir v2.4.0
[INFO] [stderr]     Checking indexmap v2.0.0
[INFO] [stderr]    Compiling parking_lot v0.12.1
[INFO] [stderr]    Compiling getrandom v0.2.10
[INFO] [stderr]     Checking aho-corasick v1.0.5
[INFO] [stderr]     Checking self_cell v1.0.1
[INFO] [stderr]    Compiling either v1.9.0
[INFO] [stderr]     Checking regex-syntax v0.7.5
[INFO] [stderr]    Compiling pin-project-lite v0.2.13
[INFO] [stderr]    Compiling utf8-width v0.1.6
[INFO] [stderr]    Compiling html-escape v0.2.13
[INFO] [stderr]    Compiling itertools v0.11.0
[INFO] [stderr]     Checking nom v7.1.3
[INFO] [stderr]    Compiling convert_case v0.6.0
[INFO] [stderr]    Compiling uuid v1.4.1
[INFO] [stderr]     Checking pathdiff v0.2.1
[INFO] [stderr]     Checking itertools v0.10.5
[INFO] [stderr]     Checking drain_filter_polyfill v0.1.3
[INFO] [stderr]     Checking inventory v0.3.12
[INFO] [stderr]    Compiling strsim v0.10.0
[INFO] [stderr]     Checking pad-adapter v0.1.1
[INFO] [stderr]    Compiling rustix v0.38.13
[INFO] [stderr]    Compiling num-traits v0.2.16
[INFO] [stderr]     Checking regex-automata v0.3.8
[INFO] [stderr]    Compiling wasm-bindgen-backend v0.2.89
[INFO] [stderr]    Compiling manyhow v0.8.1
[INFO] [stderr]    Compiling darling_core v0.20.3
[INFO] [stderr]     Checking bitflags v2.4.0
[INFO] [stderr]     Checking linux-raw-sys v0.4.7
[INFO] [stderr]    Compiling siphasher v0.3.11
[INFO] [stderr]    Compiling rand_core v0.6.4
[INFO] [stderr]    Compiling phf_shared v0.11.2
[INFO] [stderr]    Compiling rand v0.8.5
[INFO] [stderr]    Compiling time-core v0.1.1
[INFO] [stderr]    Compiling time-macros v0.2.14
[INFO] [stderr]    Compiling wasm-bindgen-macro-support v0.2.89
[INFO] [stderr]     Checking is-terminal v0.4.9
[INFO] [stderr]    Compiling phf_generator v0.11.2
[INFO] [stderr]     Checking num_threads v0.1.6
[INFO] [stderr]     Checking deranged v0.3.8
[INFO] [stderr]     Checking iana-time-zone v0.1.57
[INFO] [stderr]     Checking regex v1.9.5
[INFO] [stderr]     Checking chrono v0.4.31
[INFO] [stderr]     Checking colored v2.0.4
[INFO] [stderr]    Compiling serde_derive v1.0.188
[INFO] [stderr]    Compiling thiserror-impl v1.0.48
[INFO] [stderr]    Compiling tracing-attributes v0.1.26
[INFO] [stderr]    Compiling wasm-bindgen-macro v0.2.89
[INFO] [stderr]    Compiling futures-macro v0.3.28
[INFO] [stderr]    Compiling derive-where v1.2.5
[INFO] [stderr]    Compiling pin-project-internal v1.1.3
[INFO] [stderr]    Compiling syn_derive v0.1.7
[INFO] [stderr]     Checking js-sys v0.3.66
[INFO] [stderr]    Compiling rstml v0.11.2
[INFO] [stderr]     Checking tracing v0.1.37
[INFO] [stderr]     Checking tokio-util v0.7.8
[INFO] [stderr]     Checking pin-project v1.1.3
[INFO] [stderr]    Compiling typed-builder-macro v0.18.0
[INFO] [stderr]    Compiling async-recursion v1.0.5
[INFO] [stderr]    Compiling quote-use-macros v0.7.2
[INFO] [stderr]    Compiling darling_macro v0.20.3
[INFO] [stderr]     Checking time v0.3.28
[INFO] [stderr]    Compiling phf_macros v0.11.2
[INFO] [stderr]    Compiling darling v0.20.3
[INFO] [stderr]    Compiling quote-use v0.7.2
[INFO] [stderr]    Compiling default-struct-builder v0.5.0
[INFO] [stderr]    Compiling attribute-derive-macro v0.8.1
[INFO] [stderr]     Checking web-sys v0.3.64
[INFO] [stderr]     Checking h2 v0.3.21
[INFO] [stderr]     Checking futures-executor v0.3.28
[INFO] [stderr]     Checking futures v0.3.28
[INFO] [stderr]     Checking wasm-bindgen-futures v0.4.39
[INFO] [stderr]     Checking typed-builder v0.18.0
[INFO] [stderr]     Checking gloo-timers v0.3.0
[INFO] [stderr]     Checking phf v0.11.2
[INFO] [stderr]     Checking simple_logger v4.2.0
[INFO] [stderr]     Checking console_error_panic_hook v0.1.7
[INFO] [stderr]     Checking chrono-humanize v0.2.3
[INFO] [stderr]    Compiling icons_helper v0.0.0 (/opt/rustwide/workdir/src/icons_helper)
[INFO] [stderr]     Checking urlencoding v2.1.3
[INFO] [stderr]    Compiling attribute-derive v0.8.1
[INFO] [stderr]     Checking hyper v0.14.27
[INFO] [stderr]     Checking serde_urlencoded v0.7.1
[INFO] [stderr]     Checking ciborium v0.2.1
[INFO] [stderr]     Checking serde_qs v0.12.0
[INFO] [stderr]     Checking serde-wasm-bindgen v0.5.0
[INFO] [stderr]     Checking toml v0.5.11
[INFO] [stderr]     Checking serde_test v1.0.176
[INFO] [stderr]    Compiling server_fn_macro v0.5.4
[INFO] [stderr]    Compiling leptos_hot_reload v0.5.4
[INFO] [stdout] error[E0554]: `#![feature]` may not be used on the stable release channel
[INFO] [stdout]  --> /opt/rustwide/cargo-home/registry/src/index.crates.io-6f17d22bba15001f/server_fn_macro-0.5.4/src/lib.rs:1:42
[INFO] [stdout]   |
[INFO] [stdout] 1 | #![cfg_attr(feature = "nightly", feature(proc_macro_span))]
[INFO] [stdout]   |                                          ^^^^^^^^^^^^^^^
[INFO] [stdout] 
[INFO] [stdout] 
[INFO] [stdout] error: aborting due to previous error
[INFO] [stdout] 
[INFO] [stdout] 
[INFO] [stderr]     Checking leptos_reactive v0.5.4
[INFO] [stdout] For more information about this error, try `rustc --explain E0554`.
[INFO] [stdout] 
[INFO] [stderr] error: could not compile `server_fn_macro` (lib) due to 2 previous errors
[INFO] [stderr] warning: build failed, waiting for other jobs to finish...
[INFO] [stdout] error[E0554]: `#![feature]` may not be used on the stable release channel
[INFO] [stdout]  --> /opt/rustwide/cargo-home/registry/src/index.crates.io-6f17d22bba15001f/leptos_reactive-0.5.4/src/lib.rs:3:34
[INFO] [stdout]   |
[INFO] [stdout] 3 | #![cfg_attr(feature = "nightly", feature(fn_traits))]
[INFO] [stdout]   |                                  ^^^^^^^^^^^^^^^^^^
[INFO] [stdout] 
[INFO] [stdout] 
[INFO] [stdout] error[E0554]: `#![feature]` may not be used on the stable release channel
[INFO] [stdout]  --> /opt/rustwide/cargo-home/registry/src/index.crates.io-6f17d22bba15001f/leptos_reactive-0.5.4/src/lib.rs:4:34
[INFO] [stdout]   |
[INFO] [stdout] 4 | #![cfg_attr(feature = "nightly", feature(unboxed_closures))]
[INFO] [stdout]   |                                  ^^^^^^^^^^^^^^^^^^^^^^^^^
[INFO] [stdout] 
[INFO] [stdout] 
[INFO] [stdout] error[E0554]: `#![feature]` may not be used on the stable release channel
[INFO] [stdout]  --> /opt/rustwide/cargo-home/registry/src/index.crates.io-6f17d22bba15001f/leptos_reactive-0.5.4/src/lib.rs:5:34
[INFO] [stdout]   |
[INFO] [stdout] 5 | #![cfg_attr(feature = "nightly", feature(type_name_of_val))]
[INFO] [stdout]   |                                  ^^^^^^^^^^^^^^^^^^^^^^^^^
[INFO] [stdout] 
[INFO] [stdout] 
[INFO] [stdout] error[E0554]: `#![feature]` may not be used on the stable release channel
[INFO] [stdout]  --> /opt/rustwide/cargo-home/registry/src/index.crates.io-6f17d22bba15001f/leptos_reactive-0.5.4/src/lib.rs:6:34
[INFO] [stdout]   |
[INFO] [stdout] 6 | #![cfg_attr(feature = "nightly", feature(auto_traits))]
[INFO] [stdout]   |                                  ^^^^^^^^^^^^^^^^^^^^
[INFO] [stdout] 
[INFO] [stdout] 
[INFO] [stdout] error[E0554]: `#![feature]` may not be used on the stable release channel
[INFO] [stdout]  --> /opt/rustwide/cargo-home/registry/src/index.crates.io-6f17d22bba15001f/leptos_reactive-0.5.4/src/lib.rs:7:34
[INFO] [stdout]   |
[INFO] [stdout] 7 | #![cfg_attr(feature = "nightly", feature(negative_impls))]
[INFO] [stdout]   |                                  ^^^^^^^^^^^^^^^^^^^^^^^
[INFO] [stdout] 
[INFO] [stdout] 
[INFO] [stdout] error[E0554]: `#![feature]` may not be used on the stable release channel
[INFO] [stdout]  --> /opt/rustwide/cargo-home/registry/src/index.crates.io-6f17d22bba15001f/leptos_reactive-0.5.4/src/lib.rs:3:42
[INFO] [stdout]   |
[INFO] [stdout] 3 | #![cfg_attr(feature = "nightly", feature(fn_traits))]
[INFO] [stdout]   |                                          ^^^^^^^^^
[INFO] [stdout] 
[INFO] [stdout] 
[INFO] [stdout] error[E0554]: `#![feature]` may not be used on the stable release channel
[INFO] [stdout]  --> /opt/rustwide/cargo-home/registry/src/index.crates.io-6f17d22bba15001f/leptos_reactive-0.5.4/src/lib.rs:5:42
[INFO] [stdout]   |
[INFO] [stdout] 5 | #![cfg_attr(feature = "nightly", feature(type_name_of_val))]
[INFO] [stdout]   |                                          ^^^^^^^^^^^^^^^^
[INFO] [stdout] 
[INFO] [stdout] 
[INFO] [stdout] error: aborting due to 7 previous errors
[INFO] [stdout] 
[INFO] [stdout] 
[INFO] [stdout] For more information about this error, try `rustc --explain E0554`.
[INFO] [stdout] 
[INFO] [stderr] error: could not compile `leptos_reactive` (lib) due to 8 previous errors
[INFO] running `Command { std: "docker" "inspect" "38ab72f04b7fcc25bc4d6402666d6aa6300ac7102eb3168cbb28ea2490f022d0", kill_on_drop: false }`
[INFO] running `Command { std: "docker" "rm" "-f" "38ab72f04b7fcc25bc4d6402666d6aa6300ac7102eb3168cbb28ea2490f022d0", kill_on_drop: false }`
[INFO] [stdout] 38ab72f04b7fcc25bc4d6402666d6aa6300ac7102eb3168cbb28ea2490f022d0
