[INFO] cloning repository https://github.com/MachineL102/bevy_3d_game
[INFO] running `Command { std: "git" "-c" "credential.helper=" "-c" "credential.helper=/workspace/cargo-home/bin/git-credential-null" "clone" "--bare" "https://github.com/MachineL102/bevy_3d_game" "/workspace/cache/git-repos/https%3A%2F%2Fgithub.com%2FMachineL102%2Fbevy_3d_game", kill_on_drop: false }`
[INFO] [stderr] Cloning into bare repository '/workspace/cache/git-repos/https%3A%2F%2Fgithub.com%2FMachineL102%2Fbevy_3d_game'...
[INFO] running `Command { std: "git" "rev-parse" "HEAD", kill_on_drop: false }`
[INFO] [stdout] a061baa637e22d9be881bf34f2f7e5fcabb1ad38
[INFO] documenting MachineL102/bevy_3d_game against 1.75.0 for beta-1.76-rustdoc-1
[INFO] running `Command { std: "git" "clone" "/workspace/cache/git-repos/https%3A%2F%2Fgithub.com%2FMachineL102%2Fbevy_3d_game" "/workspace/builds/worker-4-tc1/source", kill_on_drop: false }`
[INFO] [stderr] Cloning into '/workspace/builds/worker-4-tc1/source'...
[INFO] [stderr] done.
[INFO] validating manifest of git repo https://github.com/MachineL102/bevy_3d_game on toolchain 1.75.0
[INFO] running `Command { std: CARGO_HOME="/workspace/cargo-home" RUSTUP_HOME="/workspace/rustup-home" "/workspace/cargo-home/bin/cargo" "+1.75.0" "metadata" "--manifest-path" "Cargo.toml" "--no-deps", kill_on_drop: false }`
[INFO] removed /workspace/builds/worker-4-tc1/source/.cargo/config.toml
[INFO] removed /workspace/builds/worker-4-tc1/source/rust-toolchain.toml
[INFO] started tweaking git repo https://github.com/MachineL102/bevy_3d_game
[INFO] finished tweaking git repo https://github.com/MachineL102/bevy_3d_game
[INFO] tweaked toml for git repo https://github.com/MachineL102/bevy_3d_game written to /workspace/builds/worker-4-tc1/source/Cargo.toml
[INFO] crate git repo https://github.com/MachineL102/bevy_3d_game already has a lockfile, it will not be regenerated
[INFO] running `Command { std: CARGO_HOME="/workspace/cargo-home" RUSTUP_HOME="/workspace/rustup-home" "/workspace/cargo-home/bin/cargo" "+1.75.0" "fetch" "--manifest-path" "Cargo.toml", kill_on_drop: false }`
[INFO] [stderr]     Updating crates.io index
[INFO] [stderr]     Updating git repository `https://github.com/BlackPhlox/bevy_dolly`
[INFO] [stderr]     Updating git submodule `https://github.com/BlackPhlox/dolly`
[INFO] [stderr]  Downloading crates ...
[INFO] [stderr]   Downloaded spew v0.2.2
[INFO] [stderr]   Downloaded oxidized_navigation v0.4.0
[INFO] [stderr]   Downloaded bevy_editor_pls_default_windows v0.4.0
[INFO] [stderr]   Downloaded gilrs-core v0.5.4
[INFO] [stderr]   Downloaded bevy-inspector-egui-derive v0.18.1
[INFO] [stderr]   Downloaded bevy_rapier3d v0.21.0
[INFO] [stderr]   Downloaded bevy_dylib v0.10.1
[INFO] [stderr]   Downloaded opener v0.5.2
[INFO] [stderr]   Downloaded tracing-chrome v0.7.1
[INFO] [stderr]   Downloaded profiling-procmacros v1.0.7
[INFO] [stderr]   Downloaded typetag-impl v0.2.7
[INFO] [stderr]   Downloaded bevy_asset_loader_derive v0.16.0
[INFO] [stderr]   Downloaded ghost v0.1.9
[INFO] [stderr]   Downloaded bevy_editor_pls v0.4.0
[INFO] [stderr]   Downloaded leafwing-input-manager v0.9.1
[INFO] [stderr]   Downloaded bevy_hanabi v0.6.1
[INFO] [stderr]   Downloaded bevy_asset_loader v0.16.0
[INFO] [stderr]   Downloaded warbler_grass v0.3.2
[INFO] [stderr]   Downloaded egui-gizmo v0.10.0
[INFO] [stderr]   Downloaded orbclient v0.3.44
[INFO] [stderr]   Downloaded bevy_prototype_debug_lines v0.10.1
[INFO] [stderr]   Downloaded gilrs v0.10.1
[INFO] [stderr]   Downloaded taffy v0.3.10
[INFO] [stderr]   Downloaded bevy_framepace v0.12.1
[INFO] [stderr]   Downloaded spade v2.1.0
[INFO] [stderr]   Downloaded parry3d v0.13.3
[INFO] [stderr]   Downloaded bevy-inspector-egui v0.18.3
[INFO] [stderr]   Downloaded bevy_egui v0.20.2
[INFO] [stderr]   Downloaded bevy_common_assets v0.6.0
[INFO] [stderr]   Downloaded typetag v0.2.7
[INFO] [stderr]   Downloaded bevy_mod_debugdump v0.7.0
[INFO] [stderr]   Downloaded kira v0.7.3
[INFO] [stderr]   Downloaded inventory v0.3.5
[INFO] [stderr]   Downloaded ctor v0.2.0
[INFO] [stderr]   Downloaded bevy_mod_sysfail_macros v2.0.0
[INFO] [stderr]   Downloaded embed-resource v2.1.1
[INFO] [stderr]   Downloaded iyes_progress v0.8.0
[INFO] [stderr]   Downloaded leafwing_input_manager_macros v0.9.0
[INFO] [stderr]   Downloaded bevy_editor_pls_core v0.4.0
[INFO] [stderr]   Downloaded seldom_fn_plugin v0.3.0
[INFO] [stderr]   Downloaded bevy_mod_sysfail v2.0.0
[INFO] running `Command { std: "docker" "create" "-v" "/var/lib/crater-agent-workspace/builds/worker-4-tc1/target:/opt/rustwide/target:rw,Z" "-v" "/var/lib/crater-agent-workspace/builds/worker-4-tc1/source:/opt/rustwide/workdir:ro,Z" "-v" "/var/lib/crater-agent-workspace/cargo-home:/opt/rustwide/cargo-home:ro,Z" "-v" "/var/lib/crater-agent-workspace/rustup-home:/opt/rustwide/rustup-home:ro,Z" "-e" "SOURCE_DIR=/opt/rustwide/workdir" "-e" "CARGO_TARGET_DIR=/opt/rustwide/target" "-e" "CARGO_HOME=/opt/rustwide/cargo-home" "-e" "RUSTUP_HOME=/opt/rustwide/rustup-home" "-w" "/opt/rustwide/workdir" "-m" "1610612736" "--user" "0:0" "--network" "none" "ghcr.io/rust-lang/crates-build-env/linux@sha256:2788e3201cd34a07e3172128adcd8b3090168a8e3bcc40d7c032b9dda1df7d1c" "/opt/rustwide/cargo-home/bin/cargo" "+1.75.0" "metadata" "--no-deps" "--format-version=1", kill_on_drop: false }`
[INFO] [stdout] 300c3889faf6851e17c4f03cfe3d51884c02f547f04a4e8a634480f74c6446f8
[INFO] running `Command { std: "docker" "start" "-a" "300c3889faf6851e17c4f03cfe3d51884c02f547f04a4e8a634480f74c6446f8", kill_on_drop: false }`
[INFO] running `Command { std: "docker" "inspect" "300c3889faf6851e17c4f03cfe3d51884c02f547f04a4e8a634480f74c6446f8", kill_on_drop: false }`
[INFO] running `Command { std: "docker" "rm" "-f" "300c3889faf6851e17c4f03cfe3d51884c02f547f04a4e8a634480f74c6446f8", kill_on_drop: false }`
[INFO] [stdout] 300c3889faf6851e17c4f03cfe3d51884c02f547f04a4e8a634480f74c6446f8
[INFO] running `Command { std: "docker" "create" "-v" "/var/lib/crater-agent-workspace/builds/worker-4-tc1/target:/opt/rustwide/target:rw,Z" "-v" "/var/lib/crater-agent-workspace/builds/worker-4-tc1/source:/opt/rustwide/workdir:ro,Z" "-v" "/var/lib/crater-agent-workspace/cargo-home:/opt/rustwide/cargo-home:ro,Z" "-v" "/var/lib/crater-agent-workspace/rustup-home:/opt/rustwide/rustup-home:ro,Z" "-e" "SOURCE_DIR=/opt/rustwide/workdir" "-e" "CARGO_TARGET_DIR=/opt/rustwide/target" "-e" "CARGO_INCREMENTAL=0" "-e" "RUST_BACKTRACE=full" "-e" "RUSTFLAGS=--cap-lints=warn" "-e" "RUSTDOCFLAGS=--cap-lints=warn" "-e" "CARGO_HOME=/opt/rustwide/cargo-home" "-e" "RUSTUP_HOME=/opt/rustwide/rustup-home" "-w" "/opt/rustwide/workdir" "-m" "1610612736" "--user" "0:0" "--network" "none" "ghcr.io/rust-lang/crates-build-env/linux@sha256:2788e3201cd34a07e3172128adcd8b3090168a8e3bcc40d7c032b9dda1df7d1c" "/opt/rustwide/cargo-home/bin/cargo" "+1.75.0" "doc" "--frozen" "--no-deps" "--document-private-items" "--message-format=json", kill_on_drop: false }`
[INFO] [stdout] a6bbc4571db3b6ce38e0282b3474ef20d3907253af4f4628db4863fba8431843
[INFO] running `Command { std: "docker" "start" "-a" "a6bbc4571db3b6ce38e0282b3474ef20d3907253af4f4628db4863fba8431843", kill_on_drop: false }`
[INFO] [stderr]    Compiling proc-macro2 v1.0.56
[INFO] [stderr]    Compiling unicode-ident v1.0.8
[INFO] [stderr]    Compiling quote v1.0.26
[INFO] [stderr]    Compiling libc v0.2.141
[INFO] [stderr]    Compiling serde_derive v1.0.159
[INFO] [stderr]    Compiling serde v1.0.159
[INFO] [stderr]     Checking once_cell v1.17.1
[INFO] [stderr]    Compiling syn v1.0.109
[INFO] [stderr]    Compiling crossbeam-utils v0.8.15
[INFO] [stderr]    Compiling indexmap v1.9.3
[INFO] [stderr]    Compiling winnow v0.4.1
[INFO] [stderr]    Compiling libm v0.2.6
[INFO] [stderr]    Compiling erased-serde v0.3.25
[INFO] [stderr]     Checking aho-corasick v0.7.20
[INFO] [stderr]     Checking tracing-core v0.1.30
[INFO] [stderr]     Checking thread_local v1.1.7
[INFO] [stderr]    Compiling ash v0.37.2+1.3.238
[INFO] [stderr]    Compiling anyhow v1.0.70
[INFO] [stderr]     Checking miniz_oxide v0.6.2
[INFO] [stderr]     Checking gpu-alloc v0.5.3
[INFO] [stderr]     Checking profiling v1.0.7
[INFO] [stderr]     Checking glow v0.12.1
[INFO] [stderr]     Checking jpeg-decoder v0.3.0
[INFO] [stderr]     Checking tracing v0.1.37
[INFO] [stderr]     Checking tracing-log v0.1.3
[INFO] [stderr]     Checking const_panic v0.2.7
[INFO] [stderr]     Checking ttf-parser v0.18.1
[INFO] [stderr]     Checking concurrent-queue v2.2.0
[INFO] [stderr]     Checking regex v1.7.3
[INFO] [stderr]     Checking crossbeam-channel v0.5.8
[INFO] [stderr]     Checking flate2 v1.0.25
[INFO] [stderr]     Checking num-traits v0.2.15
[INFO] [stderr]    Compiling libudev-sys v0.1.4
[INFO] [stderr]     Checking async-executor v1.5.1
[INFO] [stderr]     Checking async-channel v1.8.0
[INFO] [stderr]    Compiling x11-dl v2.21.0
[INFO] [stderr]    Compiling serde_json v1.0.95
[INFO] [stderr]    Compiling syn v2.0.13
[INFO] [stderr]     Checking bevy_tasks v0.10.1
[INFO] [stderr]    Compiling getrandom v0.2.9
[INFO] [stderr]     Checking png v0.17.7
[INFO] [stderr]    Compiling wayland-scanner v0.29.5
[INFO] [stderr]    Compiling uuid v1.3.1
[INFO] [stderr]    Compiling gilrs v0.10.1
[INFO] [stderr]    Compiling ahash v0.8.3
[INFO] [stderr]     Checking num-integer v0.1.45
[INFO] [stderr]     Checking spirv v0.2.0+1.5.4
[INFO] [stderr]     Checking approx v0.5.1
[INFO] [stderr]     Checking euclid v0.22.9
[INFO] [stderr]     Checking mio v0.8.6
[INFO] [stderr]     Checking inotify-sys v0.1.5
[INFO] [stderr]     Checking num-rational v0.4.1
[INFO] [stderr]     Checking khronos-egl v4.1.0
[INFO] [stderr]     Checking filetime v0.2.21
[INFO] [stderr]     Checking inotify v0.9.6
[INFO] [stderr]     Checking sysinfo v0.28.4
[INFO] [stderr]     Checking ahash v0.7.6
[INFO] [stderr]     Checking nix v0.26.2
[INFO] [stderr]     Checking taffy v0.3.10
[INFO] [stderr]     Checking nix v0.24.3
[INFO] [stderr]     Checking notify v5.1.0
[INFO] [stderr]     Checking unicode-normalization v0.1.22
[INFO] [stderr]    Compiling memoffset v0.8.0
[INFO] [stderr]     Checking unicode-bidi v0.3.13
[INFO] [stderr]     Checking gethostname v0.2.3
[INFO] [stderr]     Checking dirs-sys v0.3.7
[INFO] [stderr]    Compiling crossbeam-epoch v0.9.14
[INFO] [stderr]     Checking guillotiere v0.6.2
[INFO] [stderr]    Compiling libm v0.1.4
[INFO] [stderr]     Checking dirs v4.0.0
[INFO] [stderr]     Checking owned_ttf_parser v0.18.1
[INFO] [stderr]    Compiling packed_simd_2 v0.3.8
[INFO] [stderr]    Compiling paste v1.0.12
[INFO] [stderr]     Checking either v1.8.1
[INFO] [stderr]    Compiling typenum v1.16.0
[INFO] [stderr]     Checking ab_glyph v0.2.20
[INFO] [stderr]    Compiling winit v0.28.3
[INFO] [stderr]    Compiling alsa-sys v0.3.1
[INFO] [stderr]     Checking idna v0.3.0
[INFO] [stderr]    Compiling crossbeam-queue v0.3.8
[INFO] [stderr]    Compiling rayon-core v1.11.0
[INFO] [stderr]    Compiling semver v1.0.17
[INFO] [stderr]     Checking glyph_brush_layout v0.2.3
[INFO] [stderr]     Checking matrixmultiply v0.3.2
[INFO] [stderr]     Checking crossbeam-deque v0.8.3
[INFO] [stderr]     Checking num_cpus v1.15.0
[INFO] [stderr]     Checking optional v0.5.0
[INFO] [stderr]     Checking robust v0.2.3
[INFO] [stderr]     Checking pretty-type-name v1.0.1
[INFO] [stderr]     Checking url v2.3.1
[INFO] [stderr]     Checking rand_core v0.6.4
[INFO] [stderr]     Checking crossbeam v0.8.2
[INFO] [stderr]     Checking bstr v1.4.0
[INFO] [stderr]    Compiling toml_datetime v0.6.1
[INFO] [stderr]    Compiling serde_spanned v0.6.1
[INFO] [stderr]    Compiling rustc_version v0.4.0
[INFO] [stderr]    Compiling rustversion v1.0.12
[INFO] [stderr]    Compiling toml_edit v0.19.8
[INFO] [stderr]     Checking glam v0.22.0
[INFO] [stderr]     Checking rand_chacha v0.3.1
[INFO] [stderr]     Checking itertools v0.10.5
[INFO] [stderr]     Checking rayon v1.7.0
[INFO] [stderr]     Checking webbrowser v0.8.8
[INFO] [stderr]     Checking ringbuf v0.3.3
[INFO] [stderr]     Checking spin_sleep v1.1.1
[INFO] [stderr]     Checking opener v0.5.2
[INFO] [stderr]     Checking atomic-arena v0.1.1
[INFO] [stderr]     Checking rand v0.8.5
[INFO] [stderr]     Checking rand_pcg v0.3.1
[INFO] [stderr]     Checking time v0.1.45
[INFO] [stderr]     Checking iana-time-zone v0.1.56
[INFO] [stderr]     Checking bitflags v2.1.0
[INFO] [stderr]     Checking strum v0.24.1
[INFO] [stderr]     Checking unicode-segmentation v1.10.1
[INFO] [stderr]     Checking chrono v0.4.24
[INFO] [stderr] error: could not compile `ash` (lib)
[INFO] [stderr] 
[INFO] [stderr] Caused by:
[INFO] [stderr]   process didn't exit successfully: `/opt/rustwide/rustup-home/toolchains/1.75.0-x86_64-unknown-linux-gnu/bin/rustc --crate-name ash --edition=2018 /opt/rustwide/cargo-home/registry/src/index.crates.io-6f17d22bba15001f/ash-0.37.2+1.3.238/src/lib.rs --error-format=json --json=diagnostic-rendered-ansi,artifacts,future-incompat --crate-type lib --emit=dep-info,metadata -C embed-bitcode=no -C debuginfo=2 --cfg 'feature="debug"' --cfg 'feature="default"' --cfg 'feature="libloading"' --cfg 'feature="loaded"' -C metadata=ccd0cd93ac0cbda8 -C extra-filename=-ccd0cd93ac0cbda8 --out-dir /opt/rustwide/target/debug/deps -L dependency=/opt/rustwide/target/debug/deps --extern libloading=/opt/rustwide/target/debug/deps/liblibloading-29c88375499a3949.rmeta --cap-lints allow --cap-lints=warn` (signal: 9, SIGKILL: kill)
[INFO] [stderr] warning: build failed, waiting for other jobs to finish...
[INFO] [stdout] error[E0554]: `#![feature]` may not be used on the stable release channel
[INFO] [stdout]    --> /opt/rustwide/cargo-home/registry/src/index.crates.io-6f17d22bba15001f/packed_simd_2-0.3.8/src/lib.rs:214:1
[INFO] [stdout]     |
[INFO] [stdout] 214 | / #![feature(
[INFO] [stdout] 215 | |     adt_const_params,
[INFO] [stdout] 216 | |     repr_simd,
[INFO] [stdout] 217 | |     rustc_attrs,
[INFO] [stdout] ...   |
[INFO] [stdout] 224 | |     custom_inner_attributes,
[INFO] [stdout] 225 | | )]
[INFO] [stdout]     | |__^
[INFO] [stdout] 
[INFO] [stdout] 
[INFO] [stdout] error[E0554]: `#![feature]` may not be used on the stable release channel
[INFO] [stdout]    --> /opt/rustwide/cargo-home/registry/src/index.crates.io-6f17d22bba15001f/packed_simd_2-0.3.8/src/lib.rs:219:5
[INFO] [stdout]     |
[INFO] [stdout] 219 |     stdsimd,
[INFO] [stdout]     |     ^^^^^^^
[INFO] [stdout] 
[INFO] [stdout] 
[INFO] [stdout] error[E0554]: `#![feature]` may not be used on the stable release channel
[INFO] [stdout]    --> /opt/rustwide/cargo-home/registry/src/index.crates.io-6f17d22bba15001f/packed_simd_2-0.3.8/src/lib.rs:222:5
[INFO] [stdout]     |
[INFO] [stdout] 222 |     core_intrinsics,
[INFO] [stdout]     |     ^^^^^^^^^^^^^^^
[INFO] [stdout] 
[INFO] [stdout] 
[INFO] [stdout] error: unrecognized platform-specific intrinsic function: `simd_shuffle2`
[INFO] [stdout]   --> /opt/rustwide/cargo-home/registry/src/index.crates.io-6f17d22bba15001f/packed_simd_2-0.3.8/src/codegen/llvm.rs:10:5
[INFO] [stdout]    |
[INFO] [stdout] 10 |     pub fn simd_shuffle2<T, U>(x: T, y: T, idx: [u32; 2]) -> U;
[INFO] [stdout]    |     ^^^^^^^^^^^^^^^^^^^^^^^^^^^^^^^^^^^^^^^^^^^^^^^^^^^^^^^^^^^
[INFO] [stdout] 
[INFO] [stdout] 
[INFO] [stdout] error: unrecognized platform-specific intrinsic function: `simd_shuffle4`
[INFO] [stdout]   --> /opt/rustwide/cargo-home/registry/src/index.crates.io-6f17d22bba15001f/packed_simd_2-0.3.8/src/codegen/llvm.rs:11:5
[INFO] [stdout]    |
[INFO] [stdout] 11 |     pub fn simd_shuffle4<T, U>(x: T, y: T, idx: [u32; 4]) -> U;
[INFO] [stdout]    |     ^^^^^^^^^^^^^^^^^^^^^^^^^^^^^^^^^^^^^^^^^^^^^^^^^^^^^^^^^^^
[INFO] [stdout] 
[INFO] [stdout] 
[INFO] [stdout] error: unrecognized platform-specific intrinsic function: `simd_shuffle8`
[INFO] [stdout]   --> /opt/rustwide/cargo-home/registry/src/index.crates.io-6f17d22bba15001f/packed_simd_2-0.3.8/src/codegen/llvm.rs:12:5
[INFO] [stdout]    |
[INFO] [stdout] 12 |     pub fn simd_shuffle8<T, U>(x: T, y: T, idx: [u32; 8]) -> U;
[INFO] [stdout]    |     ^^^^^^^^^^^^^^^^^^^^^^^^^^^^^^^^^^^^^^^^^^^^^^^^^^^^^^^^^^^
[INFO] [stdout] 
[INFO] [stdout] 
[INFO] [stdout] error: unrecognized platform-specific intrinsic function: `simd_shuffle16`
[INFO] [stdout]   --> /opt/rustwide/cargo-home/registry/src/index.crates.io-6f17d22bba15001f/packed_simd_2-0.3.8/src/codegen/llvm.rs:13:5
[INFO] [stdout]    |
[INFO] [stdout] 13 |     pub fn simd_shuffle16<T, U>(x: T, y: T, idx: [u32; 16]) -> U;
[INFO] [stdout]    |     ^^^^^^^^^^^^^^^^^^^^^^^^^^^^^^^^^^^^^^^^^^^^^^^^^^^^^^^^^^^^^
[INFO] [stdout] 
[INFO] [stdout] 
[INFO] [stdout] error: unrecognized platform-specific intrinsic function: `simd_shuffle32`
[INFO] [stdout]   --> /opt/rustwide/cargo-home/registry/src/index.crates.io-6f17d22bba15001f/packed_simd_2-0.3.8/src/codegen/llvm.rs:14:5
[INFO] [stdout]    |
[INFO] [stdout] 14 |     pub fn simd_shuffle32<T, U>(x: T, y: T, idx: [u32; 32]) -> U;
[INFO] [stdout]    |     ^^^^^^^^^^^^^^^^^^^^^^^^^^^^^^^^^^^^^^^^^^^^^^^^^^^^^^^^^^^^^
[INFO] [stdout] 
[INFO] [stdout] 
[INFO] [stdout] error: unrecognized platform-specific intrinsic function: `simd_shuffle64`
[INFO] [stdout]   --> /opt/rustwide/cargo-home/registry/src/index.crates.io-6f17d22bba15001f/packed_simd_2-0.3.8/src/codegen/llvm.rs:15:5
[INFO] [stdout]    |
[INFO] [stdout] 15 |     pub fn simd_shuffle64<T, U>(x: T, y: T, idx: [u32; 64]) -> U;
[INFO] [stdout]    |     ^^^^^^^^^^^^^^^^^^^^^^^^^^^^^^^^^^^^^^^^^^^^^^^^^^^^^^^^^^^^^
[INFO] [stdout] 
[INFO] [stdout] 
[INFO] [stdout] error: aborting due to 9 previous errors
[INFO] [stdout] 
[INFO] [stdout] 
[INFO] [stdout] For more information about this error, try `rustc --explain E0554`.
[INFO] [stdout] 
[INFO] [stderr] error: could not compile `packed_simd_2` (lib) due to 10 previous errors
[INFO] running `Command { std: "docker" "inspect" "a6bbc4571db3b6ce38e0282b3474ef20d3907253af4f4628db4863fba8431843", kill_on_drop: false }`
[INFO] running `Command { std: "docker" "rm" "-f" "a6bbc4571db3b6ce38e0282b3474ef20d3907253af4f4628db4863fba8431843", kill_on_drop: false }`
[INFO] [stdout] a6bbc4571db3b6ce38e0282b3474ef20d3907253af4f4628db4863fba8431843
