[INFO] cloning repository https://github.com/Maccraft123/peroxide
[INFO] running `Command { std: "git" "-c" "credential.helper=" "-c" "credential.helper=/workspace/cargo-home/bin/git-credential-null" "clone" "--bare" "https://github.com/Maccraft123/peroxide" "/workspace/cache/git-repos/https%3A%2F%2Fgithub.com%2FMaccraft123%2Fperoxide", kill_on_drop: false }`
[INFO] [stderr] Cloning into bare repository '/workspace/cache/git-repos/https%3A%2F%2Fgithub.com%2FMaccraft123%2Fperoxide'...
[INFO] running `Command { std: "git" "rev-parse" "HEAD", kill_on_drop: false }`
[INFO] [stdout] b8a83283b572614c3f071daa4229b536b9e0d23e
[INFO] documenting Maccraft123/peroxide against 1.75.0 for beta-1.76-rustdoc-1
[INFO] running `Command { std: "git" "clone" "/workspace/cache/git-repos/https%3A%2F%2Fgithub.com%2FMaccraft123%2Fperoxide" "/workspace/builds/worker-0-tc1/source", kill_on_drop: false }`
[INFO] [stderr] Cloning into '/workspace/builds/worker-0-tc1/source'...
[INFO] [stderr] done.
[INFO] validating manifest of git repo https://github.com/Maccraft123/peroxide on toolchain 1.75.0
[INFO] running `Command { std: CARGO_HOME="/workspace/cargo-home" RUSTUP_HOME="/workspace/rustup-home" "/workspace/cargo-home/bin/cargo" "+1.75.0" "metadata" "--manifest-path" "Cargo.toml" "--no-deps", kill_on_drop: false }`
[INFO] started tweaking git repo https://github.com/Maccraft123/peroxide
[INFO] finished tweaking git repo https://github.com/Maccraft123/peroxide
[INFO] tweaked toml for git repo https://github.com/Maccraft123/peroxide written to /workspace/builds/worker-0-tc1/source/Cargo.toml
[INFO] crate git repo https://github.com/Maccraft123/peroxide already has a lockfile, it will not be regenerated
[INFO] running `Command { std: CARGO_HOME="/workspace/cargo-home" RUSTUP_HOME="/workspace/rustup-home" "/workspace/cargo-home/bin/cargo" "+1.75.0" "fetch" "--manifest-path" "Cargo.toml", kill_on_drop: false }`
[INFO] [stderr]     Updating git repository `https://github.com/Maccraft123/aski.git`
[INFO] [stderr]     Updating crates.io index
[INFO] [stderr]     Updating git repository `https://github.com/Maccraft123/hwctl.git`
[INFO] [stderr]     Updating git repository `https://github.com/Maccraft123/ozone.git`
[INFO] [stderr]     Updating git repository `https://github.com/R-ARM/ez_input.git`
[INFO] [stderr]  Downloading crates ...
[INFO] [stderr]   Downloaded ucs2 v0.3.2
[INFO] [stderr]   Downloaded efivar v0.2.1
[INFO] [stderr]   Downloaded uefi-macros v0.8.1
[INFO] [stderr]   Downloaded evdev v0.11.7
[INFO] [stderr]   Downloaded gpt v3.0.0
[INFO] [stderr]   Downloaded uefi v0.17.0
[INFO] [stderr]   Downloaded syscalls v0.6.6
[INFO] running `Command { std: "docker" "create" "-v" "/var/lib/crater-agent-workspace/builds/worker-0-tc1/target:/opt/rustwide/target:rw,Z" "-v" "/var/lib/crater-agent-workspace/builds/worker-0-tc1/source:/opt/rustwide/workdir:ro,Z" "-v" "/var/lib/crater-agent-workspace/cargo-home:/opt/rustwide/cargo-home:ro,Z" "-v" "/var/lib/crater-agent-workspace/rustup-home:/opt/rustwide/rustup-home:ro,Z" "-e" "SOURCE_DIR=/opt/rustwide/workdir" "-e" "CARGO_TARGET_DIR=/opt/rustwide/target" "-e" "CARGO_HOME=/opt/rustwide/cargo-home" "-e" "RUSTUP_HOME=/opt/rustwide/rustup-home" "-w" "/opt/rustwide/workdir" "-m" "1610612736" "--user" "0:0" "--network" "none" "ghcr.io/rust-lang/crates-build-env/linux@sha256:2788e3201cd34a07e3172128adcd8b3090168a8e3bcc40d7c032b9dda1df7d1c" "/opt/rustwide/cargo-home/bin/cargo" "+1.75.0" "metadata" "--no-deps" "--format-version=1", kill_on_drop: false }`
[INFO] [stdout] 67823b698f2347f32dd2cd734fb42f6c00f41945c7cab03bd88cea4a06211ae3
[INFO] running `Command { std: "docker" "start" "-a" "67823b698f2347f32dd2cd734fb42f6c00f41945c7cab03bd88cea4a06211ae3", kill_on_drop: false }`
[INFO] running `Command { std: "docker" "inspect" "67823b698f2347f32dd2cd734fb42f6c00f41945c7cab03bd88cea4a06211ae3", kill_on_drop: false }`
[INFO] running `Command { std: "docker" "rm" "-f" "67823b698f2347f32dd2cd734fb42f6c00f41945c7cab03bd88cea4a06211ae3", kill_on_drop: false }`
[INFO] [stdout] 67823b698f2347f32dd2cd734fb42f6c00f41945c7cab03bd88cea4a06211ae3
[INFO] running `Command { std: "docker" "create" "-v" "/var/lib/crater-agent-workspace/builds/worker-0-tc1/target:/opt/rustwide/target:rw,Z" "-v" "/var/lib/crater-agent-workspace/builds/worker-0-tc1/source:/opt/rustwide/workdir:ro,Z" "-v" "/var/lib/crater-agent-workspace/cargo-home:/opt/rustwide/cargo-home:ro,Z" "-v" "/var/lib/crater-agent-workspace/rustup-home:/opt/rustwide/rustup-home:ro,Z" "-e" "SOURCE_DIR=/opt/rustwide/workdir" "-e" "CARGO_TARGET_DIR=/opt/rustwide/target" "-e" "CARGO_INCREMENTAL=0" "-e" "RUST_BACKTRACE=full" "-e" "RUSTFLAGS=--cap-lints=warn" "-e" "RUSTDOCFLAGS=--cap-lints=warn" "-e" "CARGO_HOME=/opt/rustwide/cargo-home" "-e" "RUSTUP_HOME=/opt/rustwide/rustup-home" "-w" "/opt/rustwide/workdir" "-m" "1610612736" "--user" "0:0" "--network" "none" "ghcr.io/rust-lang/crates-build-env/linux@sha256:2788e3201cd34a07e3172128adcd8b3090168a8e3bcc40d7c032b9dda1df7d1c" "/opt/rustwide/cargo-home/bin/cargo" "+1.75.0" "doc" "--frozen" "--no-deps" "--document-private-items" "--message-format=json", kill_on_drop: false }`
[INFO] [stdout] e09daa7e2ae4234740fb82a28edfb12d54a82943af16cd25a2e80139a5f6d200
[INFO] running `Command { std: "docker" "start" "-a" "e09daa7e2ae4234740fb82a28edfb12d54a82943af16cd25a2e80139a5f6d200", kill_on_drop: false }`
[INFO] [stderr]    Compiling proc-macro2 v1.0.44
[INFO] [stderr]    Compiling quote v1.0.21
[INFO] [stderr]    Compiling libc v0.2.133
[INFO] [stderr]    Compiling unicode-ident v1.0.4
[INFO] [stderr]    Compiling syn v1.0.101
[INFO] [stderr]     Checking cfg-if v1.0.0
[INFO] [stderr]    Compiling autocfg v1.1.0
[INFO] [stderr]     Checking bitflags v1.3.2
[INFO] [stderr]    Compiling log v0.4.17
[INFO] [stderr]    Compiling serde_derive v1.0.145
[INFO] [stderr]    Compiling serde v1.0.145
[INFO] [stderr]    Compiling memchr v2.5.0
[INFO] [stderr]    Compiling radium v0.7.0
[INFO] [stderr]    Compiling cc v1.0.73
[INFO] [stderr]    Compiling memoffset v0.6.5
[INFO] [stderr]    Compiling lock_api v0.4.9
[INFO] [stderr]     Checking gimli v0.26.2
[INFO] [stderr]    Compiling thiserror v1.0.36
[INFO] [stderr]    Compiling failure_derive v0.1.8
[INFO] [stderr]    Compiling build_const v0.2.2
[INFO] [stderr]     Checking adler v1.0.2
[INFO] [stderr]    Compiling parking_lot_core v0.9.3
[INFO] [stderr]     Checking tap v1.0.1
[INFO] [stderr]    Compiling unicode-xid v0.2.4
[INFO] [stderr]    Compiling signal-hook v0.3.14
[INFO] [stderr]     Checking wyz v0.5.0
[INFO] [stderr]     Checking object v0.29.0
[INFO] [stderr]     Checking miniz_oxide v0.5.4
[INFO] [stderr]    Compiling crc v1.8.1
[INFO] [stderr]     Checking funty v2.0.0
[INFO] [stderr]     Checking smallvec v1.9.0
[INFO] [stderr]     Checking signal-hook-registry v1.4.0
[INFO] [stderr]    Compiling backtrace v0.3.66
[INFO] [stderr]     Checking getrandom v0.2.7
[INFO] [stderr]     Checking rustc-demangle v0.1.21
[INFO] [stderr]     Checking scopeguard v1.1.0
[INFO] [stderr]     Checking mio v0.8.4
[INFO] [stderr]     Checking nix v0.23.1
[INFO] [stderr]     Checking bit_field v0.10.1
[INFO] [stderr]    Compiling anyhow v1.0.65
[INFO] [stderr]     Checking ucs2 v0.3.2
[INFO] [stderr]     Checking bitvec v1.0.1
[INFO] [stderr]     Checking parking_lot v0.12.1
[INFO] [stderr]     Checking signal-hook-mio v0.2.3
[INFO] [stderr]     Checking pin-utils v0.1.0
[INFO] [stderr]     Checking byteorder v1.4.3
[INFO] [stderr]     Checking crossterm v0.25.0
[INFO] [stderr]     Checking nix v0.25.0
[INFO] [stderr]     Checking addr2line v0.17.0
[INFO] [stderr]     Checking uuid v1.1.2
[INFO] [stderr]     Checking hwctl v0.1.0 (https://github.com/Maccraft123/hwctl.git?branch=main#39659f2e)
[INFO] [stderr]    Compiling synstructure v0.12.6
[INFO] [stderr]    Compiling thiserror-impl v1.0.36
[INFO] [stderr]    Compiling uefi-macros v0.8.1
[INFO] [stderr]    Compiling serde_repr v0.1.9
[INFO] [stderr]     Checking failure v0.1.8
[INFO] [stderr]     Checking uefi v0.17.0
[INFO] [stdout] error[E0554]: `#![feature]` may not be used on the stable release channel
[INFO] [stdout]   --> /opt/rustwide/cargo-home/registry/src/index.crates.io-6f17d22bba15001f/uefi-0.17.0/src/lib.rs:26:1
[INFO] [stdout]    |
[INFO] [stdout] 26 | #![feature(abi_efiapi)]
[INFO] [stdout]    | ^^^^^^^^^^^^^^^^^^^^^^^ help: remove the attribute
[INFO] [stdout]    |
[INFO] [stdout]    = help: the feature `abi_efiapi` has been stable since `1.68.0` and no longer requires an attribute to enable
[INFO] [stdout] 
[INFO] [stdout] 
[INFO] [stdout] error[E0554]: `#![feature]` may not be used on the stable release channel
[INFO] [stdout]   --> /opt/rustwide/cargo-home/registry/src/index.crates.io-6f17d22bba15001f/uefi-0.17.0/src/lib.rs:27:1
[INFO] [stdout]    |
[INFO] [stdout] 27 | #![feature(maybe_uninit_slice)]
[INFO] [stdout]    | ^^^^^^^^^^^^^^^^^^^^^^^^^^^^^^^
[INFO] [stdout] 
[INFO] [stdout] 
[INFO] [stdout] error[E0554]: `#![feature]` may not be used on the stable release channel
[INFO] [stdout]   --> /opt/rustwide/cargo-home/registry/src/index.crates.io-6f17d22bba15001f/uefi-0.17.0/src/lib.rs:28:1
[INFO] [stdout]    |
[INFO] [stdout] 28 | #![feature(negative_impls)]
[INFO] [stdout]    | ^^^^^^^^^^^^^^^^^^^^^^^^^^^
[INFO] [stdout] 
[INFO] [stdout] 
[INFO] [stdout] error[E0554]: `#![feature]` may not be used on the stable release channel
[INFO] [stdout]   --> /opt/rustwide/cargo-home/registry/src/index.crates.io-6f17d22bba15001f/uefi-0.17.0/src/lib.rs:29:1
[INFO] [stdout]    |
[INFO] [stdout] 29 | #![feature(ptr_metadata)]
[INFO] [stdout]    | ^^^^^^^^^^^^^^^^^^^^^^^^^
[INFO] [stdout] 
[INFO] [stdout] 
[INFO] [stdout] error[E0554]: `#![feature]` may not be used on the stable release channel
[INFO] [stdout]   --> /opt/rustwide/cargo-home/registry/src/index.crates.io-6f17d22bba15001f/uefi-0.17.0/src/lib.rs:30:31
[INFO] [stdout]    |
[INFO] [stdout] 30 | #![cfg_attr(feature = "exts", feature(vec_into_raw_parts))]
[INFO] [stdout]    |                               ^^^^^^^^^^^^^^^^^^^^^^^^^^^
[INFO] [stdout] 
[INFO] [stdout] 
[INFO] [stdout] error[E0554]: `#![feature]` may not be used on the stable release channel
[INFO] [stdout]   --> /opt/rustwide/cargo-home/registry/src/index.crates.io-6f17d22bba15001f/uefi-0.17.0/src/lib.rs:27:12
[INFO] [stdout]    |
[INFO] [stdout] 27 | #![feature(maybe_uninit_slice)]
[INFO] [stdout]    |            ^^^^^^^^^^^^^^^^^^
[INFO] [stdout] 
[INFO] [stdout] 
[INFO] [stdout] error[E0554]: `#![feature]` may not be used on the stable release channel
[INFO] [stdout]   --> /opt/rustwide/cargo-home/registry/src/index.crates.io-6f17d22bba15001f/uefi-0.17.0/src/lib.rs:29:12
[INFO] [stdout]    |
[INFO] [stdout] 29 | #![feature(ptr_metadata)]
[INFO] [stdout]    |            ^^^^^^^^^^^^
[INFO] [stdout] 
[INFO] [stdout] 
[INFO] [stdout] error[E0554]: `#![feature]` may not be used on the stable release channel
[INFO] [stdout]   --> /opt/rustwide/cargo-home/registry/src/index.crates.io-6f17d22bba15001f/uefi-0.17.0/src/lib.rs:30:39
[INFO] [stdout]    |
[INFO] [stdout] 30 | #![cfg_attr(feature = "exts", feature(vec_into_raw_parts))]
[INFO] [stdout]    |                                       ^^^^^^^^^^^^^^^^^^
[INFO] [stdout] 
[INFO] [stdout] 
[INFO] [stderr]     Checking evdev v0.11.7
[INFO] [stdout] error: aborting due to 8 previous errors
[INFO] [stdout] 
[INFO] [stdout] 
[INFO] [stdout] For more information about this error, try `rustc --explain E0554`.
[INFO] [stdout] 
[INFO] [stderr] error: could not compile `uefi` (lib) due to 9 previous errors; 9 warnings emitted
[INFO] [stderr] warning: build failed, waiting for other jobs to finish...
[INFO] running `Command { std: "docker" "inspect" "e09daa7e2ae4234740fb82a28edfb12d54a82943af16cd25a2e80139a5f6d200", kill_on_drop: false }`
[INFO] running `Command { std: "docker" "rm" "-f" "e09daa7e2ae4234740fb82a28edfb12d54a82943af16cd25a2e80139a5f6d200", kill_on_drop: false }`
[INFO] [stdout] e09daa7e2ae4234740fb82a28edfb12d54a82943af16cd25a2e80139a5f6d200
