[INFO] cloning repository https://github.com/Maccraft123/bootmgr
[INFO] running `Command { std: "git" "-c" "credential.helper=" "-c" "credential.helper=/workspace/cargo-home/bin/git-credential-null" "clone" "--bare" "https://github.com/Maccraft123/bootmgr" "/workspace/cache/git-repos/https%3A%2F%2Fgithub.com%2FMaccraft123%2Fbootmgr", kill_on_drop: false }`
[INFO] [stderr] Cloning into bare repository '/workspace/cache/git-repos/https%3A%2F%2Fgithub.com%2FMaccraft123%2Fbootmgr'...
[INFO] running `Command { std: "git" "rev-parse" "HEAD", kill_on_drop: false }`
[INFO] [stdout] 5e629902998d887b81bf35697b91b602f41423b5
[INFO] documenting Maccraft123/bootmgr against 1.75.0 for beta-1.76-rustdoc-1
[INFO] running `Command { std: "git" "clone" "/workspace/cache/git-repos/https%3A%2F%2Fgithub.com%2FMaccraft123%2Fbootmgr" "/workspace/builds/worker-2-tc1/source", kill_on_drop: false }`
[INFO] [stderr] Cloning into '/workspace/builds/worker-2-tc1/source'...
[INFO] [stderr] done.
[INFO] validating manifest of git repo https://github.com/Maccraft123/bootmgr on toolchain 1.75.0
[INFO] running `Command { std: CARGO_HOME="/workspace/cargo-home" RUSTUP_HOME="/workspace/rustup-home" "/workspace/cargo-home/bin/cargo" "+1.75.0" "metadata" "--manifest-path" "Cargo.toml" "--no-deps", kill_on_drop: false }`
[INFO] started tweaking git repo https://github.com/Maccraft123/bootmgr
[INFO] finished tweaking git repo https://github.com/Maccraft123/bootmgr
[INFO] tweaked toml for git repo https://github.com/Maccraft123/bootmgr written to /workspace/builds/worker-2-tc1/source/Cargo.toml
[INFO] crate git repo https://github.com/Maccraft123/bootmgr already has a lockfile, it will not be regenerated
[INFO] running `Command { std: CARGO_HOME="/workspace/cargo-home" RUSTUP_HOME="/workspace/rustup-home" "/workspace/cargo-home/bin/cargo" "+1.75.0" "fetch" "--manifest-path" "Cargo.toml", kill_on_drop: false }`
[INFO] [stderr]     Updating crates.io index
[INFO] [stderr]     Updating git repository `https://github.com/R-ARM/ez_input.git`
[INFO] [stderr]  Downloading crates ...
[INFO] [stderr]   Downloaded uefi-macros v0.7.0
[INFO] [stderr]   Downloaded uefi v0.16.0
[INFO] [stderr]   Downloaded efivar v0.2.1
[INFO] [stderr]   Downloaded evdev v0.11.6
[INFO] running `Command { std: "docker" "create" "-v" "/var/lib/crater-agent-workspace/builds/worker-2-tc1/target:/opt/rustwide/target:rw,Z" "-v" "/var/lib/crater-agent-workspace/builds/worker-2-tc1/source:/opt/rustwide/workdir:ro,Z" "-v" "/var/lib/crater-agent-workspace/cargo-home:/opt/rustwide/cargo-home:ro,Z" "-v" "/var/lib/crater-agent-workspace/rustup-home:/opt/rustwide/rustup-home:ro,Z" "-e" "SOURCE_DIR=/opt/rustwide/workdir" "-e" "CARGO_TARGET_DIR=/opt/rustwide/target" "-e" "CARGO_HOME=/opt/rustwide/cargo-home" "-e" "RUSTUP_HOME=/opt/rustwide/rustup-home" "-w" "/opt/rustwide/workdir" "-m" "1610612736" "--user" "0:0" "--network" "none" "ghcr.io/rust-lang/crates-build-env/linux@sha256:2788e3201cd34a07e3172128adcd8b3090168a8e3bcc40d7c032b9dda1df7d1c" "/opt/rustwide/cargo-home/bin/cargo" "+1.75.0" "metadata" "--no-deps" "--format-version=1", kill_on_drop: false }`
[INFO] [stdout] 740d79f2df7d54ad91752cc69cea1eb2aa5b889ec98fd21236ab85bedce60234
[INFO] running `Command { std: "docker" "start" "-a" "740d79f2df7d54ad91752cc69cea1eb2aa5b889ec98fd21236ab85bedce60234", kill_on_drop: false }`
[INFO] running `Command { std: "docker" "inspect" "740d79f2df7d54ad91752cc69cea1eb2aa5b889ec98fd21236ab85bedce60234", kill_on_drop: false }`
[INFO] running `Command { std: "docker" "rm" "-f" "740d79f2df7d54ad91752cc69cea1eb2aa5b889ec98fd21236ab85bedce60234", kill_on_drop: false }`
[INFO] [stdout] 740d79f2df7d54ad91752cc69cea1eb2aa5b889ec98fd21236ab85bedce60234
[INFO] running `Command { std: "docker" "create" "-v" "/var/lib/crater-agent-workspace/builds/worker-2-tc1/target:/opt/rustwide/target:rw,Z" "-v" "/var/lib/crater-agent-workspace/builds/worker-2-tc1/source:/opt/rustwide/workdir:ro,Z" "-v" "/var/lib/crater-agent-workspace/cargo-home:/opt/rustwide/cargo-home:ro,Z" "-v" "/var/lib/crater-agent-workspace/rustup-home:/opt/rustwide/rustup-home:ro,Z" "-e" "SOURCE_DIR=/opt/rustwide/workdir" "-e" "CARGO_TARGET_DIR=/opt/rustwide/target" "-e" "CARGO_INCREMENTAL=0" "-e" "RUST_BACKTRACE=full" "-e" "RUSTFLAGS=--cap-lints=warn" "-e" "RUSTDOCFLAGS=--cap-lints=warn" "-e" "CARGO_HOME=/opt/rustwide/cargo-home" "-e" "RUSTUP_HOME=/opt/rustwide/rustup-home" "-w" "/opt/rustwide/workdir" "-m" "1610612736" "--user" "0:0" "--network" "none" "ghcr.io/rust-lang/crates-build-env/linux@sha256:2788e3201cd34a07e3172128adcd8b3090168a8e3bcc40d7c032b9dda1df7d1c" "/opt/rustwide/cargo-home/bin/cargo" "+1.75.0" "doc" "--frozen" "--no-deps" "--document-private-items" "--message-format=json", kill_on_drop: false }`
[INFO] [stdout] eb5dc6372228d2437aa620c03dac5ea55221e51ca522a7aa208484930e6652e8
[INFO] running `Command { std: "docker" "start" "-a" "eb5dc6372228d2437aa620c03dac5ea55221e51ca522a7aa208484930e6652e8", kill_on_drop: false }`
[INFO] [stderr]    Compiling libc v0.2.131
[INFO] [stderr]    Compiling proc-macro2 v1.0.43
[INFO] [stderr]    Compiling unicode-ident v1.0.3
[INFO] [stderr]    Compiling quote v1.0.21
[INFO] [stderr]    Compiling syn v1.0.99
[INFO] [stderr]    Compiling memchr v2.5.0
[INFO] [stderr]    Compiling log v0.4.17
[INFO] [stderr]    Compiling radium v0.7.0
[INFO] [stderr]    Compiling cc v1.0.73
[INFO] [stderr]     Checking tap v1.0.1
[INFO] [stderr]    Compiling signal-hook v0.3.14
[INFO] [stderr]    Compiling failure_derive v0.1.8
[INFO] [stderr]    Compiling memoffset v0.6.5
[INFO] [stderr]    Compiling lock_api v0.4.7
[INFO] [stderr]    Compiling serde v1.0.143
[INFO] [stderr]    Compiling parking_lot_core v0.9.3
[INFO] [stderr]    Compiling unicode-xid v0.2.3
[INFO] [stderr]     Checking gimli v0.26.2
[INFO] [stderr]     Checking wyz v0.5.0
[INFO] [stderr]     Checking miniz_oxide v0.5.3
[INFO] [stderr]     Checking rustc-demangle v0.1.21
[INFO] [stderr]     Checking smallvec v1.9.0
[INFO] [stderr]     Checking scopeguard v1.1.0
[INFO] [stderr]     Checking funty v2.0.0
[INFO] [stderr]    Compiling anyhow v1.0.61
[INFO] [stderr]     Checking bit_field v0.10.1
[INFO] [stderr]     Checking lazy_static v1.4.0
[INFO] [stderr]     Checking byteorder v1.4.3
[INFO] [stderr]     Checking regex-syntax v0.6.27
[INFO] [stderr]     Checking ucs2 v0.3.2
[INFO] [stderr]     Checking pin-utils v0.1.0
[INFO] [stderr]     Checking object v0.29.0
[INFO] [stderr]     Checking aho-corasick v0.7.18
[INFO] [stderr]    Compiling backtrace v0.3.66
[INFO] [stderr]     Checking bitvec v1.0.1
[INFO] [stderr]     Checking signal-hook-registry v1.4.0
[INFO] [stderr]     Checking mio v0.8.4
[INFO] [stderr]     Checking nix v0.23.1
[INFO] [stderr]     Checking nix v0.25.0
[INFO] [stderr]     Checking parking_lot v0.12.1
[INFO] [stderr]     Checking signal-hook-mio v0.2.3
[INFO] [stderr]     Checking crossterm v0.25.0
[INFO] [stderr]     Checking addr2line v0.17.0
[INFO] [stderr]     Checking regex v1.6.0
[INFO] [stderr]     Checking uuid v0.8.2
[INFO] [stderr]    Compiling synstructure v0.12.6
[INFO] [stderr]    Compiling thiserror-impl v1.0.32
[INFO] [stderr]    Compiling uefi-macros v0.7.0
[INFO] [stderr]     Checking uefi v0.16.0
[INFO] [stderr]     Checking failure v0.1.8
[INFO] [stdout] error[E0554]: `#![feature]` may not be used on the stable release channel
[INFO] [stdout]   --> /opt/rustwide/cargo-home/registry/src/index.crates.io-6f17d22bba15001f/uefi-0.16.0/src/lib.rs:26:1
[INFO] [stdout]    |
[INFO] [stdout] 26 | #![feature(try_trait_v2)]
[INFO] [stdout]    | ^^^^^^^^^^^^^^^^^^^^^^^^^
[INFO] [stdout] 
[INFO] [stdout] 
[INFO] [stdout] error[E0554]: `#![feature]` may not be used on the stable release channel
[INFO] [stdout]   --> /opt/rustwide/cargo-home/registry/src/index.crates.io-6f17d22bba15001f/uefi-0.16.0/src/lib.rs:27:1
[INFO] [stdout]    |
[INFO] [stdout] 27 | #![feature(abi_efiapi)]
[INFO] [stdout]    | ^^^^^^^^^^^^^^^^^^^^^^^ help: remove the attribute
[INFO] [stdout]    |
[INFO] [stdout]    = help: the feature `abi_efiapi` has been stable since `1.68.0` and no longer requires an attribute to enable
[INFO] [stdout] 
[INFO] [stdout] 
[INFO] [stdout] error[E0554]: `#![feature]` may not be used on the stable release channel
[INFO] [stdout]   --> /opt/rustwide/cargo-home/registry/src/index.crates.io-6f17d22bba15001f/uefi-0.16.0/src/lib.rs:28:1
[INFO] [stdout]    |
[INFO] [stdout] 28 | #![feature(maybe_uninit_slice)]
[INFO] [stdout]    | ^^^^^^^^^^^^^^^^^^^^^^^^^^^^^^^
[INFO] [stdout] 
[INFO] [stdout] 
[INFO] [stdout] error[E0554]: `#![feature]` may not be used on the stable release channel
[INFO] [stdout]   --> /opt/rustwide/cargo-home/registry/src/index.crates.io-6f17d22bba15001f/uefi-0.16.0/src/lib.rs:29:1
[INFO] [stdout]    |
[INFO] [stdout] 29 | #![feature(negative_impls)]
[INFO] [stdout]    | ^^^^^^^^^^^^^^^^^^^^^^^^^^^
[INFO] [stdout] 
[INFO] [stdout] 
[INFO] [stdout] error[E0554]: `#![feature]` may not be used on the stable release channel
[INFO] [stdout]   --> /opt/rustwide/cargo-home/registry/src/index.crates.io-6f17d22bba15001f/uefi-0.16.0/src/lib.rs:30:1
[INFO] [stdout]    |
[INFO] [stdout] 30 | #![feature(ptr_metadata)]
[INFO] [stdout]    | ^^^^^^^^^^^^^^^^^^^^^^^^^
[INFO] [stdout] 
[INFO] [stdout] 
[INFO] [stdout] error[E0554]: `#![feature]` may not be used on the stable release channel
[INFO] [stdout]   --> /opt/rustwide/cargo-home/registry/src/index.crates.io-6f17d22bba15001f/uefi-0.16.0/src/lib.rs:31:31
[INFO] [stdout]    |
[INFO] [stdout] 31 | #![cfg_attr(feature = "exts", feature(vec_into_raw_parts))]
[INFO] [stdout]    |                               ^^^^^^^^^^^^^^^^^^^^^^^^^^^
[INFO] [stdout] 
[INFO] [stdout] 
[INFO] [stdout] error[E0554]: `#![feature]` may not be used on the stable release channel
[INFO] [stdout]   --> /opt/rustwide/cargo-home/registry/src/index.crates.io-6f17d22bba15001f/uefi-0.16.0/src/lib.rs:26:12
[INFO] [stdout]    |
[INFO] [stdout] 26 | #![feature(try_trait_v2)]
[INFO] [stdout]    |            ^^^^^^^^^^^^
[INFO] [stdout] 
[INFO] [stdout] 
[INFO] [stdout] error[E0554]: `#![feature]` may not be used on the stable release channel
[INFO] [stdout]   --> /opt/rustwide/cargo-home/registry/src/index.crates.io-6f17d22bba15001f/uefi-0.16.0/src/lib.rs:28:12
[INFO] [stdout]    |
[INFO] [stdout] 28 | #![feature(maybe_uninit_slice)]
[INFO] [stdout]    |            ^^^^^^^^^^^^^^^^^^
[INFO] [stdout] 
[INFO] [stdout] 
[INFO] [stdout] error[E0554]: `#![feature]` may not be used on the stable release channel
[INFO] [stdout]   --> /opt/rustwide/cargo-home/registry/src/index.crates.io-6f17d22bba15001f/uefi-0.16.0/src/lib.rs:30:12
[INFO] [stdout]    |
[INFO] [stdout] 30 | #![feature(ptr_metadata)]
[INFO] [stdout]    |            ^^^^^^^^^^^^
[INFO] [stdout] 
[INFO] [stdout] 
[INFO] [stdout] error[E0554]: `#![feature]` may not be used on the stable release channel
[INFO] [stdout]   --> /opt/rustwide/cargo-home/registry/src/index.crates.io-6f17d22bba15001f/uefi-0.16.0/src/lib.rs:31:39
[INFO] [stdout]    |
[INFO] [stdout] 31 | #![cfg_attr(feature = "exts", feature(vec_into_raw_parts))]
[INFO] [stdout]    |                                       ^^^^^^^^^^^^^^^^^^
[INFO] [stdout] 
[INFO] [stdout] 
[INFO] [stderr]     Checking efivar v0.2.1
[INFO] [stderr]     Checking thiserror v1.0.32
[INFO] [stderr]     Checking evdev v0.11.6
[INFO] [stdout] error: aborting due to 10 previous errors
[INFO] [stdout] 
[INFO] [stdout] 
[INFO] [stdout] For more information about this error, try `rustc --explain E0554`.
[INFO] [stdout] 
[INFO] [stderr] error: could not compile `uefi` (lib) due to 11 previous errors; 9 warnings emitted
[INFO] [stderr] warning: build failed, waiting for other jobs to finish...
[INFO] running `Command { std: "docker" "inspect" "eb5dc6372228d2437aa620c03dac5ea55221e51ca522a7aa208484930e6652e8", kill_on_drop: false }`
[INFO] running `Command { std: "docker" "rm" "-f" "eb5dc6372228d2437aa620c03dac5ea55221e51ca522a7aa208484930e6652e8", kill_on_drop: false }`
[INFO] [stdout] eb5dc6372228d2437aa620c03dac5ea55221e51ca522a7aa208484930e6652e8
