[INFO] cloning repository https://github.com/MabezDev/esp-rhai
[INFO] running `Command { std: "git" "-c" "credential.helper=" "-c" "credential.helper=/workspace/cargo-home/bin/git-credential-null" "clone" "--bare" "https://github.com/MabezDev/esp-rhai" "/workspace/cache/git-repos/https%3A%2F%2Fgithub.com%2FMabezDev%2Fesp-rhai", kill_on_drop: false }`
[INFO] [stderr] Cloning into bare repository '/workspace/cache/git-repos/https%3A%2F%2Fgithub.com%2FMabezDev%2Fesp-rhai'...
[INFO] running `Command { std: "git" "rev-parse" "HEAD", kill_on_drop: false }`
[INFO] [stdout] d39bdca91a9b51045a3a52fe02eb20f2c86c5f48
[INFO] documenting MabezDev/esp-rhai against 1.75.0 for beta-1.76-rustdoc-1
[INFO] running `Command { std: "git" "clone" "/workspace/cache/git-repos/https%3A%2F%2Fgithub.com%2FMabezDev%2Fesp-rhai" "/workspace/builds/worker-3-tc1/source", kill_on_drop: false }`
[INFO] [stderr] Cloning into '/workspace/builds/worker-3-tc1/source'...
[INFO] [stderr] done.
[INFO] validating manifest of git repo https://github.com/MabezDev/esp-rhai on toolchain 1.75.0
[INFO] running `Command { std: CARGO_HOME="/workspace/cargo-home" RUSTUP_HOME="/workspace/rustup-home" "/workspace/cargo-home/bin/cargo" "+1.75.0" "metadata" "--manifest-path" "Cargo.toml" "--no-deps", kill_on_drop: false }`
[INFO] removed /workspace/builds/worker-3-tc1/source/.cargo/config.toml
[INFO] removed /workspace/builds/worker-3-tc1/source/rust-toolchain.toml
[INFO] started tweaking git repo https://github.com/MabezDev/esp-rhai
[INFO] finished tweaking git repo https://github.com/MabezDev/esp-rhai
[INFO] tweaked toml for git repo https://github.com/MabezDev/esp-rhai written to /workspace/builds/worker-3-tc1/source/Cargo.toml
[INFO] crate git repo https://github.com/MabezDev/esp-rhai already has a lockfile, it will not be regenerated
[INFO] running `Command { std: CARGO_HOME="/workspace/cargo-home" RUSTUP_HOME="/workspace/rustup-home" "/workspace/cargo-home/bin/cargo" "+1.75.0" "fetch" "--manifest-path" "Cargo.toml", kill_on_drop: false }`
[INFO] [stderr]     Updating crates.io index
[INFO] [stderr]     Blocking waiting for file lock on package cache
[INFO] [stderr]  Downloading crates ...
[INFO] [stderr]   Downloaded riscv v0.8.0
[INFO] [stderr]   Downloaded mutex-trait v0.2.0
[INFO] [stderr]   Downloaded riscv-rt-macros v0.2.0
[INFO] [stderr]   Downloaded rhai_codegen v1.5.0
[INFO] [stderr]   Downloaded esp-alloc v0.1.0
[INFO] [stderr]   Downloaded esp-backtrace v0.4.0
[INFO] [stderr]   Downloaded core-error v0.0.0
[INFO] [stderr]   Downloaded esp-println v0.3.1
[INFO] [stderr]   Downloaded r0 v1.0.0
[INFO] [stderr]   Downloaded riscv-rt v0.11.0
[INFO] [stderr]   Downloaded linked_list_allocator v0.10.4
[INFO] [stderr]   Downloaded rhai v1.12.0
[INFO] [stderr]   Downloaded xtensa-lx v0.7.0
[INFO] [stderr]   Downloaded esp-hal-procmacros v0.2.0
[INFO] [stderr]   Downloaded riscv-atomic-emulation-trap v0.3.1
[INFO] [stderr]   Downloaded esp32c3-hal v0.5.0
[INFO] [stderr]   Downloaded esp-hal-common v0.5.0
[INFO] [stderr]   Downloaded esp32c3 v0.9.1
[INFO] running `Command { std: "docker" "create" "-v" "/var/lib/crater-agent-workspace/builds/worker-3-tc1/target:/opt/rustwide/target:rw,Z" "-v" "/var/lib/crater-agent-workspace/builds/worker-3-tc1/source:/opt/rustwide/workdir:ro,Z" "-v" "/var/lib/crater-agent-workspace/cargo-home:/opt/rustwide/cargo-home:ro,Z" "-v" "/var/lib/crater-agent-workspace/rustup-home:/opt/rustwide/rustup-home:ro,Z" "-e" "SOURCE_DIR=/opt/rustwide/workdir" "-e" "CARGO_TARGET_DIR=/opt/rustwide/target" "-e" "CARGO_HOME=/opt/rustwide/cargo-home" "-e" "RUSTUP_HOME=/opt/rustwide/rustup-home" "-w" "/opt/rustwide/workdir" "-m" "1610612736" "--user" "0:0" "--network" "none" "ghcr.io/rust-lang/crates-build-env/linux@sha256:2788e3201cd34a07e3172128adcd8b3090168a8e3bcc40d7c032b9dda1df7d1c" "/opt/rustwide/cargo-home/bin/cargo" "+1.75.0" "metadata" "--no-deps" "--format-version=1", kill_on_drop: false }`
[INFO] [stdout] ab38e73785eeee4a1eed26abb49ed089649eb3fb37cd0d96c0e8bf100d8164a1
[INFO] running `Command { std: "docker" "start" "-a" "ab38e73785eeee4a1eed26abb49ed089649eb3fb37cd0d96c0e8bf100d8164a1", kill_on_drop: false }`
[INFO] running `Command { std: "docker" "inspect" "ab38e73785eeee4a1eed26abb49ed089649eb3fb37cd0d96c0e8bf100d8164a1", kill_on_drop: false }`
[INFO] running `Command { std: "docker" "rm" "-f" "ab38e73785eeee4a1eed26abb49ed089649eb3fb37cd0d96c0e8bf100d8164a1", kill_on_drop: false }`
[INFO] [stdout] ab38e73785eeee4a1eed26abb49ed089649eb3fb37cd0d96c0e8bf100d8164a1
[INFO] running `Command { std: "docker" "create" "-v" "/var/lib/crater-agent-workspace/builds/worker-3-tc1/target:/opt/rustwide/target:rw,Z" "-v" "/var/lib/crater-agent-workspace/builds/worker-3-tc1/source:/opt/rustwide/workdir:ro,Z" "-v" "/var/lib/crater-agent-workspace/cargo-home:/opt/rustwide/cargo-home:ro,Z" "-v" "/var/lib/crater-agent-workspace/rustup-home:/opt/rustwide/rustup-home:ro,Z" "-e" "SOURCE_DIR=/opt/rustwide/workdir" "-e" "CARGO_TARGET_DIR=/opt/rustwide/target" "-e" "CARGO_INCREMENTAL=0" "-e" "RUST_BACKTRACE=full" "-e" "RUSTFLAGS=--cap-lints=warn" "-e" "RUSTDOCFLAGS=--cap-lints=warn" "-e" "CARGO_HOME=/opt/rustwide/cargo-home" "-e" "RUSTUP_HOME=/opt/rustwide/rustup-home" "-w" "/opt/rustwide/workdir" "-m" "1610612736" "--user" "0:0" "--network" "none" "ghcr.io/rust-lang/crates-build-env/linux@sha256:2788e3201cd34a07e3172128adcd8b3090168a8e3bcc40d7c032b9dda1df7d1c" "/opt/rustwide/cargo-home/bin/cargo" "+1.75.0" "doc" "--frozen" "--no-deps" "--document-private-items" "--message-format=json", kill_on_drop: false }`
[INFO] [stdout] e838754b714eedf354f26f47b0c33285ba5504cbc198fe411fc535e9bd9e71ef
[INFO] running `Command { std: "docker" "start" "-a" "e838754b714eedf354f26f47b0c33285ba5504cbc198fe411fc535e9bd9e71ef", kill_on_drop: false }`
[INFO] [stderr]    Compiling proc-macro2 v1.0.51
[INFO] [stderr]    Compiling unicode-ident v1.0.6
[INFO] [stderr]    Compiling quote v1.0.23
[INFO] [stderr]    Compiling syn v1.0.107
[INFO] [stderr]    Compiling memchr v2.5.0
[INFO] [stderr]    Compiling regex-syntax v0.6.28
[INFO] [stderr]     Checking nb v1.0.0
[INFO] [stderr]     Checking void v1.0.2
[INFO] [stderr]    Compiling riscv v0.10.1
[INFO] [stderr]    Compiling libc v0.2.139
[INFO] [stderr]     Checking bit_field v0.10.1
[INFO] [stderr]     Checking critical-section v1.1.1
[INFO] [stderr]    Compiling proc-macro-hack v0.5.20+deprecated
[INFO] [stderr]    Compiling crunchy v0.2.2
[INFO] [stderr]    Compiling tiny-keccak v2.0.2
[INFO] [stderr]    Compiling rustversion v1.0.11
[INFO] [stderr]    Compiling ident_case v1.0.1
[INFO] [stderr]     Checking nb v0.1.3
[INFO] [stderr]    Compiling strsim v0.10.0
[INFO] [stderr]    Compiling semver v1.0.16
[INFO] [stderr]     Checking r0 v1.0.0
[INFO] [stderr]     Checking embedded-hal v0.2.7
[INFO] [stderr]    Compiling once_cell v1.17.1
[INFO] [stderr]    Compiling lock_api v0.4.9
[INFO] [stderr]    Compiling ahash v0.8.3
[INFO] [stderr]    Compiling libm v0.2.6
[INFO] [stderr]    Compiling esp32c3 v0.9.1
[INFO] [stderr]     Checking stable_deref_trait v1.2.0
[INFO] [stderr]    Compiling paste v1.0.11
[INFO] [stderr]    Compiling num-traits v0.2.15
[INFO] [stderr]    Compiling smartstring v1.0.1
[INFO] [stderr]    Compiling core-error v0.0.0
[INFO] [stderr]    Compiling esp-println v0.3.1
[INFO] [stderr]     Checking gcd v2.3.0
[INFO] [stderr]    Compiling esp-hal-common v0.5.0
[INFO] [stderr]     Checking vcell v0.1.3
[INFO] [stderr]     Checking fugit v0.3.6
[INFO] [stderr]    Compiling rustc_version v0.4.0
[INFO] [stderr]    Compiling aho-corasick v0.7.20
[INFO] [stderr]     Checking embedded-dma v0.2.0
[INFO] [stderr]    Compiling esp32c3-hal v0.5.0
[INFO] [stderr]     Checking byteorder v1.4.3
[INFO] [stderr]    Compiling esp-backtrace v0.4.0
[INFO] [stderr]    Compiling heapless v0.7.16
[INFO] [stderr]     Checking hash32 v0.2.1
[INFO] [stderr]    Compiling getrandom v0.2.8
[INFO] [stderr]     Checking spin v0.9.5
[INFO] [stderr]    Compiling proc-macro-error-attr v1.0.4
[INFO] [stderr]     Checking smallvec v1.10.0
[INFO] [stderr]     Checking bitflags v1.3.2
[INFO] [stderr]     Checking bare-metal v1.0.0
[INFO] [stderr]     Checking no-std-compat v0.4.1
[INFO] [stderr]     Checking esp-alloc v0.1.0
[INFO] [stdout] error[E0583]: file not found for module `arch`
[INFO] [stdout]  --> /opt/rustwide/cargo-home/registry/src/index.crates.io-6f17d22bba15001f/esp-backtrace-0.4.0/src/lib.rs:8:1
[INFO] [stdout]   |
[INFO] [stdout] 8 | pub mod arch;
[INFO] [stdout]   | ^^^^^^^^^^^^^
[INFO] [stdout]   |
[INFO] [stdout]   = help: to create the module `arch`, create file "/opt/rustwide/cargo-home/registry/src/index.crates.io-6f17d22bba15001f/esp-backtrace-0.4.0/src/arch.rs" or "/opt/rustwide/cargo-home/registry/src/index.crates.io-6f17d22bba15001f/esp-backtrace-0.4.0/src/arch/mod.rs"
[INFO] [stdout]   = note: if there is a `mod arch` elsewhere in the crate already, import it with `use crate::...` instead
[INFO] [stdout] 
[INFO] [stdout] 
[INFO] [stdout] error[E0425]: cannot find function `backtrace` in module `crate::arch`
[INFO] [stdout]   --> /opt/rustwide/cargo-home/registry/src/index.crates.io-6f17d22bba15001f/esp-backtrace-0.4.0/src/lib.rs:31:34
[INFO] [stdout]    |
[INFO] [stdout] 31 |     let backtrace = crate::arch::backtrace();
[INFO] [stdout]    |                                  ^^^^^^^^^ not found in `crate::arch`
[INFO] [stdout] 
[INFO] [stdout] 
[INFO] [stdout] error: aborting due to 2 previous errors
[INFO] [stdout] 
[INFO] [stdout] 
[INFO] [stdout] Some errors have detailed explanations: E0425, E0583.
[INFO] [stdout] 
[INFO] [stdout] For more information about an error, try `rustc --explain E0425`.
[INFO] [stdout] 
[INFO] [stderr] error: could not compile `esp-backtrace` (lib) due to 3 previous errors
[INFO] [stderr] warning: build failed, waiting for other jobs to finish...
[INFO] [stdout] error[E0432]: unresolved import `linked_list_allocator`
[INFO] [stdout]   --> /opt/rustwide/cargo-home/registry/src/index.crates.io-6f17d22bba15001f/esp-alloc-0.1.0/src/lib.rs:23:5
[INFO] [stdout]    |
[INFO] [stdout] 23 | use linked_list_allocator::Heap;
[INFO] [stdout]    |     ^^^^^^^^^^^^^^^^^^^^^ use of undeclared crate or module `linked_list_allocator`
[INFO] [stdout] 
[INFO] [stdout] 
[INFO] [stdout] error[E0554]: `#![feature]` may not be used on the stable release channel
[INFO] [stdout]   --> /opt/rustwide/cargo-home/registry/src/index.crates.io-6f17d22bba15001f/esp-alloc-0.1.0/src/lib.rs:14:38
[INFO] [stdout]    |
[INFO] [stdout] 14 | #![cfg_attr(feature = "oom-handler", feature(alloc_error_handler))]
[INFO] [stdout]    |                                      ^^^^^^^^^^^^^^^^^^^^^^^^^^^^
[INFO] [stdout] 
[INFO] [stdout] 
[INFO] [stdout] error[E0433]: failed to resolve: use of undeclared crate or module `interrupt`
[INFO] [stdout]   --> /opt/rustwide/cargo-home/registry/src/index.crates.io-6f17d22bba15001f/esp-alloc-0.1.0/src/lib.rs:75:9
[INFO] [stdout]    |
[INFO] [stdout] 75 |         interrupt::free(|cs| self.heap.borrow(*cs).borrow_mut().init(heap_bottom, size));
[INFO] [stdout]    |         ^^^^^^^^^ use of undeclared crate or module `interrupt`
[INFO] [stdout] 
[INFO] [stdout] 
[INFO] [stdout] error[E0433]: failed to resolve: use of undeclared crate or module `interrupt`
[INFO] [stdout]   --> /opt/rustwide/cargo-home/registry/src/index.crates.io-6f17d22bba15001f/esp-alloc-0.1.0/src/lib.rs:80:9
[INFO] [stdout]    |
[INFO] [stdout] 80 |         interrupt::free(|cs| self.heap.borrow(*cs).borrow_mut().used())
[INFO] [stdout]    |         ^^^^^^^^^ use of undeclared crate or module `interrupt`
[INFO] [stdout] 
[INFO] [stdout] 
[INFO] [stdout] error[E0433]: failed to resolve: use of undeclared crate or module `interrupt`
[INFO] [stdout]   --> /opt/rustwide/cargo-home/registry/src/index.crates.io-6f17d22bba15001f/esp-alloc-0.1.0/src/lib.rs:85:9
[INFO] [stdout]    |
[INFO] [stdout] 85 |         interrupt::free(|cs| self.heap.borrow(*cs).borrow_mut().free())
[INFO] [stdout]    |         ^^^^^^^^^ use of undeclared crate or module `interrupt`
[INFO] [stdout] 
[INFO] [stdout] 
[INFO] [stdout] error[E0433]: failed to resolve: use of undeclared crate or module `interrupt`
[INFO] [stdout]   --> /opt/rustwide/cargo-home/registry/src/index.crates.io-6f17d22bba15001f/esp-alloc-0.1.0/src/lib.rs:91:9
[INFO] [stdout]    |
[INFO] [stdout] 91 |         interrupt::free(|cs| {
[INFO] [stdout]    |         ^^^^^^^^^ use of undeclared crate or module `interrupt`
[INFO] [stdout] 
[INFO] [stdout] 
[INFO] [stdout] error[E0433]: failed to resolve: use of undeclared crate or module `interrupt`
[INFO] [stdout]    --> /opt/rustwide/cargo-home/registry/src/index.crates.io-6f17d22bba15001f/esp-alloc-0.1.0/src/lib.rs:102:9
[INFO] [stdout]     |
[INFO] [stdout] 102 |         interrupt::free(|cs| {
[INFO] [stdout]     |         ^^^^^^^^^ use of undeclared crate or module `interrupt`
[INFO] [stdout] 
[INFO] [stdout] 
[INFO] [stdout] error: aborting due to 7 previous errors
[INFO] [stdout] 
[INFO] [stdout] 
[INFO] [stdout] Some errors have detailed explanations: E0432, E0433, E0554.
[INFO] [stdout] 
[INFO] [stdout] For more information about an error, try `rustc --explain E0432`.
[INFO] [stdout] 
[INFO] [stderr] error: could not compile `esp-alloc` (lib) due to 8 previous errors
[INFO] running `Command { std: "docker" "inspect" "e838754b714eedf354f26f47b0c33285ba5504cbc198fe411fc535e9bd9e71ef", kill_on_drop: false }`
[INFO] running `Command { std: "docker" "rm" "-f" "e838754b714eedf354f26f47b0c33285ba5504cbc198fe411fc535e9bd9e71ef", kill_on_drop: false }`
[INFO] [stdout] e838754b714eedf354f26f47b0c33285ba5504cbc198fe411fc535e9bd9e71ef
[INFO] documenting MabezDev/esp-rhai against beta-2023-12-22 for beta-1.76-rustdoc-1
[INFO] running `Command { std: "git" "clone" "/workspace/cache/git-repos/https%3A%2F%2Fgithub.com%2FMabezDev%2Fesp-rhai" "/workspace/builds/worker-3-tc2/source", kill_on_drop: false }`
[INFO] [stderr] Cloning into '/workspace/builds/worker-3-tc2/source'...
[INFO] [stderr] done.
[INFO] validating manifest of git repo https://github.com/MabezDev/esp-rhai on toolchain beta-2023-12-22
[INFO] running `Command { std: CARGO_HOME="/workspace/cargo-home" RUSTUP_HOME="/workspace/rustup-home" "/workspace/cargo-home/bin/cargo" "+beta-2023-12-22" "metadata" "--manifest-path" "Cargo.toml" "--no-deps", kill_on_drop: false }`
[INFO] removed /workspace/builds/worker-3-tc2/source/.cargo/config.toml
[INFO] removed /workspace/builds/worker-3-tc2/source/rust-toolchain.toml
[INFO] started tweaking git repo https://github.com/MabezDev/esp-rhai
[INFO] finished tweaking git repo https://github.com/MabezDev/esp-rhai
[INFO] tweaked toml for git repo https://github.com/MabezDev/esp-rhai written to /workspace/builds/worker-3-tc2/source/Cargo.toml
[INFO] crate git repo https://github.com/MabezDev/esp-rhai already has a lockfile, it will not be regenerated
[INFO] running `Command { std: CARGO_HOME="/workspace/cargo-home" RUSTUP_HOME="/workspace/rustup-home" "/workspace/cargo-home/bin/cargo" "+beta-2023-12-22" "fetch" "--manifest-path" "Cargo.toml", kill_on_drop: false }`
[INFO] running `Command { std: "docker" "create" "-v" "/var/lib/crater-agent-workspace/builds/worker-3-tc2/target:/opt/rustwide/target:rw,Z" "-v" "/var/lib/crater-agent-workspace/builds/worker-3-tc2/source:/opt/rustwide/workdir:ro,Z" "-v" "/var/lib/crater-agent-workspace/cargo-home:/opt/rustwide/cargo-home:ro,Z" "-v" "/var/lib/crater-agent-workspace/rustup-home:/opt/rustwide/rustup-home:ro,Z" "-e" "SOURCE_DIR=/opt/rustwide/workdir" "-e" "CARGO_TARGET_DIR=/opt/rustwide/target" "-e" "CARGO_HOME=/opt/rustwide/cargo-home" "-e" "RUSTUP_HOME=/opt/rustwide/rustup-home" "-w" "/opt/rustwide/workdir" "-m" "1610612736" "--user" "0:0" "--network" "none" "ghcr.io/rust-lang/crates-build-env/linux@sha256:2788e3201cd34a07e3172128adcd8b3090168a8e3bcc40d7c032b9dda1df7d1c" "/opt/rustwide/cargo-home/bin/cargo" "+beta-2023-12-22" "metadata" "--no-deps" "--format-version=1", kill_on_drop: false }`
[INFO] [stdout] 5b94f58ee5b836f3f6ab9f147441a7c316a81a16d2599198513e58f638df1aea
[INFO] running `Command { std: "docker" "start" "-a" "5b94f58ee5b836f3f6ab9f147441a7c316a81a16d2599198513e58f638df1aea", kill_on_drop: false }`
[INFO] running `Command { std: "docker" "inspect" "5b94f58ee5b836f3f6ab9f147441a7c316a81a16d2599198513e58f638df1aea", kill_on_drop: false }`
[INFO] running `Command { std: "docker" "rm" "-f" "5b94f58ee5b836f3f6ab9f147441a7c316a81a16d2599198513e58f638df1aea", kill_on_drop: false }`
[INFO] [stdout] 5b94f58ee5b836f3f6ab9f147441a7c316a81a16d2599198513e58f638df1aea
[INFO] running `Command { std: "docker" "create" "-v" "/var/lib/crater-agent-workspace/builds/worker-3-tc2/target:/opt/rustwide/target:rw,Z" "-v" "/var/lib/crater-agent-workspace/builds/worker-3-tc2/source:/opt/rustwide/workdir:ro,Z" "-v" "/var/lib/crater-agent-workspace/cargo-home:/opt/rustwide/cargo-home:ro,Z" "-v" "/var/lib/crater-agent-workspace/rustup-home:/opt/rustwide/rustup-home:ro,Z" "-e" "SOURCE_DIR=/opt/rustwide/workdir" "-e" "CARGO_TARGET_DIR=/opt/rustwide/target" "-e" "CARGO_INCREMENTAL=0" "-e" "RUST_BACKTRACE=full" "-e" "RUSTFLAGS=--cap-lints=warn" "-e" "RUSTDOCFLAGS=--cap-lints=warn" "-e" "CARGO_HOME=/opt/rustwide/cargo-home" "-e" "RUSTUP_HOME=/opt/rustwide/rustup-home" "-w" "/opt/rustwide/workdir" "-m" "1610612736" "--user" "0:0" "--network" "none" "ghcr.io/rust-lang/crates-build-env/linux@sha256:2788e3201cd34a07e3172128adcd8b3090168a8e3bcc40d7c032b9dda1df7d1c" "/opt/rustwide/cargo-home/bin/cargo" "+beta-2023-12-22" "doc" "--frozen" "--no-deps" "--document-private-items" "--message-format=json", kill_on_drop: false }`
[INFO] [stdout] 6621f8f26b47e6a308666fbac3d8ecae567f2377472272e3dac50efe2897baa4
[INFO] running `Command { std: "docker" "start" "-a" "6621f8f26b47e6a308666fbac3d8ecae567f2377472272e3dac50efe2897baa4", kill_on_drop: false }`
[INFO] [stderr]    Compiling proc-macro2 v1.0.51
[INFO] [stderr]    Compiling quote v1.0.23
[INFO] [stderr]    Compiling unicode-ident v1.0.6
[INFO] [stderr]    Compiling syn v1.0.107
[INFO] [stderr]    Compiling memchr v2.5.0
[INFO] [stderr]    Compiling regex-syntax v0.6.28
[INFO] [stderr]     Checking nb v1.0.0
[INFO] [stderr]    Compiling riscv v0.10.1
[INFO] [stderr]    Compiling libc v0.2.139
[INFO] [stderr]     Checking void v1.0.2
[INFO] [stderr]     Checking critical-section v1.1.1
[INFO] [stderr]    Compiling proc-macro-hack v0.5.20+deprecated
[INFO] [stderr]    Compiling crunchy v0.2.2
[INFO] [stderr]     Checking bit_field v0.10.1
[INFO] [stderr]    Compiling tiny-keccak v2.0.2
[INFO] [stderr]    Compiling strsim v0.10.0
[INFO] [stderr]     Checking nb v0.1.3
[INFO] [stderr]    Compiling rustversion v1.0.11
[INFO] [stderr]    Compiling ident_case v1.0.1
[INFO] [stderr]    Compiling semver v1.0.16
[INFO] [stderr]    Compiling once_cell v1.17.1
[INFO] [stderr]     Checking embedded-hal v0.2.7
[INFO] [stderr]     Checking r0 v1.0.0
[INFO] [stderr]    Compiling ahash v0.8.3
[INFO] [stderr]    Compiling lock_api v0.4.9
[INFO] [stderr]    Compiling paste v1.0.11
[INFO] [stderr]    Compiling esp32c3 v0.9.1
[INFO] [stderr]     Checking stable_deref_trait v1.2.0
[INFO] [stderr]    Compiling libm v0.2.6
[INFO] [stderr]    Compiling num-traits v0.2.15
[INFO] [stderr]    Compiling smartstring v1.0.1
[INFO] [stderr]    Compiling core-error v0.0.0
[INFO] [stderr]    Compiling esp-println v0.3.1
[INFO] [stderr]    Compiling esp-hal-common v0.5.0
[INFO] [stderr]     Checking vcell v0.1.3
[INFO] [stderr]     Checking gcd v2.3.0
[INFO] [stderr]    Compiling rustc_version v0.4.0
[INFO] [stderr]     Checking fugit v0.3.6
[INFO] [stderr]    Compiling aho-corasick v0.7.20
[INFO] [stderr]     Checking embedded-dma v0.2.0
[INFO] [stderr]    Compiling esp-backtrace v0.4.0
[INFO] [stderr]     Checking byteorder v1.4.3
[INFO] [stderr]    Compiling esp32c3-hal v0.5.0
[INFO] [stderr]    Compiling getrandom v0.2.8
[INFO] [stderr]    Compiling heapless v0.7.16
[INFO] [stderr]     Checking hash32 v0.2.1
[INFO] [stderr]     Checking spin v0.9.5
[INFO] [stderr]     Checking smallvec v1.10.0
[INFO] [stderr]     Checking bitflags v1.3.2
[INFO] [stderr]     Checking no-std-compat v0.4.1
[INFO] [stderr]     Checking bare-metal v1.0.0
[INFO] [stderr]    Compiling proc-macro-error-attr v1.0.4
[INFO] [stdout] error[E0583]: file not found for module `arch`
[INFO] [stdout]  --> /opt/rustwide/cargo-home/registry/src/index.crates.io-6f17d22bba15001f/esp-backtrace-0.4.0/src/lib.rs:8:1
[INFO] [stdout]   |
[INFO] [stdout] 8 | pub mod arch;
[INFO] [stdout]   | ^^^^^^^^^^^^^
[INFO] [stdout]   |
[INFO] [stdout]   = help: to create the module `arch`, create file "/opt/rustwide/cargo-home/registry/src/index.crates.io-6f17d22bba15001f/esp-backtrace-0.4.0/src/arch.rs" or "/opt/rustwide/cargo-home/registry/src/index.crates.io-6f17d22bba15001f/esp-backtrace-0.4.0/src/arch/mod.rs"
[INFO] [stdout]   = note: if there is a `mod arch` elsewhere in the crate already, import it with `use crate::...` instead
[INFO] [stdout] 
[INFO] [stdout] 
[INFO] [stdout] error[E0425]: cannot find function `backtrace` in module `crate::arch`
[INFO] [stdout]   --> /opt/rustwide/cargo-home/registry/src/index.crates.io-6f17d22bba15001f/esp-backtrace-0.4.0/src/lib.rs:31:34
[INFO] [stdout]    |
[INFO] [stdout] 31 |     let backtrace = crate::arch::backtrace();
[INFO] [stdout]    |                                  ^^^^^^^^^ not found in `crate::arch`
[INFO] [stdout] 
[INFO] [stdout] 
[INFO] [stderr]     Checking esp-alloc v0.1.0
[INFO] [stdout] error: aborting due to 2 previous errors
[INFO] [stdout] 
[INFO] [stdout] 
[INFO] [stdout] Some errors have detailed explanations: E0425, E0583.
[INFO] [stdout] 
[INFO] [stdout] For more information about an error, try `rustc --explain E0425`.
[INFO] [stdout] 
[INFO] [stderr] error: could not compile `esp-backtrace` (lib) due to 3 previous errors
[INFO] [stderr] warning: build failed, waiting for other jobs to finish...
[INFO] [stdout] error[E0432]: unresolved import `linked_list_allocator`
[INFO] [stdout]   --> /opt/rustwide/cargo-home/registry/src/index.crates.io-6f17d22bba15001f/esp-alloc-0.1.0/src/lib.rs:23:5
[INFO] [stdout]    |
[INFO] [stdout] 23 | use linked_list_allocator::Heap;
[INFO] [stdout]    |     ^^^^^^^^^^^^^^^^^^^^^ use of undeclared crate or module `linked_list_allocator`
[INFO] [stdout] 
[INFO] [stdout] 
[INFO] [stdout] error[E0554]: `#![feature]` may not be used on the beta release channel
[INFO] [stdout]   --> /opt/rustwide/cargo-home/registry/src/index.crates.io-6f17d22bba15001f/esp-alloc-0.1.0/src/lib.rs:14:38
[INFO] [stdout]    |
[INFO] [stdout] 14 | #![cfg_attr(feature = "oom-handler", feature(alloc_error_handler))]
[INFO] [stdout]    |                                      ^^^^^^^^^^^^^^^^^^^^^^^^^^^^
[INFO] [stdout] 
[INFO] [stdout] 
[INFO] [stdout] error[E0433]: failed to resolve: use of undeclared crate or module `interrupt`
[INFO] [stdout]   --> /opt/rustwide/cargo-home/registry/src/index.crates.io-6f17d22bba15001f/esp-alloc-0.1.0/src/lib.rs:75:9
[INFO] [stdout]    |
[INFO] [stdout] 75 |         interrupt::free(|cs| self.heap.borrow(*cs).borrow_mut().init(heap_bottom, size));
[INFO] [stdout]    |         ^^^^^^^^^ use of undeclared crate or module `interrupt`
[INFO] [stdout] 
[INFO] [stdout] 
[INFO] [stdout] error[E0433]: failed to resolve: use of undeclared crate or module `interrupt`
[INFO] [stdout]   --> /opt/rustwide/cargo-home/registry/src/index.crates.io-6f17d22bba15001f/esp-alloc-0.1.0/src/lib.rs:80:9
[INFO] [stdout]    |
[INFO] [stdout] 80 |         interrupt::free(|cs| self.heap.borrow(*cs).borrow_mut().used())
[INFO] [stdout]    |         ^^^^^^^^^ use of undeclared crate or module `interrupt`
[INFO] [stdout] 
[INFO] [stdout] 
[INFO] [stdout] error[E0433]: failed to resolve: use of undeclared crate or module `interrupt`
[INFO] [stdout]   --> /opt/rustwide/cargo-home/registry/src/index.crates.io-6f17d22bba15001f/esp-alloc-0.1.0/src/lib.rs:85:9
[INFO] [stdout]    |
[INFO] [stdout] 85 |         interrupt::free(|cs| self.heap.borrow(*cs).borrow_mut().free())
[INFO] [stdout]    |         ^^^^^^^^^ use of undeclared crate or module `interrupt`
[INFO] [stdout] 
[INFO] [stdout] 
[INFO] [stdout] error[E0433]: failed to resolve: use of undeclared crate or module `interrupt`
[INFO] [stdout]   --> /opt/rustwide/cargo-home/registry/src/index.crates.io-6f17d22bba15001f/esp-alloc-0.1.0/src/lib.rs:91:9
[INFO] [stdout]    |
[INFO] [stdout] 91 |         interrupt::free(|cs| {
[INFO] [stdout]    |         ^^^^^^^^^ use of undeclared crate or module `interrupt`
[INFO] [stdout] 
[INFO] [stdout] 
[INFO] [stdout] error[E0433]: failed to resolve: use of undeclared crate or module `interrupt`
[INFO] [stdout]    --> /opt/rustwide/cargo-home/registry/src/index.crates.io-6f17d22bba15001f/esp-alloc-0.1.0/src/lib.rs:102:9
[INFO] [stdout]     |
[INFO] [stdout] 102 |         interrupt::free(|cs| {
[INFO] [stdout]     |         ^^^^^^^^^ use of undeclared crate or module `interrupt`
[INFO] [stdout] 
[INFO] [stdout] 
[INFO] [stdout] error: aborting due to 7 previous errors
[INFO] [stdout] 
[INFO] [stdout] 
[INFO] [stdout] Some errors have detailed explanations: E0432, E0433, E0554.
[INFO] [stdout] 
[INFO] [stdout] For more information about an error, try `rustc --explain E0432`.
[INFO] [stdout] 
[INFO] [stderr] error: could not compile `esp-alloc` (lib) due to 8 previous errors
[INFO] running `Command { std: "docker" "inspect" "6621f8f26b47e6a308666fbac3d8ecae567f2377472272e3dac50efe2897baa4", kill_on_drop: false }`
[INFO] running `Command { std: "docker" "rm" "-f" "6621f8f26b47e6a308666fbac3d8ecae567f2377472272e3dac50efe2897baa4", kill_on_drop: false }`
[INFO] [stdout] 6621f8f26b47e6a308666fbac3d8ecae567f2377472272e3dac50efe2897baa4
