[INFO] cloning repository https://github.com/MWATelescope/mwa_hyperdrive
[INFO] running `Command { std: "git" "-c" "credential.helper=" "-c" "credential.helper=/workspace/cargo-home/bin/git-credential-null" "clone" "--bare" "https://github.com/MWATelescope/mwa_hyperdrive" "/workspace/cache/git-repos/https%3A%2F%2Fgithub.com%2FMWATelescope%2Fmwa_hyperdrive", kill_on_drop: false }`
[INFO] [stderr] Cloning into bare repository '/workspace/cache/git-repos/https%3A%2F%2Fgithub.com%2FMWATelescope%2Fmwa_hyperdrive'...
[INFO] running `Command { std: "git" "rev-parse" "HEAD", kill_on_drop: false }`
[INFO] [stdout] 06384dab9dc0537aad1136392ece696f853b7507
[INFO] documenting MWATelescope/mwa_hyperdrive against 1.75.0 for beta-1.76-rustdoc-1
[INFO] running `Command { std: "git" "clone" "/workspace/cache/git-repos/https%3A%2F%2Fgithub.com%2FMWATelescope%2Fmwa_hyperdrive" "/workspace/builds/worker-6-tc1/source", kill_on_drop: false }`
[INFO] [stderr] Cloning into '/workspace/builds/worker-6-tc1/source'...
[INFO] [stderr] done.
[INFO] validating manifest of git repo https://github.com/MWATelescope/mwa_hyperdrive on toolchain 1.75.0
[INFO] running `Command { std: CARGO_HOME="/workspace/cargo-home" RUSTUP_HOME="/workspace/rustup-home" "/workspace/cargo-home/bin/cargo" "+1.75.0" "metadata" "--manifest-path" "Cargo.toml" "--no-deps", kill_on_drop: false }`
[INFO] removed /workspace/builds/worker-6-tc1/source/.cargo/config.toml
[INFO] started tweaking git repo https://github.com/MWATelescope/mwa_hyperdrive
[INFO] finished tweaking git repo https://github.com/MWATelescope/mwa_hyperdrive
[INFO] tweaked toml for git repo https://github.com/MWATelescope/mwa_hyperdrive written to /workspace/builds/worker-6-tc1/source/Cargo.toml
[INFO] crate git repo https://github.com/MWATelescope/mwa_hyperdrive already has a lockfile, it will not be regenerated
[INFO] running `Command { std: CARGO_HOME="/workspace/cargo-home" RUSTUP_HOME="/workspace/rustup-home" "/workspace/cargo-home/bin/cargo" "+1.75.0" "fetch" "--manifest-path" "Cargo.toml", kill_on_drop: false }`
[INFO] [stderr]     Updating crates.io index
[INFO] [stderr]  Downloading crates ...
[INFO] [stderr]   Downloaded cuda-config v0.1.0
[INFO] [stderr]   Downloaded panic-message v0.3.0
[INFO] [stderr]   Downloaded vec1 v1.10.1
[INFO] [stderr]   Downloaded rubbl_core v0.4.0
[INFO] [stderr]   Downloaded rubbl_casatables v0.7.0
[INFO] [stderr]   Downloaded built v0.6.0
[INFO] [stderr]   Downloaded cuda-runtime-sys v0.3.0-alpha.1
[INFO] [stderr]   Downloaded erfa v0.2.1
[INFO] [stderr]   Downloaded aho-corasick v1.1.0
[INFO] [stderr]   Downloaded birli v0.10.0
[INFO] [stderr]   Downloaded fitsio-sys v0.4.0
[INFO] [stderr]   Downloaded rubbl_casatables_impl v0.3.31101
[INFO] [stderr]   Downloaded hdf5-src v0.8.1
[INFO] [stderr]   Downloaded hip-runtime-sys v0.1.0
[INFO] [stderr]   Downloaded fitsio v0.20.0
[INFO] [stderr]   Downloaded mwa_hyperbeam v0.6.0
[INFO] [stderr]   Downloaded hip-sys v0.1.1
[INFO] [stderr]   Downloaded cbindgen v0.25.0
[INFO] [stderr]   Downloaded marlu v0.10.1
[INFO] [stderr]   Downloaded mwalib v0.16.4
[INFO] [stderr]   Downloaded cbindgen v0.24.5
[INFO] running `Command { std: "docker" "create" "-v" "/var/lib/crater-agent-workspace/builds/worker-6-tc1/target:/opt/rustwide/target:rw,Z" "-v" "/var/lib/crater-agent-workspace/builds/worker-6-tc1/source:/opt/rustwide/workdir:ro,Z" "-v" "/var/lib/crater-agent-workspace/cargo-home:/opt/rustwide/cargo-home:ro,Z" "-v" "/var/lib/crater-agent-workspace/rustup-home:/opt/rustwide/rustup-home:ro,Z" "-e" "SOURCE_DIR=/opt/rustwide/workdir" "-e" "CARGO_TARGET_DIR=/opt/rustwide/target" "-e" "CARGO_HOME=/opt/rustwide/cargo-home" "-e" "RUSTUP_HOME=/opt/rustwide/rustup-home" "-w" "/opt/rustwide/workdir" "-m" "1610612736" "--user" "0:0" "--network" "none" "ghcr.io/rust-lang/crates-build-env/linux@sha256:2788e3201cd34a07e3172128adcd8b3090168a8e3bcc40d7c032b9dda1df7d1c" "/opt/rustwide/cargo-home/bin/cargo" "+1.75.0" "metadata" "--no-deps" "--format-version=1", kill_on_drop: false }`
[INFO] [stdout] a16172c1efa044b5d95ad875e10483799abcd4de471368e3bd24fdd712fde8ed
[INFO] running `Command { std: "docker" "start" "-a" "a16172c1efa044b5d95ad875e10483799abcd4de471368e3bd24fdd712fde8ed", kill_on_drop: false }`
[INFO] running `Command { std: "docker" "inspect" "a16172c1efa044b5d95ad875e10483799abcd4de471368e3bd24fdd712fde8ed", kill_on_drop: false }`
[INFO] running `Command { std: "docker" "rm" "-f" "a16172c1efa044b5d95ad875e10483799abcd4de471368e3bd24fdd712fde8ed", kill_on_drop: false }`
[INFO] [stdout] a16172c1efa044b5d95ad875e10483799abcd4de471368e3bd24fdd712fde8ed
[INFO] running `Command { std: "docker" "create" "-v" "/var/lib/crater-agent-workspace/builds/worker-6-tc1/target:/opt/rustwide/target:rw,Z" "-v" "/var/lib/crater-agent-workspace/builds/worker-6-tc1/source:/opt/rustwide/workdir:ro,Z" "-v" "/var/lib/crater-agent-workspace/cargo-home:/opt/rustwide/cargo-home:ro,Z" "-v" "/var/lib/crater-agent-workspace/rustup-home:/opt/rustwide/rustup-home:ro,Z" "-e" "SOURCE_DIR=/opt/rustwide/workdir" "-e" "CARGO_TARGET_DIR=/opt/rustwide/target" "-e" "CARGO_INCREMENTAL=0" "-e" "RUST_BACKTRACE=full" "-e" "RUSTFLAGS=--cap-lints=warn" "-e" "RUSTDOCFLAGS=--cap-lints=warn" "-e" "CARGO_HOME=/opt/rustwide/cargo-home" "-e" "RUSTUP_HOME=/opt/rustwide/rustup-home" "-w" "/opt/rustwide/workdir" "-m" "1610612736" "--user" "0:0" "--network" "none" "ghcr.io/rust-lang/crates-build-env/linux@sha256:2788e3201cd34a07e3172128adcd8b3090168a8e3bcc40d7c032b9dda1df7d1c" "/opt/rustwide/cargo-home/bin/cargo" "+1.75.0" "doc" "--frozen" "--no-deps" "--document-private-items" "--message-format=json", kill_on_drop: false }`
[INFO] [stdout] 933ea51c61629b38681da8b14a3589aef5719d67df60ca7648d92c91f6947646
[INFO] running `Command { std: "docker" "start" "-a" "933ea51c61629b38681da8b14a3589aef5719d67df60ca7648d92c91f6947646", kill_on_drop: false }`
[INFO] [stderr]    Compiling proc-macro2 v1.0.67
[INFO] [stderr]    Compiling unicode-ident v1.0.12
[INFO] [stderr]    Compiling libc v0.2.148
[INFO] [stderr]    Compiling serde v1.0.188
[INFO] [stderr]    Compiling syn v1.0.109
[INFO] [stderr]    Compiling tinyvec_macros v0.1.1
[INFO] [stderr]    Compiling memchr v2.6.3
[INFO] [stderr]    Compiling thiserror v1.0.48
[INFO] [stderr]    Compiling log v0.4.20
[INFO] [stderr]    Compiling unicode-bidi v0.3.13
[INFO] [stderr]    Compiling libm v0.2.7
[INFO] [stderr]    Compiling percent-encoding v2.3.0
[INFO] [stderr]    Compiling num-traits v0.2.16
[INFO] [stderr]    Compiling crossbeam-utils v0.8.16
[INFO] [stderr]     Checking scopeguard v1.2.0
[INFO] [stderr]    Compiling tinyvec v1.6.0
[INFO] [stderr]    Compiling memoffset v0.9.0
[INFO] [stderr]    Compiling form_urlencoded v1.2.0
[INFO] [stderr]    Compiling semver v1.0.18
[INFO] [stderr]    Compiling crossbeam-epoch v0.9.15
[INFO] [stderr]    Compiling bitflags v1.3.2
[INFO] [stderr]    Compiling iana-time-zone v0.1.57
[INFO] [stderr]    Compiling rayon-core v1.11.0
[INFO] [stderr]    Compiling rustix v0.38.13
[INFO] [stderr]    Compiling serde_json v1.0.107
[INFO] [stderr]     Checking either v1.9.0
[INFO] [stderr]    Compiling heck v0.4.1
[INFO] [stderr]    Compiling indexmap v1.9.3
[INFO] [stderr]    Compiling bitflags v2.4.0
[INFO] [stderr]     Checking crossbeam-channel v0.5.8
[INFO] [stderr]    Compiling linux-raw-sys v0.4.7
[INFO] [stderr]    Compiling ryu v1.0.15
[INFO] [stderr]    Compiling fastrand v2.0.0
[INFO] [stderr]    Compiling jobserver v0.1.26
[INFO] [stderr]    Compiling itoa v1.0.9
[INFO] [stderr]    Compiling hashbrown v0.12.3
[INFO] [stderr]    Compiling quote v1.0.33
[INFO] [stderr]    Compiling aho-corasick v1.1.0
[INFO] [stderr]    Compiling cc v1.0.83
[INFO] [stderr]     Checking crossbeam-deque v0.8.3
[INFO] [stderr]    Compiling unicode-normalization v0.1.22
[INFO] [stderr]    Compiling fitsio-sys v0.4.0
[INFO] [stderr]    Compiling ucd-trie v0.1.6
[INFO] [stderr]    Compiling regex-syntax v0.7.5
[INFO] [stderr]    Compiling syn v2.0.37
[INFO] [stderr]    Compiling matrixmultiply v0.3.7
[INFO] [stderr]    Compiling libloading v0.7.4
[INFO] [stderr]     Checking rawpointer v0.2.1
[INFO] [stderr]     Checking static_assertions v1.1.0
[INFO] [stderr]    Compiling cbindgen v0.24.5
[INFO] [stderr]     Checking lexical-util v0.8.5
[INFO] [stderr]    Compiling idna v0.4.0
[INFO] [stderr]    Compiling chrono v0.4.31
[INFO] [stderr]    Compiling cmake v0.1.50
[INFO] [stderr]     Checking num-integer v0.1.45
[INFO] [stderr]     Checking num-complex v0.4.4
[INFO] [stderr]     Checking num_cpus v1.16.0
[INFO] [stderr]     Checking lexical-parse-integer v0.8.6
[INFO] [stderr]    Compiling io-lifetimes v1.0.11
[INFO] [stderr]     Checking lexical-parse-float v0.8.5
[INFO] [stderr]    Compiling url v2.4.1
[INFO] [stderr]    Compiling yeslogic-fontconfig-sys v3.2.0
[INFO] [stderr]    Compiling rustix v0.37.23
[INFO] [stderr]    Compiling parking_lot_core v0.8.6
[INFO] [stderr]    Compiling cbindgen v0.25.0
[INFO] [stderr]     Checking rayon v1.7.0
[INFO] [stderr]     Checking lexical-core v0.8.5
[INFO] [stderr]    Compiling libz-sys v1.1.12
[INFO] [stderr]    Compiling libgit2-sys v0.14.2+1.5.1
[INFO] [stderr]    Compiling rubbl_casatables_impl v0.3.31101
[INFO] [stderr]    Compiling freetype-sys v0.13.1
[INFO] [stderr]    Compiling rubbl_casatables v0.7.0
[INFO] [stderr]    Compiling tempfile v3.8.0
[INFO] [stderr]     Checking fitsio v0.20.0
[INFO] [stderr]     Checking lock_api v0.4.10
[INFO] [stderr]     Checking xattr v1.0.1
[INFO] [stderr]     Checking filetime v0.2.22
[INFO] [stderr]    Compiling regex-automata v0.3.8
[INFO] [stderr]     Checking libloading v0.8.0
[INFO] [stderr]     Checking instant v0.1.12
[INFO] [stderr]    Compiling paste v1.0.14
[INFO] [stderr]    Compiling hdf5-types v0.8.1
[INFO] [stderr]     Checking linux-raw-sys v0.3.8
[INFO] [stderr]     Checking hashbrown v0.14.0
[INFO] [stderr]     Checking equivalent v1.0.1
[INFO] [stderr]    Compiling portable-atomic v1.4.3
[INFO] [stderr]     Checking dlib v0.5.2
[INFO] [stderr]     Checking tar v0.4.40
[INFO] [stderr]    Compiling proc-macro-error-attr v1.0.4
[INFO] [stderr]     Checking num-rational v0.4.1
[INFO] [stderr]     Checking dirs-sys-next v0.1.2
[INFO] [stderr]     Checking itertools v0.10.5
[INFO] [stderr]    Compiling font-kit v0.11.0
[INFO] [stderr]     Checking indexmap v2.0.0
[INFO] [stderr]    Compiling hdf5 v0.8.1
[INFO] [stderr]    Compiling rustversion v1.0.14
[INFO] [stderr]     Checking const-cstr v0.3.0
[INFO] [stderr]     Checking jpeg-decoder v0.3.0
[INFO] [stderr]     Checking ascii v1.1.0
[INFO] [stderr]     Checking console v0.15.7
[INFO] [stderr]     Checking walkdir v2.4.0
[INFO] [stderr]     Checking freetype v0.7.0
[INFO] [stderr]     Checking dirs-next v2.0.0
[INFO] [stderr]    Compiling serde_derive v1.0.188
[INFO] [stderr]    Compiling thiserror-impl v1.0.48
[INFO] [stderr]     Checking parking_lot v0.11.2
[INFO] [stderr]     Checking parking_lot_core v0.9.8
[INFO] [stderr]     Checking os_str_bytes v6.5.1
[INFO] [stderr]     Checking winnow v0.5.15
[INFO] [stderr]     Checking float-ord v0.2.0
[INFO] [stderr]     Checking ndarray v0.15.6
[INFO] [stderr]    Compiling darling_core v0.14.4
[INFO] [stderr]    Compiling proc-macro-error v1.0.4
[INFO] [stderr]     Checking plotters-backend v0.3.5
[INFO] [stderr]     Checking image v0.24.7
[INFO] [stderr]     Checking termcolor v1.3.0
[INFO] [stderr]     Checking indicatif v0.17.6
[INFO] [stderr]     Checking clap_lex v0.2.4
[INFO] [stderr]     Checking parking_lot v0.12.1
[INFO] [stderr]     Checking atty v0.2.14
[INFO] [stderr]     Checking panic-message v0.3.0
[INFO] [stderr]     Checking unsafe-libyaml v0.2.9
[INFO] [stderr]     Checking strsim v0.10.0
[INFO] [stderr]     Checking ttf-parser v0.17.1
[INFO] [stderr]     Checking is-terminal v0.4.9
[INFO] [stderr]     Checking strum v0.24.1
[INFO] [stderr]     Checking terminal_size v0.2.6
[INFO] [stderr]     Checking regex v1.9.5
[INFO] [stderr]     Checking textwrap v0.16.0
[INFO] [stderr]     Checking env_logger v0.10.0
[INFO] [stderr]     Checking plotters-bitmap v0.3.3
[INFO] [stderr]    Compiling pest v2.7.3
[INFO] [stderr]     Checking erfa v0.2.1
[INFO] [stderr]    Compiling num-derive v0.3.3
[INFO] [stderr]    Compiling hdf5-derive v0.8.1
[INFO] [stderr]    Compiling clap_derive v3.2.25
[INFO] [stderr]    Compiling darling_macro v0.14.4
[INFO] [stderr]    Compiling strum_macros v0.24.3
[INFO] [stderr]    Compiling semver-parser v0.10.2
[INFO] [stderr]    Compiling hdf5-sys v0.8.1
[INFO] [stderr]    Compiling semver v0.11.0
[INFO] [stderr]    Compiling darling v0.14.4
[INFO] [stderr]    Compiling derive_builder_core v0.11.2
[INFO] [stderr]    Compiling rustc_version v0.3.3
[INFO] [stderr]     Checking rubbl_core v0.4.0
[INFO] [stderr]    Compiling pathfinder_simd v0.5.1
[INFO] [stderr]    Compiling derive_builder_macro v0.11.2
[INFO] [stderr]     Checking pathfinder_geometry v0.5.1
[INFO] [stderr]     Checking derive_builder v0.11.2
[INFO] [stderr]     Checking plotters v0.3.5
[INFO] [stderr]     Checking hifitime v3.8.4
[INFO] [stderr]     Checking toml_datetime v0.6.3
[INFO] [stderr]    Compiling toml v0.5.11
[INFO] [stderr]     Checking serde_spanned v0.6.3
[INFO] [stderr]     Checking toml_edit v0.19.15
[INFO] [stderr]     Checking serde_yaml v0.9.25
[INFO] [stderr]     Checking vec1 v1.10.1
[INFO] [stderr]     Checking clap v3.2.25
[INFO] [stderr]    Compiling cargo-lock v8.0.3
[INFO] [stderr]     Checking toml v0.7.8
[INFO] [stderr]    Compiling mwa_hyperbeam v0.6.0
[INFO] [stderr] error: failed to run custom build command for `mwa_hyperbeam v0.6.0`
[INFO] [stderr] note: To improve backtraces for build dependencies, set the CARGO_PROFILE_DEV_BUILD_OVERRIDE_DEBUG=true environment variable to enable debug information generation.
[INFO] [stderr] 
[INFO] [stderr] Caused by:
[INFO] [stderr]   process didn't exit successfully: `/opt/rustwide/target/debug/build/mwa_hyperbeam-01fa82d09971c064/build-script-build` (exit status: 101)
[INFO] [stderr]   --- stdout
[INFO] [stderr]   cargo:rerun-if-changed=build.rs
[INFO] [stderr]   cargo:rerun-if-changed=src/fee/ffi/mod.rs
[INFO] [stderr] 
[INFO] [stderr]   --- stderr
[INFO] [stderr]   thread 'main' panicked at /opt/rustwide/cargo-home/registry/src/index.crates.io-6f17d22bba15001f/mwa_hyperbeam-0.6.0/build.rs:89:18:
[INFO] [stderr]   Unable to generate bindings: CargoMetadata("/opt/rustwide/cargo-home/registry/src/index.crates.io-6f17d22bba15001f/mwa_hyperbeam-0.6.0/Cargo.toml", Metadata(Output { status: ExitStatus(unix_wait_status(25856)), stdout: "", stderr: " Downloading crates ...\nwarning: spurious network error (3 tries remaining): [6] Couldn't resolve host name (Could not resolve host: crates.io)\nwarning: spurious network error (3 tries remaining): [6] Couldn't resolve host name (Could not resolve host: crates.io)\nwarning: spurious network error (3 tries remaining): [6] Couldn't resolve host name (Could not resolve host: crates.io)\nwarning: spurious network error (3 tries remaining): [6] Couldn't resolve host name (Could not resolve host: crates.io)\nwarning: spurious network error (2 tries remaining): [6] Couldn't resolve host name (Could not resolve host: crates.io)\nwarning: spurious network error (2 tries remaining): [6] Couldn't resolve host name (Could not resolve host: crates.io)\nwarning: spurious network error (2 tries remaining): [6] Couldn't resolve host name (Could not resolve host: crates.io)\nwarning: spurious network error (2 tries remaining): [6] Couldn't resolve host name (Could not resolve host: crates.io)\nwarning: spurious network error (1 tries remaining): [6] Couldn't resolve host name (Could not resolve host: crates.io)\nwarning: spurious network error (1 tries remaining): [6] Couldn't resolve host name (Could not resolve host: crates.io)\nwarning: spurious network error (1 tries remaining): [6] Couldn't resolve host name (Could not resolve host: crates.io)\nwarning: spurious network error (1 tries remaining): [6] Couldn't resolve host name (Could not resolve host: crates.io)\nerror: failed to download from `https://crates.io/api/v1/crates/dashmap/5.5.2/download`\n\nCaused by:\n  [6] Couldn't resolve host name (Could not resolve host: crates.io)\n" }))
[INFO] [stderr]   stack backtrace:
[INFO] [stderr]      0:     0x557709a605dc - std::backtrace_rs::backtrace::libunwind::trace::ha637c64ce894333a
[INFO] [stderr]                                  at /rustc/82e1608dfa6e0b5569232559e3d385fea5a93112/library/std/src/../../backtrace/src/backtrace/libunwind.rs:104:5
[INFO] [stderr]      1:     0x557709a605dc - std::backtrace_rs::backtrace::trace_unsynchronized::h47f62dea28e0c88d
[INFO] [stderr]                                  at /rustc/82e1608dfa6e0b5569232559e3d385fea5a93112/library/std/src/../../backtrace/src/backtrace/mod.rs:66:5
[INFO] [stderr]      2:     0x557709a605dc - std::sys_common::backtrace::_print_fmt::h9eef0abe20ede486
[INFO] [stderr]                                  at /rustc/82e1608dfa6e0b5569232559e3d385fea5a93112/library/std/src/sys_common/backtrace.rs:67:5
[INFO] [stderr]      3:     0x557709a605dc - <std::sys_common::backtrace::_print::DisplayBacktrace as core::fmt::Display>::fmt::hed7f999df88cc644
[INFO] [stderr]                                  at /rustc/82e1608dfa6e0b5569232559e3d385fea5a93112/library/std/src/sys_common/backtrace.rs:44:22
[INFO] [stderr]      4:     0x557709a8b750 - core::fmt::rt::Argument::fmt::h1539a9308b8d058d
[INFO] [stderr]                                  at /rustc/82e1608dfa6e0b5569232559e3d385fea5a93112/library/core/src/fmt/rt.rs:142:9
[INFO] [stderr]      5:     0x557709a8b750 - core::fmt::write::h3a39390d8560d9c9
[INFO] [stderr]                                  at /rustc/82e1608dfa6e0b5569232559e3d385fea5a93112/library/core/src/fmt/mod.rs:1120:17
[INFO] [stderr]      6:     0x557709a5dfbf - std::io::Write::write_fmt::h5fc9997dfe05f882
[INFO] [stderr]                                  at /rustc/82e1608dfa6e0b5569232559e3d385fea5a93112/library/std/src/io/mod.rs:1762:15
[INFO] [stderr]      7:     0x557709a603c4 - std::sys_common::backtrace::_print::h894006fb5c6f3d45
[INFO] [stderr]                                  at /rustc/82e1608dfa6e0b5569232559e3d385fea5a93112/library/std/src/sys_common/backtrace.rs:47:5
[INFO] [stderr]      8:     0x557709a603c4 - std::sys_common::backtrace::print::h23a2d212c6fff936
[INFO] [stderr]                                  at /rustc/82e1608dfa6e0b5569232559e3d385fea5a93112/library/std/src/sys_common/backtrace.rs:34:9
[INFO] [stderr]      9:     0x557709a61ae7 - std::panicking::default_hook::{{closure}}::h8a1d2ee00185001a
[INFO] [stderr]     10:     0x557709a6184f - std::panicking::default_hook::h6038f2eba384e475
[INFO] [stderr]                                  at /rustc/82e1608dfa6e0b5569232559e3d385fea5a93112/library/std/src/panicking.rs:292:9
[INFO] [stderr]     11:     0x557709a61f68 - std::panicking::rust_panic_with_hook::h2b5517d590cab22e
[INFO] [stderr]                                  at /rustc/82e1608dfa6e0b5569232559e3d385fea5a93112/library/std/src/panicking.rs:779:13
[INFO] [stderr]     12:     0x557709a61e4e - std::panicking::begin_panic_handler::{{closure}}::h233112c06e0ef43e
[INFO] [stderr]                                  at /rustc/82e1608dfa6e0b5569232559e3d385fea5a93112/library/std/src/panicking.rs:657:13
[INFO] [stderr]     13:     0x557709a60aa6 - std::sys_common::backtrace::__rust_end_short_backtrace::h6e893f24d7ebbff8
[INFO] [stderr]                                  at /rustc/82e1608dfa6e0b5569232559e3d385fea5a93112/library/std/src/sys_common/backtrace.rs:170:18
[INFO] [stderr]     14:     0x557709a61bb2 - rust_begin_unwind
[INFO] [stderr]                                  at /rustc/82e1608dfa6e0b5569232559e3d385fea5a93112/library/std/src/panicking.rs:645:5
[INFO] [stderr]     15:     0x5577096ff265 - core::panicking::panic_fmt::hbf0e066aabfa482c
[INFO] [stderr]                                  at /rustc/82e1608dfa6e0b5569232559e3d385fea5a93112/library/core/src/panicking.rs:72:14
[INFO] [stderr]     16:     0x5577096ff833 - core::result::unwrap_failed::hddb4fea594200c52
[INFO] [stderr]                                  at /rustc/82e1608dfa6e0b5569232559e3d385fea5a93112/library/core/src/result.rs:1653:5
[INFO] [stderr]     17:     0x55770973357d - core::result::Result<T,E>::expect::hccfbec49a6f48236
[INFO] [stderr]     18:     0x55770973881d - build_script_build::main::h26ec5976e14571eb
[INFO] [stderr]     19:     0x55770973e0e3 - core::ops::function::FnOnce::call_once::h8ddca27893dbc91b
[INFO] [stderr]     20:     0x5577097331e6 - std::sys_common::backtrace::__rust_begin_short_backtrace::h6bbbd402d3d54892
[INFO] [stderr]     21:     0x55770973e049 - std::rt::lang_start::{{closure}}::hf88475782ca8056c
[INFO] [stderr]     22:     0x557709a59e17 - core::ops::function::impls::<impl core::ops::function::FnOnce<A> for &F>::call_once::hd95060ecd5e1ca24
[INFO] [stderr]                                  at /rustc/82e1608dfa6e0b5569232559e3d385fea5a93112/library/core/src/ops/function.rs:284:13
[INFO] [stderr]     23:     0x557709a59e17 - std::panicking::try::do_call::h6e8cf51db32a6e4b
[INFO] [stderr]                                  at /rustc/82e1608dfa6e0b5569232559e3d385fea5a93112/library/std/src/panicking.rs:552:40
[INFO] [stderr]     24:     0x557709a59e17 - std::panicking::try::h3a52eefe24fe3c29
[INFO] [stderr]                                  at /rustc/82e1608dfa6e0b5569232559e3d385fea5a93112/library/std/src/panicking.rs:516:19
[INFO] [stderr]     25:     0x557709a59e17 - std::panic::catch_unwind::h24c28c23c02c3841
[INFO] [stderr]                                  at /rustc/82e1608dfa6e0b5569232559e3d385fea5a93112/library/std/src/panic.rs:142:14
[INFO] [stderr]     26:     0x557709a59e17 - std::rt::lang_start_internal::{{closure}}::h705d3c9cbc06ef47
[INFO] [stderr]                                  at /rustc/82e1608dfa6e0b5569232559e3d385fea5a93112/library/std/src/rt.rs:148:48
[INFO] [stderr]     27:     0x557709a59e17 - std::panicking::try::do_call::ha21f52ba13158470
[INFO] [stderr]                                  at /rustc/82e1608dfa6e0b5569232559e3d385fea5a93112/library/std/src/panicking.rs:552:40
[INFO] [stderr]     28:     0x557709a59e17 - std::panicking::try::h5581346bf6aeb1f8
[INFO] [stderr]                                  at /rustc/82e1608dfa6e0b5569232559e3d385fea5a93112/library/std/src/panicking.rs:516:19
[INFO] [stderr]     29:     0x557709a59e17 - std::panic::catch_unwind::h7919645a6b72e25b
[INFO] [stderr]                                  at /rustc/82e1608dfa6e0b5569232559e3d385fea5a93112/library/std/src/panic.rs:142:14
[INFO] [stderr]     30:     0x557709a59e17 - std::rt::lang_start_internal::h12de51168669836e
[INFO] [stderr]                                  at /rustc/82e1608dfa6e0b5569232559e3d385fea5a93112/library/std/src/rt.rs:148:20
[INFO] [stderr]     31:     0x55770973e027 - std::rt::lang_start::h556934467a2e6064
[INFO] [stderr]     32:     0x557709738945 - main
[INFO] [stderr]     33:     0x7fce98104d90 - <unknown>
[INFO] [stderr]     34:     0x7fce98104e40 - __libc_start_main
[INFO] [stderr]     35:     0x5577096ffb35 - _start
[INFO] [stderr]     36:                0x0 - <unknown>
[INFO] [stderr] warning: build failed, waiting for other jobs to finish...
[ERROR] error running command: no output for 300 seconds
[INFO] running `Command { std: "docker" "inspect" "933ea51c61629b38681da8b14a3589aef5719d67df60ca7648d92c91f6947646", kill_on_drop: false }`
[INFO] running `Command { std: "docker" "rm" "-f" "933ea51c61629b38681da8b14a3589aef5719d67df60ca7648d92c91f6947646", kill_on_drop: false }`
[INFO] [stdout] 933ea51c61629b38681da8b14a3589aef5719d67df60ca7648d92c91f6947646
[INFO] documenting MWATelescope/mwa_hyperdrive against beta-2023-12-22 for beta-1.76-rustdoc-1
[INFO] running `Command { std: "git" "clone" "/workspace/cache/git-repos/https%3A%2F%2Fgithub.com%2FMWATelescope%2Fmwa_hyperdrive" "/workspace/builds/worker-6-tc2/source", kill_on_drop: false }`
[INFO] [stderr] Cloning into '/workspace/builds/worker-6-tc2/source'...
[INFO] [stderr] done.
[INFO] validating manifest of git repo https://github.com/MWATelescope/mwa_hyperdrive on toolchain beta-2023-12-22
[INFO] running `Command { std: CARGO_HOME="/workspace/cargo-home" RUSTUP_HOME="/workspace/rustup-home" "/workspace/cargo-home/bin/cargo" "+beta-2023-12-22" "metadata" "--manifest-path" "Cargo.toml" "--no-deps", kill_on_drop: false }`
[INFO] removed /workspace/builds/worker-6-tc2/source/.cargo/config.toml
[INFO] started tweaking git repo https://github.com/MWATelescope/mwa_hyperdrive
[INFO] finished tweaking git repo https://github.com/MWATelescope/mwa_hyperdrive
[INFO] tweaked toml for git repo https://github.com/MWATelescope/mwa_hyperdrive written to /workspace/builds/worker-6-tc2/source/Cargo.toml
[INFO] crate git repo https://github.com/MWATelescope/mwa_hyperdrive already has a lockfile, it will not be regenerated
[INFO] running `Command { std: CARGO_HOME="/workspace/cargo-home" RUSTUP_HOME="/workspace/rustup-home" "/workspace/cargo-home/bin/cargo" "+beta-2023-12-22" "fetch" "--manifest-path" "Cargo.toml", kill_on_drop: false }`
[INFO] running `Command { std: "docker" "create" "-v" "/var/lib/crater-agent-workspace/builds/worker-6-tc2/target:/opt/rustwide/target:rw,Z" "-v" "/var/lib/crater-agent-workspace/builds/worker-6-tc2/source:/opt/rustwide/workdir:ro,Z" "-v" "/var/lib/crater-agent-workspace/cargo-home:/opt/rustwide/cargo-home:ro,Z" "-v" "/var/lib/crater-agent-workspace/rustup-home:/opt/rustwide/rustup-home:ro,Z" "-e" "SOURCE_DIR=/opt/rustwide/workdir" "-e" "CARGO_TARGET_DIR=/opt/rustwide/target" "-e" "CARGO_HOME=/opt/rustwide/cargo-home" "-e" "RUSTUP_HOME=/opt/rustwide/rustup-home" "-w" "/opt/rustwide/workdir" "-m" "1610612736" "--user" "0:0" "--network" "none" "ghcr.io/rust-lang/crates-build-env/linux@sha256:2788e3201cd34a07e3172128adcd8b3090168a8e3bcc40d7c032b9dda1df7d1c" "/opt/rustwide/cargo-home/bin/cargo" "+beta-2023-12-22" "metadata" "--no-deps" "--format-version=1", kill_on_drop: false }`
[INFO] [stdout] 89cb708c2fe021bcfcf86ba891235cb1b0963b8849c9c04c69920f41f4672af0
[INFO] running `Command { std: "docker" "start" "-a" "89cb708c2fe021bcfcf86ba891235cb1b0963b8849c9c04c69920f41f4672af0", kill_on_drop: false }`
[INFO] running `Command { std: "docker" "inspect" "89cb708c2fe021bcfcf86ba891235cb1b0963b8849c9c04c69920f41f4672af0", kill_on_drop: false }`
[INFO] running `Command { std: "docker" "rm" "-f" "89cb708c2fe021bcfcf86ba891235cb1b0963b8849c9c04c69920f41f4672af0", kill_on_drop: false }`
[INFO] [stdout] 89cb708c2fe021bcfcf86ba891235cb1b0963b8849c9c04c69920f41f4672af0
[INFO] running `Command { std: "docker" "create" "-v" "/var/lib/crater-agent-workspace/builds/worker-6-tc2/target:/opt/rustwide/target:rw,Z" "-v" "/var/lib/crater-agent-workspace/builds/worker-6-tc2/source:/opt/rustwide/workdir:ro,Z" "-v" "/var/lib/crater-agent-workspace/cargo-home:/opt/rustwide/cargo-home:ro,Z" "-v" "/var/lib/crater-agent-workspace/rustup-home:/opt/rustwide/rustup-home:ro,Z" "-e" "SOURCE_DIR=/opt/rustwide/workdir" "-e" "CARGO_TARGET_DIR=/opt/rustwide/target" "-e" "CARGO_INCREMENTAL=0" "-e" "RUST_BACKTRACE=full" "-e" "RUSTFLAGS=--cap-lints=warn" "-e" "RUSTDOCFLAGS=--cap-lints=warn" "-e" "CARGO_HOME=/opt/rustwide/cargo-home" "-e" "RUSTUP_HOME=/opt/rustwide/rustup-home" "-w" "/opt/rustwide/workdir" "-m" "1610612736" "--user" "0:0" "--network" "none" "ghcr.io/rust-lang/crates-build-env/linux@sha256:2788e3201cd34a07e3172128adcd8b3090168a8e3bcc40d7c032b9dda1df7d1c" "/opt/rustwide/cargo-home/bin/cargo" "+beta-2023-12-22" "doc" "--frozen" "--no-deps" "--document-private-items" "--message-format=json", kill_on_drop: false }`
[INFO] [stdout] d15ac2ce161e0265aa254262ce31aee99d1194f6430eb65176aae44a2a2dfeb2
[INFO] running `Command { std: "docker" "start" "-a" "d15ac2ce161e0265aa254262ce31aee99d1194f6430eb65176aae44a2a2dfeb2", kill_on_drop: false }`
[INFO] [stderr]    Compiling proc-macro2 v1.0.67
[INFO] [stderr]    Compiling unicode-ident v1.0.12
[INFO] [stderr]    Compiling libc v0.2.148
[INFO] [stderr]    Compiling serde v1.0.188
[INFO] [stderr]    Compiling syn v1.0.109
[INFO] [stderr]    Compiling tinyvec_macros v0.1.1
[INFO] [stderr]    Compiling memchr v2.6.3
[INFO] [stderr]    Compiling thiserror v1.0.48
[INFO] [stderr]    Compiling log v0.4.20
[INFO] [stderr]    Compiling libm v0.2.7
[INFO] [stderr]    Compiling unicode-bidi v0.3.13
[INFO] [stderr]    Compiling percent-encoding v2.3.0
[INFO] [stderr]    Compiling num-traits v0.2.16
[INFO] [stderr]    Compiling crossbeam-utils v0.8.16
[INFO] [stderr]     Checking scopeguard v1.2.0
[INFO] [stderr]    Compiling tinyvec v1.6.0
[INFO] [stderr]    Compiling memoffset v0.9.0
[INFO] [stderr]    Compiling form_urlencoded v1.2.0
[INFO] [stderr]    Compiling semver v1.0.18
[INFO] [stderr]    Compiling crossbeam-epoch v0.9.15
[INFO] [stderr]    Compiling bitflags v1.3.2
[INFO] [stderr]    Compiling iana-time-zone v0.1.57
[INFO] [stderr]    Compiling rayon-core v1.11.0
[INFO] [stderr]    Compiling heck v0.4.1
[INFO] [stderr]     Checking either v1.9.0
[INFO] [stderr]    Compiling rustix v0.38.13
[INFO] [stderr]    Compiling serde_json v1.0.107
[INFO] [stderr]    Compiling indexmap v1.9.3
[INFO] [stderr]    Compiling linux-raw-sys v0.4.7
[INFO] [stderr]    Compiling bitflags v2.4.0
[INFO] [stderr]    Compiling ryu v1.0.15
[INFO] [stderr]     Checking crossbeam-channel v0.5.8
[INFO] [stderr]    Compiling hashbrown v0.12.3
[INFO] [stderr]    Compiling jobserver v0.1.26
[INFO] [stderr]    Compiling fastrand v2.0.0
[INFO] [stderr]    Compiling quote v1.0.33
[INFO] [stderr]    Compiling itoa v1.0.9
[INFO] [stderr]    Compiling aho-corasick v1.1.0
[INFO] [stderr]    Compiling cc v1.0.83
[INFO] [stderr]     Checking crossbeam-deque v0.8.3
[INFO] [stderr]    Compiling unicode-normalization v0.1.22
[INFO] [stderr]    Compiling fitsio-sys v0.4.0
[INFO] [stderr]    Compiling syn v2.0.37
[INFO] [stderr]    Compiling ucd-trie v0.1.6
[INFO] [stderr]    Compiling regex-syntax v0.7.5
[INFO] [stderr]    Compiling matrixmultiply v0.3.7
[INFO] [stderr]    Compiling libloading v0.7.4
[INFO] [stderr]     Checking static_assertions v1.1.0
[INFO] [stderr]    Compiling cbindgen v0.24.5
[INFO] [stderr]     Checking rawpointer v0.2.1
[INFO] [stderr]     Checking lexical-util v0.8.5
[INFO] [stderr]    Compiling idna v0.4.0
[INFO] [stderr]    Compiling chrono v0.4.31
[INFO] [stderr]    Compiling cmake v0.1.50
[INFO] [stderr]     Checking num-integer v0.1.45
[INFO] [stderr]     Checking num-complex v0.4.4
[INFO] [stderr]     Checking num_cpus v1.16.0
[INFO] [stderr]    Compiling io-lifetimes v1.0.11
[INFO] [stderr]     Checking lexical-parse-integer v0.8.6
[INFO] [stderr]    Compiling url v2.4.1
[INFO] [stderr]     Checking lexical-parse-float v0.8.5
[INFO] [stderr]    Compiling yeslogic-fontconfig-sys v3.2.0
[INFO] [stderr]    Compiling parking_lot_core v0.8.6
[INFO] [stderr]    Compiling rustix v0.37.23
[INFO] [stderr]    Compiling cbindgen v0.25.0
[INFO] [stderr]     Checking rayon v1.7.0
[INFO] [stderr]     Checking lexical-core v0.8.5
[INFO] [stderr]     Checking fitsio v0.20.0
[INFO] [stderr]    Compiling libz-sys v1.1.12
[INFO] [stderr]    Compiling libgit2-sys v0.14.2+1.5.1
[INFO] [stderr]    Compiling rubbl_casatables_impl v0.3.31101
[INFO] [stderr]    Compiling rubbl_casatables v0.7.0
[INFO] [stderr]    Compiling freetype-sys v0.13.1
[INFO] [stderr]    Compiling tempfile v3.8.0
[INFO] [stderr]     Checking lock_api v0.4.10
[INFO] [stderr]     Checking filetime v0.2.22
[INFO] [stderr]     Checking xattr v1.0.1
[INFO] [stderr]     Checking libloading v0.8.0
[INFO] [stderr]     Checking instant v0.1.12
[INFO] [stderr]    Compiling paste v1.0.14
[INFO] [stderr]    Compiling regex-automata v0.3.8
[INFO] [stderr]     Checking linux-raw-sys v0.3.8
[INFO] [stderr]    Compiling hdf5-types v0.8.1
[INFO] [stderr]     Checking hashbrown v0.14.0
[INFO] [stderr]     Checking equivalent v1.0.1
[INFO] [stderr]    Compiling portable-atomic v1.4.3
[INFO] [stderr]     Checking dlib v0.5.2
[INFO] [stderr]     Checking tar v0.4.40
[INFO] [stderr]    Compiling proc-macro-error-attr v1.0.4
[INFO] [stderr]     Checking num-rational v0.4.1
[INFO] [stderr]     Checking dirs-sys-next v0.1.2
[INFO] [stderr]     Checking itertools v0.10.5
[INFO] [stderr]     Checking jpeg-decoder v0.3.0
[INFO] [stderr]     Checking ascii v1.1.0
[INFO] [stderr]     Checking indexmap v2.0.0
[INFO] [stderr]    Compiling font-kit v0.11.0
[INFO] [stderr]     Checking const-cstr v0.3.0
[INFO] [stderr]    Compiling rustversion v1.0.14
[INFO] [stderr]    Compiling hdf5 v0.8.1
[INFO] [stderr]    Compiling serde_derive v1.0.188
[INFO] [stderr]    Compiling thiserror-impl v1.0.48
[INFO] [stderr]     Checking walkdir v2.4.0
[INFO] [stderr]     Checking console v0.15.7
[INFO] [stderr]     Checking freetype v0.7.0
[INFO] [stderr]     Checking dirs-next v2.0.0
[INFO] [stderr]     Checking parking_lot v0.11.2
[INFO] [stderr]     Checking ndarray v0.15.6
[INFO] [stderr]     Checking image v0.24.7
[INFO] [stderr]     Checking parking_lot_core v0.9.8
[INFO] [stderr]    Compiling darling_core v0.14.4
[INFO] [stderr]    Compiling proc-macro-error v1.0.4
[INFO] [stderr]     Checking termcolor v1.3.0
[INFO] [stderr]     Checking float-ord v0.2.0
[INFO] [stderr]     Checking plotters-backend v0.3.5
[INFO] [stderr]     Checking os_str_bytes v6.5.1
[INFO] [stderr]     Checking winnow v0.5.15
[INFO] [stderr]     Checking indicatif v0.17.6
[INFO] [stderr]     Checking parking_lot v0.12.1
[INFO] [stderr]     Checking is-terminal v0.4.9
[INFO] [stderr]     Checking atty v0.2.14
[INFO] [stderr]     Checking clap_lex v0.2.4
[INFO] [stderr]     Checking unsafe-libyaml v0.2.9
[INFO] [stderr]     Checking strsim v0.10.0
[INFO] [stderr]     Checking panic-message v0.3.0
[INFO] [stderr]     Checking ttf-parser v0.17.1
[INFO] [stderr]     Checking strum v0.24.1
[INFO] [stderr]     Checking terminal_size v0.2.6
[INFO] [stderr]     Checking textwrap v0.16.0
[INFO] [stderr]     Checking regex v1.9.5
[INFO] [stderr]     Checking env_logger v0.10.0
[INFO] [stderr]     Checking plotters-bitmap v0.3.3
[INFO] [stderr]    Compiling pest v2.7.3
[INFO] [stderr]     Checking erfa v0.2.1
[INFO] [stderr]    Compiling num-derive v0.3.3
[INFO] [stderr]    Compiling hdf5-derive v0.8.1
[INFO] [stderr]    Compiling clap_derive v3.2.25
[INFO] [stderr]    Compiling strum_macros v0.24.3
[INFO] [stderr]    Compiling darling_macro v0.14.4
[INFO] [stderr]    Compiling semver-parser v0.10.2
[INFO] [stderr]    Compiling hdf5-sys v0.8.1
[INFO] [stderr]    Compiling semver v0.11.0
[INFO] [stderr]    Compiling darling v0.14.4
[INFO] [stderr]     Checking rubbl_core v0.4.0
[INFO] [stderr]    Compiling derive_builder_core v0.11.2
[INFO] [stderr]    Compiling rustc_version v0.3.3
[INFO] [stderr]    Compiling pathfinder_simd v0.5.1
[INFO] [stderr]    Compiling derive_builder_macro v0.11.2
[INFO] [stderr]     Checking pathfinder_geometry v0.5.1
[INFO] [stderr]     Checking plotters v0.3.5
[INFO] [stderr]     Checking derive_builder v0.11.2
[INFO] [stderr]     Checking hifitime v3.8.4
[INFO] [stderr]     Checking toml_datetime v0.6.3
[INFO] [stderr]     Checking serde_spanned v0.6.3
[INFO] [stderr]     Checking vec1 v1.10.1
[INFO] [stderr]     Checking serde_yaml v0.9.25
[INFO] [stderr]     Checking toml_edit v0.19.15
[INFO] [stderr]    Compiling toml v0.5.11
[INFO] [stderr]     Checking clap v3.2.25
[INFO] [stderr]    Compiling cargo-lock v8.0.3
[INFO] [stderr]     Checking toml v0.7.8
[INFO] [stderr]    Compiling mwa_hyperbeam v0.6.0
[INFO] [stderr]    Compiling git2 v0.15.0
[INFO] [stderr]    Compiling git2 v0.16.1
[INFO] [stderr]    Compiling built v0.5.2
[INFO] [stderr]    Compiling built v0.6.0
[INFO] [stderr]    Compiling mwalib v0.16.4
[INFO] [stderr]    Compiling marlu v0.10.1
[INFO] [stderr]    Compiling birli v0.10.0
[INFO] [stderr]    Compiling mwa_hyperdrive v0.3.0 (/opt/rustwide/workdir)
[INFO] [stderr] error: failed to run custom build command for `mwa_hyperbeam v0.6.0`
[INFO] [stderr] note: To improve backtraces for build dependencies, set the CARGO_PROFILE_DEV_BUILD_OVERRIDE_DEBUG=true environment variable to enable debug information generation.
[INFO] [stderr] 
[INFO] [stderr] Caused by:
[INFO] [stderr]   process didn't exit successfully: `/opt/rustwide/target/debug/build/mwa_hyperbeam-aa439dfc3426e5b0/build-script-build` (exit status: 101)
[INFO] [stderr]   --- stdout
[INFO] [stderr]   cargo:rerun-if-changed=build.rs
[INFO] [stderr]   cargo:rerun-if-changed=src/fee/ffi/mod.rs
[INFO] [stderr] 
[INFO] [stderr]   --- stderr
[INFO] [stderr]   thread 'main' panicked at /opt/rustwide/cargo-home/registry/src/index.crates.io-6f17d22bba15001f/mwa_hyperbeam-0.6.0/build.rs:89:18:
[INFO] [stderr]   Unable to generate bindings: CargoMetadata("/opt/rustwide/cargo-home/registry/src/index.crates.io-6f17d22bba15001f/mwa_hyperbeam-0.6.0/Cargo.toml", Metadata(Output { status: ExitStatus(unix_wait_status(25856)), stdout: "", stderr: " Downloading crates ...\nwarning: spurious network error (3 tries remaining): [6] Couldn't resolve host name (Could not resolve host: crates.io)\nwarning: spurious network error (3 tries remaining): [6] Couldn't resolve host name (Could not resolve host: crates.io)\nwarning: spurious network error (3 tries remaining): [6] Couldn't resolve host name (Could not resolve host: crates.io)\nwarning: spurious network error (3 tries remaining): [6] Couldn't resolve host name (Could not resolve host: crates.io)\nwarning: spurious network error (2 tries remaining): [6] Couldn't resolve host name (Could not resolve host: crates.io)\nwarning: spurious network error (2 tries remaining): [6] Couldn't resolve host name (Could not resolve host: crates.io)\nwarning: spurious network error (2 tries remaining): [6] Couldn't resolve host name (Could not resolve host: crates.io)\nwarning: spurious network error (2 tries remaining): [6] Couldn't resolve host name (Could not resolve host: crates.io)\nwarning: spurious network error (1 tries remaining): [6] Couldn't resolve host name (Could not resolve host: crates.io)\nwarning: spurious network error (1 tries remaining): [6] Couldn't resolve host name (Could not resolve host: crates.io)\nwarning: spurious network error (1 tries remaining): [6] Couldn't resolve host name (Could not resolve host: crates.io)\nwarning: spurious network error (1 tries remaining): [6] Couldn't resolve host name (Could not resolve host: crates.io)\nerror: failed to download from `https://crates.io/api/v1/crates/dashmap/5.5.2/download`\n\nCaused by:\n  [6] Couldn't resolve host name (Could not resolve host: crates.io)\n" }))
[INFO] [stderr]   stack backtrace:
[INFO] [stderr]      0:     0x556ddefd1106 - std::backtrace_rs::backtrace::libunwind::trace::h261606ad26a499c1
[INFO] [stderr]                                  at /rustc/0e09125c6c3c2fd70d7de961bcf0e51575235fad/library/std/src/../../backtrace/src/backtrace/libunwind.rs:104:5
[INFO] [stderr]      1:     0x556ddefd1106 - std::backtrace_rs::backtrace::trace_unsynchronized::hd183f0625477fb28
[INFO] [stderr]                                  at /rustc/0e09125c6c3c2fd70d7de961bcf0e51575235fad/library/std/src/../../backtrace/src/backtrace/mod.rs:66:5
[INFO] [stderr]      2:     0x556ddefd1106 - std::sys_common::backtrace::_print_fmt::hd7f8fef21b4eda67
[INFO] [stderr]                                  at /rustc/0e09125c6c3c2fd70d7de961bcf0e51575235fad/library/std/src/sys_common/backtrace.rs:68:5
[INFO] [stderr]      3:     0x556ddefd1106 - <std::sys_common::backtrace::_print::DisplayBacktrace as core::fmt::Display>::fmt::h623d9b51f2f453f1
[INFO] [stderr]                                  at /rustc/0e09125c6c3c2fd70d7de961bcf0e51575235fad/library/std/src/sys_common/backtrace.rs:44:22
[INFO] [stderr]      4:     0x556ddeffb500 - core::fmt::rt::Argument::fmt::h9f417ac76a86f368
[INFO] [stderr]                                  at /rustc/0e09125c6c3c2fd70d7de961bcf0e51575235fad/library/core/src/fmt/rt.rs:142:9
[INFO] [stderr]      5:     0x556ddeffb500 - core::fmt::write::hc9b6faf4ac2aeff7
[INFO] [stderr]                                  at /rustc/0e09125c6c3c2fd70d7de961bcf0e51575235fad/library/core/src/fmt/mod.rs:1120:17
[INFO] [stderr]      6:     0x556ddefceb7f - std::io::Write::write_fmt::hfead1eee52c2e65e
[INFO] [stderr]                                  at /rustc/0e09125c6c3c2fd70d7de961bcf0e51575235fad/library/std/src/io/mod.rs:1810:15
[INFO] [stderr]      7:     0x556ddefd0ee4 - std::sys_common::backtrace::_print::hd5d66399c7df88a2
[INFO] [stderr]                                  at /rustc/0e09125c6c3c2fd70d7de961bcf0e51575235fad/library/std/src/sys_common/backtrace.rs:47:5
[INFO] [stderr]      8:     0x556ddefd0ee4 - std::sys_common::backtrace::print::he81ed2da642d37e5
[INFO] [stderr]                                  at /rustc/0e09125c6c3c2fd70d7de961bcf0e51575235fad/library/std/src/sys_common/backtrace.rs:34:9
[INFO] [stderr]      9:     0x556ddefd2657 - std::panicking::default_hook::{{closure}}::h85773f4fa117163d
[INFO] [stderr]     10:     0x556ddefd23b9 - std::panicking::default_hook::h6a1694a91d09b278
[INFO] [stderr]                                  at /rustc/0e09125c6c3c2fd70d7de961bcf0e51575235fad/library/std/src/panicking.rs:292:9
[INFO] [stderr]     11:     0x556ddefd2ae8 - std::panicking::rust_panic_with_hook::h0a7ad96e90f7145b
[INFO] [stderr]                                  at /rustc/0e09125c6c3c2fd70d7de961bcf0e51575235fad/library/std/src/panicking.rs:779:13
[INFO] [stderr]     12:     0x556ddefd29c2 - std::panicking::begin_panic_handler::{{closure}}::h7919090525c6485e
[INFO] [stderr]                                  at /rustc/0e09125c6c3c2fd70d7de961bcf0e51575235fad/library/std/src/panicking.rs:657:13
[INFO] [stderr]     13:     0x556ddefd1606 - std::sys_common::backtrace::__rust_end_short_backtrace::hf3289479464f7dfe
[INFO] [stderr]                                  at /rustc/0e09125c6c3c2fd70d7de961bcf0e51575235fad/library/std/src/sys_common/backtrace.rs:171:18
[INFO] [stderr]     14:     0x556ddefd2720 - rust_begin_unwind
[INFO] [stderr]                                  at /rustc/0e09125c6c3c2fd70d7de961bcf0e51575235fad/library/std/src/panicking.rs:645:5
[INFO] [stderr]     15:     0x556ddec64265 - core::panicking::panic_fmt::hcc9f77c5c132af55
[INFO] [stderr]                                  at /rustc/0e09125c6c3c2fd70d7de961bcf0e51575235fad/library/core/src/panicking.rs:72:14
[INFO] [stderr]     16:     0x556ddec64843 - core::result::unwrap_failed::hbe14f498be1452f9
[INFO] [stderr]                                  at /rustc/0e09125c6c3c2fd70d7de961bcf0e51575235fad/library/core/src/result.rs:1649:5
[INFO] [stderr]     17:     0x556ddeca1188 - core::result::Result<T,E>::expect::h1a686bb04f3d258a
[INFO] [stderr]     18:     0x556ddeca8a5b - build_script_build::main::ha752a5a3a3c27cec
[INFO] [stderr]     19:     0x556ddeca2883 - core::ops::function::FnOnce::call_once::hdc5d4ccf05197a5c
[INFO] [stderr]     20:     0x556ddec9af16 - std::sys_common::backtrace::__rust_begin_short_backtrace::h1871898961e78b2c
[INFO] [stderr]     21:     0x556ddeca2819 - std::rt::lang_start::{{closure}}::h44a499f0c23f76b1
[INFO] [stderr]     22:     0x556ddefca611 - core::ops::function::impls::<impl core::ops::function::FnOnce<A> for &F>::call_once::h4eb4c5e1620f29b0
[INFO] [stderr]                                  at /rustc/0e09125c6c3c2fd70d7de961bcf0e51575235fad/library/core/src/ops/function.rs:284:13
[INFO] [stderr]     23:     0x556ddefca611 - std::panicking::try::do_call::h73fd26535faffcdf
[INFO] [stderr]                                  at /rustc/0e09125c6c3c2fd70d7de961bcf0e51575235fad/library/std/src/panicking.rs:552:40
[INFO] [stderr]     24:     0x556ddefca611 - std::panicking::try::h77ff1d98f0fb9f39
[INFO] [stderr]                                  at /rustc/0e09125c6c3c2fd70d7de961bcf0e51575235fad/library/std/src/panicking.rs:516:19
[INFO] [stderr]     25:     0x556ddefca611 - std::panic::catch_unwind::hab3caf2448b95e37
[INFO] [stderr]                                  at /rustc/0e09125c6c3c2fd70d7de961bcf0e51575235fad/library/std/src/panic.rs:142:14
[INFO] [stderr]     26:     0x556ddefca611 - std::rt::lang_start_internal::{{closure}}::h8086711f9c783f78
[INFO] [stderr]                                  at /rustc/0e09125c6c3c2fd70d7de961bcf0e51575235fad/library/std/src/rt.rs:148:48
[INFO] [stderr]     27:     0x556ddefca611 - std::panicking::try::do_call::hf920d4dc291cd6ca
[INFO] [stderr]                                  at /rustc/0e09125c6c3c2fd70d7de961bcf0e51575235fad/library/std/src/panicking.rs:552:40
[INFO] [stderr]     28:     0x556ddefca611 - std::panicking::try::h2b806ccc0a85db74
[INFO] [stderr]                                  at /rustc/0e09125c6c3c2fd70d7de961bcf0e51575235fad/library/std/src/panicking.rs:516:19
[INFO] [stderr]     29:     0x556ddefca611 - std::panic::catch_unwind::h038489539c507df2
[INFO] [stderr]                                  at /rustc/0e09125c6c3c2fd70d7de961bcf0e51575235fad/library/std/src/panic.rs:142:14
[INFO] [stderr]     30:     0x556ddefca611 - std::rt::lang_start_internal::h28503b88912e8a5c
[INFO] [stderr]                                  at /rustc/0e09125c6c3c2fd70d7de961bcf0e51575235fad/library/std/src/rt.rs:148:20
[INFO] [stderr]     31:     0x556ddeca27f7 - std::rt::lang_start::hfc716edceeb7b297
[INFO] [stderr]     32:     0x556ddeca8b85 - main
[INFO] [stderr]     33:     0x7fa6c558dd90 - <unknown>
[INFO] [stderr]     34:     0x7fa6c558de40 - __libc_start_main
[INFO] [stderr]     35:     0x556ddec64b45 - _start
[INFO] [stderr]     36:                0x0 - <unknown>
[INFO] [stderr] warning: build failed, waiting for other jobs to finish...
[ERROR] error running command: no output for 300 seconds
[INFO] running `Command { std: "docker" "inspect" "d15ac2ce161e0265aa254262ce31aee99d1194f6430eb65176aae44a2a2dfeb2", kill_on_drop: false }`
[INFO] running `Command { std: "docker" "rm" "-f" "d15ac2ce161e0265aa254262ce31aee99d1194f6430eb65176aae44a2a2dfeb2", kill_on_drop: false }`
[INFO] [stdout] d15ac2ce161e0265aa254262ce31aee99d1194f6430eb65176aae44a2a2dfeb2
