[INFO] cloning repository https://github.com/MKProj/texcreate
[INFO] running `Command { std: "git" "-c" "credential.helper=" "-c" "credential.helper=/workspace/cargo-home/bin/git-credential-null" "clone" "--bare" "https://github.com/MKProj/texcreate" "/workspace/cache/git-repos/https%3A%2F%2Fgithub.com%2FMKProj%2Ftexcreate", kill_on_drop: false }`
[INFO] [stderr] Cloning into bare repository '/workspace/cache/git-repos/https%3A%2F%2Fgithub.com%2FMKProj%2Ftexcreate'...
[INFO] running `Command { std: "git" "rev-parse" "HEAD", kill_on_drop: false }`
[INFO] [stdout] 793691488f37f81dec248ad91a943b5d52066789
[INFO] documenting MKProj/texcreate against 1.75.0 for beta-1.76-rustdoc-1
[INFO] running `Command { std: "git" "clone" "/workspace/cache/git-repos/https%3A%2F%2Fgithub.com%2FMKProj%2Ftexcreate" "/workspace/builds/worker-3-tc1/source", kill_on_drop: false }`
[INFO] [stderr] Cloning into '/workspace/builds/worker-3-tc1/source'...
[INFO] [stderr] done.
[INFO] validating manifest of git repo https://github.com/MKProj/texcreate on toolchain 1.75.0
[INFO] running `Command { std: CARGO_HOME="/workspace/cargo-home" RUSTUP_HOME="/workspace/rustup-home" "/workspace/cargo-home/bin/cargo" "+1.75.0" "metadata" "--manifest-path" "Cargo.toml" "--no-deps", kill_on_drop: false }`
[INFO] started tweaking git repo https://github.com/MKProj/texcreate
[INFO] finished tweaking git repo https://github.com/MKProj/texcreate
[INFO] tweaked toml for git repo https://github.com/MKProj/texcreate written to /workspace/builds/worker-3-tc1/source/Cargo.toml
[INFO] crate git repo https://github.com/MKProj/texcreate already has a lockfile, it will not be regenerated
[INFO] running `Command { std: CARGO_HOME="/workspace/cargo-home" RUSTUP_HOME="/workspace/rustup-home" "/workspace/cargo-home/bin/cargo" "+1.75.0" "fetch" "--manifest-path" "Cargo.toml", kill_on_drop: false }`
[INFO] [stderr]     Updating crates.io index
[INFO] [stderr]  Downloading crates ...
[INFO] [stderr]   Downloaded texcreate_repo v0.1.2
[INFO] [stderr]   Downloaded texcore_traits v0.1.0
[INFO] [stderr]   Downloaded proc-macro2-diagnostics v0.10.0
[INFO] [stderr]   Downloaded texc_v3_web v0.1.2
[INFO] [stderr]   Downloaded pear_codegen v0.2.4
[INFO] [stderr]   Downloaded pear v0.2.4
[INFO] [stderr]   Downloaded texcore v0.7.2
[INFO] [stderr]   Downloaded tracing-attributes v0.1.25
[INFO] [stderr]   Downloaded figment v0.10.10
[INFO] [stderr]   Downloaded rocket_http v0.5.0-rc.3
[INFO] [stderr]   Downloaded rocket_codegen v0.5.0-rc.3
[INFO] [stderr]   Downloaded rocket v0.5.0-rc.3
[INFO] [stderr]   Downloaded texcore_derive v0.1.0
[INFO] [stderr]   Downloaded texcreate_repo v0.2.1
[INFO] [stderr]   Downloaded texcore v0.6.1
[INFO] [stderr]   Downloaded texc_v3_compiler_conf v0.1.0
[INFO] running `Command { std: "docker" "create" "-v" "/var/lib/crater-agent-workspace/builds/worker-3-tc1/target:/opt/rustwide/target:rw,Z" "-v" "/var/lib/crater-agent-workspace/builds/worker-3-tc1/source:/opt/rustwide/workdir:ro,Z" "-v" "/var/lib/crater-agent-workspace/cargo-home:/opt/rustwide/cargo-home:ro,Z" "-v" "/var/lib/crater-agent-workspace/rustup-home:/opt/rustwide/rustup-home:ro,Z" "-e" "SOURCE_DIR=/opt/rustwide/workdir" "-e" "CARGO_TARGET_DIR=/opt/rustwide/target" "-e" "CARGO_HOME=/opt/rustwide/cargo-home" "-e" "RUSTUP_HOME=/opt/rustwide/rustup-home" "-w" "/opt/rustwide/workdir" "-m" "1610612736" "--user" "0:0" "--network" "none" "ghcr.io/rust-lang/crates-build-env/linux@sha256:2788e3201cd34a07e3172128adcd8b3090168a8e3bcc40d7c032b9dda1df7d1c" "/opt/rustwide/cargo-home/bin/cargo" "+1.75.0" "metadata" "--no-deps" "--format-version=1", kill_on_drop: false }`
[INFO] [stdout] 496681963ddebbf0fbb71a8c9dd64779eede8ed885dd89c523279ba451554727
[INFO] running `Command { std: "docker" "start" "-a" "496681963ddebbf0fbb71a8c9dd64779eede8ed885dd89c523279ba451554727", kill_on_drop: false }`
[INFO] running `Command { std: "docker" "inspect" "496681963ddebbf0fbb71a8c9dd64779eede8ed885dd89c523279ba451554727", kill_on_drop: false }`
[INFO] running `Command { std: "docker" "rm" "-f" "496681963ddebbf0fbb71a8c9dd64779eede8ed885dd89c523279ba451554727", kill_on_drop: false }`
[INFO] [stdout] 496681963ddebbf0fbb71a8c9dd64779eede8ed885dd89c523279ba451554727
[INFO] running `Command { std: "docker" "create" "-v" "/var/lib/crater-agent-workspace/builds/worker-3-tc1/target:/opt/rustwide/target:rw,Z" "-v" "/var/lib/crater-agent-workspace/builds/worker-3-tc1/source:/opt/rustwide/workdir:ro,Z" "-v" "/var/lib/crater-agent-workspace/cargo-home:/opt/rustwide/cargo-home:ro,Z" "-v" "/var/lib/crater-agent-workspace/rustup-home:/opt/rustwide/rustup-home:ro,Z" "-e" "SOURCE_DIR=/opt/rustwide/workdir" "-e" "CARGO_TARGET_DIR=/opt/rustwide/target" "-e" "CARGO_INCREMENTAL=0" "-e" "RUST_BACKTRACE=full" "-e" "RUSTFLAGS=--cap-lints=warn" "-e" "RUSTDOCFLAGS=--cap-lints=warn" "-e" "CARGO_HOME=/opt/rustwide/cargo-home" "-e" "RUSTUP_HOME=/opt/rustwide/rustup-home" "-w" "/opt/rustwide/workdir" "-m" "1610612736" "--user" "0:0" "--network" "none" "ghcr.io/rust-lang/crates-build-env/linux@sha256:2788e3201cd34a07e3172128adcd8b3090168a8e3bcc40d7c032b9dda1df7d1c" "/opt/rustwide/cargo-home/bin/cargo" "+1.75.0" "doc" "--frozen" "--no-deps" "--document-private-items" "--message-format=json", kill_on_drop: false }`
[INFO] [stdout] e38fbdec6bb96b7635e3cd23317929d13715a83990f122ecbdc64f156c1f88bc
[INFO] running `Command { std: "docker" "start" "-a" "e38fbdec6bb96b7635e3cd23317929d13715a83990f122ecbdc64f156c1f88bc", kill_on_drop: false }`
[INFO] [stderr]    Compiling proc-macro2 v1.0.60
[INFO] [stderr]    Compiling unicode-ident v1.0.9
[INFO] [stderr]    Compiling quote v1.0.28
[INFO] [stderr]    Compiling libc v0.2.146
[INFO] [stderr]    Compiling serde v1.0.164
[INFO] [stderr]    Compiling futures-channel v0.3.28
[INFO] [stderr]     Checking itoa v1.0.6
[INFO] [stderr]     Checking smallvec v1.10.0
[INFO] [stderr]     Checking once_cell v1.18.0
[INFO] [stderr]     Checking lock_api v0.4.10
[INFO] [stderr]    Compiling tokio v1.28.2
[INFO] [stderr]    Compiling futures-util v0.3.28
[INFO] [stderr]    Compiling indexmap v1.9.3
[INFO] [stderr]     Checking futures-io v0.3.28
[INFO] [stderr]    Compiling proc-macro2-diagnostics v0.10.0
[INFO] [stderr]    Compiling yansi v0.5.1
[INFO] [stderr]     Checking tracing-core v0.1.31
[INFO] [stderr]     Checking http v0.2.9
[INFO] [stderr]    Compiling time-core v0.1.1
[INFO] [stderr]    Compiling futures-core v0.3.28
[INFO] [stderr]    Compiling time-macros v0.2.9
[INFO] [stderr]     Checking tracing v0.1.37
[INFO] [stderr]    Compiling pin-project-lite v0.2.9
[INFO] [stderr]    Compiling syn v2.0.18
[INFO] [stderr]    Compiling jobserver v0.1.26
[INFO] [stderr]    Compiling futures-task v0.3.28
[INFO] [stderr]    Compiling syn v1.0.109
[INFO] [stderr]    Compiling cc v1.0.79
[INFO] [stderr]     Checking http-body v0.4.5
[INFO] [stderr]    Compiling cookie v0.17.0
[INFO] [stderr]     Checking winnow v0.4.7
[INFO] [stderr]    Compiling futures-sink v0.3.28
[INFO] [stderr]     Checking subtle v2.5.0
[INFO] [stderr]     Checking ryu v1.0.13
[INFO] [stderr]    Compiling ref-cast v1.0.16
[INFO] [stderr]     Checking parking_lot_core v0.9.8
[INFO] [stderr]     Checking signal-hook-registry v1.4.1
[INFO] [stderr]     Checking num_cpus v1.15.0
[INFO] [stderr]     Checking mio v0.8.8
[INFO] [stderr]     Checking socket2 v0.4.9
[INFO] [stderr]     Checking parking_lot v0.12.1
[INFO] [stderr]     Checking getrandom v0.2.10
[INFO] [stderr]     Checking rand_core v0.6.4
[INFO] [stderr]    Compiling serde_json v1.0.97
[INFO] [stderr]    Compiling pin-utils v0.1.0
[INFO] [stderr]    Compiling io-lifetimes v1.0.11
[INFO] [stderr]    Compiling bytes v1.4.0
[INFO] [stderr]    Compiling openssl-sys v0.9.90
[INFO] [stderr]    Compiling zstd-sys v2.0.8+zstd.1.5.5
[INFO] [stderr]    Compiling libz-sys v1.1.9
[INFO] [stderr]     Checking digest v0.10.7
[INFO] [stderr]    Compiling openssl v0.10.55
[INFO] [stderr]    Compiling native-tls v0.2.11
[INFO] [stderr]    Compiling uncased v0.9.9
[INFO] [stderr]    Compiling rustix v0.37.20
[INFO] [stderr]    Compiling try-lock v0.2.4
[INFO] [stderr]     Checking cpufeatures v0.2.8
[INFO] [stderr]    Compiling bitflags v2.3.2
[INFO] [stderr]    Compiling want v0.3.1
[INFO] [stderr]     Checking time v0.3.22
[INFO] [stderr]    Compiling libssh2-sys v0.3.0
[INFO] [stderr]    Compiling bzip2-sys v0.1.11+1.0.8
[INFO] [stderr]    Compiling httparse v1.8.0
[INFO] [stderr]    Compiling proc-macro-error-attr v1.0.4
[INFO] [stderr]    Compiling tower-service v0.3.2
[INFO] [stderr]    Compiling zstd-safe v5.0.2+zstd.1.5.2
[INFO] [stderr]    Compiling percent-encoding v2.3.0
[INFO] [stderr]    Compiling httpdate v1.0.2
[INFO] [stderr]    Compiling devise_core v0.4.1
[INFO] [stderr]    Compiling inlinable_string v0.1.15
[INFO] [stderr]    Compiling hashbrown v0.12.3
[INFO] [stderr]    Compiling futures v0.3.28
[INFO] [stderr]    Compiling stable-pattern v0.1.0
[INFO] [stderr]    Compiling hyper v0.14.26
[INFO] [stderr]     Checking inout v0.1.3
[INFO] [stderr]    Compiling tempfile v3.6.0
[INFO] [stderr]    Compiling multer v2.1.0
[INFO] [stderr]    Compiling proc-macro-error v1.0.4
[INFO] [stderr]    Compiling figment v0.10.10
[INFO] [stderr]     Checking ipnet v2.7.2
[INFO] [stderr]     Checking base64ct v1.6.0
[INFO] [stderr]    Compiling either v1.8.1
[INFO] [stderr]    Compiling state v0.5.3
[INFO] [stderr]    Compiling async-trait v0.1.68
[INFO] [stderr]     Checking password-hash v0.4.2
[INFO] [stderr]     Checking rand_chacha v0.3.1
[INFO] [stderr]     Checking miniz_oxide v0.7.1
[INFO] [stderr]    Compiling texcore_derive v0.1.0
[INFO] [stderr]     Checking cipher v0.4.4
[INFO] [stderr]     Checking sha2 v0.10.7
[INFO] [stderr]    Compiling serde_derive v1.0.164
[INFO] [stderr]    Compiling tokio-macros v2.1.0
[INFO] [stderr]    Compiling futures-macro v0.3.28
[INFO] [stderr]    Compiling openssl-macros v0.1.1
[INFO] [stderr]    Compiling pear_codegen v0.2.4
[INFO] [stderr]    Compiling ref-cast-impl v1.0.16
[INFO] [stderr]    Compiling devise_codegen v0.4.1
[INFO] [stderr]    Compiling async-stream-impl v0.3.5
[INFO] [stderr]     Checking hmac v0.12.1
[INFO] [stderr]    Compiling libgit2-sys v0.15.2+1.6.4
[INFO] [stderr]    Compiling devise v0.4.1
[INFO] [stderr]    Compiling pear v0.2.4
[INFO] [stderr]    Compiling rocket v0.5.0-rc.3
[INFO] [stderr]    Compiling rocket_http v0.5.0-rc.3
[INFO] [stderr]    Compiling unicode-xid v0.2.4
[INFO] [stderr]     Checking spin v0.9.8
[INFO] [stderr]    Compiling unicode-segmentation v1.10.1
[INFO] [stderr]    Compiling glob v0.3.1
[INFO] [stderr]    Compiling portable-atomic v1.3.3
[INFO] [stderr]    Compiling heck v0.3.3
[INFO] [stderr]     Checking async-stream v0.3.5
[INFO] [stderr]     Checking pbkdf2 v0.11.0
[INFO] [stderr]     Checking texcore_traits v0.1.0
[INFO] [stderr]     Checking flate2 v1.0.26
[INFO] [stderr]     Checking aes v0.8.3
[INFO] [stderr]     Checking rand v0.8.5
[INFO] [stderr]     Checking is-terminal v0.4.7
[INFO] [stderr]     Checking textwrap v0.11.0
[INFO] [stderr]     Checking sha1 v0.10.5
[INFO] [stderr]     Checking atty v0.2.14
[INFO] [stderr]     Checking is-docker v0.2.0
[INFO] [stderr]    Compiling thiserror v1.0.40
[INFO] [stderr]     Checking binascii v0.1.4
[INFO] [stderr]     Checking constant_time_eq v0.1.5
[INFO] [stderr]     Checking termcolor v1.2.0
[INFO] [stderr]     Checking futures-executor v0.3.28
[INFO] [stderr]     Checking option-ext v0.2.0
[INFO] [stderr]     Checking strsim v0.8.0
[INFO] [stderr]     Checking atomic v0.5.3
[INFO] [stderr]     Checking clap v2.34.0
[INFO] [stderr]     Checking dirs-sys v0.4.1
[INFO] [stderr]     Checking is-wsl v0.4.0
[INFO] [stderr]    Compiling structopt-derive v0.4.18
[INFO] [stderr]     Checking console v0.15.7
[INFO] [stderr]     Checking tokio-util v0.7.8
[INFO] [stderr]     Checking tokio-native-tls v0.3.1
[INFO] [stderr]     Checking tokio-stream v0.1.14
[INFO] [stderr]    Compiling thiserror-impl v1.0.40
[INFO] [stderr]     Checking pathdiff v0.2.1
[INFO] [stderr]     Checking open v4.2.0
[INFO] [stderr]    Compiling rocket_codegen v0.5.0-rc.3
[INFO] [stderr]     Checking walkdir v2.3.3
[INFO] [stderr]     Checking indicatif v0.17.5
[INFO] [stderr]     Checking dirs v5.0.1
[INFO] [stderr]     Checking structopt v0.3.26
[INFO] [stderr]     Checking bzip2 v0.4.4
[INFO] [stderr]     Checking toml_datetime v0.6.2
[INFO] [stderr]     Checking serde_spanned v0.6.2
[INFO] [stderr]     Checking serde_urlencoded v0.7.1
[INFO] [stderr]     Checking h2 v0.3.19
[INFO] [stderr]     Checking toml_edit v0.19.10
[INFO] [stderr]     Checking ubyte v0.10.3
[INFO] [stderr]     Checking texcore v0.6.1
[INFO] [stdout] error[E0554]: `#![feature]` may not be used on the stable release channel
[INFO] [stdout]  --> /opt/rustwide/cargo-home/registry/src/index.crates.io-6f17d22bba15001f/texcore-0.6.1/src/lib.rs:1:1
[INFO] [stdout]   |
[INFO] [stdout] 1 | #![feature(doc_auto_cfg)]
[INFO] [stdout]   | ^^^^^^^^^^^^^^^^^^^^^^^^^
[INFO] [stdout] 
[INFO] [stdout] 
[INFO] [stdout] error: aborting due to previous error
[INFO] [stdout] 
[INFO] [stdout] 
[INFO] [stdout] For more information about this error, try `rustc --explain E0554`.
[INFO] [stdout] 
[INFO] [stderr]     Checking texcore v0.7.2
[INFO] [stderr] error: could not compile `texcore` (lib) due to 2 previous errors
[INFO] [stderr] warning: build failed, waiting for other jobs to finish...
[INFO] [stdout] error[E0554]: `#![feature]` may not be used on the stable release channel
[INFO] [stdout]  --> /opt/rustwide/cargo-home/registry/src/index.crates.io-6f17d22bba15001f/texcore-0.7.2/src/lib.rs:1:1
[INFO] [stdout]   |
[INFO] [stdout] 1 | #![feature(doc_auto_cfg)]
[INFO] [stdout]   | ^^^^^^^^^^^^^^^^^^^^^^^^^
[INFO] [stdout] 
[INFO] [stdout] 
[INFO] [stdout] error: aborting due to previous error
[INFO] [stdout] 
[INFO] [stdout] 
[INFO] [stdout] For more information about this error, try `rustc --explain E0554`.
[INFO] [stdout] 
[INFO] [stderr] error: could not compile `texcore` (lib) due to 2 previous errors
[INFO] running `Command { std: "docker" "inspect" "e38fbdec6bb96b7635e3cd23317929d13715a83990f122ecbdc64f156c1f88bc", kill_on_drop: false }`
[INFO] running `Command { std: "docker" "rm" "-f" "e38fbdec6bb96b7635e3cd23317929d13715a83990f122ecbdc64f156c1f88bc", kill_on_drop: false }`
[INFO] [stdout] e38fbdec6bb96b7635e3cd23317929d13715a83990f122ecbdc64f156c1f88bc
[INFO] documenting MKProj/texcreate against beta-2023-12-22 for beta-1.76-rustdoc-1
[INFO] running `Command { std: "git" "clone" "/workspace/cache/git-repos/https%3A%2F%2Fgithub.com%2FMKProj%2Ftexcreate" "/workspace/builds/worker-3-tc2/source", kill_on_drop: false }`
[INFO] [stderr] Cloning into '/workspace/builds/worker-3-tc2/source'...
[INFO] [stderr] done.
[INFO] validating manifest of git repo https://github.com/MKProj/texcreate on toolchain beta-2023-12-22
[INFO] running `Command { std: CARGO_HOME="/workspace/cargo-home" RUSTUP_HOME="/workspace/rustup-home" "/workspace/cargo-home/bin/cargo" "+beta-2023-12-22" "metadata" "--manifest-path" "Cargo.toml" "--no-deps", kill_on_drop: false }`
[INFO] started tweaking git repo https://github.com/MKProj/texcreate
[INFO] finished tweaking git repo https://github.com/MKProj/texcreate
[INFO] tweaked toml for git repo https://github.com/MKProj/texcreate written to /workspace/builds/worker-3-tc2/source/Cargo.toml
[INFO] crate git repo https://github.com/MKProj/texcreate already has a lockfile, it will not be regenerated
[INFO] running `Command { std: CARGO_HOME="/workspace/cargo-home" RUSTUP_HOME="/workspace/rustup-home" "/workspace/cargo-home/bin/cargo" "+beta-2023-12-22" "fetch" "--manifest-path" "Cargo.toml", kill_on_drop: false }`
[INFO] running `Command { std: "docker" "create" "-v" "/var/lib/crater-agent-workspace/builds/worker-3-tc2/target:/opt/rustwide/target:rw,Z" "-v" "/var/lib/crater-agent-workspace/builds/worker-3-tc2/source:/opt/rustwide/workdir:ro,Z" "-v" "/var/lib/crater-agent-workspace/cargo-home:/opt/rustwide/cargo-home:ro,Z" "-v" "/var/lib/crater-agent-workspace/rustup-home:/opt/rustwide/rustup-home:ro,Z" "-e" "SOURCE_DIR=/opt/rustwide/workdir" "-e" "CARGO_TARGET_DIR=/opt/rustwide/target" "-e" "CARGO_HOME=/opt/rustwide/cargo-home" "-e" "RUSTUP_HOME=/opt/rustwide/rustup-home" "-w" "/opt/rustwide/workdir" "-m" "1610612736" "--user" "0:0" "--network" "none" "ghcr.io/rust-lang/crates-build-env/linux@sha256:2788e3201cd34a07e3172128adcd8b3090168a8e3bcc40d7c032b9dda1df7d1c" "/opt/rustwide/cargo-home/bin/cargo" "+beta-2023-12-22" "metadata" "--no-deps" "--format-version=1", kill_on_drop: false }`
[INFO] [stdout] 594cdf51c5407c5f196f4fb86696b983509559ad3aedcac3fb83b8a2f9632277
[INFO] running `Command { std: "docker" "start" "-a" "594cdf51c5407c5f196f4fb86696b983509559ad3aedcac3fb83b8a2f9632277", kill_on_drop: false }`
[INFO] running `Command { std: "docker" "inspect" "594cdf51c5407c5f196f4fb86696b983509559ad3aedcac3fb83b8a2f9632277", kill_on_drop: false }`
[INFO] running `Command { std: "docker" "rm" "-f" "594cdf51c5407c5f196f4fb86696b983509559ad3aedcac3fb83b8a2f9632277", kill_on_drop: false }`
[INFO] [stdout] 594cdf51c5407c5f196f4fb86696b983509559ad3aedcac3fb83b8a2f9632277
[INFO] running `Command { std: "docker" "create" "-v" "/var/lib/crater-agent-workspace/builds/worker-3-tc2/target:/opt/rustwide/target:rw,Z" "-v" "/var/lib/crater-agent-workspace/builds/worker-3-tc2/source:/opt/rustwide/workdir:ro,Z" "-v" "/var/lib/crater-agent-workspace/cargo-home:/opt/rustwide/cargo-home:ro,Z" "-v" "/var/lib/crater-agent-workspace/rustup-home:/opt/rustwide/rustup-home:ro,Z" "-e" "SOURCE_DIR=/opt/rustwide/workdir" "-e" "CARGO_TARGET_DIR=/opt/rustwide/target" "-e" "CARGO_INCREMENTAL=0" "-e" "RUST_BACKTRACE=full" "-e" "RUSTFLAGS=--cap-lints=warn" "-e" "RUSTDOCFLAGS=--cap-lints=warn" "-e" "CARGO_HOME=/opt/rustwide/cargo-home" "-e" "RUSTUP_HOME=/opt/rustwide/rustup-home" "-w" "/opt/rustwide/workdir" "-m" "1610612736" "--user" "0:0" "--network" "none" "ghcr.io/rust-lang/crates-build-env/linux@sha256:2788e3201cd34a07e3172128adcd8b3090168a8e3bcc40d7c032b9dda1df7d1c" "/opt/rustwide/cargo-home/bin/cargo" "+beta-2023-12-22" "doc" "--frozen" "--no-deps" "--document-private-items" "--message-format=json", kill_on_drop: false }`
[INFO] [stdout] 976d6a41097c93c7df5a9657eff54eeba84fedfd1e57cbe17ec50b8c6336d329
[INFO] running `Command { std: "docker" "start" "-a" "976d6a41097c93c7df5a9657eff54eeba84fedfd1e57cbe17ec50b8c6336d329", kill_on_drop: false }`
[INFO] [stderr]    Compiling proc-macro2 v1.0.60
[INFO] [stderr]    Compiling unicode-ident v1.0.9
[INFO] [stderr]    Compiling quote v1.0.28
[INFO] [stderr]    Compiling libc v0.2.146
[INFO] [stderr]    Compiling serde v1.0.164
[INFO] [stderr]    Compiling futures-channel v0.3.28
[INFO] [stderr]     Checking once_cell v1.18.0
[INFO] [stderr]     Checking smallvec v1.10.0
[INFO] [stderr]     Checking itoa v1.0.6
[INFO] [stderr]     Checking lock_api v0.4.10
[INFO] [stderr]    Compiling tokio v1.28.2
[INFO] [stderr]    Compiling futures-util v0.3.28
[INFO] [stderr]    Compiling indexmap v1.9.3
[INFO] [stderr]     Checking futures-io v0.3.28
[INFO] [stderr]    Compiling proc-macro2-diagnostics v0.10.0
[INFO] [stderr]    Compiling yansi v0.5.1
[INFO] [stderr]     Checking tracing-core v0.1.31
[INFO] [stderr]     Checking http v0.2.9
[INFO] [stderr]    Compiling time-core v0.1.1
[INFO] [stderr]    Compiling pin-project-lite v0.2.9
[INFO] [stderr]    Compiling futures-core v0.3.28
[INFO] [stderr]    Compiling time-macros v0.2.9
[INFO] [stderr]     Checking tracing v0.1.37
[INFO] [stderr]    Compiling syn v2.0.18
[INFO] [stderr]    Compiling futures-task v0.3.28
[INFO] [stderr]    Compiling jobserver v0.1.26
[INFO] [stderr]    Compiling syn v1.0.109
[INFO] [stderr]     Checking http-body v0.4.5
[INFO] [stderr]    Compiling cc v1.0.79
[INFO] [stderr]    Compiling cookie v0.17.0
[INFO] [stderr]     Checking winnow v0.4.7
[INFO] [stderr]     Checking ryu v1.0.13
[INFO] [stderr]     Checking subtle v2.5.0
[INFO] [stderr]    Compiling futures-sink v0.3.28
[INFO] [stderr]    Compiling ref-cast v1.0.16
[INFO] [stderr]     Checking parking_lot_core v0.9.8
[INFO] [stderr]     Checking num_cpus v1.15.0
[INFO] [stderr]     Checking socket2 v0.4.9
[INFO] [stderr]     Checking mio v0.8.8
[INFO] [stderr]     Checking parking_lot v0.12.1
[INFO] [stderr]     Checking signal-hook-registry v1.4.1
[INFO] [stderr]     Checking getrandom v0.2.10
[INFO] [stderr]     Checking rand_core v0.6.4
[INFO] [stderr]    Compiling bytes v1.4.0
[INFO] [stderr]    Compiling io-lifetimes v1.0.11
[INFO] [stderr]    Compiling serde_json v1.0.97
[INFO] [stderr]    Compiling pin-utils v0.1.0
[INFO] [stderr]    Compiling openssl-sys v0.9.90
[INFO] [stderr]    Compiling libz-sys v1.1.9
[INFO] [stderr]    Compiling zstd-sys v2.0.8+zstd.1.5.5
[INFO] [stderr]    Compiling openssl v0.10.55
[INFO] [stderr]    Compiling native-tls v0.2.11
[INFO] [stderr]     Checking digest v0.10.7
[INFO] [stderr]    Compiling uncased v0.9.9
[INFO] [stderr]    Compiling rustix v0.37.20
[INFO] [stderr]     Checking cpufeatures v0.2.8
[INFO] [stderr]    Compiling bitflags v2.3.2
[INFO] [stderr]    Compiling try-lock v0.2.4
[INFO] [stderr]    Compiling want v0.3.1
[INFO] [stderr]     Checking time v0.3.22
[INFO] [stderr]    Compiling bzip2-sys v0.1.11+1.0.8
[INFO] [stderr]    Compiling libssh2-sys v0.3.0
[INFO] [stderr]    Compiling devise_core v0.4.1
[INFO] [stderr]    Compiling httparse v1.8.0
[INFO] [stderr]    Compiling proc-macro-error-attr v1.0.4
[INFO] [stderr]     Checking inlinable_string v0.1.15
[INFO] [stderr]    Compiling tower-service v0.3.2
[INFO] [stderr]    Compiling httpdate v1.0.2
[INFO] [stderr]    Compiling hashbrown v0.12.3
[INFO] [stderr]    Compiling zstd-safe v5.0.2+zstd.1.5.2
[INFO] [stderr]    Compiling percent-encoding v2.3.0
[INFO] [stderr]    Compiling futures v0.3.28
[INFO] [stderr]    Compiling stable-pattern v0.1.0
[INFO] [stderr]     Checking inout v0.1.3
[INFO] [stderr]    Compiling proc-macro-error v1.0.4
[INFO] [stderr]    Compiling hyper v0.14.26
[INFO] [stderr]    Compiling figment v0.10.10
[INFO] [stderr]    Compiling tempfile v3.6.0
[INFO] [stderr]    Compiling multer v2.1.0
[INFO] [stderr]    Compiling serde_derive v1.0.164
[INFO] [stderr]    Compiling tokio-macros v2.1.0
[INFO] [stderr]    Compiling futures-macro v0.3.28
[INFO] [stderr]    Compiling pear_codegen v0.2.4
[INFO] [stderr]    Compiling openssl-macros v0.1.1
[INFO] [stderr]    Compiling ref-cast-impl v1.0.16
[INFO] [stderr]    Compiling devise_codegen v0.4.1
[INFO] [stderr]    Compiling pear v0.2.4
[INFO] [stderr]     Checking ipnet v2.7.2
[INFO] [stderr]     Checking base64ct v1.6.0
[INFO] [stderr]    Compiling async-trait v0.1.68
[INFO] [stderr]    Compiling state v0.5.3
[INFO] [stderr]    Compiling either v1.8.1
[INFO] [stderr]     Checking password-hash v0.4.2
[INFO] [stderr]    Compiling devise v0.4.1
[INFO] [stderr]     Checking rand_chacha v0.3.1
[INFO] [stderr]     Checking miniz_oxide v0.7.1
[INFO] [stderr]    Compiling rocket_http v0.5.0-rc.3
[INFO] [stderr]    Compiling async-stream-impl v0.3.5
[INFO] [stderr]    Compiling texcore_derive v0.1.0
[INFO] [stderr]     Checking cipher v0.4.4
[INFO] [stderr]     Checking sha2 v0.10.7
[INFO] [stderr]     Checking hmac v0.12.1
[INFO] [stderr]    Compiling libgit2-sys v0.15.2+1.6.4
[INFO] [stderr]    Compiling rocket v0.5.0-rc.3
[INFO] [stderr]    Compiling unicode-xid v0.2.4
[INFO] [stderr]    Compiling portable-atomic v1.3.3
[INFO] [stderr]     Checking spin v0.9.8
[INFO] [stderr]    Compiling unicode-segmentation v1.10.1
[INFO] [stderr]    Compiling glob v0.3.1
[INFO] [stderr]     Checking futures-executor v0.3.28
[INFO] [stderr]    Compiling heck v0.3.3
[INFO] [stderr]     Checking pbkdf2 v0.11.0
[INFO] [stderr]     Checking async-stream v0.3.5
[INFO] [stderr]     Checking flate2 v1.0.26
[INFO] [stderr]     Checking texcore_traits v0.1.0
[INFO] [stderr]     Checking aes v0.8.3
[INFO] [stderr]     Checking rand v0.8.5
[INFO] [stderr]     Checking is-terminal v0.4.7
[INFO] [stderr]     Checking textwrap v0.11.0
[INFO] [stderr]     Checking sha1 v0.10.5
[INFO] [stderr]     Checking atty v0.2.14
[INFO] [stderr]     Checking is-docker v0.2.0
[INFO] [stderr]    Compiling thiserror v1.0.40
[INFO] [stderr]     Checking termcolor v1.2.0
[INFO] [stderr]     Checking tokio-util v0.7.8
[INFO] [stderr]     Checking tokio-native-tls v0.3.1
[INFO] [stderr]     Checking tokio-stream v0.1.14
[INFO] [stderr]     Checking option-ext v0.2.0
[INFO] [stderr]     Checking constant_time_eq v0.1.5
[INFO] [stderr]     Checking atomic v0.5.3
[INFO] [stderr]     Checking binascii v0.1.4
[INFO] [stderr]     Checking strsim v0.8.0
[INFO] [stderr]     Checking dirs-sys v0.4.1
[INFO] [stderr]     Checking clap v2.34.0
[INFO] [stderr]     Checking is-wsl v0.4.0
[INFO] [stderr]    Compiling structopt-derive v0.4.18
[INFO] [stderr]     Checking console v0.15.7
[INFO] [stderr]    Compiling rocket_codegen v0.5.0-rc.3
[INFO] [stderr]    Compiling thiserror-impl v1.0.40
[INFO] [stderr]     Checking pathdiff v0.2.1
[INFO] [stderr]     Checking walkdir v2.3.3
[INFO] [stderr]     Checking indicatif v0.17.5
[INFO] [stderr]     Checking open v4.2.0
[INFO] [stderr]     Checking dirs v5.0.1
[INFO] [stderr]     Checking bzip2 v0.4.4
[INFO] [stderr]     Checking structopt v0.3.26
[INFO] [stderr]     Checking toml_datetime v0.6.2
[INFO] [stderr]     Checking serde_spanned v0.6.2
[INFO] [stderr]     Checking serde_urlencoded v0.7.1
[INFO] [stderr]     Checking h2 v0.3.19
[INFO] [stderr]     Checking toml_edit v0.19.10
[INFO] [stderr]     Checking ubyte v0.10.3
[INFO] [stderr]     Checking texcore v0.6.1
[INFO] [stderr]     Checking texcore v0.7.2
[INFO] [stdout] error[E0554]: `#![feature]` may not be used on the beta release channel
[INFO] [stdout]  --> /opt/rustwide/cargo-home/registry/src/index.crates.io-6f17d22bba15001f/texcore-0.6.1/src/lib.rs:1:1
[INFO] [stdout]   |
[INFO] [stdout] 1 | #![feature(doc_auto_cfg)]
[INFO] [stdout]   | ^^^^^^^^^^^^^^^^^^^^^^^^^
[INFO] [stdout] 
[INFO] [stdout] 
[INFO] [stdout] error[E0554]: `#![feature]` may not be used on the beta release channel
[INFO] [stdout]  --> /opt/rustwide/cargo-home/registry/src/index.crates.io-6f17d22bba15001f/texcore-0.7.2/src/lib.rs:1:1
[INFO] [stdout]   |
[INFO] [stdout] 1 | #![feature(doc_auto_cfg)]
[INFO] [stdout]   | ^^^^^^^^^^^^^^^^^^^^^^^^^
[INFO] [stdout] 
[INFO] [stdout] 
[INFO] [stdout] error: aborting due to 1 previous error
[INFO] [stdout] 
[INFO] [stdout] 
[INFO] [stdout] For more information about this error, try `rustc --explain E0554`.
[INFO] [stdout] 
[INFO] [stderr] error: could not compile `texcore` (lib) due to 2 previous errors
[INFO] [stderr] warning: build failed, waiting for other jobs to finish...
[INFO] [stdout] error: aborting due to 1 previous error
[INFO] [stdout] 
[INFO] [stdout] 
[INFO] [stdout] For more information about this error, try `rustc --explain E0554`.
[INFO] [stdout] 
[INFO] [stderr] error: could not compile `texcore` (lib) due to 2 previous errors
[INFO] running `Command { std: "docker" "inspect" "976d6a41097c93c7df5a9657eff54eeba84fedfd1e57cbe17ec50b8c6336d329", kill_on_drop: false }`
[INFO] running `Command { std: "docker" "rm" "-f" "976d6a41097c93c7df5a9657eff54eeba84fedfd1e57cbe17ec50b8c6336d329", kill_on_drop: false }`
[INFO] [stdout] 976d6a41097c93c7df5a9657eff54eeba84fedfd1e57cbe17ec50b8c6336d329
