[INFO] cloning repository https://github.com/MIracleyin/blog
[INFO] running `Command { std: "git" "-c" "credential.helper=" "-c" "credential.helper=/workspace/cargo-home/bin/git-credential-null" "clone" "--bare" "https://github.com/MIracleyin/blog" "/workspace/cache/git-repos/https%3A%2F%2Fgithub.com%2FMIracleyin%2Fblog", kill_on_drop: false }`
[INFO] [stderr] Cloning into bare repository '/workspace/cache/git-repos/https%3A%2F%2Fgithub.com%2FMIracleyin%2Fblog'...
[INFO] running `Command { std: "git" "rev-parse" "HEAD", kill_on_drop: false }`
[INFO] [stdout] b8d822d05c56632f1a18c6124fbf543643942ebf
[INFO] documenting MIracleyin/blog against 1.75.0 for beta-1.76-rustdoc-1
[INFO] running `Command { std: "git" "clone" "/workspace/cache/git-repos/https%3A%2F%2Fgithub.com%2FMIracleyin%2Fblog" "/workspace/builds/worker-1-tc1/source", kill_on_drop: false }`
[INFO] [stderr] Cloning into '/workspace/builds/worker-1-tc1/source'...
[INFO] [stderr] done.
[INFO] validating manifest of git repo https://github.com/MIracleyin/blog on toolchain 1.75.0
[INFO] running `Command { std: CARGO_HOME="/workspace/cargo-home" RUSTUP_HOME="/workspace/rustup-home" "/workspace/cargo-home/bin/cargo" "+1.75.0" "metadata" "--manifest-path" "Cargo.toml" "--no-deps", kill_on_drop: false }`
[INFO] started tweaking git repo https://github.com/MIracleyin/blog
[INFO] finished tweaking git repo https://github.com/MIracleyin/blog
[INFO] tweaked toml for git repo https://github.com/MIracleyin/blog written to /workspace/builds/worker-1-tc1/source/Cargo.toml
[INFO] crate git repo https://github.com/MIracleyin/blog already has a lockfile, it will not be regenerated
[INFO] running `Command { std: CARGO_HOME="/workspace/cargo-home" RUSTUP_HOME="/workspace/rustup-home" "/workspace/cargo-home/bin/cargo" "+1.75.0" "fetch" "--manifest-path" "Cargo.toml", kill_on_drop: false }`
[INFO] [stderr] warning: virtual workspace defaulting to `resolver = "1"` despite one or more workspace members being on edition 2021 which implies `resolver = "2"`
[INFO] [stderr] note: to keep the current resolver, specify `workspace.resolver = "1"` in the workspace root's manifest
[INFO] [stderr] note: to use the edition 2021 resolver, specify `workspace.resolver = "2"` in the workspace root's manifest
[INFO] [stderr] note: for more details see https://doc.rust-lang.org/cargo/reference/resolver.html#resolver-versions
[INFO] [stderr]     Updating crates.io index
[INFO] [stderr]  Downloading crates ...
[INFO] [stderr]   Downloaded gloo-history v0.1.3
[INFO] [stderr]   Downloaded yew-router-macro v0.17.0
[INFO] [stderr]   Downloaded ntex-codec v0.6.2
[INFO] [stderr]   Downloaded ntex-macros v0.1.3
[INFO] [stderr]   Downloaded implicit-clone v0.3.5
[INFO] [stderr]   Downloaded yew-router v0.17.0
[INFO] [stderr]   Downloaded ntex-service v1.0.1
[INFO] [stderr]   Downloaded ntex-connect v0.2.1
[INFO] [stderr]   Downloaded ntex-router v0.5.1
[INFO] [stderr]   Downloaded ntex-http v0.1.9
[INFO] [stderr]   Downloaded ntex-tls v0.2.4
[INFO] [stderr]   Downloaded ntex-h2 v0.2.1
[INFO] [stderr]   Downloaded gloo v0.8.0
[INFO] [stderr]   Downloaded unicode-bidi v0.3.12
[INFO] [stderr]   Downloaded ntex-bytes v0.1.19
[INFO] [stderr]   Downloaded openssl-sys v0.9.81
[INFO] [stderr]   Downloaded openssl v0.10.46
[INFO] [stderr]   Downloaded ntex-util v0.2.0
[INFO] [stderr]   Downloaded ntex-tokio v0.2.3
[INFO] [stderr]   Downloaded ntex-rt v0.4.7
[INFO] [stderr]   Downloaded ntex-io v0.2.9
[INFO] [stderr]   Downloaded ntex v0.6.5
[INFO] running `Command { std: "docker" "create" "-v" "/var/lib/crater-agent-workspace/builds/worker-1-tc1/target:/opt/rustwide/target:rw,Z" "-v" "/var/lib/crater-agent-workspace/builds/worker-1-tc1/source:/opt/rustwide/workdir:ro,Z" "-v" "/var/lib/crater-agent-workspace/cargo-home:/opt/rustwide/cargo-home:ro,Z" "-v" "/var/lib/crater-agent-workspace/rustup-home:/opt/rustwide/rustup-home:ro,Z" "-e" "SOURCE_DIR=/opt/rustwide/workdir" "-e" "CARGO_TARGET_DIR=/opt/rustwide/target" "-e" "CARGO_HOME=/opt/rustwide/cargo-home" "-e" "RUSTUP_HOME=/opt/rustwide/rustup-home" "-w" "/opt/rustwide/workdir" "-m" "1610612736" "--user" "0:0" "--network" "none" "ghcr.io/rust-lang/crates-build-env/linux@sha256:2788e3201cd34a07e3172128adcd8b3090168a8e3bcc40d7c032b9dda1df7d1c" "/opt/rustwide/cargo-home/bin/cargo" "+1.75.0" "metadata" "--no-deps" "--format-version=1", kill_on_drop: false }`
[INFO] [stdout] bb2a3d921def36fa12efcabc236e95be4329161963180bc3256dec4b23aa2f6e
[INFO] running `Command { std: "docker" "start" "-a" "bb2a3d921def36fa12efcabc236e95be4329161963180bc3256dec4b23aa2f6e", kill_on_drop: false }`
[INFO] running `Command { std: "docker" "inspect" "bb2a3d921def36fa12efcabc236e95be4329161963180bc3256dec4b23aa2f6e", kill_on_drop: false }`
[INFO] running `Command { std: "docker" "rm" "-f" "bb2a3d921def36fa12efcabc236e95be4329161963180bc3256dec4b23aa2f6e", kill_on_drop: false }`
[INFO] [stdout] bb2a3d921def36fa12efcabc236e95be4329161963180bc3256dec4b23aa2f6e
[INFO] running `Command { std: "docker" "create" "-v" "/var/lib/crater-agent-workspace/builds/worker-1-tc1/target:/opt/rustwide/target:rw,Z" "-v" "/var/lib/crater-agent-workspace/builds/worker-1-tc1/source:/opt/rustwide/workdir:ro,Z" "-v" "/var/lib/crater-agent-workspace/cargo-home:/opt/rustwide/cargo-home:ro,Z" "-v" "/var/lib/crater-agent-workspace/rustup-home:/opt/rustwide/rustup-home:ro,Z" "-e" "SOURCE_DIR=/opt/rustwide/workdir" "-e" "CARGO_TARGET_DIR=/opt/rustwide/target" "-e" "CARGO_INCREMENTAL=0" "-e" "RUST_BACKTRACE=full" "-e" "RUSTFLAGS=--cap-lints=warn" "-e" "RUSTDOCFLAGS=--cap-lints=warn" "-e" "CARGO_HOME=/opt/rustwide/cargo-home" "-e" "RUSTUP_HOME=/opt/rustwide/rustup-home" "-w" "/opt/rustwide/workdir" "-m" "1610612736" "--user" "0:0" "--network" "none" "ghcr.io/rust-lang/crates-build-env/linux@sha256:2788e3201cd34a07e3172128adcd8b3090168a8e3bcc40d7c032b9dda1df7d1c" "/opt/rustwide/cargo-home/bin/cargo" "+1.75.0" "doc" "--frozen" "--no-deps" "--document-private-items" "--message-format=json", kill_on_drop: false }`
[INFO] [stdout] b94203caecf4a6e015427cf5848f4a16928533551bc1d1a6f5c219e32ffe921b
[INFO] running `Command { std: "docker" "start" "-a" "b94203caecf4a6e015427cf5848f4a16928533551bc1d1a6f5c219e32ffe921b", kill_on_drop: false }`
[INFO] [stderr] warning: virtual workspace defaulting to `resolver = "1"` despite one or more workspace members being on edition 2021 which implies `resolver = "2"`
[INFO] [stderr] note: to keep the current resolver, specify `workspace.resolver = "1"` in the workspace root's manifest
[INFO] [stderr] note: to use the edition 2021 resolver, specify `workspace.resolver = "2"` in the workspace root's manifest
[INFO] [stderr] note: for more details see https://doc.rust-lang.org/cargo/reference/resolver.html#resolver-versions
[INFO] [stderr]    Compiling libc v0.2.140
[INFO] [stderr]    Compiling proc-macro2 v1.0.52
[INFO] [stderr]    Compiling quote v1.0.26
[INFO] [stderr]    Compiling syn v1.0.109
[INFO] [stderr]    Compiling futures-core v0.3.27
[INFO] [stderr]    Compiling once_cell v1.17.1
[INFO] [stderr]    Compiling serde_derive v1.0.157
[INFO] [stderr]    Compiling serde v1.0.157
[INFO] [stderr]    Compiling log v0.4.17
[INFO] [stderr]    Compiling tokio v1.26.0
[INFO] [stderr]     Checking itoa v1.0.6
[INFO] [stderr]    Compiling slab v0.4.8
[INFO] [stderr]     Checking futures-sink v0.3.27
[INFO] [stderr]    Compiling generic-array v0.14.6
[INFO] [stderr]    Compiling wasm-bindgen-shared v0.2.84
[INFO] [stderr]    Compiling ring v0.16.20
[INFO] [stderr]    Compiling bumpalo v3.12.0
[INFO] [stderr]    Compiling futures-channel v0.3.27
[INFO] [stderr]    Compiling ahash v0.7.6
[INFO] [stderr]    Compiling wasm-bindgen v0.2.84
[INFO] [stderr]    Compiling thiserror v1.0.40
[INFO] [stderr]    Compiling serde_json v1.0.94
[INFO] [stderr]    Compiling syn v2.0.2
[INFO] [stderr]    Compiling futures-task v0.3.27
[INFO] [stderr]    Compiling crossbeam-utils v0.8.15
[INFO] [stderr]    Compiling futures-util v0.3.27
[INFO] [stderr]     Checking ryu v1.0.13
[INFO] [stderr]    Compiling indexmap v1.9.2
[INFO] [stderr]    Compiling rustls v0.20.8
[INFO] [stderr]     Checking num_cpus v1.15.0
[INFO] [stderr]     Checking socket2 v0.4.9
[INFO] [stderr]     Checking mio v0.8.6
[INFO] [stderr]     Checking signal-hook-registry v1.4.1
[INFO] [stderr]     Checking getrandom v0.2.8
[INFO] [stderr]    Compiling num-traits v0.2.15
[INFO] [stderr]     Checking futures-io v0.3.27
[INFO] [stderr]     Checking hashbrown v0.12.3
[INFO] [stderr]    Compiling parking_lot_core v0.8.6
[INFO] [stderr]     Checking http v0.2.9
[INFO] [stderr]     Checking block-buffer v0.10.4
[INFO] [stderr]     Checking crypto-common v0.1.6
[INFO] [stderr]    Compiling memchr v2.5.0
[INFO] [stderr]    Compiling pkg-config v0.3.26
[INFO] [stderr]    Compiling spin v0.5.2
[INFO] [stderr]     Checking subtle v2.4.1
[INFO] [stderr]    Compiling untrusted v0.7.1
[INFO] [stderr]     Checking digest v0.10.6
[INFO] [stderr]    Compiling openssl-sys v0.9.81
[INFO] [stderr]     Checking concurrent-queue v2.1.0
[INFO] [stderr]     Checking tracing-core v0.1.30
[INFO] [stderr]     Checking futures-micro v0.5.0
[INFO] [stderr]     Checking async-oneshot v0.5.0
[INFO] [stderr]     Checking async-channel v1.8.0
[INFO] [stderr]     Checking webpki v0.22.0
[INFO] [stderr]     Checking sct v0.7.0
[INFO] [stderr]     Checking fxhash v0.2.1
[INFO] [stderr]    Compiling pin-project-lite v0.2.9
[INFO] [stderr]     Checking ntex-service v1.0.1
[INFO] [stderr]    Compiling wasm-bindgen-backend v0.2.84
[INFO] [stderr]     Checking futures-timer v3.0.2
[INFO] [stderr]    Compiling instant v0.1.12
[INFO] [stderr]     Checking cpufeatures v0.2.5
[INFO] [stderr]    Compiling rustversion v1.0.12
[INFO] [stderr]     Checking ntex-rt v0.4.7
[INFO] [stderr]     Checking ntex-util v0.2.0
[INFO] [stderr]     Checking tokio-stream v0.1.12
[INFO] [stderr]    Compiling paste v1.0.12
[INFO] [stderr]    Compiling wasm-bindgen-macro-support v0.2.84
[INFO] [stderr]    Compiling thiserror-impl v1.0.40
[INFO] [stderr]    Compiling unicode-bidi v0.3.12
[INFO] [stderr]    Compiling openssl v0.10.46
[INFO] [stderr]    Compiling lock_api v0.4.9
[INFO] [stderr]     Checking webpki-roots v0.22.6
[INFO] [stderr]    Compiling rand_core v0.6.4
[INFO] [stderr]    Compiling io-lifetimes v1.0.8
[INFO] [stderr]    Compiling percent-encoding v2.2.0
[INFO] [stderr]     Checking base64 v0.21.0
[INFO] [stderr]    Compiling wasm-bindgen-macro v0.2.84
[INFO] [stderr]    Compiling futures-macro v0.3.27
[INFO] [stderr]    Compiling tracing-attributes v0.1.23
[INFO] [stderr]    Compiling pin-project-internal v1.0.12
[INFO] [stderr]    Compiling openssl-macros v0.1.0
[INFO] [stderr]    Compiling either v1.8.1
[INFO] [stderr]    Compiling prettyplease v0.1.25
[INFO] [stderr]    Compiling tokio-rustls v0.23.4
[INFO] [stderr]    Compiling rand_chacha v0.3.1
[INFO] [stderr]     Checking js-sys v0.3.61
[INFO] [stderr]    Compiling native-tls v0.2.11
[INFO] [stderr]    Compiling itertools v0.10.5
[INFO] [stderr]     Checking pin-project v1.0.12
[INFO] [stderr]     Checking tracing v0.1.37
[INFO] [stderr]     Checking tokio-util v0.7.7
[INFO] [stderr]    Compiling form_urlencoded v1.1.0
[INFO] [stderr]    Compiling nom v7.1.3
[INFO] [stderr]    Compiling proc-macro-error-attr v1.0.4
[INFO] [stderr]     Checking web-sys v0.3.61
[INFO] [stderr]     Checking wasm-bindgen-futures v0.4.34
[INFO] [stderr]     Checking futures v0.3.27
[INFO] [stderr]    Compiling parking_lot v0.11.2
[INFO] [stderr]     Checking idna v0.3.0
[INFO] [stderr]    Compiling num-integer v0.1.45
[INFO] [stderr]    Compiling hmac v0.12.1
[INFO] [stderr]    Compiling time v0.1.45
[INFO] [stderr]    Compiling dirs-sys v0.3.7
[INFO] [stderr]     Checking aho-corasick v0.7.20
[INFO] [stderr]    Compiling rustix v0.36.10
[INFO] [stderr]    Compiling iana-time-zone v0.1.53
[INFO] [stderr]     Checking regex-syntax v0.6.28
[INFO] [stderr]     Checking ntex-bytes v0.1.19
[INFO] [stderr]     Checking serde_urlencoded v0.7.1
[INFO] [stderr]     Checking serde-wasm-bindgen v0.4.5
[INFO] [stderr]     Checking bincode v1.3.3
[INFO] [stderr]     Checking httpdate v1.0.2
[INFO] [stderr]     Checking anymap2 v0.13.0
[INFO] [stderr]     Checking ntex-codec v0.6.2
[INFO] [stderr]    Compiling time-core v0.1.0
[INFO] [stderr]     Checking ntex-io v0.2.9
[INFO] [stderr]     Checking try-lock v0.2.4
[INFO] [stderr]    Compiling sqlformat v0.2.1
[INFO] [stderr]     Checking want v0.3.0
[INFO] [stderr]    Compiling rustls-pemfile v1.0.2
[INFO] [stderr]    Compiling time-macros v0.2.8
[INFO] [stderr]     Checking regex v1.7.1
[INFO] [stderr]     Checking ntex-http v0.1.9
[INFO] [stderr]     Checking ntex-tls v0.2.4
[INFO] [stderr]     Checking ntex-tokio v0.2.3
[INFO] [stderr]    Compiling chrono v0.4.24
[INFO] [stderr]    Compiling crossbeam-queue v0.3.8
[INFO] [stderr]    Compiling url v2.3.1
[INFO] [stderr]    Compiling dirs v4.0.0
[INFO] [stderr]    Compiling hkdf v0.12.3
[INFO] [stderr]    Compiling futures-intrusive v0.4.2
[INFO] [stderr]     Checking pinned v0.1.0
[INFO] [stderr]     Checking h2 v0.3.16
[INFO] [stderr]    Compiling proc-macro-error v1.0.4
[INFO] [stderr]     Checking gloo-timers v0.2.6
[INFO] [stderr]    Compiling rand v0.8.5
[INFO] [stderr]    Compiling sqlx-rt v0.6.2
[INFO] [stderr]    Compiling sha1 v0.10.5
[INFO] [stderr]    Compiling sha2 v0.10.6
[INFO] [stderr]    Compiling hashlink v0.8.1
[INFO] [stderr]    Compiling stringprep v0.1.2
[INFO] [stderr]    Compiling atoi v1.0.0
[INFO] [stderr]     Checking gloo-utils v0.1.6
[INFO] [stderr]     Checking gloo-events v0.1.2
[INFO] [stderr]     Checking gloo-render v0.1.1
[INFO] [stderr]     Checking gloo-console v0.2.3
[INFO] [stderr]     Checking gloo-history v0.1.3
[INFO] [stderr]     Checking gloo-file v0.2.3
[INFO] [stderr]     Checking gloo-net v0.2.6
[INFO] [stderr]     Checking gloo-storage v0.2.2
[INFO] [stderr]     Checking gloo-worker v0.2.1
[INFO] [stderr]     Checking gloo-dialogs v0.1.1
[INFO] [stderr]    Compiling md-5 v0.10.5
[INFO] [stderr]     Checking http-body v0.4.5
[INFO] [stderr]    Compiling cookie v0.17.0
[INFO] [stderr]    Compiling polling v2.6.0
[INFO] [stderr]     Checking tower-service v0.3.2
[INFO] [stderr]    Compiling dotenvy v0.15.6
[INFO] [stderr]    Compiling whoami v1.4.0
[INFO] [stderr]     Checking linux-raw-sys v0.1.4
[INFO] [stderr]    Compiling boolinator v2.4.0
[INFO] [stderr]    Compiling base64 v0.13.1
[INFO] [stderr]     Checking time v0.3.20
[INFO] [stderr]    Compiling yew-macro v0.20.0
[INFO] [stderr]    Compiling sqlx-core v0.6.2
[INFO] [stderr]     Checking gloo v0.8.0
[INFO] [stderr]     Checking hyper v0.14.25
[INFO] [stderr]     Checking prokio v0.1.0
[INFO] [stderr]     Checking tokio-native-tls v0.3.1
[INFO] [stderr]     Checking ntex-connect v0.2.1
[INFO] [stderr]     Checking console_error_panic_hook v0.1.7
[INFO] [stderr]     Checking implicit-clone v0.3.5
[INFO] [stderr]     Checking encoding_rs v0.8.32
[INFO] [stderr]     Checking mime v0.3.16
[INFO] [stderr]     Checking ntex-h2 v0.2.1
[INFO] [stderr]     Checking is-terminal v0.4.5
[INFO] [stderr]     Checking ntex-router v0.5.1
[INFO] [stderr]    Compiling yew-router-macro v0.17.0
[INFO] [stderr]     Checking hyper-tls v0.5.0
[INFO] [stderr]    Compiling ntex-macros v0.1.3
[INFO] [stderr]     Checking sha-1 v0.10.1
[INFO] [stderr]     Checking socket2 v0.5.1
[INFO] [stderr]     Checking nanorand v0.7.0
[INFO] [stderr]     Checking route-recognizer v0.3.1
[INFO] [stderr]     Checking ipnet v2.7.1
[INFO] [stderr]     Checking env_logger v0.10.0
[INFO] [stderr]     Checking reqwest v0.11.14
[INFO] [stderr]     Checking ntex v0.6.5
[INFO] [stderr]     Checking yew v0.20.0
[INFO] [stderr]     Checking yew-router v0.17.0
[INFO] [stderr]    Compiling sqlx-macros v0.6.2
[INFO] [stderr]  Documenting client v0.1.0 (/opt/rustwide/workdir/client)
[INFO] [stdout] error[E0583]: file not found for module `article`
[INFO] [stdout]  --> client/src/components/mod.rs:5:1
[INFO] [stdout]   |
[INFO] [stdout] 5 | pub mod article;
[INFO] [stdout]   | ^^^^^^^^^^^^^^^^
[INFO] [stdout]   |
[INFO] [stdout]   = help: to create the module `article`, create file "client/src/components/article.rs" or "client/src/components/article/mod.rs"
[INFO] [stdout]   = note: if there is a `mod article` elsewhere in the crate already, import it with `use crate::...` instead
[INFO] [stdout] 
[INFO] [stdout] 
[INFO] [stdout] error[E0583]: file not found for module `fetch`
[INFO] [stdout]  --> client/src/main.rs:3:1
[INFO] [stdout]   |
[INFO] [stdout] 3 | mod fetch;
[INFO] [stdout]   | ^^^^^^^^^^
[INFO] [stdout]   |
[INFO] [stdout]   = help: to create the module `fetch`, create file "client/src/fetch.rs" or "client/src/fetch/mod.rs"
[INFO] [stdout]   = note: if there is a `mod fetch` elsewhere in the crate already, import it with `use crate::...` instead
[INFO] [stdout] 
[INFO] [stdout] 
[INFO] [stdout] error[E0583]: file not found for module `models`
[INFO] [stdout]  --> client/src/main.rs:4:1
[INFO] [stdout]   |
[INFO] [stdout] 4 | mod models;
[INFO] [stdout]   | ^^^^^^^^^^^
[INFO] [stdout]   |
[INFO] [stdout]   = help: to create the module `models`, create file "client/src/models.rs" or "client/src/models/mod.rs"
[INFO] [stdout]   = note: if there is a `mod models` elsewhere in the crate already, import it with `use crate::...` instead
[INFO] [stdout] 
[INFO] [stdout] 
[INFO] [stdout] error[E0432]: unresolved import `crate::components::article::articles`
[INFO] [stdout]  --> client/src/components/home.rs:3:46
[INFO] [stdout]   |
[INFO] [stdout] 3 | use crate::components::{card::Card, article::articles::ArticlePreview};
[INFO] [stdout]   |                                              ^^^^^^^^ could not find `articles` in `article`
[INFO] [stdout] 
[INFO] [stdout] 
[INFO] [stdout] error: aborting due to 4 previous errors
[INFO] [stdout] 
[INFO] [stdout] 
[INFO] [stdout] Some errors have detailed explanations: E0432, E0583.
[INFO] [stdout] 
[INFO] [stdout] For more information about an error, try `rustc --explain E0432`.
[INFO] [stdout] 
[INFO] [stderr] error: could not document `client`
[INFO] [stderr] 
[INFO] [stderr] Caused by:
[INFO] [stderr]   process didn't exit successfully: `/opt/rustwide/rustup-home/toolchains/1.75.0-x86_64-unknown-linux-gnu/bin/rustdoc --edition=2021 --crate-type bin --crate-name client client/src/main.rs -o /opt/rustwide/target/doc --error-format=json --json=diagnostic-rendered-ansi,artifacts,future-incompat --document-private-items '-Arustdoc::private-intra-doc-links' -C metadata=44b293f774d3737f -L dependency=/opt/rustwide/target/debug/deps --extern gloo=/opt/rustwide/target/debug/deps/libgloo-65534d609a7763f7.rmeta --extern serde=/opt/rustwide/target/debug/deps/libserde-fb82b1f78a3ce4d1.rmeta --extern serde_json=/opt/rustwide/target/debug/deps/libserde_json-1ef3eee91dd8dc5d.rmeta --extern wasm_bindgen_futures=/opt/rustwide/target/debug/deps/libwasm_bindgen_futures-66d08019c5bfaaae.rmeta --extern web_sys=/opt/rustwide/target/debug/deps/libweb_sys-fd0f00cd730e0111.rmeta --extern yew=/opt/rustwide/target/debug/deps/libyew-bfd3c8925aa2b264.rmeta --extern yew_router=/opt/rustwide/target/debug/deps/libyew_router-e522e441c5cd9715.rmeta --cap-lints=warn --crate-version 0.1.0` (exit status: 1)
[INFO] [stderr] warning: build failed, waiting for other jobs to finish...
[INFO] running `Command { std: "docker" "inspect" "b94203caecf4a6e015427cf5848f4a16928533551bc1d1a6f5c219e32ffe921b", kill_on_drop: false }`
[INFO] running `Command { std: "docker" "rm" "-f" "b94203caecf4a6e015427cf5848f4a16928533551bc1d1a6f5c219e32ffe921b", kill_on_drop: false }`
[INFO] [stdout] b94203caecf4a6e015427cf5848f4a16928533551bc1d1a6f5c219e32ffe921b
