[INFO] cloning repository https://github.com/MEDALIALPHA331/z2prodrust_c
[INFO] running `Command { std: "git" "-c" "credential.helper=" "-c" "credential.helper=/workspace/cargo-home/bin/git-credential-null" "clone" "--bare" "https://github.com/MEDALIALPHA331/z2prodrust_c" "/workspace/cache/git-repos/https%3A%2F%2Fgithub.com%2FMEDALIALPHA331%2Fz2prodrust_c", kill_on_drop: false }`
[INFO] [stderr] Cloning into bare repository '/workspace/cache/git-repos/https%3A%2F%2Fgithub.com%2FMEDALIALPHA331%2Fz2prodrust_c'...
[INFO] running `Command { std: "git" "rev-parse" "HEAD", kill_on_drop: false }`
[INFO] [stdout] bce49a079a47d1aa8c7ab139396c2cb9f1177715
[INFO] documenting MEDALIALPHA331/z2prodrust_c against 1.75.0 for beta-1.76-rustdoc-1
[INFO] running `Command { std: "git" "clone" "/workspace/cache/git-repos/https%3A%2F%2Fgithub.com%2FMEDALIALPHA331%2Fz2prodrust_c" "/workspace/builds/worker-6-tc1/source", kill_on_drop: false }`
[INFO] [stderr] Cloning into '/workspace/builds/worker-6-tc1/source'...
[INFO] [stderr] done.
[INFO] validating manifest of git repo https://github.com/MEDALIALPHA331/z2prodrust_c on toolchain 1.75.0
[INFO] running `Command { std: CARGO_HOME="/workspace/cargo-home" RUSTUP_HOME="/workspace/rustup-home" "/workspace/cargo-home/bin/cargo" "+1.75.0" "metadata" "--manifest-path" "Cargo.toml" "--no-deps", kill_on_drop: false }`
[INFO] started tweaking git repo https://github.com/MEDALIALPHA331/z2prodrust_c
[INFO] finished tweaking git repo https://github.com/MEDALIALPHA331/z2prodrust_c
[INFO] tweaked toml for git repo https://github.com/MEDALIALPHA331/z2prodrust_c written to /workspace/builds/worker-6-tc1/source/Cargo.toml
[INFO] crate git repo https://github.com/MEDALIALPHA331/z2prodrust_c already has a lockfile, it will not be regenerated
[INFO] running `Command { std: CARGO_HOME="/workspace/cargo-home" RUSTUP_HOME="/workspace/rustup-home" "/workspace/cargo-home/bin/cargo" "+1.75.0" "fetch" "--manifest-path" "Cargo.toml", kill_on_drop: false }`
[INFO] [stderr]  Downloading crates ...
[INFO] [stderr]   Downloaded sqlx v0.5.13
[INFO] [stderr]   Downloaded sqlx-macros v0.5.13
[INFO] running `Command { std: "docker" "create" "-v" "/var/lib/crater-agent-workspace/builds/worker-6-tc1/target:/opt/rustwide/target:rw,Z" "-v" "/var/lib/crater-agent-workspace/builds/worker-6-tc1/source:/opt/rustwide/workdir:ro,Z" "-v" "/var/lib/crater-agent-workspace/cargo-home:/opt/rustwide/cargo-home:ro,Z" "-v" "/var/lib/crater-agent-workspace/rustup-home:/opt/rustwide/rustup-home:ro,Z" "-e" "SOURCE_DIR=/opt/rustwide/workdir" "-e" "CARGO_TARGET_DIR=/opt/rustwide/target" "-e" "CARGO_HOME=/opt/rustwide/cargo-home" "-e" "RUSTUP_HOME=/opt/rustwide/rustup-home" "-w" "/opt/rustwide/workdir" "-m" "1610612736" "--user" "0:0" "--network" "none" "ghcr.io/rust-lang/crates-build-env/linux@sha256:2788e3201cd34a07e3172128adcd8b3090168a8e3bcc40d7c032b9dda1df7d1c" "/opt/rustwide/cargo-home/bin/cargo" "+1.75.0" "metadata" "--no-deps" "--format-version=1", kill_on_drop: false }`
[INFO] [stdout] 239126d939a0f74aeac7e6ff3cb1770d59c99fb8a1bfb6530b427ef141368ca9
[INFO] running `Command { std: "docker" "start" "-a" "239126d939a0f74aeac7e6ff3cb1770d59c99fb8a1bfb6530b427ef141368ca9", kill_on_drop: false }`
[INFO] running `Command { std: "docker" "inspect" "239126d939a0f74aeac7e6ff3cb1770d59c99fb8a1bfb6530b427ef141368ca9", kill_on_drop: false }`
[INFO] running `Command { std: "docker" "rm" "-f" "239126d939a0f74aeac7e6ff3cb1770d59c99fb8a1bfb6530b427ef141368ca9", kill_on_drop: false }`
[INFO] [stdout] 239126d939a0f74aeac7e6ff3cb1770d59c99fb8a1bfb6530b427ef141368ca9
[INFO] running `Command { std: "docker" "create" "-v" "/var/lib/crater-agent-workspace/builds/worker-6-tc1/target:/opt/rustwide/target:rw,Z" "-v" "/var/lib/crater-agent-workspace/builds/worker-6-tc1/source:/opt/rustwide/workdir:ro,Z" "-v" "/var/lib/crater-agent-workspace/cargo-home:/opt/rustwide/cargo-home:ro,Z" "-v" "/var/lib/crater-agent-workspace/rustup-home:/opt/rustwide/rustup-home:ro,Z" "-e" "SOURCE_DIR=/opt/rustwide/workdir" "-e" "CARGO_TARGET_DIR=/opt/rustwide/target" "-e" "CARGO_INCREMENTAL=0" "-e" "RUST_BACKTRACE=full" "-e" "RUSTFLAGS=--cap-lints=warn" "-e" "RUSTDOCFLAGS=--cap-lints=warn" "-e" "CARGO_HOME=/opt/rustwide/cargo-home" "-e" "RUSTUP_HOME=/opt/rustwide/rustup-home" "-w" "/opt/rustwide/workdir" "-m" "1610612736" "--user" "0:0" "--network" "none" "ghcr.io/rust-lang/crates-build-env/linux@sha256:2788e3201cd34a07e3172128adcd8b3090168a8e3bcc40d7c032b9dda1df7d1c" "/opt/rustwide/cargo-home/bin/cargo" "+1.75.0" "doc" "--frozen" "--no-deps" "--document-private-items" "--message-format=json", kill_on_drop: false }`
[INFO] [stdout] be62ec88c4fa9bcbfe1f338c985aee1ab82cfea14efebbb66a667283e34be280
[INFO] running `Command { std: "docker" "start" "-a" "be62ec88c4fa9bcbfe1f338c985aee1ab82cfea14efebbb66a667283e34be280", kill_on_drop: false }`
[INFO] [stderr]    Compiling libc v0.2.142
[INFO] [stderr]    Compiling proc-macro2 v1.0.56
[INFO] [stderr]    Compiling unicode-ident v1.0.8
[INFO] [stderr]    Compiling quote v1.0.26
[INFO] [stderr]    Compiling cfg-if v1.0.0
[INFO] [stderr]    Compiling typenum v1.16.0
[INFO] [stderr]    Compiling futures-core v0.3.28
[INFO] [stderr]     Checking once_cell v1.17.1
[INFO] [stderr]    Compiling parking_lot_core v0.9.7
[INFO] [stderr]    Compiling memchr v2.5.0
[INFO] [stderr]    Compiling lock_api v0.4.9
[INFO] [stderr]    Compiling generic-array v0.14.7
[INFO] [stderr]    Compiling tokio v1.28.0
[INFO] [stderr]    Compiling ahash v0.7.6
[INFO] [stderr]    Compiling serde_derive v1.0.160
[INFO] [stderr]     Checking smallvec v1.10.0
[INFO] [stderr]    Compiling serde v1.0.160
[INFO] [stderr]     Checking bytes v1.4.0
[INFO] [stderr]    Compiling log v0.4.17
[INFO] [stderr]    Compiling futures-task v0.3.28
[INFO] [stderr]    Compiling thiserror v1.0.40
[INFO] [stderr]    Compiling num-traits v0.2.15
[INFO] [stderr]    Compiling pin-project-lite v0.2.9
[INFO] [stderr]     Checking itoa v1.0.6
[INFO] [stderr]    Compiling scopeguard v1.1.0
[INFO] [stderr]    Compiling futures-util v0.3.28
[INFO] [stderr]     Checking futures-sink v0.3.28
[INFO] [stderr]    Compiling parking_lot_core v0.8.6
[INFO] [stderr]    Compiling spin v0.5.2
[INFO] [stderr]    Compiling untrusted v0.7.1
[INFO] [stderr]    Compiling paste v1.0.12
[INFO] [stderr]    Compiling num-integer v0.1.45
[INFO] [stderr]    Compiling crossbeam-utils v0.8.15
[INFO] [stderr]    Compiling serde_json v1.0.96
[INFO] [stderr]    Compiling subtle v2.4.1
[INFO] [stderr]    Compiling syn v1.0.109
[INFO] [stderr]     Checking tracing-core v0.1.30
[INFO] [stderr]     Checking tinyvec_macros v0.1.1
[INFO] [stderr]    Compiling pkg-config v0.3.26
[INFO] [stderr]    Compiling jobserver v0.1.26
[INFO] [stderr]    Compiling getrandom v0.2.9
[INFO] [stderr]    Compiling syn v2.0.15
[INFO] [stderr]    Compiling mio v0.8.6
[INFO] [stderr]    Compiling signal-hook-registry v1.4.1
[INFO] [stderr]    Compiling num_cpus v1.15.0
[INFO] [stderr]    Compiling socket2 v0.4.9
[INFO] [stderr]     Checking percent-encoding v2.2.0
[INFO] [stderr]    Compiling cc v1.0.79
[INFO] [stderr]    Compiling tinyvec v1.6.0
[INFO] [stderr]    Compiling parking_lot v0.12.1
[INFO] [stderr]    Compiling indexmap v1.9.3
[INFO] [stderr]     Checking cpufeatures v0.2.7
[INFO] [stderr]     Checking base64 v0.13.1
[INFO] [stderr]    Compiling crossbeam-queue v0.3.8
[INFO] [stderr]    Compiling futures-channel v0.3.28
[INFO] [stderr]    Compiling crypto-common v0.1.6
[INFO] [stderr]    Compiling block-buffer v0.10.4
[INFO] [stderr]     Checking hashbrown v0.12.3
[INFO] [stderr]    Compiling unicode-normalization v0.1.22
[INFO] [stderr]    Compiling digest v0.10.6
[INFO] [stderr]     Checking rand_core v0.6.4
[INFO] [stderr]    Compiling instant v0.1.12
[INFO] [stderr]    Compiling ucd-trie v0.1.5
[INFO] [stderr]     Checking ppv-lite86 v0.2.17
[INFO] [stderr]     Checking unicode-bidi v0.3.13
[INFO] [stderr]     Checking ryu v1.0.13
[INFO] [stderr]     Checking form_urlencoded v1.1.0
[INFO] [stderr]    Compiling ring v0.16.20
[INFO] [stderr]    Compiling zstd-sys v2.0.8+zstd.1.5.5
[INFO] [stderr]     Checking rand_chacha v0.3.1
[INFO] [stderr]    Compiling slab v0.4.8
[INFO] [stderr]     Checking minimal-lexical v0.2.1
[INFO] [stderr]    Compiling either v1.8.1
[INFO] [stderr]    Compiling io-lifetimes v1.0.10
[INFO] [stderr]     Checking local-waker v0.1.3
[INFO] [stderr]    Compiling crc32fast v1.3.2
[INFO] [stderr]    Compiling zstd-safe v6.0.5+zstd.1.5.4
[INFO] [stderr]     Checking alloc-no-stdlib v2.0.4
[INFO] [stderr]     Checking http v0.2.9
[INFO] [stderr]     Checking alloc-stdlib v0.2.2
[INFO] [stderr]    Compiling nom v7.1.3
[INFO] [stderr]    Compiling itertools v0.10.5
[INFO] [stderr]     Checking rand v0.8.5
[INFO] [stderr]    Compiling hashbrown v0.11.2
[INFO] [stderr]     Checking idna v0.3.0
[INFO] [stderr]    Compiling parking_lot v0.11.2
[INFO] [stderr]    Compiling hmac v0.12.1
[INFO] [stderr]    Compiling dirs-sys v0.3.7
[INFO] [stderr]    Compiling aho-corasick v1.0.1
[INFO] [stderr]    Compiling ahash v0.8.3
[INFO] [stderr]    Compiling unicode_categories v0.1.1
[INFO] [stderr]    Compiling regex-syntax v0.7.1
[INFO] [stderr]    Compiling fnv v1.0.7
[INFO] [stderr]    Compiling time-core v0.1.0
[INFO] [stderr]    Compiling pin-utils v0.1.0
[INFO] [stderr]    Compiling rustix v0.37.15
[INFO] [stderr]    Compiling iana-time-zone v0.1.56
[INFO] [stderr]     Checking adler v1.0.2
[INFO] [stderr]    Compiling crc-catalog v1.1.1
[INFO] [stderr]    Compiling crc v2.1.0
[INFO] [stderr]    Compiling tracing v0.1.38
[INFO] [stderr]     Checking miniz_oxide v0.7.1
[INFO] [stderr]    Compiling chrono v0.4.24
[INFO] [stderr]    Compiling sqlformat v0.1.8
[INFO] [stderr]    Compiling time-macros v0.2.8
[INFO] [stderr]    Compiling dirs v4.0.0
[INFO] [stderr]    Compiling url v2.3.1
[INFO] [stderr]     Checking actix-rt v2.8.0
[INFO] [stderr]    Compiling hashlink v0.7.0
[INFO] [stderr] error: could not compile `tokio` (lib)
[INFO] [stderr] 
[INFO] [stderr] Caused by:
[INFO] [stderr]   process didn't exit successfully: `/opt/rustwide/rustup-home/toolchains/1.75.0-x86_64-unknown-linux-gnu/bin/rustc --crate-name tokio --edition=2021 /opt/rustwide/cargo-home/registry/src/index.crates.io-6f17d22bba15001f/tokio-1.28.0/src/lib.rs --error-format=json --json=diagnostic-rendered-ansi,artifacts,future-incompat --crate-type lib --emit=dep-info,metadata,link -C embed-bitcode=no --cfg 'feature="bytes"' --cfg 'feature="default"' --cfg 'feature="fs"' --cfg 'feature="io-util"' --cfg 'feature="libc"' --cfg 'feature="mio"' --cfg 'feature="net"' --cfg 'feature="num_cpus"' --cfg 'feature="parking_lot"' --cfg 'feature="rt"' --cfg 'feature="rt-multi-thread"' --cfg 'feature="signal"' --cfg 'feature="signal-hook-registry"' --cfg 'feature="socket2"' --cfg 'feature="sync"' --cfg 'feature="time"' -C metadata=9be47cd33e211feb -C extra-filename=-9be47cd33e211feb --out-dir /opt/rustwide/target/debug/deps -L dependency=/opt/rustwide/target/debug/deps --extern bytes=/opt/rustwide/target/debug/deps/libbytes-3e6996afb60eaf61.rmeta --extern libc=/opt/rustwide/target/debug/deps/liblibc-c546dbc673fd4a30.rmeta --extern mio=/opt/rustwide/target/debug/deps/libmio-cdc94c4af74c5984.rmeta --extern num_cpus=/opt/rustwide/target/debug/deps/libnum_cpus-60609ef0e90ee9b1.rmeta --extern parking_lot=/opt/rustwide/target/debug/deps/libparking_lot-79965bee6db26496.rmeta --extern pin_project_lite=/opt/rustwide/target/debug/deps/libpin_project_lite-fd48dbe4bc11c448.rmeta --extern signal_hook_registry=/opt/rustwide/target/debug/deps/libsignal_hook_registry-ebce19556619119d.rmeta --extern socket2=/opt/rustwide/target/debug/deps/libsocket2-e6cc1e7d5c81fd4e.rmeta --cap-lints allow --cap-lints=warn` (signal: 9, SIGKILL: kill)
[INFO] [stderr] warning: build failed, waiting for other jobs to finish...
[INFO] running `Command { std: "docker" "inspect" "be62ec88c4fa9bcbfe1f338c985aee1ab82cfea14efebbb66a667283e34be280", kill_on_drop: false }`
[INFO] running `Command { std: "docker" "rm" "-f" "be62ec88c4fa9bcbfe1f338c985aee1ab82cfea14efebbb66a667283e34be280", kill_on_drop: false }`
[INFO] [stdout] be62ec88c4fa9bcbfe1f338c985aee1ab82cfea14efebbb66a667283e34be280
[INFO] documenting MEDALIALPHA331/z2prodrust_c against beta-2023-12-22 for beta-1.76-rustdoc-1
[INFO] running `Command { std: "git" "clone" "/workspace/cache/git-repos/https%3A%2F%2Fgithub.com%2FMEDALIALPHA331%2Fz2prodrust_c" "/workspace/builds/worker-6-tc2/source", kill_on_drop: false }`
[INFO] [stderr] Cloning into '/workspace/builds/worker-6-tc2/source'...
[INFO] [stderr] done.
[INFO] validating manifest of git repo https://github.com/MEDALIALPHA331/z2prodrust_c on toolchain beta-2023-12-22
[INFO] running `Command { std: CARGO_HOME="/workspace/cargo-home" RUSTUP_HOME="/workspace/rustup-home" "/workspace/cargo-home/bin/cargo" "+beta-2023-12-22" "metadata" "--manifest-path" "Cargo.toml" "--no-deps", kill_on_drop: false }`
[INFO] started tweaking git repo https://github.com/MEDALIALPHA331/z2prodrust_c
[INFO] finished tweaking git repo https://github.com/MEDALIALPHA331/z2prodrust_c
[INFO] tweaked toml for git repo https://github.com/MEDALIALPHA331/z2prodrust_c written to /workspace/builds/worker-6-tc2/source/Cargo.toml
[INFO] crate git repo https://github.com/MEDALIALPHA331/z2prodrust_c already has a lockfile, it will not be regenerated
[INFO] running `Command { std: CARGO_HOME="/workspace/cargo-home" RUSTUP_HOME="/workspace/rustup-home" "/workspace/cargo-home/bin/cargo" "+beta-2023-12-22" "fetch" "--manifest-path" "Cargo.toml", kill_on_drop: false }`
[INFO] running `Command { std: "docker" "create" "-v" "/var/lib/crater-agent-workspace/builds/worker-6-tc2/target:/opt/rustwide/target:rw,Z" "-v" "/var/lib/crater-agent-workspace/builds/worker-6-tc2/source:/opt/rustwide/workdir:ro,Z" "-v" "/var/lib/crater-agent-workspace/cargo-home:/opt/rustwide/cargo-home:ro,Z" "-v" "/var/lib/crater-agent-workspace/rustup-home:/opt/rustwide/rustup-home:ro,Z" "-e" "SOURCE_DIR=/opt/rustwide/workdir" "-e" "CARGO_TARGET_DIR=/opt/rustwide/target" "-e" "CARGO_HOME=/opt/rustwide/cargo-home" "-e" "RUSTUP_HOME=/opt/rustwide/rustup-home" "-w" "/opt/rustwide/workdir" "-m" "1610612736" "--user" "0:0" "--network" "none" "ghcr.io/rust-lang/crates-build-env/linux@sha256:2788e3201cd34a07e3172128adcd8b3090168a8e3bcc40d7c032b9dda1df7d1c" "/opt/rustwide/cargo-home/bin/cargo" "+beta-2023-12-22" "metadata" "--no-deps" "--format-version=1", kill_on_drop: false }`
[INFO] [stdout] 238a9ea0eacaf78d55b4d1c528bd75e82d73c7aa06d4b11ce128f0848d3aa4ae
[INFO] running `Command { std: "docker" "start" "-a" "238a9ea0eacaf78d55b4d1c528bd75e82d73c7aa06d4b11ce128f0848d3aa4ae", kill_on_drop: false }`
[INFO] running `Command { std: "docker" "inspect" "238a9ea0eacaf78d55b4d1c528bd75e82d73c7aa06d4b11ce128f0848d3aa4ae", kill_on_drop: false }`
[INFO] running `Command { std: "docker" "rm" "-f" "238a9ea0eacaf78d55b4d1c528bd75e82d73c7aa06d4b11ce128f0848d3aa4ae", kill_on_drop: false }`
[INFO] [stdout] 238a9ea0eacaf78d55b4d1c528bd75e82d73c7aa06d4b11ce128f0848d3aa4ae
[INFO] running `Command { std: "docker" "create" "-v" "/var/lib/crater-agent-workspace/builds/worker-6-tc2/target:/opt/rustwide/target:rw,Z" "-v" "/var/lib/crater-agent-workspace/builds/worker-6-tc2/source:/opt/rustwide/workdir:ro,Z" "-v" "/var/lib/crater-agent-workspace/cargo-home:/opt/rustwide/cargo-home:ro,Z" "-v" "/var/lib/crater-agent-workspace/rustup-home:/opt/rustwide/rustup-home:ro,Z" "-e" "SOURCE_DIR=/opt/rustwide/workdir" "-e" "CARGO_TARGET_DIR=/opt/rustwide/target" "-e" "CARGO_INCREMENTAL=0" "-e" "RUST_BACKTRACE=full" "-e" "RUSTFLAGS=--cap-lints=warn" "-e" "RUSTDOCFLAGS=--cap-lints=warn" "-e" "CARGO_HOME=/opt/rustwide/cargo-home" "-e" "RUSTUP_HOME=/opt/rustwide/rustup-home" "-w" "/opt/rustwide/workdir" "-m" "1610612736" "--user" "0:0" "--network" "none" "ghcr.io/rust-lang/crates-build-env/linux@sha256:2788e3201cd34a07e3172128adcd8b3090168a8e3bcc40d7c032b9dda1df7d1c" "/opt/rustwide/cargo-home/bin/cargo" "+beta-2023-12-22" "doc" "--frozen" "--no-deps" "--document-private-items" "--message-format=json", kill_on_drop: false }`
[INFO] [stdout] b6529c77186ce2e511bb8f983f559bc48d6c7b8a9a065cc69f6ef31811b4c28c
[INFO] running `Command { std: "docker" "start" "-a" "b6529c77186ce2e511bb8f983f559bc48d6c7b8a9a065cc69f6ef31811b4c28c", kill_on_drop: false }`
[INFO] [stderr]    Compiling libc v0.2.142
[INFO] [stderr]    Compiling proc-macro2 v1.0.56
[INFO] [stderr]    Compiling unicode-ident v1.0.8
[INFO] [stderr]    Compiling quote v1.0.26
[INFO] [stderr]    Compiling cfg-if v1.0.0
[INFO] [stderr]    Compiling typenum v1.16.0
[INFO] [stderr]     Checking once_cell v1.17.1
[INFO] [stderr]    Compiling futures-core v0.3.28
[INFO] [stderr]    Compiling parking_lot_core v0.9.7
[INFO] [stderr]    Compiling memchr v2.5.0
[INFO] [stderr]    Compiling serde_derive v1.0.160
[INFO] [stderr]    Compiling lock_api v0.4.9
[INFO] [stderr]    Compiling generic-array v0.14.7
[INFO] [stderr]    Compiling tokio v1.28.0
[INFO] [stderr]    Compiling ahash v0.7.6
[INFO] [stderr]    Compiling serde v1.0.160
[INFO] [stderr]     Checking smallvec v1.10.0
[INFO] [stderr]    Compiling log v0.4.17
[INFO] [stderr]     Checking bytes v1.4.0
[INFO] [stderr]    Compiling thiserror v1.0.40
[INFO] [stderr]    Compiling futures-task v0.3.28
[INFO] [stderr]    Compiling num-traits v0.2.15
[INFO] [stderr]    Compiling pin-project-lite v0.2.9
[INFO] [stderr]    Compiling futures-util v0.3.28
[INFO] [stderr]    Compiling scopeguard v1.1.0
[INFO] [stderr]     Checking itoa v1.0.6
[INFO] [stderr]    Compiling parking_lot_core v0.8.6
[INFO] [stderr]     Checking futures-sink v0.3.28
[INFO] [stderr]    Compiling paste v1.0.12
[INFO] [stderr]    Compiling spin v0.5.2
[INFO] [stderr]    Compiling untrusted v0.7.1
[INFO] [stderr]    Compiling num-integer v0.1.45
[INFO] [stderr]    Compiling subtle v2.4.1
[INFO] [stderr]    Compiling syn v1.0.109
[INFO] [stderr]    Compiling crossbeam-utils v0.8.15
[INFO] [stderr]    Compiling serde_json v1.0.96
[INFO] [stderr]     Checking tracing-core v0.1.30
[INFO] [stderr]    Compiling syn v2.0.15
[INFO] [stderr]     Checking tinyvec_macros v0.1.1
[INFO] [stderr]     Checking percent-encoding v2.2.0
[INFO] [stderr]    Compiling pkg-config v0.3.26
[INFO] [stderr]     Checking tinyvec v1.6.0
[INFO] [stderr]    Compiling indexmap v1.9.3
[INFO] [stderr]    Compiling futures-channel v0.3.28
[INFO] [stderr]    Compiling jobserver v0.1.26
[INFO] [stderr]    Compiling getrandom v0.2.9
[INFO] [stderr]    Compiling signal-hook-registry v1.4.1
[INFO] [stderr]    Compiling cc v1.0.79
[INFO] [stderr]    Compiling num_cpus v1.15.0
[INFO] [stderr]    Compiling parking_lot v0.12.1
[INFO] [stderr]    Compiling mio v0.8.6
[INFO] [stderr]    Compiling socket2 v0.4.9
[INFO] [stderr]    Compiling crossbeam-queue v0.3.8
[INFO] [stderr]     Checking base64 v0.13.1
[INFO] [stderr]     Checking cpufeatures v0.2.7
[INFO] [stderr]     Checking unicode-normalization v0.1.22
[INFO] [stderr]    Compiling block-buffer v0.10.4
[INFO] [stderr]     Checking crypto-common v0.1.6
[INFO] [stderr]     Checking rand_core v0.6.4
[INFO] [stderr]     Checking digest v0.10.6
[INFO] [stderr]     Checking hashbrown v0.12.3
[INFO] [stderr]    Compiling instant v0.1.12
[INFO] [stderr]    Compiling ucd-trie v0.1.5
[INFO] [stderr]     Checking ppv-lite86 v0.2.17
[INFO] [stderr]     Checking unicode-bidi v0.3.13
[INFO] [stderr]     Checking ryu v1.0.13
[INFO] [stderr]     Checking form_urlencoded v1.1.0
[INFO] [stderr]     Checking rand_chacha v0.3.1
[INFO] [stderr]    Compiling ring v0.16.20
[INFO] [stderr]    Compiling zstd-sys v2.0.8+zstd.1.5.5
[INFO] [stderr]    Compiling slab v0.4.8
[INFO] [stderr]     Checking alloc-no-stdlib v2.0.4
[INFO] [stderr]    Compiling either v1.8.1
[INFO] [stderr]    Compiling zstd-safe v6.0.5+zstd.1.5.4
[INFO] [stderr]    Compiling minimal-lexical v0.2.1
[INFO] [stderr]    Compiling crc32fast v1.3.2
[INFO] [stderr]    Compiling io-lifetimes v1.0.10
[INFO] [stderr]     Checking local-waker v0.1.3
[INFO] [stderr]     Checking nom v7.1.3
[INFO] [stderr]    Compiling itertools v0.10.5
[INFO] [stderr]     Checking rand v0.8.5
[INFO] [stderr]     Checking http v0.2.9
[INFO] [stderr]     Checking alloc-stdlib v0.2.2
[INFO] [stderr]    Compiling hashbrown v0.11.2
[INFO] [stderr]    Compiling idna v0.3.0
[INFO] [stderr]    Compiling parking_lot v0.11.2
[INFO] [stderr]    Compiling hmac v0.12.1
[INFO] [stderr]    Compiling dirs-sys v0.3.7
[INFO] [stderr]    Compiling aho-corasick v1.0.1
[INFO] [stderr]    Compiling ahash v0.8.3
[INFO] [stderr]    Compiling pin-utils v0.1.0
[INFO] [stderr]    Compiling crc-catalog v1.1.1
[INFO] [stderr]    Compiling regex-syntax v0.7.1
[INFO] [stderr]    Compiling time-core v0.1.0
[INFO] [stderr]    Compiling rustix v0.37.15
[INFO] [stderr]    Compiling unicode_categories v0.1.1
[INFO] [stderr]    Compiling iana-time-zone v0.1.56
[INFO] [stderr]     Checking adler v1.0.2
[INFO] [stderr]    Compiling fnv v1.0.7
[INFO] [stderr]    Compiling sqlformat v0.1.8
[INFO] [stderr]     Checking miniz_oxide v0.7.1
[INFO] [stderr]    Compiling chrono v0.4.24
[INFO] [stderr]    Compiling tracing v0.1.38
[INFO] [stderr]    Compiling time-macros v0.2.8
[INFO] [stderr]     Checking url v2.3.1
[INFO] [stderr]    Compiling crc v2.1.0
[INFO] [stderr]    Compiling hashlink v0.7.0
[INFO] [stderr]     Checking actix-rt v2.8.0
[INFO] [stderr]    Compiling dirs v4.0.0
[INFO] [stderr]    Compiling hkdf v0.12.3
[INFO] [stderr]     Checking regex v1.8.1
[INFO] [stderr]    Compiling futures-intrusive v0.4.2
[INFO] [stderr]    Compiling tokio-stream v0.1.14
[INFO] [stderr]     Checking brotli-decompressor v2.3.4
[INFO] [stderr]     Checking actix-utils v3.0.1
[INFO] [stderr]     Checking webpki v0.21.4
[INFO] [stderr]    Compiling sct v0.6.1
[INFO] [stderr]    Compiling thiserror-impl v1.0.40
[INFO] [stderr]    Compiling tracing-attributes v0.1.24
[INFO] [stderr]    Compiling sha2 v0.10.6
[INFO] [stderr]    Compiling sha-1 v0.10.1
[INFO] [stderr]    Compiling atoi v0.4.0
[INFO] [stderr]    Compiling stringprep v0.1.2
[INFO] [stderr]     Checking rustls v0.19.1
[INFO] [stderr]    Compiling webpki-roots v0.21.1
[INFO] [stderr]    Compiling md-5 v0.10.5
[INFO] [stderr]     Checking actix-service v2.0.2
[INFO] [stderr]     Checking time v0.1.45
[INFO] [stderr]    Compiling bytestring v1.3.0
[INFO] [stderr]    Compiling cookie v0.16.2
[INFO] [stderr]    Compiling bitflags v1.3.2
[INFO] [stderr]    Compiling whoami v1.4.0
[INFO] [stderr]    Compiling event-listener v2.5.3
[INFO] [stderr]     Checking dlv-list v0.3.0
[INFO] [stderr]    Compiling byteorder v1.4.3
[INFO] [stderr]    Compiling uuid v0.8.2
[INFO] [stderr]    Compiling async-trait v0.1.68
[INFO] [stderr]     Checking linux-raw-sys v0.3.6
[INFO] [stderr]    Compiling convert_case v0.4.0
[INFO] [stderr]    Compiling hex v0.4.3
[INFO] [stderr]    Compiling unicode-segmentation v1.10.1
[INFO] [stderr]     Checking ordered-multimap v0.4.3
[INFO] [stderr]     Checking time v0.3.20
[INFO] [stderr]    Compiling heck v0.4.1
[INFO] [stderr]     Checking brotli v3.3.4
[INFO] [stderr]    Compiling derive_more v0.99.17
[INFO] [stderr]     Checking flate2 v1.0.26
[INFO] [stderr]     Checking tokio-rustls v0.22.0
[INFO] [stderr]     Checking local-channel v0.1.3
[INFO] [stderr]     Checking sqlx-rt v0.5.13
[INFO] [stderr]     Checking sha1 v0.10.5
[INFO] [stderr]    Compiling pest v2.6.0
[INFO] [stderr]     Checking encoding_rs v0.8.32
[INFO] [stderr]     Checking language-tags v0.3.2
[INFO] [stderr]     Checking linked-hash-map v0.5.6
[INFO] [stderr]     Checking base64 v0.21.0
[INFO] [stderr]     Checking mime v0.3.17
[INFO] [stderr]    Compiling dotenv v0.15.0
[INFO] [stderr]     Checking yaml-rust v0.4.5
[INFO] [stderr]     Checking rust-ini v0.18.0
[INFO] [stderr]    Compiling actix-macros v0.2.3
[INFO] [stderr]     Checking pathdiff v0.2.1
[INFO] [stderr]     Checking humantime v2.1.0
[INFO] [stderr]     Checking is-terminal v0.4.7
[INFO] [stderr]     Checking env_logger v0.10.0
[INFO] [stderr]     Checking tokio-util v0.7.8
[INFO] [stderr]     Checking actix-server v2.2.0
[INFO] [stderr]    Compiling pest_meta v2.6.0
[INFO] [stderr]     Checking actix-codec v0.5.0
[INFO] [stderr]     Checking h2 v0.3.18
[INFO] [stderr]    Compiling pest_generator v2.6.0
[INFO] [stderr]    Compiling pest_derive v2.6.0
[INFO] [stderr]     Checking ron v0.7.1
[INFO] [stderr]     Checking toml v0.5.11
[INFO] [stderr]     Checking actix-router v0.5.1
[INFO] [stderr]     Checking serde_urlencoded v0.7.1
[INFO] [stderr]     Checking json5 v0.4.1
[INFO] [stderr]     Checking zstd v0.12.3+zstd.1.5.2
[INFO] [stderr]     Checking actix-http v3.3.1
[INFO] [stderr]     Checking sqlx-core v0.5.13
[INFO] [stderr]     Checking config v0.13.3
[INFO] [stderr]    Compiling actix-web-codegen v4.2.0
[INFO] [stderr]     Checking actix-web v4.3.1
[INFO] [stderr]    Compiling sqlx-macros v0.5.13
[INFO] [stderr]     Checking sqlx v0.5.13
[INFO] [stderr]  Documenting zero2prod v0.1.0 (/opt/rustwide/workdir)
[INFO] [stdout] error[E0583]: file not found for module `configuration`
[INFO] [stdout]  --> src/lib.rs:1:1
[INFO] [stdout]   |
[INFO] [stdout] 1 | pub mod configuration;
[INFO] [stdout]   | ^^^^^^^^^^^^^^^^^^^^^^
[INFO] [stdout]   |
[INFO] [stdout]   = help: to create the module `configuration`, create file "src/configuration.rs" or "src/configuration/mod.rs"
[INFO] [stdout]   = note: if there is a `mod configuration` elsewhere in the crate already, import it with `use crate::...` instead
[INFO] [stdout] 
[INFO] [stdout] 
[INFO] [stdout] error[E0583]: file not found for module `routes`
[INFO] [stdout]  --> src/lib.rs:2:1
[INFO] [stdout]   |
[INFO] [stdout] 2 | pub mod routes;
[INFO] [stdout]   | ^^^^^^^^^^^^^^^
[INFO] [stdout]   |
[INFO] [stdout]   = help: to create the module `routes`, create file "src/routes.rs" or "src/routes/mod.rs"
[INFO] [stdout]   = note: if there is a `mod routes` elsewhere in the crate already, import it with `use crate::...` instead
[INFO] [stdout] 
[INFO] [stdout] 
[INFO] [stdout] error[E0583]: file not found for module `startup`
[INFO] [stdout]  --> src/lib.rs:3:1
[INFO] [stdout]   |
[INFO] [stdout] 3 | pub mod startup;
[INFO] [stdout]   | ^^^^^^^^^^^^^^^^
[INFO] [stdout]   |
[INFO] [stdout]   = help: to create the module `startup`, create file "src/startup.rs" or "src/startup/mod.rs"
[INFO] [stdout]   = note: if there is a `mod startup` elsewhere in the crate already, import it with `use crate::...` instead
[INFO] [stdout] 
[INFO] [stdout] 
[INFO] [stdout] error[E0432]: unresolved import `startup::run`
[INFO] [stdout]  --> src/lib.rs:6:9
[INFO] [stdout]   |
[INFO] [stdout] 6 | pub use startup::run; 
[INFO] [stdout]   |         ^^^^^^^^^^^^ no `run` in `startup`
[INFO] [stdout] 
[INFO] [stdout] 
[INFO] [stdout] error: aborting due to 4 previous errors
[INFO] [stdout] 
[INFO] [stdout] 
[INFO] [stdout] Some errors have detailed explanations: E0432, E0583.
[INFO] [stdout] 
[INFO] [stdout] For more information about an error, try `rustc --explain E0432`.
[INFO] [stdout] 
[INFO] [stderr] error: could not document `zero2prod`
[INFO] [stderr] 
[INFO] [stderr] Caused by:
[INFO] [stderr]   process didn't exit successfully: `/opt/rustwide/rustup-home/toolchains/beta-2023-12-22-x86_64-unknown-linux-gnu/bin/rustdoc --edition=2021 --crate-type lib --crate-name zero2prod src/lib.rs -o /opt/rustwide/target/doc --error-format=json --json=diagnostic-rendered-ansi,artifacts,future-incompat --document-private-items -C metadata=e6fb903aadb00e45 -L dependency=/opt/rustwide/target/debug/deps --extern actix_http=/opt/rustwide/target/debug/deps/libactix_http-9e0721b29d78d93e.rmeta --extern actix_web=/opt/rustwide/target/debug/deps/libactix_web-4e603152fdb64015.rmeta --extern chrono=/opt/rustwide/target/debug/deps/libchrono-73208d1c8af09711.rmeta --extern config=/opt/rustwide/target/debug/deps/libconfig-618b4a9a56e5d16b.rmeta --extern env_logger=/opt/rustwide/target/debug/deps/libenv_logger-d10c8fc1e47a6588.rmeta --extern serde=/opt/rustwide/target/debug/deps/libserde-4c46cb5b2ef49242.rmeta --extern sqlx=/opt/rustwide/target/debug/deps/libsqlx-188d5030b4184694.rmeta --extern tracing=/opt/rustwide/target/debug/deps/libtracing-4d1a575e985ac088.rmeta --extern uuid=/opt/rustwide/target/debug/deps/libuuid-df87dc5f1dde45bc.rmeta --cap-lints=warn --crate-version 0.1.0` (exit status: 1)
[INFO] running `Command { std: "docker" "inspect" "b6529c77186ce2e511bb8f983f559bc48d6c7b8a9a065cc69f6ef31811b4c28c", kill_on_drop: false }`
[INFO] running `Command { std: "docker" "rm" "-f" "b6529c77186ce2e511bb8f983f559bc48d6c7b8a9a065cc69f6ef31811b4c28c", kill_on_drop: false }`
[INFO] [stdout] b6529c77186ce2e511bb8f983f559bc48d6c7b8a9a065cc69f6ef31811b4c28c
