[INFO] cloning repository https://github.com/LukeThoma5/RelDiff
[INFO] running `Command { std: "git" "-c" "credential.helper=" "-c" "credential.helper=/workspace/cargo-home/bin/git-credential-null" "clone" "--bare" "https://github.com/LukeThoma5/RelDiff" "/workspace/cache/git-repos/https%3A%2F%2Fgithub.com%2FLukeThoma5%2FRelDiff", kill_on_drop: false }`
[INFO] [stderr] Cloning into bare repository '/workspace/cache/git-repos/https%3A%2F%2Fgithub.com%2FLukeThoma5%2FRelDiff'...
[INFO] running `Command { std: "git" "rev-parse" "HEAD", kill_on_drop: false }`
[INFO] [stdout] c33787d992ac8f400a561e56e59d8efcfdeb1f66
[INFO] documenting LukeThoma5/RelDiff against 1.75.0 for beta-1.76-rustdoc-1
[INFO] running `Command { std: "git" "clone" "/workspace/cache/git-repos/https%3A%2F%2Fgithub.com%2FLukeThoma5%2FRelDiff" "/workspace/builds/worker-3-tc1/source", kill_on_drop: false }`
[INFO] [stderr] Cloning into '/workspace/builds/worker-3-tc1/source'...
[INFO] [stderr] done.
[INFO] validating manifest of git repo https://github.com/LukeThoma5/RelDiff on toolchain 1.75.0
[INFO] running `Command { std: CARGO_HOME="/workspace/cargo-home" RUSTUP_HOME="/workspace/rustup-home" "/workspace/cargo-home/bin/cargo" "+1.75.0" "metadata" "--manifest-path" "Cargo.toml" "--no-deps", kill_on_drop: false }`
[INFO] started tweaking git repo https://github.com/LukeThoma5/RelDiff
[INFO] finished tweaking git repo https://github.com/LukeThoma5/RelDiff
[INFO] tweaked toml for git repo https://github.com/LukeThoma5/RelDiff written to /workspace/builds/worker-3-tc1/source/Cargo.toml
[INFO] crate git repo https://github.com/LukeThoma5/RelDiff already has a lockfile, it will not be regenerated
[INFO] running `Command { std: CARGO_HOME="/workspace/cargo-home" RUSTUP_HOME="/workspace/rustup-home" "/workspace/cargo-home/bin/cargo" "+1.75.0" "fetch" "--manifest-path" "Cargo.toml", kill_on_drop: false }`
[INFO] [stderr]     Updating crates.io index
[INFO] [stderr]  Downloading crates ...
[INFO] [stderr]   Downloaded html5ever v0.21.0
[INFO] [stderr]   Downloaded openssl-sys v0.9.56
[INFO] [stderr]   Downloaded pin-project v0.4.13
[INFO] [stderr]   Downloaded pin-project-internal v0.4.13
[INFO] [stderr]   Downloaded markup5ever v0.6.2
[INFO] [stderr]   Downloaded string_cache v0.6.2
[INFO] [stderr]   Downloaded libssh2-sys v0.2.17
[INFO] [stderr]   Downloaded dissolve v0.2.2
[INFO] running `Command { std: "docker" "create" "-v" "/var/lib/crater-agent-workspace/builds/worker-3-tc1/target:/opt/rustwide/target:rw,Z" "-v" "/var/lib/crater-agent-workspace/builds/worker-3-tc1/source:/opt/rustwide/workdir:ro,Z" "-v" "/var/lib/crater-agent-workspace/cargo-home:/opt/rustwide/cargo-home:ro,Z" "-v" "/var/lib/crater-agent-workspace/rustup-home:/opt/rustwide/rustup-home:ro,Z" "-e" "SOURCE_DIR=/opt/rustwide/workdir" "-e" "CARGO_TARGET_DIR=/opt/rustwide/target" "-e" "CARGO_HOME=/opt/rustwide/cargo-home" "-e" "RUSTUP_HOME=/opt/rustwide/rustup-home" "-w" "/opt/rustwide/workdir" "-m" "1610612736" "--user" "0:0" "--network" "none" "ghcr.io/rust-lang/crates-build-env/linux@sha256:2788e3201cd34a07e3172128adcd8b3090168a8e3bcc40d7c032b9dda1df7d1c" "/opt/rustwide/cargo-home/bin/cargo" "+1.75.0" "metadata" "--no-deps" "--format-version=1", kill_on_drop: false }`
[INFO] [stdout] 5a3708a1528fef5fe64623bc9238bb12dceaaa5a10eeae6384cb458112045a0c
[INFO] running `Command { std: "docker" "start" "-a" "5a3708a1528fef5fe64623bc9238bb12dceaaa5a10eeae6384cb458112045a0c", kill_on_drop: false }`
[INFO] running `Command { std: "docker" "inspect" "5a3708a1528fef5fe64623bc9238bb12dceaaa5a10eeae6384cb458112045a0c", kill_on_drop: false }`
[INFO] running `Command { std: "docker" "rm" "-f" "5a3708a1528fef5fe64623bc9238bb12dceaaa5a10eeae6384cb458112045a0c", kill_on_drop: false }`
[INFO] [stdout] 5a3708a1528fef5fe64623bc9238bb12dceaaa5a10eeae6384cb458112045a0c
[INFO] running `Command { std: "docker" "create" "-v" "/var/lib/crater-agent-workspace/builds/worker-3-tc1/target:/opt/rustwide/target:rw,Z" "-v" "/var/lib/crater-agent-workspace/builds/worker-3-tc1/source:/opt/rustwide/workdir:ro,Z" "-v" "/var/lib/crater-agent-workspace/cargo-home:/opt/rustwide/cargo-home:ro,Z" "-v" "/var/lib/crater-agent-workspace/rustup-home:/opt/rustwide/rustup-home:ro,Z" "-e" "SOURCE_DIR=/opt/rustwide/workdir" "-e" "CARGO_TARGET_DIR=/opt/rustwide/target" "-e" "CARGO_INCREMENTAL=0" "-e" "RUST_BACKTRACE=full" "-e" "RUSTFLAGS=--cap-lints=warn" "-e" "RUSTDOCFLAGS=--cap-lints=warn" "-e" "CARGO_HOME=/opt/rustwide/cargo-home" "-e" "RUSTUP_HOME=/opt/rustwide/rustup-home" "-w" "/opt/rustwide/workdir" "-m" "1610612736" "--user" "0:0" "--network" "none" "ghcr.io/rust-lang/crates-build-env/linux@sha256:2788e3201cd34a07e3172128adcd8b3090168a8e3bcc40d7c032b9dda1df7d1c" "/opt/rustwide/cargo-home/bin/cargo" "+1.75.0" "doc" "--frozen" "--no-deps" "--document-private-items" "--message-format=json", kill_on_drop: false }`
[INFO] [stdout] 65c698e88a09391e2e3fac29e1cf6abbe5936828f8c184ee7d2b30b852f2d3af
[INFO] running `Command { std: "docker" "start" "-a" "65c698e88a09391e2e3fac29e1cf6abbe5936828f8c184ee7d2b30b852f2d3af", kill_on_drop: false }`
[INFO] [stderr]    Compiling libc v0.2.69
[INFO] [stderr]    Compiling proc-macro2 v1.0.12
[INFO] [stderr]    Compiling unicode-xid v0.2.0
[INFO] [stderr]    Compiling syn v1.0.19
[INFO] [stderr]    Compiling autocfg v1.0.0
[INFO] [stderr]    Compiling rand_core v0.4.2
[INFO] [stderr]    Compiling autocfg v0.1.7
[INFO] [stderr]    Compiling pkg-config v0.3.17
[INFO] [stderr]     Checking cfg-if v0.1.10
[INFO] [stderr]    Compiling log v0.4.8
[INFO] [stderr]    Compiling version_check v0.9.1
[INFO] [stderr]    Compiling memchr v2.3.3
[INFO] [stderr]     Checking slab v0.4.2
[INFO] [stderr]    Compiling siphasher v0.2.3
[INFO] [stderr]     Checking lazy_static v1.4.0
[INFO] [stderr]     Checking futures-core v0.3.4
[INFO] [stderr]    Compiling bitflags v1.2.1
[INFO] [stderr]    Compiling serde v1.0.106
[INFO] [stderr]     Checking bytes v0.5.4
[INFO] [stderr]    Compiling proc-macro-nested v0.1.4
[INFO] [stderr]    Compiling string_cache_shared v0.3.0
[INFO] [stderr]    Compiling rand_core v0.3.1
[INFO] [stderr]    Compiling rand_jitter v0.1.4
[INFO] [stderr]    Compiling phf_shared v0.7.24
[INFO] [stderr]    Compiling rand_isaac v0.1.1
[INFO] [stderr]    Compiling rand_xorshift v0.1.1
[INFO] [stderr]    Compiling rand_hc v0.1.0
[INFO] [stderr]     Checking futures-sink v0.3.4
[INFO] [stderr]     Checking fnv v1.0.6
[INFO] [stderr]     Checking itoa v0.4.5
[INFO] [stderr]    Compiling rand_pcg v0.1.2
[INFO] [stderr]    Compiling rand_chacha v0.1.1
[INFO] [stderr]    Compiling rand v0.6.5
[INFO] [stderr]    Compiling proc-macro-hack v0.5.15
[INFO] [stderr]     Checking arc-swap v0.4.6
[INFO] [stderr]     Checking futures-channel v0.3.4
[INFO] [stderr]    Compiling unicase v2.6.0
[INFO] [stderr]     Checking futures-task v0.3.4
[INFO] [stderr]     Checking futures-io v0.3.4
[INFO] [stderr]     Checking pin-project-lite v0.1.5
[INFO] [stderr]    Compiling indexmap v1.3.2
[INFO] [stderr]     Checking matches v0.1.8
[INFO] [stderr]    Compiling unicode-xid v0.0.4
[INFO] [stderr]     Checking void v1.0.2
[INFO] [stderr]    Compiling openssl v0.10.29
[INFO] [stderr]     Checking foreign-types-shared v0.1.1
[INFO] [stderr]     Checking smallvec v1.4.0
[INFO] [stderr]     Checking unicode-bidi v0.3.4
[INFO] [stderr]     Checking unreachable v0.1.1
[INFO] [stderr]     Checking foreign-types v0.3.2
[INFO] [stderr]    Compiling synom v0.11.3
[INFO] [stderr]     Checking http v0.2.1
[INFO] [stderr]    Compiling quote v1.0.4
[INFO] [stderr]    Compiling proc-macro-error-attr v1.0.2
[INFO] [stderr]    Compiling quote v0.3.15
[INFO] [stderr]     Checking unicode-normalization v0.1.12
[INFO] [stderr]     Checking openssl-probe v0.1.2
[INFO] [stderr]     Checking mac v0.1.1
[INFO] [stderr]     Checking iovec v0.1.4
[INFO] [stderr]     Checking net2 v0.2.34
[INFO] [stderr]     Checking signal-hook-registry v1.2.0
[INFO] [stderr]     Checking num_cpus v1.13.0
[INFO] [stderr]    Compiling jobserver v0.1.21
[INFO] [stderr]    Compiling rand_os v0.1.3
[INFO] [stderr]     Checking new_debug_unreachable v1.0.4
[INFO] [stderr]    Compiling ryu v1.0.4
[INFO] [stderr]    Compiling httparse v1.3.4
[INFO] [stderr]    Compiling native-tls v0.2.4
[INFO] [stderr]    Compiling rustc-serialize v0.3.24
[INFO] [stderr]    Compiling cc v1.0.52
[INFO] [stderr]     Checking mio v0.6.22
[INFO] [stderr]     Checking futf v0.1.4
[INFO] [stderr]    Compiling syn v0.11.11
[INFO] [stderr]     Checking debug_unreachable v0.1.1
[INFO] [stderr]    Compiling proc-macro-error v1.0.2
[INFO] [stderr]     Checking precomputed-hash v0.1.1
[INFO] [stderr]     Checking utf-8 v0.7.5
[INFO] [stderr]     Checking lazy_static v0.2.11
[INFO] [stderr]     Checking try-lock v0.2.2
[INFO] [stderr]     Checking percent-encoding v2.1.0
[INFO] [stderr]     Checking tendril v0.4.1
[INFO] [stderr]    Compiling mime_guess v2.0.3
[INFO] [stderr]     Checking want v0.3.0
[INFO] [stderr]     Checking phf v0.7.24
[INFO] [stderr]     Checking time v0.1.43
[INFO] [stdout] error[E0793]: reference to packed field is unaligned
[INFO] [stdout]    --> /opt/rustwide/cargo-home/registry/src/index.crates.io-6f17d22bba15001f/tendril-0.4.1/src/tendril.rs:241:20
[INFO] [stdout]     |
[INFO] [stdout] 241 |                 if (*header).refcount.decrement() == 1 {
[INFO] [stdout]     |                    ^^^^^^^^^^^^^^^^^^
[INFO] [stdout]     |
[INFO] [stdout]     = note: packed structs are only aligned by one byte, and many modern architectures penalize unaligned field accesses
[INFO] [stdout]     = note: creating a misaligned reference is undefined behavior (even if that reference is never dereferenced)
[INFO] [stdout]     = help: copy the field contents to a local variable, or replace the reference with a raw pointer and use `read_unaligned`/`write_unaligned` (loads and stores via `*p` must be properly aligned even when using raw pointers)
[INFO] [stdout] 
[INFO] [stdout] 
[INFO] [stderr]     Checking tower-service v0.3.0
[INFO] [stdout] error[E0793]: reference to packed field is unaligned
[INFO] [stdout]    --> /opt/rustwide/cargo-home/registry/src/index.crates.io-6f17d22bba15001f/tendril-0.4.1/src/tendril.rs:958:9
[INFO] [stdout]     |
[INFO] [stdout] 958 |         (*self.header()).refcount.increment();
[INFO] [stdout]     |         ^^^^^^^^^^^^^^^^^^^^^^^^^
[INFO] [stdout]     |
[INFO] [stdout]     = note: packed structs are only aligned by one byte, and many modern architectures penalize unaligned field accesses
[INFO] [stdout]     = note: creating a misaligned reference is undefined behavior (even if that reference is never dereferenced)
[INFO] [stdout]     = help: copy the field contents to a local variable, or replace the reference with a raw pointer and use `read_unaligned`/`write_unaligned` (loads and stores via `*p` must be properly aligned even when using raw pointers)
[INFO] [stdout] 
[INFO] [stdout] 
[INFO] [stderr]     Checking unicode-width v0.1.7
[INFO] [stdout] error: aborting due to 2 previous errors
[INFO] [stdout] 
[INFO] [stdout] 
[INFO] [stdout] For more information about this error, try `rustc --explain E0793`.
[INFO] [stdout] 
[INFO] [stderr] error: could not compile `tendril` (lib) due to 3 previous errors
[INFO] [stderr] warning: build failed, waiting for other jobs to finish...
[INFO] running `Command { std: "docker" "inspect" "65c698e88a09391e2e3fac29e1cf6abbe5936828f8c184ee7d2b30b852f2d3af", kill_on_drop: false }`
[INFO] running `Command { std: "docker" "rm" "-f" "65c698e88a09391e2e3fac29e1cf6abbe5936828f8c184ee7d2b30b852f2d3af", kill_on_drop: false }`
[INFO] [stdout] 65c698e88a09391e2e3fac29e1cf6abbe5936828f8c184ee7d2b30b852f2d3af
[INFO] documenting LukeThoma5/RelDiff against beta-2023-12-22 for beta-1.76-rustdoc-1
[INFO] running `Command { std: "git" "clone" "/workspace/cache/git-repos/https%3A%2F%2Fgithub.com%2FLukeThoma5%2FRelDiff" "/workspace/builds/worker-3-tc2/source", kill_on_drop: false }`
[INFO] [stderr] Cloning into '/workspace/builds/worker-3-tc2/source'...
[INFO] [stderr] done.
[INFO] validating manifest of git repo https://github.com/LukeThoma5/RelDiff on toolchain beta-2023-12-22
[INFO] running `Command { std: CARGO_HOME="/workspace/cargo-home" RUSTUP_HOME="/workspace/rustup-home" "/workspace/cargo-home/bin/cargo" "+beta-2023-12-22" "metadata" "--manifest-path" "Cargo.toml" "--no-deps", kill_on_drop: false }`
[INFO] started tweaking git repo https://github.com/LukeThoma5/RelDiff
[INFO] finished tweaking git repo https://github.com/LukeThoma5/RelDiff
[INFO] tweaked toml for git repo https://github.com/LukeThoma5/RelDiff written to /workspace/builds/worker-3-tc2/source/Cargo.toml
[INFO] crate git repo https://github.com/LukeThoma5/RelDiff already has a lockfile, it will not be regenerated
[INFO] running `Command { std: CARGO_HOME="/workspace/cargo-home" RUSTUP_HOME="/workspace/rustup-home" "/workspace/cargo-home/bin/cargo" "+beta-2023-12-22" "fetch" "--manifest-path" "Cargo.toml", kill_on_drop: false }`
[INFO] running `Command { std: "docker" "create" "-v" "/var/lib/crater-agent-workspace/builds/worker-3-tc2/target:/opt/rustwide/target:rw,Z" "-v" "/var/lib/crater-agent-workspace/builds/worker-3-tc2/source:/opt/rustwide/workdir:ro,Z" "-v" "/var/lib/crater-agent-workspace/cargo-home:/opt/rustwide/cargo-home:ro,Z" "-v" "/var/lib/crater-agent-workspace/rustup-home:/opt/rustwide/rustup-home:ro,Z" "-e" "SOURCE_DIR=/opt/rustwide/workdir" "-e" "CARGO_TARGET_DIR=/opt/rustwide/target" "-e" "CARGO_HOME=/opt/rustwide/cargo-home" "-e" "RUSTUP_HOME=/opt/rustwide/rustup-home" "-w" "/opt/rustwide/workdir" "-m" "1610612736" "--user" "0:0" "--network" "none" "ghcr.io/rust-lang/crates-build-env/linux@sha256:2788e3201cd34a07e3172128adcd8b3090168a8e3bcc40d7c032b9dda1df7d1c" "/opt/rustwide/cargo-home/bin/cargo" "+beta-2023-12-22" "metadata" "--no-deps" "--format-version=1", kill_on_drop: false }`
[INFO] [stdout] c1c69dff0ce00fd49ca693393261bf04ebfcaa145aa5a21b5deefcac67109050
[INFO] running `Command { std: "docker" "start" "-a" "c1c69dff0ce00fd49ca693393261bf04ebfcaa145aa5a21b5deefcac67109050", kill_on_drop: false }`
[INFO] running `Command { std: "docker" "inspect" "c1c69dff0ce00fd49ca693393261bf04ebfcaa145aa5a21b5deefcac67109050", kill_on_drop: false }`
[INFO] running `Command { std: "docker" "rm" "-f" "c1c69dff0ce00fd49ca693393261bf04ebfcaa145aa5a21b5deefcac67109050", kill_on_drop: false }`
[INFO] [stdout] c1c69dff0ce00fd49ca693393261bf04ebfcaa145aa5a21b5deefcac67109050
[INFO] running `Command { std: "docker" "create" "-v" "/var/lib/crater-agent-workspace/builds/worker-3-tc2/target:/opt/rustwide/target:rw,Z" "-v" "/var/lib/crater-agent-workspace/builds/worker-3-tc2/source:/opt/rustwide/workdir:ro,Z" "-v" "/var/lib/crater-agent-workspace/cargo-home:/opt/rustwide/cargo-home:ro,Z" "-v" "/var/lib/crater-agent-workspace/rustup-home:/opt/rustwide/rustup-home:ro,Z" "-e" "SOURCE_DIR=/opt/rustwide/workdir" "-e" "CARGO_TARGET_DIR=/opt/rustwide/target" "-e" "CARGO_INCREMENTAL=0" "-e" "RUST_BACKTRACE=full" "-e" "RUSTFLAGS=--cap-lints=warn" "-e" "RUSTDOCFLAGS=--cap-lints=warn" "-e" "CARGO_HOME=/opt/rustwide/cargo-home" "-e" "RUSTUP_HOME=/opt/rustwide/rustup-home" "-w" "/opt/rustwide/workdir" "-m" "1610612736" "--user" "0:0" "--network" "none" "ghcr.io/rust-lang/crates-build-env/linux@sha256:2788e3201cd34a07e3172128adcd8b3090168a8e3bcc40d7c032b9dda1df7d1c" "/opt/rustwide/cargo-home/bin/cargo" "+beta-2023-12-22" "doc" "--frozen" "--no-deps" "--document-private-items" "--message-format=json", kill_on_drop: false }`
[INFO] [stdout] 19518c7208d9af3bb945741c33aa56c479c0707fdc95c5ec35a6c7b028fa5e56
[INFO] running `Command { std: "docker" "start" "-a" "19518c7208d9af3bb945741c33aa56c479c0707fdc95c5ec35a6c7b028fa5e56", kill_on_drop: false }`
[INFO] [stderr]    Compiling libc v0.2.69
[INFO] [stderr]    Compiling proc-macro2 v1.0.12
[INFO] [stderr]    Compiling unicode-xid v0.2.0
[INFO] [stderr]    Compiling syn v1.0.19
[INFO] [stderr]    Compiling rand_core v0.4.2
[INFO] [stderr]    Compiling pkg-config v0.3.17
[INFO] [stderr]    Compiling autocfg v1.0.0
[INFO] [stderr]    Compiling autocfg v0.1.7
[INFO] [stderr]     Checking cfg-if v0.1.10
[INFO] [stderr]    Compiling log v0.4.8
[INFO] [stderr]    Compiling version_check v0.9.1
[INFO] [stderr]    Compiling memchr v2.3.3
[INFO] [stderr]     Checking slab v0.4.2
[INFO] [stderr]    Compiling siphasher v0.2.3
[INFO] [stderr]     Checking lazy_static v1.4.0
[INFO] [stderr]     Checking futures-core v0.3.4
[INFO] [stderr]    Compiling serde v1.0.106
[INFO] [stderr]    Compiling bitflags v1.2.1
[INFO] [stderr]     Checking futures-sink v0.3.4
[INFO] [stderr]    Compiling string_cache_shared v0.3.0
[INFO] [stderr]    Compiling proc-macro-nested v0.1.4
[INFO] [stderr]    Compiling phf_shared v0.7.24
[INFO] [stderr]     Checking fnv v1.0.6
[INFO] [stderr]    Compiling rand_core v0.3.1
[INFO] [stderr]    Compiling rand_hc v0.1.0
[INFO] [stderr]    Compiling rand_xorshift v0.1.1
[INFO] [stderr]    Compiling rand_isaac v0.1.1
[INFO] [stderr]    Compiling rand_jitter v0.1.4
[INFO] [stderr]     Checking bytes v0.5.4
[INFO] [stderr]     Checking itoa v0.4.5
[INFO] [stderr]    Compiling rand_chacha v0.1.1
[INFO] [stderr]    Compiling rand_pcg v0.1.2
[INFO] [stderr]    Compiling rand v0.6.5
[INFO] [stderr]    Compiling proc-macro-hack v0.5.15
[INFO] [stderr]     Checking arc-swap v0.4.6
[INFO] [stderr]    Compiling unicase v2.6.0
[INFO] [stderr]     Checking futures-channel v0.3.4
[INFO] [stderr]     Checking pin-project-lite v0.1.5
[INFO] [stderr]     Checking futures-task v0.3.4
[INFO] [stderr]     Checking futures-io v0.3.4
[INFO] [stderr]    Compiling indexmap v1.3.2
[INFO] [stderr]    Compiling openssl v0.10.29
[INFO] [stderr]     Checking smallvec v1.4.0
[INFO] [stderr]     Checking foreign-types-shared v0.1.1
[INFO] [stderr]     Checking void v1.0.2
[INFO] [stderr]    Compiling unicode-xid v0.0.4
[INFO] [stderr]     Checking matches v0.1.8
[INFO] [stderr]     Checking http v0.2.1
[INFO] [stderr]     Checking unreachable v0.1.1
[INFO] [stderr]     Checking unicode-bidi v0.3.4
[INFO] [stderr]    Compiling synom v0.11.3
[INFO] [stderr]     Checking foreign-types v0.3.2
[INFO] [stderr]    Compiling proc-macro-error-attr v1.0.2
[INFO] [stderr]     Checking unicode-normalization v0.1.12
[INFO] [stderr]     Checking new_debug_unreachable v1.0.4
[INFO] [stderr]    Compiling quote v0.3.15
[INFO] [stderr]    Compiling native-tls v0.2.4
[INFO] [stderr]    Compiling ryu v1.0.4
[INFO] [stderr]    Compiling rustc-serialize v0.3.24
[INFO] [stderr]    Compiling httparse v1.3.4
[INFO] [stderr]    Compiling quote v1.0.4
[INFO] [stderr]     Checking openssl-probe v0.1.2
[INFO] [stderr]     Checking mac v0.1.1
[INFO] [stderr]     Checking futf v0.1.4
[INFO] [stderr]     Checking iovec v0.1.4
[INFO] [stderr]     Checking net2 v0.2.34
[INFO] [stderr]    Compiling jobserver v0.1.21
[INFO] [stderr]    Compiling rand_os v0.1.3
[INFO] [stderr]     Checking num_cpus v1.13.0
[INFO] [stderr]     Checking signal-hook-registry v1.2.0
[INFO] [stdout] error[E0310]: the parameter type `T` may not live long enough
[INFO] [stdout]     --> /opt/rustwide/cargo-home/registry/src/index.crates.io-6f17d22bba15001f/rustc-serialize-0.3.24/src/serialize.rs:1155:5
[INFO] [stdout]      |
[INFO] [stdout] 1155 |     fn decode<D: Decoder>(d: &mut D) -> Result<Cow<'static, T>, D::Error> {
[INFO] [stdout]      |     ^^^^^^^^^^^^^^^^^^^^^^^^^^^^^^^^^^^^^^^^^^^^^^^^^^^^^^^^^^^^^^^^^^^^^
[INFO] [stdout]      |     |
[INFO] [stdout]      |     the parameter type `T` must be valid for the static lifetime...
[INFO] [stdout]      |     ...so that the type `T` will meet its required lifetime bounds...
[INFO] [stdout]      |
[INFO] [stdout] note: ...that is required by this bound
[INFO] [stdout]     --> /rustc/0e09125c6c3c2fd70d7de961bcf0e51575235fad/library/alloc/src/borrow.rs:180:30
[INFO] [stdout] help: consider adding an explicit lifetime bound
[INFO] [stdout]      |
[INFO] [stdout] 1151 | impl<'a, T: ?Sized + 'static> Decodable for Cow<'a, T>
[INFO] [stdout]      |                    +++++++++
[INFO] [stdout] 
[INFO] [stdout] 
[INFO] [stderr]    Compiling syn v0.11.11
[INFO] [stderr]     Checking debug_unreachable v0.1.1
[INFO] [stderr]    Compiling proc-macro-error v1.0.2
[INFO] [stderr]    Compiling cc v1.0.52
[INFO] [stderr]     Checking precomputed-hash v0.1.1
[INFO] [stderr]     Checking try-lock v0.2.2
[INFO] [stderr]     Checking mio v0.6.22
[INFO] [stderr]     Checking lazy_static v0.2.11
[INFO] [stderr]     Checking percent-encoding v2.1.0
[INFO] [stderr]     Checking utf-8 v0.7.5
[INFO] [stderr]     Checking want v0.3.0
[INFO] [stderr]    Compiling mime_guess v2.0.3
[INFO] [stderr]     Checking time v0.1.43
[INFO] [stderr]     Checking phf v0.7.24
[INFO] [stderr]     Checking tendril v0.4.1
[INFO] [stderr]     Checking idna v0.2.0
[INFO] [stderr]    Compiling unicode-segmentation v1.6.0
[INFO] [stderr]     Checking unicode-width v0.1.7
[INFO] [stderr]     Checking tower-service v0.3.0
[INFO] [stderr]    Compiling encoding_rs v0.8.22
[INFO] [stdout] error[E0793]: reference to packed field is unaligned
[INFO] [stdout]    --> /opt/rustwide/cargo-home/registry/src/index.crates.io-6f17d22bba15001f/tendril-0.4.1/src/tendril.rs:241:20
[INFO] [stdout]     |
[INFO] [stdout] 241 |                 if (*header).refcount.decrement() == 1 {
[INFO] [stdout]     |                    ^^^^^^^^^^^^^^^^^^
[INFO] [stdout]     |
[INFO] [stdout]     = note: packed structs are only aligned by one byte, and many modern architectures penalize unaligned field accesses
[INFO] [stdout]     = note: creating a misaligned reference is undefined behavior (even if that reference is never dereferenced)
[INFO] [stdout]     = help: copy the field contents to a local variable, or replace the reference with a raw pointer and use `read_unaligned`/`write_unaligned` (loads and stores via `*p` must be properly aligned even when using raw pointers)
[INFO] [stdout] 
[INFO] [stdout] 
[INFO] [stderr]     Checking textwrap v0.11.0
[INFO] [stdout] error[E0793]: reference to packed field is unaligned
[INFO] [stdout]    --> /opt/rustwide/cargo-home/registry/src/index.crates.io-6f17d22bba15001f/tendril-0.4.1/src/tendril.rs:958:9
[INFO] [stdout]     |
[INFO] [stdout] 958 |         (*self.header()).refcount.increment();
[INFO] [stdout]     |         ^^^^^^^^^^^^^^^^^^^^^^^^^
[INFO] [stdout]     |
[INFO] [stdout]     = note: packed structs are only aligned by one byte, and many modern architectures penalize unaligned field accesses
[INFO] [stdout]     = note: creating a misaligned reference is undefined behavior (even if that reference is never dereferenced)
[INFO] [stdout]     = help: copy the field contents to a local variable, or replace the reference with a raw pointer and use `read_unaligned`/`write_unaligned` (loads and stores via `*p` must be properly aligned even when using raw pointers)
[INFO] [stdout] 
[INFO] [stdout] 
[INFO] [stderr]     Checking atty v0.2.14
[INFO] [stdout] error: aborting due to 2 previous errors
[INFO] [stdout] 
[INFO] [stdout] 
[INFO] [stdout] For more information about this error, try `rustc --explain E0793`.
[INFO] [stdout] 
[INFO] [stderr] error: could not compile `tendril` (lib) due to 3 previous errors
[INFO] [stderr] warning: build failed, waiting for other jobs to finish...
[INFO] [stdout] error: aborting due to 1 previous error
[INFO] [stdout] 
[INFO] [stdout] 
[INFO] [stdout] For more information about this error, try `rustc --explain E0310`.
[INFO] [stdout] 
[INFO] [stderr] error: could not compile `rustc-serialize` (lib) due to 2 previous errors
[INFO] running `Command { std: "docker" "inspect" "19518c7208d9af3bb945741c33aa56c479c0707fdc95c5ec35a6c7b028fa5e56", kill_on_drop: false }`
[INFO] running `Command { std: "docker" "rm" "-f" "19518c7208d9af3bb945741c33aa56c479c0707fdc95c5ec35a6c7b028fa5e56", kill_on_drop: false }`
[INFO] [stdout] 19518c7208d9af3bb945741c33aa56c479c0707fdc95c5ec35a6c7b028fa5e56
