[INFO] cloning repository https://github.com/Lucky4Luuk/prism-199
[INFO] running `Command { std: "git" "-c" "credential.helper=" "-c" "credential.helper=/workspace/cargo-home/bin/git-credential-null" "clone" "--bare" "https://github.com/Lucky4Luuk/prism-199" "/workspace/cache/git-repos/https%3A%2F%2Fgithub.com%2FLucky4Luuk%2Fprism-199", kill_on_drop: false }`
[INFO] [stderr] Cloning into bare repository '/workspace/cache/git-repos/https%3A%2F%2Fgithub.com%2FLucky4Luuk%2Fprism-199'...
[INFO] running `Command { std: "git" "rev-parse" "HEAD", kill_on_drop: false }`
[INFO] [stdout] 7226daf8179d29d6b458fe10901433dbb28482d3
[INFO] documenting Lucky4Luuk/prism-199 against 1.75.0 for beta-1.76-rustdoc-1
[INFO] running `Command { std: "git" "clone" "/workspace/cache/git-repos/https%3A%2F%2Fgithub.com%2FLucky4Luuk%2Fprism-199" "/workspace/builds/worker-1-tc1/source", kill_on_drop: false }`
[INFO] [stderr] Cloning into '/workspace/builds/worker-1-tc1/source'...
[INFO] [stderr] done.
[INFO] validating manifest of git repo https://github.com/Lucky4Luuk/prism-199 on toolchain 1.75.0
[INFO] running `Command { std: CARGO_HOME="/workspace/cargo-home" RUSTUP_HOME="/workspace/rustup-home" "/workspace/cargo-home/bin/cargo" "+1.75.0" "metadata" "--manifest-path" "Cargo.toml" "--no-deps", kill_on_drop: false }`
[INFO] started tweaking git repo https://github.com/Lucky4Luuk/prism-199
[INFO] finished tweaking git repo https://github.com/Lucky4Luuk/prism-199
[INFO] tweaked toml for git repo https://github.com/Lucky4Luuk/prism-199 written to /workspace/builds/worker-1-tc1/source/Cargo.toml
[INFO] crate git repo https://github.com/Lucky4Luuk/prism-199 already has a lockfile, it will not be regenerated
[INFO] running `Command { std: CARGO_HOME="/workspace/cargo-home" RUSTUP_HOME="/workspace/rustup-home" "/workspace/cargo-home/bin/cargo" "+1.75.0" "fetch" "--manifest-path" "Cargo.toml", kill_on_drop: false }`
[INFO] [stderr]  Downloading crates ...
[INFO] [stderr]   Downloaded wasmtime-wasi v0.39.1
[INFO] [stderr]   Downloaded wat v1.0.46
[INFO] [stderr]   Downloaded wasmtime-cache v0.39.1
[INFO] [stderr]   Downloaded wasmtime-types v0.39.1
[INFO] [stderr]   Downloaded cap-rand v0.25.2
[INFO] [stderr]   Downloaded memfd v0.6.1
[INFO] [stderr]   Downloaded wasmtime-environ v0.39.1
[INFO] [stderr]   Downloaded wiggle v0.39.1
[INFO] [stderr]   Downloaded system-interface v0.21.0
[INFO] [stderr]   Downloaded is-terminal v0.3.0
[INFO] [stderr]   Downloaded cap-time-ext v0.25.2
[INFO] [stderr]   Downloaded wasi-cap-std-sync v0.39.1
[INFO] [stderr]   Downloaded fs-set-times v0.17.1
[INFO] [stderr]   Downloaded wasmtime-jit-debug v0.39.1
[INFO] [stderr]   Downloaded cranelift-native v0.86.1
[INFO] [stderr]   Downloaded winx v0.33.0
[INFO] [stderr]   Downloaded wasmtime-fiber v0.39.1
[INFO] [stderr]   Downloaded wasmtime-cranelift v0.39.1
[INFO] [stderr]   Downloaded wasmtime-runtime v0.39.1
[INFO] [stderr]   Downloaded wasmtime v0.39.1
[INFO] [stderr]   Downloaded cranelift-wasm v0.86.1
[INFO] [stderr]   Downloaded cap-primitives v0.25.2
[INFO] [stderr]   Downloaded cap-std v0.25.2
[INFO] [stderr]   Downloaded wasmtime-jit v0.39.1
[INFO] [stderr]   Downloaded wiggle-generate v0.39.1
[INFO] [stderr]   Downloaded cap-fs-ext v0.25.2
[INFO] [stderr]   Downloaded io-extras v0.15.0
[INFO] [stderr]   Downloaded winit_input_helper v0.12.0
[INFO] [stderr]   Downloaded wiggle-macro v0.39.1
[INFO] [stderr]   Downloaded hermit-abi v0.2.3
[INFO] [stderr]   Downloaded wasi-common v0.39.1
[INFO] [stderr]   Downloaded regalloc2 v0.3.1
[INFO] running `Command { std: "docker" "create" "-v" "/var/lib/crater-agent-workspace/builds/worker-1-tc1/target:/opt/rustwide/target:rw,Z" "-v" "/var/lib/crater-agent-workspace/builds/worker-1-tc1/source:/opt/rustwide/workdir:ro,Z" "-v" "/var/lib/crater-agent-workspace/cargo-home:/opt/rustwide/cargo-home:ro,Z" "-v" "/var/lib/crater-agent-workspace/rustup-home:/opt/rustwide/rustup-home:ro,Z" "-e" "SOURCE_DIR=/opt/rustwide/workdir" "-e" "CARGO_TARGET_DIR=/opt/rustwide/target" "-e" "CARGO_HOME=/opt/rustwide/cargo-home" "-e" "RUSTUP_HOME=/opt/rustwide/rustup-home" "-w" "/opt/rustwide/workdir" "-m" "1610612736" "--user" "0:0" "--network" "none" "ghcr.io/rust-lang/crates-build-env/linux@sha256:2788e3201cd34a07e3172128adcd8b3090168a8e3bcc40d7c032b9dda1df7d1c" "/opt/rustwide/cargo-home/bin/cargo" "+1.75.0" "metadata" "--no-deps" "--format-version=1", kill_on_drop: false }`
[INFO] [stdout] aaa74d0d706490f3cf699ee73744377524e17de9263e409af72bf89edbcd5561
[INFO] running `Command { std: "docker" "start" "-a" "aaa74d0d706490f3cf699ee73744377524e17de9263e409af72bf89edbcd5561", kill_on_drop: false }`
[INFO] running `Command { std: "docker" "inspect" "aaa74d0d706490f3cf699ee73744377524e17de9263e409af72bf89edbcd5561", kill_on_drop: false }`
[INFO] running `Command { std: "docker" "rm" "-f" "aaa74d0d706490f3cf699ee73744377524e17de9263e409af72bf89edbcd5561", kill_on_drop: false }`
[INFO] [stdout] aaa74d0d706490f3cf699ee73744377524e17de9263e409af72bf89edbcd5561
[INFO] running `Command { std: "docker" "create" "-v" "/var/lib/crater-agent-workspace/builds/worker-1-tc1/target:/opt/rustwide/target:rw,Z" "-v" "/var/lib/crater-agent-workspace/builds/worker-1-tc1/source:/opt/rustwide/workdir:ro,Z" "-v" "/var/lib/crater-agent-workspace/cargo-home:/opt/rustwide/cargo-home:ro,Z" "-v" "/var/lib/crater-agent-workspace/rustup-home:/opt/rustwide/rustup-home:ro,Z" "-e" "SOURCE_DIR=/opt/rustwide/workdir" "-e" "CARGO_TARGET_DIR=/opt/rustwide/target" "-e" "CARGO_INCREMENTAL=0" "-e" "RUST_BACKTRACE=full" "-e" "RUSTFLAGS=--cap-lints=warn" "-e" "RUSTDOCFLAGS=--cap-lints=warn" "-e" "CARGO_HOME=/opt/rustwide/cargo-home" "-e" "RUSTUP_HOME=/opt/rustwide/rustup-home" "-w" "/opt/rustwide/workdir" "-m" "1610612736" "--user" "0:0" "--network" "none" "ghcr.io/rust-lang/crates-build-env/linux@sha256:2788e3201cd34a07e3172128adcd8b3090168a8e3bcc40d7c032b9dda1df7d1c" "/opt/rustwide/cargo-home/bin/cargo" "+1.75.0" "doc" "--frozen" "--no-deps" "--document-private-items" "--message-format=json", kill_on_drop: false }`
[INFO] [stdout] be6ef69b34571dad8f269b7c470071f9d356b51b156e0771d555e7cfa5f3c263
[INFO] running `Command { std: "docker" "start" "-a" "be6ef69b34571dad8f269b7c470071f9d356b51b156e0771d555e7cfa5f3c263", kill_on_drop: false }`
[INFO] [stderr]    Compiling libc v0.2.126
[INFO] [stderr]    Compiling proc-macro2 v1.0.40
[INFO] [stderr]    Compiling unicode-ident v1.0.2
[INFO] [stderr]    Compiling quote v1.0.20
[INFO] [stderr]    Compiling syn v1.0.98
[INFO] [stderr]     Checking once_cell v1.13.0
[INFO] [stderr]    Compiling serde_derive v1.0.140
[INFO] [stderr]    Compiling serde v1.0.140
[INFO] [stderr]     Checking hashbrown v0.12.3
[INFO] [stderr]    Compiling indexmap v1.9.1
[INFO] [stderr]     Checking smallvec v1.9.0
[INFO] [stderr]    Compiling io-lifetimes v0.7.2
[INFO] [stderr]    Compiling rustix v0.35.7
[INFO] [stderr]    Compiling ahash v0.7.6
[INFO] [stderr]     Checking linux-raw-sys v0.0.46
[INFO] [stderr]     Checking fallible-iterator v0.2.0
[INFO] [stderr]    Compiling anyhow v1.0.58
[INFO] [stderr]     Checking stable_deref_trait v1.2.0
[INFO] [stderr]     Checking fxhash v0.2.1
[INFO] [stderr]     Checking libloading v0.7.3
[INFO] [stderr]    Compiling target-lexicon v0.12.4
[INFO] [stderr]    Compiling pkg-config v0.3.25
[INFO] [stderr]    Compiling cranelift-isle v0.86.1
[INFO] [stderr]     Checking termcolor v1.1.3
[INFO] [stderr]    Compiling crc32fast v1.3.2
[INFO] [stderr]    Compiling cranelift-codegen-shared v0.86.1
[INFO] [stderr]     Checking unicode-width v0.1.9
[INFO] [stderr]    Compiling crossbeam-utils v0.8.10
[INFO] [stderr]    Compiling cranelift-codegen-meta v0.86.1
[INFO] [stderr]    Compiling generic-array v0.14.5
[INFO] [stderr]     Checking slice-group-by v0.3.0
[INFO] [stderr]    Compiling crossbeam-epoch v0.9.9
[INFO] [stderr]    Compiling io-extras v0.15.0
[INFO] [stderr]     Checking aho-corasick v0.7.18
[INFO] [stderr]    Compiling lock_api v0.4.7
[INFO] [stderr]     Checking either v1.7.0
[INFO] [stderr]     Checking regalloc2 v0.3.1
[INFO] [stderr]    Compiling cap-primitives v0.25.2
[INFO] [stderr]    Compiling parking_lot_core v0.8.5
[INFO] [stderr]    Compiling wayland-sys v0.29.4
[INFO] [stderr]     Checking more-asserts v0.2.2
[INFO] [stderr]     Checking ambient-authority v0.0.1
[INFO] [stderr]    Compiling jobserver v0.1.24
[INFO] [stderr]    Compiling wayland-scanner v0.29.4
[INFO] [stderr]    Compiling zstd-safe v5.0.2+zstd.1.5.2
[INFO] [stderr]     Checking regex-syntax v0.6.27
[INFO] [stderr]     Checking miniz_oxide v0.5.3
[INFO] [stderr]    Compiling cc v1.0.73
[INFO] [stderr]    Compiling dirs-sys-next v0.1.2
[INFO] [stderr]    Compiling log v0.4.17
[INFO] [stderr]     Checking dlib v0.5.0
[INFO] [stderr]     Checking object v0.29.0
[INFO] [stderr]    Compiling num-traits v0.2.15
[INFO] [stderr]     Checking maybe-owned v0.3.4
[INFO] [stderr]     Checking leb128 v0.2.5
[INFO] [stderr]     Checking ipnet v2.5.0
[INFO] [stderr]    Compiling cpp_demangle v0.3.5
[INFO] [stderr]     Checking crossbeam-deque v0.8.1
[INFO] [stderr]    Compiling wast v35.0.2
[INFO] [stderr]     Checking wasm-encoder v0.14.0
[INFO] [stderr]    Compiling dirs-next v2.0.0
[INFO] [stderr]     Checking getrandom v0.2.7
[INFO] [stderr]     Checking nix v0.22.3
[INFO] [stderr]     Checking atty v0.2.14
[INFO] [stderr]     Checking rand_core v0.6.3
[INFO] [stderr]     Checking hashbrown v0.11.2
[INFO] [stderr]     Checking rand_chacha v0.3.1
[INFO] [stderr]     Checking region v2.2.0
[INFO] [stderr]     Checking rand v0.8.5
[INFO] [stderr]     Checking num_cpus v1.13.1
[INFO] [stderr]     Checking digest v0.9.0
[INFO] [stderr]     Checking block-buffer v0.9.0
[INFO] [stderr]     Checking crossbeam-channel v0.5.5
[INFO] [stderr]     Checking itertools v0.10.3
[INFO] [stderr]    Compiling wasmtime-cache v0.39.1
[INFO] [stderr]    Compiling zstd-sys v2.0.1+zstd.1.5.2
[INFO] [stderr]    Compiling wasmtime-fiber v0.39.1
[INFO] [stderr]    Compiling backtrace v0.3.66
[INFO] [stderr]    Compiling ittapi-rs v0.2.0
[INFO] [stderr]    Compiling wasmtime-runtime v0.39.1
[INFO] [stderr]     Checking regex v1.6.0
[INFO] [stderr]    Compiling wayland-client v0.29.4
[INFO] [stderr]    Compiling psm v0.1.19
[INFO] [stderr]    Compiling cap-std v0.25.2
[INFO] [stderr]     Checking cpufeatures v0.2.2
[INFO] [stderr]    Compiling async-trait v0.1.56
[INFO] [stderr]     Checking sha2 v0.9.9
[INFO] [stderr]     Checking rayon-core v1.9.3
[INFO] [stderr]     Checking parking_lot v0.11.2
[INFO] [stderr]     Checking wast v44.0.0
[INFO] [stderr]     Checking directories-next v2.0.0
[INFO] [stderr]    Compiling shellexpand v2.1.0
[INFO] [stderr]     Checking bit-vec v0.6.3
[INFO] [stderr]    Compiling wasmtime v0.39.1
[INFO] [stderr]     Checking base64 v0.13.0
[INFO] [stderr]     Checking scoped-tls v1.0.0
[INFO] [stderr]    Compiling ash v0.34.0+1.2.203
[INFO] [stderr]    Compiling khronos-egl v4.1.0
[INFO] [stderr]     Checking bit-set v0.5.3
[INFO] [stderr]     Checking rayon v1.5.3
[INFO] [stderr]     Checking env_logger v0.9.0
[INFO] [stderr]     Checking nom v7.1.1
[INFO] [stderr]    Compiling cranelift-codegen v0.86.1
[INFO] [stderr]    Compiling wayland-protocols v0.29.4
[INFO] [stderr]     Checking codespan-reporting v0.11.1
[INFO] [stderr]     Checking fs-set-times v0.17.1
[INFO] [stderr]     Checking memfd v0.6.1
[INFO] [stderr]     Checking file-per-thread-logger v0.1.5
[INFO] [stderr]     Checking spirv v0.2.0+1.5.4
[INFO] [stderr]     Checking tracing-core v0.1.28
[INFO] [stderr]     Checking gpu-alloc-types v0.2.0
[INFO] [stderr]     Checking gpu-descriptor-types v0.1.1
[INFO] [stderr]     Checking hexf-parse v0.2.1
[INFO] [stderr]    Compiling wasi-common v0.39.1
[INFO] [stderr]     Checking rustc-hash v1.1.0
[INFO] [stderr]    Compiling cfg_aliases v0.1.1
[INFO] [stdout] error[E0061]: this method takes 1 argument but 2 arguments were supplied
[INFO] [stdout]   --> /opt/rustwide/cargo-home/registry/src/index.crates.io-6f17d22bba15001f/cap-primitives-0.25.2/src/rustix/linux/fs/set_times_impl.rs:20:25
[INFO] [stdout]    |
[INFO] [stdout] 20 |             return file.set_times(
[INFO] [stdout]    |                         ^^^^^^^^^
[INFO] [stdout] 21 |                 atime.map(SystemTimeSpec::into_std),
[INFO] [stdout] 22 |                 mtime.map(SystemTimeSpec::into_std),
[INFO] [stdout]    |                 ----------------------------------- unexpected argument of type `Option<fs_set_times::SystemTimeSpec>`
[INFO] [stdout]    |
[INFO] [stdout] note: expected `FileTimes`, found `Option<SystemTimeSpec>`
[INFO] [stdout]   --> /opt/rustwide/cargo-home/registry/src/index.crates.io-6f17d22bba15001f/cap-primitives-0.25.2/src/rustix/linux/fs/set_times_impl.rs:21:17
[INFO] [stdout]    |
[INFO] [stdout] 21 |                 atime.map(SystemTimeSpec::into_std),
[INFO] [stdout]    |                 ^^^^^^^^^^^^^^^^^^^^^^^^^^^^^^^^^^^
[INFO] [stdout]    = note: expected struct `FileTimes`
[INFO] [stdout]                 found enum `Option<fs_set_times::SystemTimeSpec>`
[INFO] [stdout] note: method defined here
[INFO] [stdout]   --> /rustc/82e1608dfa6e0b5569232559e3d385fea5a93112/library/std/src/fs.rs:695:12
[INFO] [stdout] help: remove the extra argument
[INFO] [stdout]    |
[INFO] [stdout] 21 -                 atime.map(SystemTimeSpec::into_std),
[INFO] [stdout] 21 +                 /* FileTimes */,
[INFO] [stdout]    |
[INFO] [stdout] 
[INFO] [stdout] 
[INFO] [stdout] error[E0061]: this method takes 1 argument but 2 arguments were supplied
[INFO] [stdout]   --> /opt/rustwide/cargo-home/registry/src/index.crates.io-6f17d22bba15001f/cap-primitives-0.25.2/src/rustix/linux/fs/set_times_impl.rs:34:25
[INFO] [stdout]    |
[INFO] [stdout] 34 |             return file.set_times(
[INFO] [stdout]    |                         ^^^^^^^^^
[INFO] [stdout] 35 |                 atime.map(SystemTimeSpec::into_std),
[INFO] [stdout] 36 |                 mtime.map(SystemTimeSpec::into_std),
[INFO] [stdout]    |                 ----------------------------------- unexpected argument of type `Option<fs_set_times::SystemTimeSpec>`
[INFO] [stdout]    |
[INFO] [stdout] note: expected `FileTimes`, found `Option<SystemTimeSpec>`
[INFO] [stdout]   --> /opt/rustwide/cargo-home/registry/src/index.crates.io-6f17d22bba15001f/cap-primitives-0.25.2/src/rustix/linux/fs/set_times_impl.rs:35:17
[INFO] [stdout]    |
[INFO] [stdout] 35 |                 atime.map(SystemTimeSpec::into_std),
[INFO] [stdout]    |                 ^^^^^^^^^^^^^^^^^^^^^^^^^^^^^^^^^^^
[INFO] [stdout]    = note: expected struct `FileTimes`
[INFO] [stdout]                 found enum `Option<fs_set_times::SystemTimeSpec>`
[INFO] [stdout] note: method defined here
[INFO] [stdout]   --> /rustc/82e1608dfa6e0b5569232559e3d385fea5a93112/library/std/src/fs.rs:695:12
[INFO] [stdout] help: remove the extra argument
[INFO] [stdout]    |
[INFO] [stdout] 35 -                 atime.map(SystemTimeSpec::into_std),
[INFO] [stdout] 35 +                 /* FileTimes */,
[INFO] [stdout]    |
[INFO] [stdout] 
[INFO] [stdout] 
[INFO] [stderr]     Checking gpu-descriptor v0.2.2
[INFO] [stderr]     Checking gpu-alloc v0.5.3
[INFO] [stderr]    Compiling wgpu-core v0.12.2
[INFO] [stdout] error: aborting due to 2 previous errors
[INFO] [stdout] 
[INFO] [stdout] 
[INFO] [stdout] For more information about this error, try `rustc --explain E0061`.
[INFO] [stdout] 
[INFO] [stderr] error: could not compile `cap-primitives` (lib) due to 3 previous errors
[INFO] [stderr] warning: build failed, waiting for other jobs to finish...
[INFO] running `Command { std: "docker" "inspect" "be6ef69b34571dad8f269b7c470071f9d356b51b156e0771d555e7cfa5f3c263", kill_on_drop: false }`
[INFO] running `Command { std: "docker" "rm" "-f" "be6ef69b34571dad8f269b7c470071f9d356b51b156e0771d555e7cfa5f3c263", kill_on_drop: false }`
[INFO] [stdout] be6ef69b34571dad8f269b7c470071f9d356b51b156e0771d555e7cfa5f3c263
[INFO] documenting Lucky4Luuk/prism-199 against beta-2023-12-22 for beta-1.76-rustdoc-1
[INFO] running `Command { std: "git" "clone" "/workspace/cache/git-repos/https%3A%2F%2Fgithub.com%2FLucky4Luuk%2Fprism-199" "/workspace/builds/worker-1-tc2/source", kill_on_drop: false }`
[INFO] [stderr] Cloning into '/workspace/builds/worker-1-tc2/source'...
[INFO] [stderr] done.
[INFO] validating manifest of git repo https://github.com/Lucky4Luuk/prism-199 on toolchain beta-2023-12-22
[INFO] running `Command { std: CARGO_HOME="/workspace/cargo-home" RUSTUP_HOME="/workspace/rustup-home" "/workspace/cargo-home/bin/cargo" "+beta-2023-12-22" "metadata" "--manifest-path" "Cargo.toml" "--no-deps", kill_on_drop: false }`
[INFO] started tweaking git repo https://github.com/Lucky4Luuk/prism-199
[INFO] finished tweaking git repo https://github.com/Lucky4Luuk/prism-199
[INFO] tweaked toml for git repo https://github.com/Lucky4Luuk/prism-199 written to /workspace/builds/worker-1-tc2/source/Cargo.toml
[INFO] crate git repo https://github.com/Lucky4Luuk/prism-199 already has a lockfile, it will not be regenerated
[INFO] running `Command { std: CARGO_HOME="/workspace/cargo-home" RUSTUP_HOME="/workspace/rustup-home" "/workspace/cargo-home/bin/cargo" "+beta-2023-12-22" "fetch" "--manifest-path" "Cargo.toml", kill_on_drop: false }`
[INFO] running `Command { std: "docker" "create" "-v" "/var/lib/crater-agent-workspace/builds/worker-1-tc2/target:/opt/rustwide/target:rw,Z" "-v" "/var/lib/crater-agent-workspace/builds/worker-1-tc2/source:/opt/rustwide/workdir:ro,Z" "-v" "/var/lib/crater-agent-workspace/cargo-home:/opt/rustwide/cargo-home:ro,Z" "-v" "/var/lib/crater-agent-workspace/rustup-home:/opt/rustwide/rustup-home:ro,Z" "-e" "SOURCE_DIR=/opt/rustwide/workdir" "-e" "CARGO_TARGET_DIR=/opt/rustwide/target" "-e" "CARGO_HOME=/opt/rustwide/cargo-home" "-e" "RUSTUP_HOME=/opt/rustwide/rustup-home" "-w" "/opt/rustwide/workdir" "-m" "1610612736" "--user" "0:0" "--network" "none" "ghcr.io/rust-lang/crates-build-env/linux@sha256:2788e3201cd34a07e3172128adcd8b3090168a8e3bcc40d7c032b9dda1df7d1c" "/opt/rustwide/cargo-home/bin/cargo" "+beta-2023-12-22" "metadata" "--no-deps" "--format-version=1", kill_on_drop: false }`
[INFO] [stdout] 6c79796151ab78d4566de26192d11bbb5627bc36dcec0be00ff8bc9ec7eda11d
[INFO] running `Command { std: "docker" "start" "-a" "6c79796151ab78d4566de26192d11bbb5627bc36dcec0be00ff8bc9ec7eda11d", kill_on_drop: false }`
[INFO] running `Command { std: "docker" "inspect" "6c79796151ab78d4566de26192d11bbb5627bc36dcec0be00ff8bc9ec7eda11d", kill_on_drop: false }`
[INFO] running `Command { std: "docker" "rm" "-f" "6c79796151ab78d4566de26192d11bbb5627bc36dcec0be00ff8bc9ec7eda11d", kill_on_drop: false }`
[INFO] [stdout] 6c79796151ab78d4566de26192d11bbb5627bc36dcec0be00ff8bc9ec7eda11d
[INFO] running `Command { std: "docker" "create" "-v" "/var/lib/crater-agent-workspace/builds/worker-1-tc2/target:/opt/rustwide/target:rw,Z" "-v" "/var/lib/crater-agent-workspace/builds/worker-1-tc2/source:/opt/rustwide/workdir:ro,Z" "-v" "/var/lib/crater-agent-workspace/cargo-home:/opt/rustwide/cargo-home:ro,Z" "-v" "/var/lib/crater-agent-workspace/rustup-home:/opt/rustwide/rustup-home:ro,Z" "-e" "SOURCE_DIR=/opt/rustwide/workdir" "-e" "CARGO_TARGET_DIR=/opt/rustwide/target" "-e" "CARGO_INCREMENTAL=0" "-e" "RUST_BACKTRACE=full" "-e" "RUSTFLAGS=--cap-lints=warn" "-e" "RUSTDOCFLAGS=--cap-lints=warn" "-e" "CARGO_HOME=/opt/rustwide/cargo-home" "-e" "RUSTUP_HOME=/opt/rustwide/rustup-home" "-w" "/opt/rustwide/workdir" "-m" "1610612736" "--user" "0:0" "--network" "none" "ghcr.io/rust-lang/crates-build-env/linux@sha256:2788e3201cd34a07e3172128adcd8b3090168a8e3bcc40d7c032b9dda1df7d1c" "/opt/rustwide/cargo-home/bin/cargo" "+beta-2023-12-22" "doc" "--frozen" "--no-deps" "--document-private-items" "--message-format=json", kill_on_drop: false }`
[INFO] [stdout] 92767426096ac9415a55d6f1719721e1d6496db7a59d66af5883c8888b789766
[INFO] running `Command { std: "docker" "start" "-a" "92767426096ac9415a55d6f1719721e1d6496db7a59d66af5883c8888b789766", kill_on_drop: false }`
[INFO] [stderr]    Compiling libc v0.2.126
[INFO] [stderr]    Compiling proc-macro2 v1.0.40
[INFO] [stderr]    Compiling unicode-ident v1.0.2
[INFO] [stderr]    Compiling quote v1.0.20
[INFO] [stderr]    Compiling syn v1.0.98
[INFO] [stderr]     Checking once_cell v1.13.0
[INFO] [stderr]    Compiling serde_derive v1.0.140
[INFO] [stderr]    Compiling serde v1.0.140
[INFO] [stderr]     Checking hashbrown v0.12.3
[INFO] [stderr]    Compiling indexmap v1.9.1
[INFO] [stderr]     Checking smallvec v1.9.0
[INFO] [stderr]    Compiling io-lifetimes v0.7.2
[INFO] [stderr]    Compiling rustix v0.35.7
[INFO] [stderr]    Compiling ahash v0.7.6
[INFO] [stderr]     Checking linux-raw-sys v0.0.46
[INFO] [stderr]     Checking fallible-iterator v0.2.0
[INFO] [stderr]    Compiling anyhow v1.0.58
[INFO] [stderr]     Checking stable_deref_trait v1.2.0
[INFO] [stderr]     Checking fxhash v0.2.1
[INFO] [stderr]     Checking libloading v0.7.3
[INFO] [stderr]    Compiling pkg-config v0.3.25
[INFO] [stderr]    Compiling target-lexicon v0.12.4
[INFO] [stderr]     Checking termcolor v1.1.3
[INFO] [stderr]    Compiling cranelift-isle v0.86.1
[INFO] [stderr]    Compiling cranelift-codegen-shared v0.86.1
[INFO] [stderr]     Checking unicode-width v0.1.9
[INFO] [stderr]    Compiling crc32fast v1.3.2
[INFO] [stderr]    Compiling cranelift-codegen-meta v0.86.1
[INFO] [stderr]    Compiling crossbeam-utils v0.8.10
[INFO] [stderr]    Compiling generic-array v0.14.5
[INFO] [stderr]     Checking slice-group-by v0.3.0
[INFO] [stderr]    Compiling crossbeam-epoch v0.9.9
[INFO] [stderr]    Compiling io-extras v0.15.0
[INFO] [stderr]     Checking aho-corasick v0.7.18
[INFO] [stderr]    Compiling lock_api v0.4.7
[INFO] [stderr]    Compiling cap-primitives v0.25.2
[INFO] [stderr]     Checking regalloc2 v0.3.1
[INFO] [stderr]    Compiling parking_lot_core v0.8.5
[INFO] [stderr]    Compiling zstd-safe v5.0.2+zstd.1.5.2
[INFO] [stderr]    Compiling wayland-sys v0.29.4
[INFO] [stderr]    Compiling jobserver v0.1.24
[INFO] [stderr]     Checking either v1.7.0
[INFO] [stderr]     Checking more-asserts v0.2.2
[INFO] [stderr]     Checking regex-syntax v0.6.27
[INFO] [stderr]     Checking ambient-authority v0.0.1
[INFO] [stderr]    Compiling cc v1.0.73
[INFO] [stderr]    Compiling wayland-scanner v0.29.4
[INFO] [stderr]    Compiling dirs-sys-next v0.1.2
[INFO] [stderr]     Checking miniz_oxide v0.5.3
[INFO] [stderr]    Compiling log v0.4.17
[INFO] [stderr]     Checking dlib v0.5.0
[INFO] [stderr]     Checking object v0.29.0
[INFO] [stderr]    Compiling num-traits v0.2.15
[INFO] [stderr]    Compiling cpp_demangle v0.3.5
[INFO] [stderr]     Checking maybe-owned v0.3.4
[INFO] [stderr]     Checking leb128 v0.2.5
[INFO] [stderr]     Checking ipnet v2.5.0
[INFO] [stderr]    Compiling wast v35.0.2
[INFO] [stderr]     Checking wasm-encoder v0.14.0
[INFO] [stderr]     Checking crossbeam-deque v0.8.1
[INFO] [stderr]     Checking getrandom v0.2.7
[INFO] [stderr]     Checking nix v0.22.3
[INFO] [stderr]     Checking atty v0.2.14
[INFO] [stderr]     Checking rand_core v0.6.3
[INFO] [stderr]     Checking hashbrown v0.11.2
[INFO] [stderr]     Checking region v2.2.0
[INFO] [stderr]     Checking rand_chacha v0.3.1
[INFO] [stderr]     Checking num_cpus v1.13.1
[INFO] [stderr]    Compiling dirs-next v2.0.0
[INFO] [stderr]     Checking rand v0.8.5
[INFO] [stderr]     Checking itertools v0.10.3
[INFO] [stderr]     Checking digest v0.9.0
[INFO] [stderr]     Checking block-buffer v0.9.0
[INFO] [stderr]     Checking crossbeam-channel v0.5.5
[INFO] [stderr]    Compiling async-trait v0.1.56
[INFO] [stderr]    Compiling zstd-sys v2.0.1+zstd.1.5.2
[INFO] [stderr]    Compiling wasmtime-fiber v0.39.1
[INFO] [stderr]    Compiling backtrace v0.3.66
[INFO] [stderr]    Compiling wasmtime-runtime v0.39.1
[INFO] [stderr]    Compiling ittapi-rs v0.2.0
[INFO] [stderr]    Compiling wayland-client v0.29.4
[INFO] [stderr]     Checking regex v1.6.0
[INFO] [stderr]    Compiling psm v0.1.19
[INFO] [stderr]     Checking cpufeatures v0.2.2
[INFO] [stderr]    Compiling cap-std v0.25.2
[INFO] [stderr]    Compiling wasmtime-cache v0.39.1
[INFO] [stderr]     Checking rayon-core v1.9.3
[INFO] [stderr]     Checking sha2 v0.9.9
[INFO] [stderr]     Checking parking_lot v0.11.2
[INFO] [stderr]    Compiling shellexpand v2.1.0
[INFO] [stderr]     Checking wast v44.0.0
[INFO] [stderr]     Checking directories-next v2.0.0
[INFO] [stderr]    Compiling wasmtime v0.39.1
[INFO] [stderr]     Checking bit-vec v0.6.3
[INFO] [stderr]     Checking scoped-tls v1.0.0
[INFO] [stderr]     Checking base64 v0.13.0
[INFO] [stderr]    Compiling ash v0.34.0+1.2.203
[INFO] [stderr]    Compiling khronos-egl v4.1.0
[INFO] [stderr]     Checking bit-set v0.5.3
[INFO] [stderr]     Checking nom v7.1.1
[INFO] [stderr]     Checking rayon v1.5.3
[INFO] [stderr]    Compiling wayland-protocols v0.29.4
[INFO] [stderr]     Checking codespan-reporting v0.11.1
[INFO] [stderr]     Checking fs-set-times v0.17.1
[INFO] [stderr]     Checking env_logger v0.9.0
[INFO] [stderr]     Checking memfd v0.6.1
[INFO] [stderr]     Checking tracing-core v0.1.28
[INFO] [stderr]     Checking gpu-descriptor-types v0.1.1
[INFO] [stderr]     Checking file-per-thread-logger v0.1.5
[INFO] [stderr]     Checking gpu-alloc-types v0.2.0
[INFO] [stderr]     Checking rustc-hash v1.1.0
[INFO] [stdout] error[E0061]: this method takes 1 argument but 2 arguments were supplied
[INFO] [stdout]   --> /opt/rustwide/cargo-home/registry/src/index.crates.io-6f17d22bba15001f/cap-primitives-0.25.2/src/rustix/linux/fs/set_times_impl.rs:20:25
[INFO] [stdout]    |
[INFO] [stdout] 20 |             return file.set_times(
[INFO] [stdout]    |                         ^^^^^^^^^
[INFO] [stdout] 21 |                 atime.map(SystemTimeSpec::into_std),
[INFO] [stdout] 22 |                 mtime.map(SystemTimeSpec::into_std),
[INFO] [stdout]    |                 ----------------------------------- unexpected argument of type `Option<fs_set_times::SystemTimeSpec>`
[INFO] [stdout]    |
[INFO] [stdout] note: expected `FileTimes`, found `Option<SystemTimeSpec>`
[INFO] [stdout]   --> /opt/rustwide/cargo-home/registry/src/index.crates.io-6f17d22bba15001f/cap-primitives-0.25.2/src/rustix/linux/fs/set_times_impl.rs:21:17
[INFO] [stdout]    |
[INFO] [stdout] 21 |                 atime.map(SystemTimeSpec::into_std),
[INFO] [stdout]    |                 ^^^^^^^^^^^^^^^^^^^^^^^^^^^^^^^^^^^
[INFO] [stdout]    = note: expected struct `FileTimes`
[INFO] [stdout]                 found enum `Option<fs_set_times::SystemTimeSpec>`
[INFO] [stdout] note: method defined here
[INFO] [stdout]   --> /rustc/0e09125c6c3c2fd70d7de961bcf0e51575235fad/library/std/src/fs.rs:695:12
[INFO] [stdout] help: remove the extra argument
[INFO] [stdout]    |
[INFO] [stdout] 21 -                 atime.map(SystemTimeSpec::into_std),
[INFO] [stdout] 21 +                 /* FileTimes */,
[INFO] [stdout]    |
[INFO] [stdout] 
[INFO] [stdout] 
[INFO] [stdout] error[E0061]: this method takes 1 argument but 2 arguments were supplied
[INFO] [stdout]   --> /opt/rustwide/cargo-home/registry/src/index.crates.io-6f17d22bba15001f/cap-primitives-0.25.2/src/rustix/linux/fs/set_times_impl.rs:34:25
[INFO] [stdout]    |
[INFO] [stdout] 34 |             return file.set_times(
[INFO] [stdout]    |                         ^^^^^^^^^
[INFO] [stdout] 35 |                 atime.map(SystemTimeSpec::into_std),
[INFO] [stdout] 36 |                 mtime.map(SystemTimeSpec::into_std),
[INFO] [stdout]    |                 ----------------------------------- unexpected argument of type `Option<fs_set_times::SystemTimeSpec>`
[INFO] [stdout]    |
[INFO] [stdout] note: expected `FileTimes`, found `Option<SystemTimeSpec>`
[INFO] [stdout]   --> /opt/rustwide/cargo-home/registry/src/index.crates.io-6f17d22bba15001f/cap-primitives-0.25.2/src/rustix/linux/fs/set_times_impl.rs:35:17
[INFO] [stdout]    |
[INFO] [stdout] 35 |                 atime.map(SystemTimeSpec::into_std),
[INFO] [stdout]    |                 ^^^^^^^^^^^^^^^^^^^^^^^^^^^^^^^^^^^
[INFO] [stdout]    = note: expected struct `FileTimes`
[INFO] [stdout]                 found enum `Option<fs_set_times::SystemTimeSpec>`
[INFO] [stdout] note: method defined here
[INFO] [stdout]   --> /rustc/0e09125c6c3c2fd70d7de961bcf0e51575235fad/library/std/src/fs.rs:695:12
[INFO] [stdout] help: remove the extra argument
[INFO] [stdout]    |
[INFO] [stdout] 35 -                 atime.map(SystemTimeSpec::into_std),
[INFO] [stdout] 35 +                 /* FileTimes */,
[INFO] [stdout]    |
[INFO] [stdout] 
[INFO] [stdout] 
[INFO] [stderr]    Compiling cfg_aliases v0.1.1
[INFO] [stderr]     Checking spirv v0.2.0+1.5.4
[INFO] [stderr]    Compiling wasi-common v0.39.1
[INFO] [stderr]     Checking hexf-parse v0.2.1
[INFO] [stdout] error: aborting due to 2 previous errors
[INFO] [stdout] 
[INFO] [stdout] 
[INFO] [stdout] For more information about this error, try `rustc --explain E0061`.
[INFO] [stdout] 
[INFO] [stderr] error: could not compile `cap-primitives` (lib) due to 3 previous errors
[INFO] [stderr] warning: build failed, waiting for other jobs to finish...
[INFO] running `Command { std: "docker" "inspect" "92767426096ac9415a55d6f1719721e1d6496db7a59d66af5883c8888b789766", kill_on_drop: false }`
[INFO] running `Command { std: "docker" "rm" "-f" "92767426096ac9415a55d6f1719721e1d6496db7a59d66af5883c8888b789766", kill_on_drop: false }`
[INFO] [stdout] 92767426096ac9415a55d6f1719721e1d6496db7a59d66af5883c8888b789766
