[INFO] cloning repository https://github.com/LucasPickering/terra-rs
[INFO] running `Command { std: "git" "-c" "credential.helper=" "-c" "credential.helper=/workspace/cargo-home/bin/git-credential-null" "clone" "--bare" "https://github.com/LucasPickering/terra-rs" "/workspace/cache/git-repos/https%3A%2F%2Fgithub.com%2FLucasPickering%2Fterra-rs", kill_on_drop: false }`
[INFO] [stderr] Cloning into bare repository '/workspace/cache/git-repos/https%3A%2F%2Fgithub.com%2FLucasPickering%2Fterra-rs'...
[INFO] running `Command { std: "git" "rev-parse" "HEAD", kill_on_drop: false }`
[INFO] [stdout] a82e935424ab5346c9893364f6365288ce55bf3f
[INFO] documenting LucasPickering/terra-rs against 1.75.0 for beta-1.76-rustdoc-1
[INFO] running `Command { std: "git" "clone" "/workspace/cache/git-repos/https%3A%2F%2Fgithub.com%2FLucasPickering%2Fterra-rs" "/workspace/builds/worker-3-tc1/source", kill_on_drop: false }`
[INFO] [stderr] Cloning into '/workspace/builds/worker-3-tc1/source'...
[INFO] [stderr] done.
[INFO] validating manifest of git repo https://github.com/LucasPickering/terra-rs on toolchain 1.75.0
[INFO] running `Command { std: CARGO_HOME="/workspace/cargo-home" RUSTUP_HOME="/workspace/rustup-home" "/workspace/cargo-home/bin/cargo" "+1.75.0" "metadata" "--manifest-path" "Cargo.toml" "--no-deps", kill_on_drop: false }`
[INFO] removed /workspace/builds/worker-3-tc1/source/.cargo/config.toml
[INFO] removed /workspace/builds/worker-3-tc1/source/rust-toolchain.toml
[INFO] started tweaking git repo https://github.com/LucasPickering/terra-rs
[INFO] finished tweaking git repo https://github.com/LucasPickering/terra-rs
[INFO] tweaked toml for git repo https://github.com/LucasPickering/terra-rs written to /workspace/builds/worker-3-tc1/source/Cargo.toml
[INFO] crate git repo https://github.com/LucasPickering/terra-rs already has a lockfile, it will not be regenerated
[INFO] running `Command { std: CARGO_HOME="/workspace/cargo-home" RUSTUP_HOME="/workspace/rustup-home" "/workspace/cargo-home/bin/cargo" "+1.75.0" "fetch" "--manifest-path" "Cargo.toml", kill_on_drop: false }`
[INFO] [stderr]     Updating crates.io index
[INFO] [stderr]  Downloading crates ...
[INFO] [stderr]   Downloaded bevy_window v0.9.1
[INFO] [stderr]   Downloaded bevy_hierarchy v0.9.1
[INFO] [stderr]   Downloaded bevy_ecs_macros v0.9.1
[INFO] [stderr]   Downloaded rand_pcg v0.3.0
[INFO] [stderr]   Downloaded bevy_input v0.9.1
[INFO] [stderr]   Downloaded encase_derive v0.4.1
[INFO] [stderr]   Downloaded bevy_encase_derive v0.9.1
[INFO] [stderr]   Downloaded validator_types v0.12.0
[INFO] [stderr]   Downloaded bevy_macro_utils v0.9.1
[INFO] [stderr]   Downloaded bevy_math v0.9.1
[INFO] [stderr]   Downloaded bevy_ptr v0.9.1
[INFO] [stderr]   Downloaded bevy_utils v0.9.1
[INFO] [stderr]   Downloaded bevy_app v0.9.1
[INFO] [stderr]   Downloaded bevy_scene v0.9.1
[INFO] [stderr]   Downloaded bevy_sprite v0.9.1
[INFO] [stderr]   Downloaded bevy_tasks v0.9.1
[INFO] [stderr]   Downloaded bevy_ui v0.9.1
[INFO] [stderr]   Downloaded bevy_egui v0.18.0
[INFO] [stderr]   Downloaded ttf-parser v0.18.0
[INFO] [stderr]   Downloaded bevy_render v0.9.1
[INFO] [stderr]   Downloaded lexical-core v0.7.5
[INFO] [stderr]   Downloaded bevy_ecs v0.9.1
[INFO] [stderr]   Downloaded bevy_pbr v0.9.1
[INFO] [stderr]   Downloaded bevy_core_pipeline v0.9.1
[INFO] [stderr]   Downloaded encase v0.4.1
[INFO] [stderr]   Downloaded bevy_asset v0.9.1
[INFO] [stderr]   Downloaded bevy_reflect v0.9.1
[INFO] [stderr]   Downloaded bevy v0.9.1
[INFO] [stderr]   Downloaded stl_io v0.6.0
[INFO] [stderr]   Downloaded bevy_core v0.9.1
[INFO] [stderr]   Downloaded bevy_internal v0.9.1
[INFO] [stderr]   Downloaded bevy_time v0.9.1
[INFO] [stderr]   Downloaded bevy_transform v0.9.1
[INFO] [stderr]   Downloaded validator_derive v0.12.0
[INFO] [stderr]   Downloaded bevy_gltf v0.9.1
[INFO] [stderr]   Downloaded bevy_render_macros v0.9.1
[INFO] [stderr]   Downloaded bevy_mikktspace v0.9.1
[INFO] [stderr]   Downloaded bevy_winit v0.9.1
[INFO] [stderr]   Downloaded bevy_derive v0.9.1
[INFO] [stderr]   Downloaded bevy_text v0.9.1
[INFO] [stderr]   Downloaded bevy_diagnostic v0.9.1
[INFO] [stderr]   Downloaded bevy_log v0.9.1
[INFO] [stderr]   Downloaded if_chain v1.0.1
[INFO] [stderr]   Downloaded encase_derive_impl v0.4.1
[INFO] [stderr]   Downloaded validator v0.12.0
[INFO] [stderr]   Downloaded bevy_reflect_derive v0.9.1
[INFO] [stderr]   Downloaded serde_test v1.0.151
[INFO] running `Command { std: "docker" "create" "-v" "/var/lib/crater-agent-workspace/builds/worker-3-tc1/target:/opt/rustwide/target:rw,Z" "-v" "/var/lib/crater-agent-workspace/builds/worker-3-tc1/source:/opt/rustwide/workdir:ro,Z" "-v" "/var/lib/crater-agent-workspace/cargo-home:/opt/rustwide/cargo-home:ro,Z" "-v" "/var/lib/crater-agent-workspace/rustup-home:/opt/rustwide/rustup-home:ro,Z" "-e" "SOURCE_DIR=/opt/rustwide/workdir" "-e" "CARGO_TARGET_DIR=/opt/rustwide/target" "-e" "CARGO_HOME=/opt/rustwide/cargo-home" "-e" "RUSTUP_HOME=/opt/rustwide/rustup-home" "-w" "/opt/rustwide/workdir" "-m" "1610612736" "--user" "0:0" "--network" "none" "ghcr.io/rust-lang/crates-build-env/linux@sha256:2788e3201cd34a07e3172128adcd8b3090168a8e3bcc40d7c032b9dda1df7d1c" "/opt/rustwide/cargo-home/bin/cargo" "+1.75.0" "metadata" "--no-deps" "--format-version=1", kill_on_drop: false }`
[INFO] [stdout] 49d9c78a6630989e07f517ef41a9442bf7980a557e9e0739c0c52e6fa756a59c
[INFO] running `Command { std: "docker" "start" "-a" "49d9c78a6630989e07f517ef41a9442bf7980a557e9e0739c0c52e6fa756a59c", kill_on_drop: false }`
[INFO] running `Command { std: "docker" "inspect" "49d9c78a6630989e07f517ef41a9442bf7980a557e9e0739c0c52e6fa756a59c", kill_on_drop: false }`
[INFO] running `Command { std: "docker" "rm" "-f" "49d9c78a6630989e07f517ef41a9442bf7980a557e9e0739c0c52e6fa756a59c", kill_on_drop: false }`
[INFO] [stdout] 49d9c78a6630989e07f517ef41a9442bf7980a557e9e0739c0c52e6fa756a59c
[INFO] running `Command { std: "docker" "create" "-v" "/var/lib/crater-agent-workspace/builds/worker-3-tc1/target:/opt/rustwide/target:rw,Z" "-v" "/var/lib/crater-agent-workspace/builds/worker-3-tc1/source:/opt/rustwide/workdir:ro,Z" "-v" "/var/lib/crater-agent-workspace/cargo-home:/opt/rustwide/cargo-home:ro,Z" "-v" "/var/lib/crater-agent-workspace/rustup-home:/opt/rustwide/rustup-home:ro,Z" "-e" "SOURCE_DIR=/opt/rustwide/workdir" "-e" "CARGO_TARGET_DIR=/opt/rustwide/target" "-e" "CARGO_INCREMENTAL=0" "-e" "RUST_BACKTRACE=full" "-e" "RUSTFLAGS=--cap-lints=warn" "-e" "RUSTDOCFLAGS=--cap-lints=warn" "-e" "CARGO_HOME=/opt/rustwide/cargo-home" "-e" "RUSTUP_HOME=/opt/rustwide/rustup-home" "-w" "/opt/rustwide/workdir" "-m" "1610612736" "--user" "0:0" "--network" "none" "ghcr.io/rust-lang/crates-build-env/linux@sha256:2788e3201cd34a07e3172128adcd8b3090168a8e3bcc40d7c032b9dda1df7d1c" "/opt/rustwide/cargo-home/bin/cargo" "+1.75.0" "doc" "--frozen" "--no-deps" "--document-private-items" "--message-format=json", kill_on_drop: false }`
[INFO] [stdout] 7a99ae146ca3eb89c33b632054823ab86a503cea690e2afafc5aaa916daf253f
[INFO] running `Command { std: "docker" "start" "-a" "7a99ae146ca3eb89c33b632054823ab86a503cea690e2afafc5aaa916daf253f", kill_on_drop: false }`
[INFO] [stderr] warning: output filename collision.
[INFO] [stderr] The bin target `terra` in package `terra-cli v0.1.0 (/opt/rustwide/workdir/crates/cli)` has the same output filename as the lib target `terra` in package `terra v0.1.0 (/opt/rustwide/workdir/crates/core)`.
[INFO] [stderr] Colliding filename is: /opt/rustwide/target/doc/terra/index.html
[INFO] [stderr] The targets should have unique names.
[INFO] [stderr] This is a known bug where multiple crates with the same name use
[INFO] [stderr] the same path; see <https://github.com/rust-lang/cargo/issues/6313>.
[INFO] [stderr]    Compiling proc-macro2 v1.0.47
[INFO] [stderr]    Compiling unicode-ident v1.0.5
[INFO] [stderr]    Compiling syn v1.0.105
[INFO] [stderr]     Checking cfg-if v1.0.0
[INFO] [stderr]    Compiling autocfg v1.1.0
[INFO] [stderr]    Compiling libc v0.2.138
[INFO] [stderr]    Compiling serde_derive v1.0.152
[INFO] [stderr]    Compiling serde v1.0.152
[INFO] [stderr]    Compiling version_check v0.9.4
[INFO] [stderr]     Checking once_cell v1.16.0
[INFO] [stderr]    Compiling memchr v2.5.0
[INFO] [stderr]    Compiling parking_lot_core v0.9.5
[INFO] [stderr]     Checking byteorder v1.4.3
[INFO] [stderr]     Checking scopeguard v1.1.0
[INFO] [stderr]     Checking pin-project-lite v0.2.9
[INFO] [stderr]    Compiling thiserror v1.0.38
[INFO] [stderr]    Compiling futures-core v0.3.25
[INFO] [stderr]    Compiling crossbeam-utils v0.8.14
[INFO] [stderr]     Checking tracing-core v0.1.30
[INFO] [stderr]    Compiling log v0.4.17
[INFO] [stderr]     Checking lazy_static v1.4.0
[INFO] [stderr]     Checking fixedbitset v0.4.2
[INFO] [stderr]     Checking event-listener v2.5.3
[INFO] [stderr]     Checking fastrand v1.8.0
[INFO] [stderr]     Checking bitflags v1.3.2
[INFO] [stderr]     Checking parking v2.0.0
[INFO] [stderr]     Checking waker-fn v1.1.0
[INFO] [stderr]     Checking futures-io v0.3.25
[INFO] [stderr]     Checking tracing v0.1.37
[INFO] [stderr]     Checking fxhash v0.2.1
[INFO] [stderr]     Checking instant v0.1.12
[INFO] [stderr]    Compiling erased-serde v0.3.24
[INFO] [stderr]    Compiling bit-vec v0.6.3
[INFO] [stderr]     Checking async-task v4.3.0
[INFO] [stderr]     Checking cache-padded v1.2.0
[INFO] [stderr]     Checking thread_local v1.1.4
[INFO] [stderr]     Checking downcast-rs v1.2.0
[INFO] [stderr]     Checking concurrent-queue v1.2.4
[INFO] [stderr]     Checking bevy_ptr v0.9.1
[INFO] [stderr]     Checking regex-syntax v0.6.28
[INFO] [stderr]     Checking unicode-width v0.1.8
[INFO] [stderr]     Checking cty v0.2.2
[INFO] [stderr]     Checking overload v0.1.1
[INFO] [stderr]     Checking tracing-log v0.1.3
[INFO] [stderr]    Compiling bit-set v0.5.3
[INFO] [stderr]     Checking sharded-slab v0.1.4
[INFO] [stderr]     Checking nu-ansi-term v0.46.0
[INFO] [stderr]     Checking raw-window-handle v0.5.0
[INFO] [stderr]     Checking concurrent-queue v2.0.0
[INFO] [stderr]    Compiling anyhow v1.0.40
[INFO] [stderr]     Checking futures-lite v1.12.0
[INFO] [stderr]     Checking aho-corasick v0.7.20
[INFO] [stderr]     Checking libloading v0.7.4
[INFO] [stderr]     Checking unicode-xid v0.2.4
[INFO] [stderr]     Checking async-channel v1.8.0
[INFO] [stderr]    Compiling khronos-egl v4.1.0
[INFO] [stderr]     Checking static_assertions v1.1.0
[INFO] [stderr]    Compiling ryu v1.0.5
[INFO] [stderr]     Checking termcolor v1.1.3
[INFO] [stderr]    Compiling quote v1.0.9
[INFO] [stderr]     Checking getrandom v0.2.8
[INFO] [stderr]    Compiling ash v0.37.1+1.3.235
[INFO] [stderr]    Compiling lock_api v0.4.9
[INFO] [stderr]    Compiling num-traits v0.2.14
[INFO] [stderr]    Compiling ahash v0.7.6
[INFO] [stderr]    Compiling slab v0.4.7
[INFO] [stderr]    Compiling indexmap v1.9.2
[INFO] [stderr]    Compiling uuid v1.2.2
[INFO] [stderr]     Checking codespan-reporting v0.11.1
[INFO] [stderr]    Compiling num-integer v0.1.45
[INFO] [stderr]     Checking pp-rs v0.2.1
[INFO] [stderr]     Checking async-lock v2.6.0
[INFO] [stderr]     Checking gpu-descriptor-types v0.1.1
[INFO] [stderr]     Checking gpu-alloc-types v0.2.0
[INFO] [stderr]     Checking rustc-hash v1.1.0
[INFO] [stderr]     Checking arrayvec v0.7.2
[INFO] [stderr]    Compiling cfg_aliases v0.1.1
[INFO] [stderr]     Checking hexf-parse v0.2.1
[INFO] [stderr]    Compiling wgpu-core v0.14.2
[INFO] [stderr]     Checking gpu-alloc v0.5.3
[INFO] [stderr]     Checking async-executor v1.5.0
[INFO] [stderr]    Compiling num-rational v0.4.1
[INFO] [stderr]     Checking crossbeam-channel v0.5.6
[INFO] [stderr]     Checking wgpu-types v0.14.1
[INFO] [stderr]     Checking bevy_tasks v0.9.1
[INFO] [stderr]     Checking glow v0.11.2
[INFO] [stderr]     Checking itoa v1.0.5
[INFO] [stderr]     Checking profiling v1.0.7
[INFO] [stderr]     Checking renderdoc-sys v0.7.1
[INFO] [stderr]    Compiling serde_json v1.0.91
[INFO] [stderr]     Checking color_quant v1.1.0
[INFO] [stderr]     Checking percent-encoding v2.1.0
[INFO] [stderr]     Checking const_panic v0.2.7
[INFO] [stderr]     Checking hex v0.4.3
[INFO] [stderr]    Compiling proc-macro-error-attr v1.0.4
[INFO] [stderr]     Checking ttf-parser v0.18.0
[INFO] [stderr]    Compiling getrandom v0.1.16
[INFO] [stderr]     Checking spirv v0.2.0+1.5.4
[INFO] [stderr]    Compiling proc-macro-error v1.0.4
[INFO] [stderr]     Checking radsort v0.1.0
[INFO] [stderr]     Checking ab_glyph_rasterizer v0.1.7
[INFO] [stderr]     Checking matches v0.1.8
[INFO] [stderr]     Checking regex v1.7.0
[INFO] [stderr]     Checking regex-automata v0.1.10
[INFO] [stderr]     Checking ppv-lite86 v0.2.10
[INFO] [stderr]    Compiling unicode-segmentation v1.7.1
[INFO] [stderr]    Compiling pkg-config v0.3.26
[INFO] [stderr]     Checking tinyvec_macros v0.1.0
[INFO] [stderr]     Checking tinyvec v1.1.1
[INFO] [stderr]     Checking rand_core v0.5.1
[INFO] [stderr]     Checking euclid v0.22.7
[INFO] [stderr]     Checking approx v0.5.1
[INFO] [stderr]    Compiling heck v0.3.2
[INFO] [stderr]     Checking svg_fmt v0.4.1
[INFO] [stderr]    Compiling typenum v1.16.0
[INFO] [stderr]    Compiling inflections v1.1.1
[INFO] [stderr]     Checking unicode-bidi v0.3.4
[INFO] [stderr]     Checking rand_core v0.6.2
[INFO] [stderr]     Checking unicode-normalization v0.1.17
[INFO] [stderr]     Checking matchers v0.1.0
[INFO] [stderr]     Checking base64 v0.13.1
[INFO] [stderr]     Checking rectangle-pack v0.4.2
[INFO] [stderr]     Checking guillotiere v0.6.2
[INFO] [stderr]     Checking xi-unicode v0.3.0
[INFO] [stderr]     Checking rand_chacha v0.2.2
[INFO] [stderr]     Checking form_urlencoded v1.0.1
[INFO] [stderr]    Compiling ahash v0.8.2
[INFO] [stderr]     Checking mio v0.8.5
[INFO] [stderr]     Checking raw-window-handle v0.4.3
[INFO] [stderr]     Checking hash32 v0.2.1
[INFO] [stderr]    Compiling validator_types v0.12.0
[INFO] [stderr]    Compiling toml v0.5.8
[INFO] [stderr]    Compiling if_chain v1.0.1
[INFO] [stderr]     Checking rand v0.7.3
[INFO] [stderr]     Checking rand_chacha v0.3.0
[INFO] [stderr]     Checking rand_xorshift v0.2.0
[INFO] [stderr]     Checking float-cmp v0.8.0
[INFO] [stderr]     Checking idna v0.2.2
[INFO] [stderr]     Checking atty v0.2.14
[INFO] [stderr]     Checking owned_ttf_parser v0.18.0
[INFO] [stderr]    Compiling lexical-core v0.7.5
[INFO] [stderr]     Checking half v1.7.1
[INFO] [stderr]    Compiling convert_case v0.4.0
[INFO] [stderr]     Checking rand v0.8.3
[INFO] [stderr]     Checking ab_glyph v0.2.19
[INFO] [stderr]     Checking stl_io v0.6.0
[INFO] [stderr]     Checking url v2.2.1
[INFO] [stderr]     Checking glyph_brush_layout v0.2.3
[INFO] [stderr]     Checking rand_pcg v0.3.0
[INFO] [stderr]    Compiling nom v5.1.2
[INFO] [stderr]     Checking svg v0.8.2
[INFO] [stderr]     Checking nohash-hasher v0.2.0
[INFO] [stderr]    Compiling x11-dl v2.20.1
[INFO] [stderr]     Checking assert_approx_eq v1.1.0
[INFO] [stderr]     Checking fnv v1.0.7
[INFO] [stderr]    Compiling time-core v0.1.0
[INFO] [stderr]     Checking arrayvec v0.5.2
[INFO] [stderr]    Compiling time-macros v0.2.6
[INFO] [stderr]     Checking noise v0.8.2
[INFO] [stderr]     Checking textwrap v0.11.0
[INFO] [stderr]     Checking vec_map v0.8.2
[INFO] [stderr]     Checking num_threads v0.1.6
[INFO] [stderr]     Checking strsim v0.8.0
[INFO] [stderr]     Checking ansi_term v0.11.0
[INFO] [stderr]     Checking colored v2.0.0
[INFO] [stderr]    Compiling bevy_macro_utils v0.9.1
[INFO] [stderr]    Compiling encase_derive_impl v0.4.1
[INFO] [stderr]     Checking clap v2.33.3
[INFO] [stderr]     Checking time v0.3.17
[INFO] [stderr]     Checking simple_logger v4.0.0
[INFO] [stderr]    Compiling bytemuck_derive v1.3.0
[INFO] [stderr]    Compiling thiserror-impl v1.0.38
[INFO] [stderr]    Compiling bevy_reflect_derive v0.9.1
[INFO] [stderr]    Compiling bevy_ecs_macros v0.9.1
[INFO] [stderr]    Compiling bevy_derive v0.9.1
[INFO] [stderr]    Compiling encase_derive v0.4.1
[INFO] [stderr]    Compiling bevy_encase_derive v0.9.1
[INFO] [stderr]    Compiling bevy_render_macros v0.9.1
[INFO] [stderr]    Compiling gltf-derive v1.0.0
[INFO] [stderr]    Compiling hash32-derive v0.1.1
[INFO] [stderr]    Compiling strum_macros v0.20.1
[INFO] [stderr]    Compiling validator_derive v0.12.0
[INFO] [stderr]    Compiling derive_more v0.99.13
[INFO] [stderr]    Compiling structopt-derive v0.4.14
[INFO] [stderr]     Checking taffy v0.1.0
[INFO] [stderr]     Checking bytemuck v1.12.3
[INFO] [stderr]     Checking image v0.24.5
[INFO] [stderr]     Checking emath v0.20.0
[INFO] [stderr]     Checking ecolor v0.20.0
[INFO] [stderr]     Checking structopt v0.3.21
[INFO] [stderr]     Checking strum v0.20.0
[INFO] [stderr]     Checking smallvec v1.10.0
[INFO] [stderr]     Checking hashbrown v0.12.3
[INFO] [stderr]     Checking glam v0.22.0
[INFO] [stderr]     Checking ron v0.8.0
[INFO] [stderr]     Checking serde_cbor v0.11.1
[INFO] [stderr]     Checking tracing-subscriber v0.3.16
[INFO] [stderr]     Checking parking_lot v0.12.1
[INFO] [stderr]     Checking winit v0.27.5
[INFO] [stderr]     Checking epaint v0.20.0
[INFO] [stderr]     Checking bevy_utils v0.9.1
[INFO] [stderr]     Checking gpu-descriptor v0.2.3
[INFO] [stderr]     Checking gltf-json v1.0.0
[INFO] [stderr]     Checking validator v0.12.0
[INFO] [stderr]     Checking config v0.10.1
[INFO] [stderr]     Checking petgraph v0.6.2
[INFO] [stderr]     Checking egui v0.20.1
[INFO] [stderr]     Checking bevy_math v0.9.1
[INFO] [stderr]     Checking bevy_mikktspace v0.9.1
[INFO] [stderr]     Checking hexasphere v8.0.0
[INFO] [stderr]     Checking encase v0.4.1
[INFO] [stderr]     Checking bevy_reflect v0.9.1
[INFO] [stderr]     Checking naga v0.10.0
[INFO] [stderr]     Checking gltf v1.0.0
[INFO] [stderr]     Checking bevy_ecs v0.9.1
[INFO] [stderr]     Checking wgpu-hal v0.14.1
[INFO] [stderr]     Checking bevy_app v0.9.1
[INFO] [stderr]     Checking terra v0.1.0 (/opt/rustwide/workdir/crates/core)
[INFO] [stderr]  Documenting terra v0.1.0 (/opt/rustwide/workdir/crates/core)
[INFO] [stdout] error[E0554]: `#![feature]` may not be used on the stable release channel
[INFO] [stdout]   --> crates/core/src/lib.rs:29:1
[INFO] [stdout]    |
[INFO] [stdout] 29 | #![feature(const_fn_floating_point_arithmetic)]
[INFO] [stdout]    | ^^^^^^^^^^^^^^^^^^^^^^^^^^^^^^^^^^^^^^^^^^^^^^^
[INFO] [stdout] 
[INFO] [stdout] 
[INFO] [stdout] error[E0554]: `#![feature]` may not be used on the stable release channel
[INFO] [stdout]   --> crates/core/src/lib.rs:29:1
[INFO] [stdout]    |
[INFO] [stdout] 29 | #![feature(const_fn_floating_point_arithmetic)]
[INFO] [stdout]    | ^^^^^^^^^^^^^^^^^^^^^^^^^^^^^^^^^^^^^^^^^^^^^^^
[INFO] [stdout] 
[INFO] [stdout] 
[INFO] [stderr]     Checking bevy_log v0.9.1
[INFO] [stderr]     Checking bevy_core v0.9.1
[INFO] [stderr]     Checking bevy_input v0.9.1
[INFO] [stderr]     Checking bevy_time v0.9.1
[INFO] [stdout] error: aborting due to previous error
[INFO] [stdout] 
[INFO] [stdout] 
[INFO] [stdout] For more information about this error, try `rustc --explain E0554`.
[INFO] [stdout] 
[INFO] [stderr] error: could not document `terra`
[INFO] [stderr] 
[INFO] [stderr] Caused by:
[INFO] [stderr]   process didn't exit successfully: `/opt/rustwide/rustup-home/toolchains/1.75.0-x86_64-unknown-linux-gnu/bin/rustdoc --edition=2021 --crate-type cdylib --crate-type rlib --crate-name terra crates/core/src/lib.rs -o /opt/rustwide/target/doc --cfg 'feature="bevy"' --cfg 'feature="bin"' --cfg 'feature="json"' --cfg 'feature="stl"' --cfg 'feature="svg"' --error-format=json --json=diagnostic-rendered-ansi,artifacts,future-incompat --document-private-items -C metadata=eed0df7a2c063c0d -L dependency=/opt/rustwide/target/debug/deps --extern anyhow=/opt/rustwide/target/debug/deps/libanyhow-df9bef21bbc6d634.rmeta --extern assert_approx_eq=/opt/rustwide/target/debug/deps/libassert_approx_eq-7b88cbf5fa968cea.rmeta --extern bevy_ecs=/opt/rustwide/target/debug/deps/libbevy_ecs-8b4593929dc9c82a.rmeta --extern derive_more=/opt/rustwide/target/debug/deps/libderive_more-366afac831d5b30c.so --extern fnv=/opt/rustwide/target/debug/deps/libfnv-2c7d815b33ad1904.rmeta --extern indexmap=/opt/rustwide/target/debug/deps/libindexmap-650db37d95ecb212.rmeta --extern log=/opt/rustwide/target/debug/deps/liblog-8cbbe1925fb4a8ca.rmeta --extern noise=/opt/rustwide/target/debug/deps/libnoise-4ea227360ef2bc23.rmeta --extern rand=/opt/rustwide/target/debug/deps/librand-4b3eb9f93e5909c2.rmeta --extern rand_pcg=/opt/rustwide/target/debug/deps/librand_pcg-f71cfe853bbe849b.rmeta --extern serde=/opt/rustwide/target/debug/deps/libserde-86d18d746dd76a63.rmeta --extern serde_cbor=/opt/rustwide/target/debug/deps/libserde_cbor-6a563fd7316ab3eb.rmeta --extern serde_json=/opt/rustwide/target/debug/deps/libserde_json-b6f725253e4c9e42.rmeta --extern stl_io=/opt/rustwide/target/debug/deps/libstl_io-3578f8143db0aae8.rmeta --extern strum=/opt/rustwide/target/debug/deps/libstrum-f31e0df14abf0999.rmeta --extern svg=/opt/rustwide/target/debug/deps/libsvg-5647ac360c089356.rmeta --extern validator=/opt/rustwide/target/debug/deps/libvalidator-5318471812b57457.rmeta --cap-lints=warn --crate-version 0.1.0` (exit status: 1)
[INFO] [stderr] warning: build failed, waiting for other jobs to finish...
[INFO] [stdout] error: aborting due to previous error
[INFO] [stdout] 
[INFO] [stdout] 
[INFO] [stdout] For more information about this error, try `rustc --explain E0554`.
[INFO] [stdout] 
[INFO] [stderr] error: could not compile `terra` (lib) due to 2 previous errors
[INFO] running `Command { std: "docker" "inspect" "7a99ae146ca3eb89c33b632054823ab86a503cea690e2afafc5aaa916daf253f", kill_on_drop: false }`
[INFO] running `Command { std: "docker" "rm" "-f" "7a99ae146ca3eb89c33b632054823ab86a503cea690e2afafc5aaa916daf253f", kill_on_drop: false }`
[INFO] [stdout] 7a99ae146ca3eb89c33b632054823ab86a503cea690e2afafc5aaa916daf253f
[INFO] documenting LucasPickering/terra-rs against beta-2023-12-22 for beta-1.76-rustdoc-1
[INFO] running `Command { std: "git" "clone" "/workspace/cache/git-repos/https%3A%2F%2Fgithub.com%2FLucasPickering%2Fterra-rs" "/workspace/builds/worker-3-tc2/source", kill_on_drop: false }`
[INFO] [stderr] Cloning into '/workspace/builds/worker-3-tc2/source'...
[INFO] [stderr] done.
[INFO] validating manifest of git repo https://github.com/LucasPickering/terra-rs on toolchain beta-2023-12-22
[INFO] running `Command { std: CARGO_HOME="/workspace/cargo-home" RUSTUP_HOME="/workspace/rustup-home" "/workspace/cargo-home/bin/cargo" "+beta-2023-12-22" "metadata" "--manifest-path" "Cargo.toml" "--no-deps", kill_on_drop: false }`
[INFO] removed /workspace/builds/worker-3-tc2/source/.cargo/config.toml
[INFO] removed /workspace/builds/worker-3-tc2/source/rust-toolchain.toml
[INFO] started tweaking git repo https://github.com/LucasPickering/terra-rs
[INFO] finished tweaking git repo https://github.com/LucasPickering/terra-rs
[INFO] tweaked toml for git repo https://github.com/LucasPickering/terra-rs written to /workspace/builds/worker-3-tc2/source/Cargo.toml
[INFO] crate git repo https://github.com/LucasPickering/terra-rs already has a lockfile, it will not be regenerated
[INFO] running `Command { std: CARGO_HOME="/workspace/cargo-home" RUSTUP_HOME="/workspace/rustup-home" "/workspace/cargo-home/bin/cargo" "+beta-2023-12-22" "fetch" "--manifest-path" "Cargo.toml", kill_on_drop: false }`
[INFO] running `Command { std: "docker" "create" "-v" "/var/lib/crater-agent-workspace/builds/worker-3-tc2/target:/opt/rustwide/target:rw,Z" "-v" "/var/lib/crater-agent-workspace/builds/worker-3-tc2/source:/opt/rustwide/workdir:ro,Z" "-v" "/var/lib/crater-agent-workspace/cargo-home:/opt/rustwide/cargo-home:ro,Z" "-v" "/var/lib/crater-agent-workspace/rustup-home:/opt/rustwide/rustup-home:ro,Z" "-e" "SOURCE_DIR=/opt/rustwide/workdir" "-e" "CARGO_TARGET_DIR=/opt/rustwide/target" "-e" "CARGO_HOME=/opt/rustwide/cargo-home" "-e" "RUSTUP_HOME=/opt/rustwide/rustup-home" "-w" "/opt/rustwide/workdir" "-m" "1610612736" "--user" "0:0" "--network" "none" "ghcr.io/rust-lang/crates-build-env/linux@sha256:2788e3201cd34a07e3172128adcd8b3090168a8e3bcc40d7c032b9dda1df7d1c" "/opt/rustwide/cargo-home/bin/cargo" "+beta-2023-12-22" "metadata" "--no-deps" "--format-version=1", kill_on_drop: false }`
[INFO] [stdout] fcb71fcaff2e96859e92bdc828c2ce29fe021207e3204325824ccb02b3caaf83
[INFO] running `Command { std: "docker" "start" "-a" "fcb71fcaff2e96859e92bdc828c2ce29fe021207e3204325824ccb02b3caaf83", kill_on_drop: false }`
[INFO] running `Command { std: "docker" "inspect" "fcb71fcaff2e96859e92bdc828c2ce29fe021207e3204325824ccb02b3caaf83", kill_on_drop: false }`
[INFO] running `Command { std: "docker" "rm" "-f" "fcb71fcaff2e96859e92bdc828c2ce29fe021207e3204325824ccb02b3caaf83", kill_on_drop: false }`
[INFO] [stdout] fcb71fcaff2e96859e92bdc828c2ce29fe021207e3204325824ccb02b3caaf83
[INFO] running `Command { std: "docker" "create" "-v" "/var/lib/crater-agent-workspace/builds/worker-3-tc2/target:/opt/rustwide/target:rw,Z" "-v" "/var/lib/crater-agent-workspace/builds/worker-3-tc2/source:/opt/rustwide/workdir:ro,Z" "-v" "/var/lib/crater-agent-workspace/cargo-home:/opt/rustwide/cargo-home:ro,Z" "-v" "/var/lib/crater-agent-workspace/rustup-home:/opt/rustwide/rustup-home:ro,Z" "-e" "SOURCE_DIR=/opt/rustwide/workdir" "-e" "CARGO_TARGET_DIR=/opt/rustwide/target" "-e" "CARGO_INCREMENTAL=0" "-e" "RUST_BACKTRACE=full" "-e" "RUSTFLAGS=--cap-lints=warn" "-e" "RUSTDOCFLAGS=--cap-lints=warn" "-e" "CARGO_HOME=/opt/rustwide/cargo-home" "-e" "RUSTUP_HOME=/opt/rustwide/rustup-home" "-w" "/opt/rustwide/workdir" "-m" "1610612736" "--user" "0:0" "--network" "none" "ghcr.io/rust-lang/crates-build-env/linux@sha256:2788e3201cd34a07e3172128adcd8b3090168a8e3bcc40d7c032b9dda1df7d1c" "/opt/rustwide/cargo-home/bin/cargo" "+beta-2023-12-22" "doc" "--frozen" "--no-deps" "--document-private-items" "--message-format=json", kill_on_drop: false }`
[INFO] [stdout] 4fe719240349797ed297fb0d165cf26ad6dbfc75aaae738dc09dde0507b2112a
[INFO] running `Command { std: "docker" "start" "-a" "4fe719240349797ed297fb0d165cf26ad6dbfc75aaae738dc09dde0507b2112a", kill_on_drop: false }`
[INFO] [stderr] warning: output filename collision.
[INFO] [stderr] The bin target `terra` in package `terra-cli v0.1.0 (/opt/rustwide/workdir/crates/cli)` has the same output filename as the lib target `terra` in package `terra v0.1.0 (/opt/rustwide/workdir/crates/core)`.
[INFO] [stderr] Colliding filename is: /opt/rustwide/target/doc/terra/index.html
[INFO] [stderr] The targets should have unique names.
[INFO] [stderr] This is a known bug where multiple crates with the same name use
[INFO] [stderr] the same path; see <https://github.com/rust-lang/cargo/issues/6313>.
[INFO] [stderr]    Compiling proc-macro2 v1.0.47
[INFO] [stderr]    Compiling unicode-ident v1.0.5
[INFO] [stderr]    Compiling syn v1.0.105
[INFO] [stderr]     Checking cfg-if v1.0.0
[INFO] [stderr]    Compiling autocfg v1.1.0
[INFO] [stderr]    Compiling libc v0.2.138
[INFO] [stderr]    Compiling serde_derive v1.0.152
[INFO] [stderr]    Compiling serde v1.0.152
[INFO] [stderr]    Compiling version_check v0.9.4
[INFO] [stderr]     Checking once_cell v1.16.0
[INFO] [stderr]    Compiling memchr v2.5.0
[INFO] [stderr]    Compiling parking_lot_core v0.9.5
[INFO] [stderr]     Checking scopeguard v1.1.0
[INFO] [stderr]     Checking byteorder v1.4.3
[INFO] [stderr]    Compiling thiserror v1.0.38
[INFO] [stderr]     Checking pin-project-lite v0.2.9
[INFO] [stderr]    Compiling crossbeam-utils v0.8.14
[INFO] [stderr]    Compiling futures-core v0.3.25
[INFO] [stderr]     Checking tracing-core v0.1.30
[INFO] [stderr]     Checking lazy_static v1.4.0
[INFO] [stderr]     Checking fixedbitset v0.4.2
[INFO] [stderr]    Compiling log v0.4.17
[INFO] [stderr]     Checking futures-io v0.3.25
[INFO] [stderr]     Checking bitflags v1.3.2
[INFO] [stderr]     Checking event-listener v2.5.3
[INFO] [stderr]     Checking fastrand v1.8.0
[INFO] [stderr]     Checking parking v2.0.0
[INFO] [stderr]     Checking waker-fn v1.1.0
[INFO] [stderr]     Checking tracing v0.1.37
[INFO] [stderr]     Checking fxhash v0.2.1
[INFO] [stderr]     Checking instant v0.1.12
[INFO] [stderr]    Compiling erased-serde v0.3.24
[INFO] [stderr]    Compiling bit-vec v0.6.3
[INFO] [stderr]     Checking cache-padded v1.2.0
[INFO] [stderr]     Checking async-task v4.3.0
[INFO] [stderr]     Checking thread_local v1.1.4
[INFO] [stderr]     Checking concurrent-queue v1.2.4
[INFO] [stderr]     Checking downcast-rs v1.2.0
[INFO] [stderr]     Checking bevy_ptr v0.9.1
[INFO] [stderr]     Checking regex-syntax v0.6.28
[INFO] [stderr]     Checking unicode-width v0.1.8
[INFO] [stderr]     Checking cty v0.2.2
[INFO] [stderr]    Compiling bit-set v0.5.3
[INFO] [stderr]     Checking overload v0.1.1
[INFO] [stderr]     Checking concurrent-queue v2.0.0
[INFO] [stderr]     Checking raw-window-handle v0.5.0
[INFO] [stderr]     Checking sharded-slab v0.1.4
[INFO] [stderr]     Checking nu-ansi-term v0.46.0
[INFO] [stderr]     Checking tracing-log v0.1.3
[INFO] [stderr]    Compiling anyhow v1.0.40
[INFO] [stderr]     Checking futures-lite v1.12.0
[INFO] [stderr]     Checking aho-corasick v0.7.20
[INFO] [stderr]     Checking libloading v0.7.4
[INFO] [stderr]     Checking async-channel v1.8.0
[INFO] [stderr]     Checking termcolor v1.1.3
[INFO] [stderr]     Checking unicode-xid v0.2.4
[INFO] [stderr]     Checking static_assertions v1.1.0
[INFO] [stderr]    Compiling khronos-egl v4.1.0
[INFO] [stderr]    Compiling quote v1.0.9
[INFO] [stderr]    Compiling ash v0.37.1+1.3.235
[INFO] [stderr]    Compiling ryu v1.0.5
[INFO] [stderr]     Checking getrandom v0.2.8
[INFO] [stderr]    Compiling ahash v0.7.6
[INFO] [stderr]     Checking codespan-reporting v0.11.1
[INFO] [stderr]    Compiling lock_api v0.4.9
[INFO] [stderr]    Compiling num-traits v0.2.14
[INFO] [stderr]    Compiling slab v0.4.7
[INFO] [stderr]    Compiling indexmap v1.9.2
[INFO] [stderr]    Compiling uuid v1.2.2
[INFO] [stderr]    Compiling num-integer v0.1.45
[INFO] [stderr]     Checking pp-rs v0.2.1
[INFO] [stderr]     Checking async-lock v2.6.0
[INFO] [stderr]     Checking gpu-alloc-types v0.2.0
[INFO] [stderr]     Checking gpu-descriptor-types v0.1.1
[INFO] [stderr]    Compiling cfg_aliases v0.1.1
[INFO] [stderr]     Checking rustc-hash v1.1.0
[INFO] [stderr]     Checking hexf-parse v0.2.1
[INFO] [stderr]     Checking arrayvec v0.7.2
[INFO] [stderr]    Compiling wgpu-core v0.14.2
[INFO] [stderr]     Checking gpu-alloc v0.5.3
[INFO] [stderr]    Compiling num-rational v0.4.1
[INFO] [stderr]     Checking async-executor v1.5.0
[INFO] [stderr]     Checking crossbeam-channel v0.5.6
[INFO] [stderr]     Checking wgpu-types v0.14.1
[INFO] [stderr]     Checking glow v0.11.2
[INFO] [stderr]     Checking itoa v1.0.5
[INFO] [stderr]     Checking bevy_tasks v0.9.1
[INFO] [stderr]     Checking profiling v1.0.7
[INFO] [stderr]     Checking renderdoc-sys v0.7.1
[INFO] [stderr]    Compiling serde_json v1.0.91
[INFO] [stderr]     Checking const_panic v0.2.7
[INFO] [stderr]     Checking percent-encoding v2.1.0
[INFO] [stderr]     Checking color_quant v1.1.0
[INFO] [stderr]     Checking hex v0.4.3
[INFO] [stderr]    Compiling proc-macro-error-attr v1.0.4
[INFO] [stderr]     Checking ttf-parser v0.18.0
[INFO] [stderr]    Compiling getrandom v0.1.16
[INFO] [stderr]    Compiling proc-macro-error v1.0.4
[INFO] [stderr]     Checking ab_glyph_rasterizer v0.1.7
[INFO] [stderr]     Checking spirv v0.2.0+1.5.4
[INFO] [stderr]     Checking radsort v0.1.0
[INFO] [stderr]     Checking regex v1.7.0
[INFO] [stderr]     Checking regex-automata v0.1.10
[INFO] [stderr]     Checking ppv-lite86 v0.2.10
[INFO] [stderr]    Compiling unicode-segmentation v1.7.1
[INFO] [stderr]     Checking matches v0.1.8
[INFO] [stderr]    Compiling pkg-config v0.3.26
[INFO] [stderr]     Checking tinyvec_macros v0.1.0
[INFO] [stderr]     Checking tinyvec v1.1.1
[INFO] [stderr]     Checking rand_core v0.5.1
[INFO] [stderr]    Compiling heck v0.3.2
[INFO] [stderr]     Checking euclid v0.22.7
[INFO] [stderr]     Checking approx v0.5.1
[INFO] [stderr]     Checking svg_fmt v0.4.1
[INFO] [stderr]    Compiling typenum v1.16.0
[INFO] [stderr]    Compiling inflections v1.1.1
[INFO] [stderr]     Checking unicode-bidi v0.3.4
[INFO] [stderr]     Checking matchers v0.1.0
[INFO] [stderr]     Checking rand_core v0.6.2
[INFO] [stderr]     Checking unicode-normalization v0.1.17
[INFO] [stderr]     Checking rectangle-pack v0.4.2
[INFO] [stderr]     Checking base64 v0.13.1
[INFO] [stderr]     Checking guillotiere v0.6.2
[INFO] [stderr]     Checking xi-unicode v0.3.0
[INFO] [stderr]     Checking rand_chacha v0.2.2
[INFO] [stderr]     Checking form_urlencoded v1.0.1
[INFO] [stderr]    Compiling ahash v0.8.2
[INFO] [stderr]     Checking mio v0.8.5
[INFO] [stderr]     Checking raw-window-handle v0.4.3
[INFO] [stderr]    Compiling toml v0.5.8
[INFO] [stderr]     Checking hash32 v0.2.1
[INFO] [stderr]    Compiling validator_types v0.12.0
[INFO] [stderr]    Compiling if_chain v1.0.1
[INFO] [stderr]     Checking rand v0.7.3
[INFO] [stderr]     Checking rand_chacha v0.3.0
[INFO] [stderr]     Checking rand_xorshift v0.2.0
[INFO] [stderr]     Checking float-cmp v0.8.0
[INFO] [stderr]     Checking atty v0.2.14
[INFO] [stderr]     Checking idna v0.2.2
[INFO] [stderr]    Compiling lexical-core v0.7.5
[INFO] [stderr]     Checking half v1.7.1
[INFO] [stderr]    Compiling convert_case v0.4.0
[INFO] [stderr]     Checking owned_ttf_parser v0.18.0
[INFO] [stderr]     Checking rand v0.8.3
[INFO] [stderr]     Checking stl_io v0.6.0
[INFO] [stderr]     Checking ab_glyph v0.2.19
[INFO] [stderr]     Checking rand_pcg v0.3.0
[INFO] [stderr]     Checking glyph_brush_layout v0.2.3
[INFO] [stderr]     Checking url v2.2.1
[INFO] [stderr]    Compiling nom v5.1.2
[INFO] [stderr]    Compiling time-core v0.1.0
[INFO] [stderr]     Checking nohash-hasher v0.2.0
[INFO] [stderr]    Compiling x11-dl v2.20.1
[INFO] [stderr]     Checking arrayvec v0.5.2
[INFO] [stderr]     Checking assert_approx_eq v1.1.0
[INFO] [stderr]     Checking svg v0.8.2
[INFO] [stderr]     Checking fnv v1.0.7
[INFO] [stderr]    Compiling time-macros v0.2.6
[INFO] [stderr]     Checking textwrap v0.11.0
[INFO] [stderr]     Checking noise v0.8.2
[INFO] [stderr]     Checking ansi_term v0.11.0
[INFO] [stderr]     Checking vec_map v0.8.2
[INFO] [stderr]     Checking num_threads v0.1.6
[INFO] [stderr]     Checking strsim v0.8.0
[INFO] [stderr]     Checking colored v2.0.0
[INFO] [stderr]    Compiling bevy_macro_utils v0.9.1
[INFO] [stderr]    Compiling encase_derive_impl v0.4.1
[INFO] [stderr]     Checking clap v2.33.3
[INFO] [stderr]     Checking time v0.3.17
[INFO] [stderr]     Checking simple_logger v4.0.0
[INFO] [stderr]    Compiling bytemuck_derive v1.3.0
[INFO] [stderr]    Compiling thiserror-impl v1.0.38
[INFO] [stderr]    Compiling bevy_reflect_derive v0.9.1
[INFO] [stderr]    Compiling bevy_ecs_macros v0.9.1
[INFO] [stderr]    Compiling bevy_derive v0.9.1
[INFO] [stderr]    Compiling encase_derive v0.4.1
[INFO] [stderr]    Compiling bevy_encase_derive v0.9.1
[INFO] [stderr]    Compiling bevy_render_macros v0.9.1
[INFO] [stderr]    Compiling gltf-derive v1.0.0
[INFO] [stderr]    Compiling hash32-derive v0.1.1
[INFO] [stderr]    Compiling validator_derive v0.12.0
[INFO] [stderr]    Compiling strum_macros v0.20.1
[INFO] [stderr]    Compiling derive_more v0.99.13
[INFO] [stderr]    Compiling structopt-derive v0.4.14
[INFO] [stderr]     Checking taffy v0.1.0
[INFO] [stderr]     Checking bytemuck v1.12.3
[INFO] [stderr]     Checking image v0.24.5
[INFO] [stderr]     Checking ecolor v0.20.0
[INFO] [stderr]     Checking emath v0.20.0
[INFO] [stderr]     Checking structopt v0.3.21
[INFO] [stderr]     Checking strum v0.20.0
[INFO] [stderr]     Checking smallvec v1.10.0
[INFO] [stderr]     Checking hashbrown v0.12.3
[INFO] [stderr]     Checking glam v0.22.0
[INFO] [stderr]     Checking ron v0.8.0
[INFO] [stderr]     Checking serde_cbor v0.11.1
[INFO] [stderr]     Checking tracing-subscriber v0.3.16
[INFO] [stderr]     Checking parking_lot v0.12.1
[INFO] [stderr]     Checking bevy_utils v0.9.1
[INFO] [stderr]     Checking gpu-descriptor v0.2.3
[INFO] [stderr]     Checking winit v0.27.5
[INFO] [stderr]     Checking epaint v0.20.0
[INFO] [stderr]     Checking petgraph v0.6.2
[INFO] [stderr]     Checking gltf-json v1.0.0
[INFO] [stderr]     Checking validator v0.12.0
[INFO] [stderr]     Checking config v0.10.1
[INFO] [stderr]     Checking egui v0.20.1
[INFO] [stderr]     Checking bevy_math v0.9.1
[INFO] [stderr]     Checking bevy_mikktspace v0.9.1
[INFO] [stderr]     Checking hexasphere v8.0.0
[INFO] [stderr]     Checking encase v0.4.1
[INFO] [stderr]     Checking bevy_reflect v0.9.1
[INFO] [stderr]     Checking naga v0.10.0
[INFO] [stderr]     Checking gltf v1.0.0
[INFO] [stderr]     Checking bevy_ecs v0.9.1
[INFO] [stderr]     Checking wgpu-hal v0.14.1
[INFO] [stderr]     Checking bevy_app v0.9.1
[INFO] [stderr]     Checking terra v0.1.0 (/opt/rustwide/workdir/crates/core)
[INFO] [stderr]  Documenting terra v0.1.0 (/opt/rustwide/workdir/crates/core)
[INFO] [stdout] error[E0554]: `#![feature]` may not be used on the beta release channel
[INFO] [stdout]   --> crates/core/src/lib.rs:29:1
[INFO] [stdout]    |
[INFO] [stdout] 29 | #![feature(const_fn_floating_point_arithmetic)]
[INFO] [stdout]    | ^^^^^^^^^^^^^^^^^^^^^^^^^^^^^^^^^^^^^^^^^^^^^^^
[INFO] [stdout] 
[INFO] [stdout] 
[INFO] [stdout] error[E0554]: `#![feature]` may not be used on the beta release channel
[INFO] [stdout]   --> crates/core/src/lib.rs:29:1
[INFO] [stdout]    |
[INFO] [stdout] 29 | #![feature(const_fn_floating_point_arithmetic)]
[INFO] [stdout]    | ^^^^^^^^^^^^^^^^^^^^^^^^^^^^^^^^^^^^^^^^^^^^^^^
[INFO] [stdout] 
[INFO] [stdout] 
[INFO] [stderr]     Checking bevy_core v0.9.1
[INFO] [stderr]     Checking bevy_log v0.9.1
[INFO] [stderr]     Checking bevy_input v0.9.1
[INFO] [stderr]     Checking bevy_time v0.9.1
[INFO] [stdout] error: aborting due to 1 previous error
[INFO] [stdout] 
[INFO] [stdout] 
[INFO] [stdout] For more information about this error, try `rustc --explain E0554`.
[INFO] [stdout] 
[INFO] [stderr] error: could not document `terra`
[INFO] [stderr] 
[INFO] [stderr] Caused by:
[INFO] [stderr]   process didn't exit successfully: `/opt/rustwide/rustup-home/toolchains/beta-2023-12-22-x86_64-unknown-linux-gnu/bin/rustdoc --edition=2021 --crate-type cdylib --crate-type rlib --crate-name terra crates/core/src/lib.rs -o /opt/rustwide/target/doc --cfg 'feature="bevy"' --cfg 'feature="bin"' --cfg 'feature="json"' --cfg 'feature="stl"' --cfg 'feature="svg"' --error-format=json --json=diagnostic-rendered-ansi,artifacts,future-incompat --document-private-items -C metadata=aadac266e3e0b845 -L dependency=/opt/rustwide/target/debug/deps --extern anyhow=/opt/rustwide/target/debug/deps/libanyhow-0163d895a4869a85.rmeta --extern assert_approx_eq=/opt/rustwide/target/debug/deps/libassert_approx_eq-be2fdccc50388437.rmeta --extern bevy_ecs=/opt/rustwide/target/debug/deps/libbevy_ecs-24108a1991b099cd.rmeta --extern derive_more=/opt/rustwide/target/debug/deps/libderive_more-cdfbc79008d02be5.so --extern fnv=/opt/rustwide/target/debug/deps/libfnv-77ad49a76e4d2e75.rmeta --extern indexmap=/opt/rustwide/target/debug/deps/libindexmap-49d623153397a5c2.rmeta --extern log=/opt/rustwide/target/debug/deps/liblog-ee5c25114ba13dfd.rmeta --extern noise=/opt/rustwide/target/debug/deps/libnoise-b8a45f1e8d2bf6df.rmeta --extern rand=/opt/rustwide/target/debug/deps/librand-c2afdfb0d831e970.rmeta --extern rand_pcg=/opt/rustwide/target/debug/deps/librand_pcg-042a5ff45fd9ed08.rmeta --extern serde=/opt/rustwide/target/debug/deps/libserde-72dd96716e63439e.rmeta --extern serde_cbor=/opt/rustwide/target/debug/deps/libserde_cbor-d7919622a89537e3.rmeta --extern serde_json=/opt/rustwide/target/debug/deps/libserde_json-a81dac5f0d396dae.rmeta --extern stl_io=/opt/rustwide/target/debug/deps/libstl_io-b3320ed579b51485.rmeta --extern strum=/opt/rustwide/target/debug/deps/libstrum-98dc4febfaaed7da.rmeta --extern svg=/opt/rustwide/target/debug/deps/libsvg-85b0ebdc1dece3f4.rmeta --extern validator=/opt/rustwide/target/debug/deps/libvalidator-307b19f40f1ac836.rmeta --cap-lints=warn --crate-version 0.1.0` (exit status: 1)
[INFO] [stderr] warning: build failed, waiting for other jobs to finish...
[INFO] [stdout] error: aborting due to 1 previous error
[INFO] [stdout] 
[INFO] [stdout] 
[INFO] [stdout] For more information about this error, try `rustc --explain E0554`.
[INFO] [stdout] 
[INFO] [stderr] error: could not compile `terra` (lib) due to 2 previous errors
[INFO] running `Command { std: "docker" "inspect" "4fe719240349797ed297fb0d165cf26ad6dbfc75aaae738dc09dde0507b2112a", kill_on_drop: false }`
[INFO] running `Command { std: "docker" "rm" "-f" "4fe719240349797ed297fb0d165cf26ad6dbfc75aaae738dc09dde0507b2112a", kill_on_drop: false }`
[INFO] [stdout] 4fe719240349797ed297fb0d165cf26ad6dbfc75aaae738dc09dde0507b2112a
