[INFO] cloning repository https://github.com/LoganBarnett/sytter
[INFO] running `Command { std: "git" "-c" "credential.helper=" "-c" "credential.helper=/workspace/cargo-home/bin/git-credential-null" "clone" "--bare" "https://github.com/LoganBarnett/sytter" "/workspace/cache/git-repos/https%3A%2F%2Fgithub.com%2FLoganBarnett%2Fsytter", kill_on_drop: false }`
[INFO] [stderr] Cloning into bare repository '/workspace/cache/git-repos/https%3A%2F%2Fgithub.com%2FLoganBarnett%2Fsytter'...
[INFO] running `Command { std: "git" "rev-parse" "HEAD", kill_on_drop: false }`
[INFO] [stdout] a9bc08674ccf73b3a1429c2417e121959c55af20
[INFO] documenting LoganBarnett/sytter against 1.75.0 for beta-1.76-rustdoc-1
[INFO] running `Command { std: "git" "clone" "/workspace/cache/git-repos/https%3A%2F%2Fgithub.com%2FLoganBarnett%2Fsytter" "/workspace/builds/worker-6-tc1/source", kill_on_drop: false }`
[INFO] [stderr] Cloning into '/workspace/builds/worker-6-tc1/source'...
[INFO] [stderr] done.
[INFO] validating manifest of git repo https://github.com/LoganBarnett/sytter on toolchain 1.75.0
[INFO] running `Command { std: CARGO_HOME="/workspace/cargo-home" RUSTUP_HOME="/workspace/rustup-home" "/workspace/cargo-home/bin/cargo" "+1.75.0" "metadata" "--manifest-path" "Cargo.toml" "--no-deps", kill_on_drop: false }`
[INFO] started tweaking git repo https://github.com/LoganBarnett/sytter
[INFO] finished tweaking git repo https://github.com/LoganBarnett/sytter
[INFO] tweaked toml for git repo https://github.com/LoganBarnett/sytter written to /workspace/builds/worker-6-tc1/source/Cargo.toml
[INFO] crate git repo https://github.com/LoganBarnett/sytter already has a lockfile, it will not be regenerated
[INFO] running `Command { std: CARGO_HOME="/workspace/cargo-home" RUSTUP_HOME="/workspace/rustup-home" "/workspace/cargo-home/bin/cargo" "+1.75.0" "fetch" "--manifest-path" "Cargo.toml", kill_on_drop: false }`
[INFO] [stderr]     Updating crates.io index
[INFO] [stderr]  Downloading crates ...
[INFO] [stderr]   Downloaded relative v0.2.2
[INFO] [stderr]   Downloaded metatype v0.2.1
[INFO] [stderr]   Downloaded anstyle-query v1.0.1
[INFO] [stderr]   Downloaded clap-verbosity-flag v2.1.0
[INFO] [stderr]   Downloaded serde_traitobject v0.2.8
[INFO] [stderr]   Downloaded procinfo v0.4.2
[INFO] [stderr]   Downloaded palaver v0.2.8
[INFO] [stderr]   Downloaded winnow v0.5.25
[INFO] [stderr]   Downloaded build_id v0.2.1
[INFO] running `Command { std: "docker" "create" "-v" "/var/lib/crater-agent-workspace/builds/worker-6-tc1/target:/opt/rustwide/target:rw,Z" "-v" "/var/lib/crater-agent-workspace/builds/worker-6-tc1/source:/opt/rustwide/workdir:ro,Z" "-v" "/var/lib/crater-agent-workspace/cargo-home:/opt/rustwide/cargo-home:ro,Z" "-v" "/var/lib/crater-agent-workspace/rustup-home:/opt/rustwide/rustup-home:ro,Z" "-e" "SOURCE_DIR=/opt/rustwide/workdir" "-e" "CARGO_TARGET_DIR=/opt/rustwide/target" "-e" "CARGO_HOME=/opt/rustwide/cargo-home" "-e" "RUSTUP_HOME=/opt/rustwide/rustup-home" "-w" "/opt/rustwide/workdir" "-m" "1610612736" "--user" "0:0" "--network" "none" "ghcr.io/rust-lang/crates-build-env/linux@sha256:2788e3201cd34a07e3172128adcd8b3090168a8e3bcc40d7c032b9dda1df7d1c" "/opt/rustwide/cargo-home/bin/cargo" "+1.75.0" "metadata" "--no-deps" "--format-version=1", kill_on_drop: false }`
[INFO] [stdout] cedb2fdd6c668c113676688440cbba1064e604dd749064659dc57f6fe31d2df2
[INFO] running `Command { std: "docker" "start" "-a" "cedb2fdd6c668c113676688440cbba1064e604dd749064659dc57f6fe31d2df2", kill_on_drop: false }`
[INFO] running `Command { std: "docker" "inspect" "cedb2fdd6c668c113676688440cbba1064e604dd749064659dc57f6fe31d2df2", kill_on_drop: false }`
[INFO] running `Command { std: "docker" "rm" "-f" "cedb2fdd6c668c113676688440cbba1064e604dd749064659dc57f6fe31d2df2", kill_on_drop: false }`
[INFO] [stdout] cedb2fdd6c668c113676688440cbba1064e604dd749064659dc57f6fe31d2df2
[INFO] running `Command { std: "docker" "create" "-v" "/var/lib/crater-agent-workspace/builds/worker-6-tc1/target:/opt/rustwide/target:rw,Z" "-v" "/var/lib/crater-agent-workspace/builds/worker-6-tc1/source:/opt/rustwide/workdir:ro,Z" "-v" "/var/lib/crater-agent-workspace/cargo-home:/opt/rustwide/cargo-home:ro,Z" "-v" "/var/lib/crater-agent-workspace/rustup-home:/opt/rustwide/rustup-home:ro,Z" "-e" "SOURCE_DIR=/opt/rustwide/workdir" "-e" "CARGO_TARGET_DIR=/opt/rustwide/target" "-e" "CARGO_INCREMENTAL=0" "-e" "RUST_BACKTRACE=full" "-e" "RUSTFLAGS=--cap-lints=warn" "-e" "RUSTDOCFLAGS=--cap-lints=warn" "-e" "CARGO_HOME=/opt/rustwide/cargo-home" "-e" "RUSTUP_HOME=/opt/rustwide/rustup-home" "-w" "/opt/rustwide/workdir" "-m" "1610612736" "--user" "0:0" "--network" "none" "ghcr.io/rust-lang/crates-build-env/linux@sha256:2788e3201cd34a07e3172128adcd8b3090168a8e3bcc40d7c032b9dda1df7d1c" "/opt/rustwide/cargo-home/bin/cargo" "+1.75.0" "doc" "--frozen" "--no-deps" "--document-private-items" "--message-format=json", kill_on_drop: false }`
[INFO] [stdout] 1a7c814422381dff3703e85595231651b658b693ed0c367fdd556591a3ec8640
[INFO] running `Command { std: "docker" "start" "-a" "1a7c814422381dff3703e85595231651b658b693ed0c367fdd556591a3ec8640", kill_on_drop: false }`
[INFO] [stderr]     Checking once_cell v1.19.0
[INFO] [stderr]    Compiling generic-array v0.14.7
[INFO] [stderr]    Compiling syn v2.0.39
[INFO] [stderr]    Compiling syn v1.0.109
[INFO] [stderr]     Checking generic-array v0.12.4
[INFO] [stderr]    Compiling procinfo v0.4.2
[INFO] [stderr]     Checking generic-array v0.13.3
[INFO] [stderr]     Checking stable_deref_trait v1.2.0
[INFO] [stderr]    Compiling libc v0.2.150
[INFO] [stderr]     Checking hashbrown v0.14.3
[INFO] [stderr]    Compiling heapless v0.5.6
[INFO] [stderr]    Compiling rustix v0.38.26
[INFO] [stderr]    Compiling nix v0.15.0
[INFO] [stderr]    Compiling prettyplease v0.2.15
[INFO] [stderr]    Compiling futures-core v0.3.29
[INFO] [stderr]    Compiling num-integer v0.1.45
[INFO] [stderr]     Checking hash32 v0.1.1
[INFO] [stderr]    Compiling paste v1.0.14
[INFO] [stderr]     Checking as-slice v0.1.5
[INFO] [stderr]    Compiling build_id v0.2.1
[INFO] [stderr]     Checking nom v2.2.1
[INFO] [stderr]     Checking utf8parse v0.2.1
[INFO] [stderr]    Compiling memchr v2.6.4
[INFO] [stderr]     Checking indexmap v2.1.0
[INFO] [stderr]    Compiling regex-syntax v0.8.2
[INFO] [stderr]     Checking winnow v0.5.25
[INFO] [stderr]    Compiling minimal-lexical v0.2.1
[INFO] [stderr]    Compiling linux-raw-sys v0.4.12
[INFO] [stderr]    Compiling futures-channel v0.3.29
[INFO] [stderr]    Compiling bitflags v2.4.1
[INFO] [stderr]    Compiling nom v7.1.3
[INFO] [stderr]    Compiling regex-automata v0.4.3
[INFO] [stderr]     Checking anstyle-parse v0.2.3
[INFO] [stderr]    Compiling num-bigint v0.4.4
[INFO] [stderr]     Checking colorchoice v1.0.0
[INFO] [stderr]     Checking anstyle v1.0.4
[INFO] [stderr]     Checking anstyle-query v1.0.1
[INFO] [stderr]    Compiling bindgen v0.69.1
[INFO] [stderr]    Compiling futures-util v0.3.29
[INFO] [stderr]     Checking iana-time-zone v0.1.58
[INFO] [stderr]     Checking static_assertions v1.1.0
[INFO] [stderr]    Compiling home v0.5.5
[INFO] [stderr]     Checking futures-sink v0.3.29
[INFO] [stderr]    Compiling heck v0.4.1
[INFO] [stderr]    Compiling which v4.4.2
[INFO] [stderr]    Compiling clang-sys v1.6.1
[INFO] [stderr]     Checking palaver v0.2.8
[INFO] [stderr]     Checking parking_lot_core v0.9.9
[INFO] [stderr]     Checking chrono v0.4.31
[INFO] [stderr]     Checking twox-hash v1.6.3
[INFO] [stderr]     Checking anstream v0.6.4
[INFO] [stderr]    Compiling cexpr v0.6.0
[INFO] [stderr]    Compiling num-rational v0.4.1
[INFO] [stderr]    Compiling regex v1.10.2
[INFO] [stderr]    Compiling num-iter v0.1.43
[INFO] [stderr]    Compiling relative v0.2.2
[INFO] [stderr]     Checking clap_lex v0.6.0
[INFO] [stderr]     Checking strsim v0.10.0
[INFO] [stderr]    Compiling rustversion v1.0.14
[INFO] [stderr]    Compiling shlex v1.2.0
[INFO] [stderr]    Compiling serde_json v1.0.108
[INFO] [stderr]     Checking clap_builder v4.4.11
[INFO] [stderr]     Checking rmp v0.8.12
[INFO] [stderr]     Checking parking_lot v0.12.1
[INFO] [stderr]    Compiling trackable_derive v1.0.0
[INFO] [stderr]     Checking tracing-core v0.1.32
[INFO] [stderr]     Checking signal-hook-registry v1.4.1
[INFO] [stderr]     Checking mio v0.8.10
[INFO] [stderr]    Compiling serde_derive v1.0.193
[INFO] [stderr]    Compiling futures-macro v0.3.29
[INFO] [stderr]    Compiling tokio-macros v2.2.0
[INFO] [stderr]    Compiling clap_derive v4.4.7
[INFO] [stderr]    Compiling tracing-attributes v0.1.27
[INFO] [stderr]     Checking getrandom v0.2.11
[INFO] [stderr]     Checking num_cpus v1.16.0
[INFO] [stderr]     Checking socket2 v0.5.5
[INFO] [stderr]    Compiling tokio-cron-scheduler v0.9.4
[INFO] [stderr]     Checking tokio v1.34.0
[INFO] [stderr]     Checking uuid v1.6.1
[INFO] [stderr]     Checking cron v0.12.0
[INFO] [stderr]     Checking trackable v1.3.0
[INFO] [stderr]     Checking tracing v0.1.40
[INFO] [stderr]    Compiling num-derive v0.3.3
[INFO] [stderr]     Checking clap v4.4.11
[INFO] [stderr]     Checking thread_local v1.1.7
[INFO] [stderr]     Checking num-complex v0.4.4
[INFO] [stderr]     Checking malloc_buf v0.0.6
[INFO] [stderr]     Checking atty v0.2.14
[INFO] [stderr]     Checking metatype v0.2.1
[INFO] [stdout] error[E0554]: `#![feature]` may not be used on the stable release channel
[INFO] [stdout]   --> /opt/rustwide/cargo-home/registry/src/index.crates.io-6f17d22bba15001f/metatype-0.2.1/src/lib.rs:34:1
[INFO] [stdout]    |
[INFO] [stdout] 34 | #![feature(arbitrary_self_types)]
[INFO] [stdout]    | ^^^^^^^^^^^^^^^^^^^^^^^^^^^^^^^^^
[INFO] [stdout] 
[INFO] [stdout] 
[INFO] [stdout] error[E0554]: `#![feature]` may not be used on the stable release channel
[INFO] [stdout]   --> /opt/rustwide/cargo-home/registry/src/index.crates.io-6f17d22bba15001f/metatype-0.2.1/src/lib.rs:35:1
[INFO] [stdout]    |
[INFO] [stdout] 35 | #![feature(ptr_metadata)]
[INFO] [stdout]    | ^^^^^^^^^^^^^^^^^^^^^^^^^
[INFO] [stdout] 
[INFO] [stdout] 
[INFO] [stdout] error[E0554]: `#![feature]` may not be used on the stable release channel
[INFO] [stdout]   --> /opt/rustwide/cargo-home/registry/src/index.crates.io-6f17d22bba15001f/metatype-0.2.1/src/lib.rs:36:1
[INFO] [stdout]    |
[INFO] [stdout] 36 | #![feature(specialization)]
[INFO] [stdout]    | ^^^^^^^^^^^^^^^^^^^^^^^^^^^
[INFO] [stdout] 
[INFO] [stdout] 
[INFO] [stdout] error[E0554]: `#![feature]` may not be used on the stable release channel
[INFO] [stdout]   --> /opt/rustwide/cargo-home/registry/src/index.crates.io-6f17d22bba15001f/metatype-0.2.1/src/lib.rs:35:12
[INFO] [stdout]    |
[INFO] [stdout] 35 | #![feature(ptr_metadata)]
[INFO] [stdout]    |            ^^^^^^^^^^^^
[INFO] [stdout] 
[INFO] [stdout] 
[INFO] [stderr]     Checking termcolor v1.1.3
[INFO] [stdout] error: aborting due to 4 previous errors
[INFO] [stdout] 
[INFO] [stdout] 
[INFO] [stdout] For more information about this error, try `rustc --explain E0554`.
[INFO] [stdout] 
[INFO] [stderr] error: could not compile `metatype` (lib) due to 5 previous errors
[INFO] [stderr] warning: build failed, waiting for other jobs to finish...
[INFO] running `Command { std: "docker" "inspect" "1a7c814422381dff3703e85595231651b658b693ed0c367fdd556591a3ec8640", kill_on_drop: false }`
[INFO] running `Command { std: "docker" "rm" "-f" "1a7c814422381dff3703e85595231651b658b693ed0c367fdd556591a3ec8640", kill_on_drop: false }`
[INFO] [stdout] 1a7c814422381dff3703e85595231651b658b693ed0c367fdd556591a3ec8640
[INFO] documenting LoganBarnett/sytter against beta-2023-12-22 for beta-1.76-rustdoc-1
[INFO] running `Command { std: "git" "clone" "/workspace/cache/git-repos/https%3A%2F%2Fgithub.com%2FLoganBarnett%2Fsytter" "/workspace/builds/worker-6-tc2/source", kill_on_drop: false }`
[INFO] [stderr] Cloning into '/workspace/builds/worker-6-tc2/source'...
[INFO] [stderr] done.
[INFO] validating manifest of git repo https://github.com/LoganBarnett/sytter on toolchain beta-2023-12-22
[INFO] running `Command { std: CARGO_HOME="/workspace/cargo-home" RUSTUP_HOME="/workspace/rustup-home" "/workspace/cargo-home/bin/cargo" "+beta-2023-12-22" "metadata" "--manifest-path" "Cargo.toml" "--no-deps", kill_on_drop: false }`
[INFO] started tweaking git repo https://github.com/LoganBarnett/sytter
[INFO] finished tweaking git repo https://github.com/LoganBarnett/sytter
[INFO] tweaked toml for git repo https://github.com/LoganBarnett/sytter written to /workspace/builds/worker-6-tc2/source/Cargo.toml
[INFO] crate git repo https://github.com/LoganBarnett/sytter already has a lockfile, it will not be regenerated
[INFO] running `Command { std: CARGO_HOME="/workspace/cargo-home" RUSTUP_HOME="/workspace/rustup-home" "/workspace/cargo-home/bin/cargo" "+beta-2023-12-22" "fetch" "--manifest-path" "Cargo.toml", kill_on_drop: false }`
[INFO] running `Command { std: "docker" "create" "-v" "/var/lib/crater-agent-workspace/builds/worker-6-tc2/target:/opt/rustwide/target:rw,Z" "-v" "/var/lib/crater-agent-workspace/builds/worker-6-tc2/source:/opt/rustwide/workdir:ro,Z" "-v" "/var/lib/crater-agent-workspace/cargo-home:/opt/rustwide/cargo-home:ro,Z" "-v" "/var/lib/crater-agent-workspace/rustup-home:/opt/rustwide/rustup-home:ro,Z" "-e" "SOURCE_DIR=/opt/rustwide/workdir" "-e" "CARGO_TARGET_DIR=/opt/rustwide/target" "-e" "CARGO_HOME=/opt/rustwide/cargo-home" "-e" "RUSTUP_HOME=/opt/rustwide/rustup-home" "-w" "/opt/rustwide/workdir" "-m" "1610612736" "--user" "0:0" "--network" "none" "ghcr.io/rust-lang/crates-build-env/linux@sha256:2788e3201cd34a07e3172128adcd8b3090168a8e3bcc40d7c032b9dda1df7d1c" "/opt/rustwide/cargo-home/bin/cargo" "+beta-2023-12-22" "metadata" "--no-deps" "--format-version=1", kill_on_drop: false }`
[INFO] [stdout] ced529cdba49c752c75f703e5a78256bbf0ef057110d48c3f2e526f86d7852c4
[INFO] running `Command { std: "docker" "start" "-a" "ced529cdba49c752c75f703e5a78256bbf0ef057110d48c3f2e526f86d7852c4", kill_on_drop: false }`
[INFO] running `Command { std: "docker" "inspect" "ced529cdba49c752c75f703e5a78256bbf0ef057110d48c3f2e526f86d7852c4", kill_on_drop: false }`
[INFO] running `Command { std: "docker" "rm" "-f" "ced529cdba49c752c75f703e5a78256bbf0ef057110d48c3f2e526f86d7852c4", kill_on_drop: false }`
[INFO] [stdout] ced529cdba49c752c75f703e5a78256bbf0ef057110d48c3f2e526f86d7852c4
[INFO] running `Command { std: "docker" "create" "-v" "/var/lib/crater-agent-workspace/builds/worker-6-tc2/target:/opt/rustwide/target:rw,Z" "-v" "/var/lib/crater-agent-workspace/builds/worker-6-tc2/source:/opt/rustwide/workdir:ro,Z" "-v" "/var/lib/crater-agent-workspace/cargo-home:/opt/rustwide/cargo-home:ro,Z" "-v" "/var/lib/crater-agent-workspace/rustup-home:/opt/rustwide/rustup-home:ro,Z" "-e" "SOURCE_DIR=/opt/rustwide/workdir" "-e" "CARGO_TARGET_DIR=/opt/rustwide/target" "-e" "CARGO_INCREMENTAL=0" "-e" "RUST_BACKTRACE=full" "-e" "RUSTFLAGS=--cap-lints=warn" "-e" "RUSTDOCFLAGS=--cap-lints=warn" "-e" "CARGO_HOME=/opt/rustwide/cargo-home" "-e" "RUSTUP_HOME=/opt/rustwide/rustup-home" "-w" "/opt/rustwide/workdir" "-m" "1610612736" "--user" "0:0" "--network" "none" "ghcr.io/rust-lang/crates-build-env/linux@sha256:2788e3201cd34a07e3172128adcd8b3090168a8e3bcc40d7c032b9dda1df7d1c" "/opt/rustwide/cargo-home/bin/cargo" "+beta-2023-12-22" "doc" "--frozen" "--no-deps" "--document-private-items" "--message-format=json", kill_on_drop: false }`
[INFO] [stdout] eb5625b2853e10d92ff2d835f0ddbb787851429073b7204687d328fa0fbe21ca
[INFO] running `Command { std: "docker" "start" "-a" "eb5625b2853e10d92ff2d835f0ddbb787851429073b7204687d328fa0fbe21ca", kill_on_drop: false }`
[INFO] [stderr]     Checking once_cell v1.19.0
[INFO] [stderr]    Compiling generic-array v0.14.7
[INFO] [stderr]    Compiling syn v1.0.109
[INFO] [stderr]    Compiling syn v2.0.39
[INFO] [stderr]     Checking generic-array v0.12.4
[INFO] [stderr]    Compiling procinfo v0.4.2
[INFO] [stderr]     Checking generic-array v0.13.3
[INFO] [stderr]    Compiling rustix v0.38.26
[INFO] [stderr]     Checking stable_deref_trait v1.2.0
[INFO] [stderr]    Compiling nix v0.15.0
[INFO] [stderr]    Compiling prettyplease v0.2.15
[INFO] [stderr]     Checking hashbrown v0.14.3
[INFO] [stderr]    Compiling libc v0.2.150
[INFO] [stderr]    Compiling heapless v0.5.6
[INFO] [stderr]    Compiling futures-core v0.3.29
[INFO] [stderr]    Compiling num-integer v0.1.45
[INFO] [stderr]     Checking hash32 v0.1.1
[INFO] [stderr]    Compiling futures-channel v0.3.29
[INFO] [stderr]     Checking as-slice v0.1.5
[INFO] [stderr]    Compiling regex-syntax v0.8.2
[INFO] [stderr]    Compiling build_id v0.2.1
[INFO] [stderr]     Checking utf8parse v0.2.1
[INFO] [stderr]     Checking nom v2.2.1
[INFO] [stderr]    Compiling paste v1.0.14
[INFO] [stderr]    Compiling linux-raw-sys v0.4.12
[INFO] [stderr]     Checking indexmap v2.1.0
[INFO] [stderr]    Compiling bitflags v2.4.1
[INFO] [stderr]     Checking winnow v0.5.25
[INFO] [stderr]    Compiling minimal-lexical v0.2.1
[INFO] [stderr]    Compiling memchr v2.6.4
[INFO] [stderr]    Compiling nom v7.1.3
[INFO] [stderr]    Compiling regex-automata v0.4.3
[INFO] [stderr]     Checking anstyle-parse v0.2.3
[INFO] [stderr]    Compiling num-bigint v0.4.4
[INFO] [stderr]     Checking iana-time-zone v0.1.58
[INFO] [stderr]    Compiling futures-util v0.3.29
[INFO] [stderr]    Compiling home v0.5.5
[INFO] [stderr]     Checking futures-sink v0.3.29
[INFO] [stderr]     Checking anstyle v1.0.4
[INFO] [stderr]    Compiling bindgen v0.69.1
[INFO] [stderr]     Checking static_assertions v1.1.0
[INFO] [stderr]     Checking colorchoice v1.0.0
[INFO] [stderr]    Compiling heck v0.4.1
[INFO] [stderr]     Checking anstyle-query v1.0.1
[INFO] [stderr]    Compiling which v4.4.2
[INFO] [stderr]     Checking palaver v0.2.8
[INFO] [stderr]     Checking anstream v0.6.4
[INFO] [stderr]     Checking twox-hash v1.6.3
[INFO] [stderr]    Compiling regex v1.10.2
[INFO] [stderr]    Compiling clang-sys v1.6.1
[INFO] [stderr]     Checking parking_lot_core v0.9.9
[INFO] [stderr]     Checking chrono v0.4.31
[INFO] [stderr]    Compiling cexpr v0.6.0
[INFO] [stderr]    Compiling num-iter v0.1.43
[INFO] [stderr]    Compiling num-rational v0.4.1
[INFO] [stderr]    Compiling relative v0.2.2
[INFO] [stderr]     Checking clap_lex v0.6.0
[INFO] [stderr]    Compiling rustversion v1.0.14
[INFO] [stderr]    Compiling shlex v1.2.0
[INFO] [stderr]    Compiling serde_derive v1.0.193
[INFO] [stderr]    Compiling futures-macro v0.3.29
[INFO] [stderr]    Compiling serde_json v1.0.108
[INFO] [stderr]     Checking strsim v0.10.0
[INFO] [stderr]     Checking clap_builder v4.4.11
[INFO] [stderr]    Compiling tracing-attributes v0.1.27
[INFO] [stderr]    Compiling tokio-macros v2.2.0
[INFO] [stderr]    Compiling clap_derive v4.4.7
[INFO] [stderr]     Checking rmp v0.8.12
[INFO] [stderr]     Checking parking_lot v0.12.1
[INFO] [stderr]    Compiling trackable_derive v1.0.0
[INFO] [stderr]     Checking tracing-core v0.1.32
[INFO] [stderr]     Checking getrandom v0.2.11
[INFO] [stderr]     Checking num_cpus v1.16.0
[INFO] [stderr]     Checking socket2 v0.5.5
[INFO] [stderr]     Checking signal-hook-registry v1.4.1
[INFO] [stderr]     Checking mio v0.8.10
[INFO] [stderr]    Compiling tokio-cron-scheduler v0.9.4
[INFO] [stderr]     Checking tokio v1.34.0
[INFO] [stderr]     Checking uuid v1.6.1
[INFO] [stderr]     Checking tracing v0.1.40
[INFO] [stderr]     Checking trackable v1.3.0
[INFO] [stderr]     Checking cron v0.12.0
[INFO] [stderr]    Compiling num-derive v0.3.3
[INFO] [stderr]     Checking futures-executor v0.3.29
[INFO] [stderr]     Checking thread_local v1.1.7
[INFO] [stderr]     Checking num-complex v0.4.4
[INFO] [stderr]     Checking atty v0.2.14
[INFO] [stderr]     Checking malloc_buf v0.0.6
[INFO] [stderr]     Checking metatype v0.2.1
[INFO] [stderr]     Checking termcolor v1.1.3
[INFO] [stdout] error[E0554]: `#![feature]` may not be used on the beta release channel
[INFO] [stdout]   --> /opt/rustwide/cargo-home/registry/src/index.crates.io-6f17d22bba15001f/metatype-0.2.1/src/lib.rs:34:1
[INFO] [stdout]    |
[INFO] [stdout] 34 | #![feature(arbitrary_self_types)]
[INFO] [stdout]    | ^^^^^^^^^^^^^^^^^^^^^^^^^^^^^^^^^
[INFO] [stdout] 
[INFO] [stdout] 
[INFO] [stdout] error[E0554]: `#![feature]` may not be used on the beta release channel
[INFO] [stdout]   --> /opt/rustwide/cargo-home/registry/src/index.crates.io-6f17d22bba15001f/metatype-0.2.1/src/lib.rs:35:1
[INFO] [stdout]    |
[INFO] [stdout] 35 | #![feature(ptr_metadata)]
[INFO] [stdout]    | ^^^^^^^^^^^^^^^^^^^^^^^^^
[INFO] [stdout] 
[INFO] [stdout] 
[INFO] [stdout] error[E0554]: `#![feature]` may not be used on the beta release channel
[INFO] [stdout]   --> /opt/rustwide/cargo-home/registry/src/index.crates.io-6f17d22bba15001f/metatype-0.2.1/src/lib.rs:36:1
[INFO] [stdout]    |
[INFO] [stdout] 36 | #![feature(specialization)]
[INFO] [stdout]    | ^^^^^^^^^^^^^^^^^^^^^^^^^^^
[INFO] [stdout] 
[INFO] [stdout] 
[INFO] [stdout] error[E0554]: `#![feature]` may not be used on the beta release channel
[INFO] [stdout]   --> /opt/rustwide/cargo-home/registry/src/index.crates.io-6f17d22bba15001f/metatype-0.2.1/src/lib.rs:35:12
[INFO] [stdout]    |
[INFO] [stdout] 35 | #![feature(ptr_metadata)]
[INFO] [stdout]    |            ^^^^^^^^^^^^
[INFO] [stdout] 
[INFO] [stdout] 
[INFO] [stdout] error: aborting due to 4 previous errors
[INFO] [stdout] 
[INFO] [stdout] 
[INFO] [stdout] For more information about this error, try `rustc --explain E0554`.
[INFO] [stdout] 
[INFO] [stderr] error: could not compile `metatype` (lib) due to 5 previous errors
[INFO] [stderr] warning: build failed, waiting for other jobs to finish...
[INFO] running `Command { std: "docker" "inspect" "eb5625b2853e10d92ff2d835f0ddbb787851429073b7204687d328fa0fbe21ca", kill_on_drop: false }`
[INFO] running `Command { std: "docker" "rm" "-f" "eb5625b2853e10d92ff2d835f0ddbb787851429073b7204687d328fa0fbe21ca", kill_on_drop: false }`
[INFO] [stdout] eb5625b2853e10d92ff2d835f0ddbb787851429073b7204687d328fa0fbe21ca
