[INFO] cloning repository https://github.com/Lodestone-Team/monorepo-test
[INFO] running `Command { std: "git" "-c" "credential.helper=" "-c" "credential.helper=/workspace/cargo-home/bin/git-credential-null" "clone" "--bare" "https://github.com/Lodestone-Team/monorepo-test" "/workspace/cache/git-repos/https%3A%2F%2Fgithub.com%2FLodestone-Team%2Fmonorepo-test", kill_on_drop: false }`
[INFO] [stderr] Cloning into bare repository '/workspace/cache/git-repos/https%3A%2F%2Fgithub.com%2FLodestone-Team%2Fmonorepo-test'...
[INFO] running `Command { std: "git" "rev-parse" "HEAD", kill_on_drop: false }`
[INFO] [stdout] a6e97fb1313f2a7668fcdba199440707d53aee0c
[INFO] documenting Lodestone-Team/monorepo-test against 1.75.0 for beta-1.76-rustdoc-1
[INFO] running `Command { std: "git" "clone" "/workspace/cache/git-repos/https%3A%2F%2Fgithub.com%2FLodestone-Team%2Fmonorepo-test" "/workspace/builds/worker-4-tc1/source", kill_on_drop: false }`
[INFO] [stderr] Cloning into '/workspace/builds/worker-4-tc1/source'...
[INFO] [stderr] done.
[INFO] validating manifest of git repo https://github.com/Lodestone-Team/monorepo-test on toolchain 1.75.0
[INFO] running `Command { std: CARGO_HOME="/workspace/cargo-home" RUSTUP_HOME="/workspace/rustup-home" "/workspace/cargo-home/bin/cargo" "+1.75.0" "metadata" "--manifest-path" "Cargo.toml" "--no-deps", kill_on_drop: false }`
[INFO] removed /workspace/builds/worker-4-tc1/source/rust-toolchain.toml
[INFO] started tweaking git repo https://github.com/Lodestone-Team/monorepo-test
[INFO] finished tweaking git repo https://github.com/Lodestone-Team/monorepo-test
[INFO] tweaked toml for git repo https://github.com/Lodestone-Team/monorepo-test written to /workspace/builds/worker-4-tc1/source/Cargo.toml
[INFO] crate git repo https://github.com/Lodestone-Team/monorepo-test already has a lockfile, it will not be regenerated
[INFO] running `Command { std: CARGO_HOME="/workspace/cargo-home" RUSTUP_HOME="/workspace/rustup-home" "/workspace/cargo-home/bin/cargo" "+1.75.0" "fetch" "--manifest-path" "Cargo.toml", kill_on_drop: false }`
[INFO] [stderr]     Updating crates.io index
[INFO] [stderr]     Updating git repository `https://github.com/Lodestone-Team/safe_path_subset`
[INFO] [stderr]     Updating git repository `https://github.com/Lodestone-Team/sqlx`
[INFO] [stderr]  Downloading crates ...
[INFO] [stderr]   Downloaded swc_visit_macros v0.5.7
[INFO] [stderr]   Downloaded swc_ecma_transforms_classes v0.116.18
[INFO] [stderr]   Downloaded attohttpc v0.16.3
[INFO] [stderr]   Downloaded swc_macros_common v0.3.7
[INFO] [stderr]   Downloaded swc_ecma_utils v0.117.13
[INFO] [stderr]   Downloaded target-lexicon v0.12.9
[INFO] [stderr]   Downloaded wildmatch v1.1.0
[INFO] [stderr]   Downloaded swc_eq_ignore_macros v0.1.1
[INFO] [stderr]   Downloaded tauri v1.4.1
[INFO] [stderr]   Downloaded swc_config v0.1.5
[INFO] [stderr]   Downloaded enum-kinds v0.5.1
[INFO] [stderr]   Downloaded swc_config_macro v0.1.1
[INFO] [stderr]   Downloaded swc_ecma_transforms_proposal v0.161.22
[INFO] [stderr]   Downloaded fly-accept-encoding v0.2.0
[INFO] [stderr]   Downloaded swc_ecma_transforms_macros v0.5.1
[INFO] [stderr]   Downloaded from_variant v0.1.5
[INFO] [stderr]   Downloaded swc_ecma_codegen_macros v0.7.2
[INFO] [stderr]   Downloaded json-patch v1.0.0
[INFO] [stderr]   Downloaded dsa v0.6.1
[INFO] [stderr]   Downloaded x509-parser v0.15.0
[INFO] [stderr]   Downloaded neli v0.5.3
[INFO] [stderr]   Downloaded swc_ecma_codegen v0.139.17
[INFO] [stderr]   Downloaded libffi-sys v2.2.1
[INFO] [stderr]   Downloaded wry v0.24.3
[INFO] [stderr]   Downloaded tao v0.16.2
[INFO] [stderr]   Downloaded swc_ecma_ast v0.104.5
[INFO] [stderr]   Downloaded axum-server v0.4.6
[INFO] [stderr]   Downloaded swc_common v0.31.12
[INFO] [stderr]   Downloaded sec1 v0.7.1
[INFO] [stderr]   Downloaded serde_with v3.0.0
[INFO] [stderr]   Downloaded deno_crypto v0.122.0
[INFO] [stderr]   Downloaded swc_ecma_parser v0.134.12
[INFO] [stderr]   Downloaded swc_atoms v0.5.6
[INFO] [stderr]   Downloaded v8 v0.73.0
[INFO] [stderr]   Downloaded deno_ffi v0.95.0
[INFO] [stderr]   Downloaded deno_tls v0.95.0
[INFO] [stderr]   Downloaded deno_web v0.139.0
[INFO] [stderr]   Downloaded deno_node v0.45.0
[INFO] [stderr]   Downloaded swc_ecma_transforms_base v0.127.18
[INFO] [stderr]   Downloaded deno_core v0.190.0
[INFO] [stderr]   Downloaded deno_runtime v0.116.0
[INFO] [stderr]   Downloaded monch v0.4.2
[INFO] [stderr]   Downloaded swc_ecma_transforms_typescript v0.177.23
[INFO] [stderr]   Downloaded deno_fetch v0.132.0
[INFO] [stderr]   Downloaded deno_webidl v0.108.0
[INFO] [stderr]   Downloaded serde_v8 v0.101.0
[INFO] [stderr]   Downloaded deno_napi v0.38.0
[INFO] [stderr]   Downloaded deno_console v0.108.0
[INFO] [stderr]   Downloaded deno_cache v0.40.0
[INFO] [stderr]   Downloaded fastwebsockets v0.3.1
[INFO] [stderr]   Downloaded deno_fs v0.18.0
[INFO] [stderr]   Downloaded deno_broadcast_channel v0.102.0
[INFO] [stderr]   Downloaded deno_ast v0.27.1
[INFO] [stderr]   Downloaded deno_npm v0.8.0
[INFO] [stderr]   Downloaded deno_http v0.103.0
[INFO] [stderr]   Downloaded deno_graph v0.49.0
[INFO] [stderr]   Downloaded deno_semver v0.2.2
[INFO] [stderr]   Downloaded deno_kv v0.16.0
[INFO] [stderr]   Downloaded deno_webstorage v0.103.0
[INFO] [stderr]   Downloaded swc_ecma_dep_graph v0.106.12
[INFO] [stderr]   Downloaded deno_url v0.108.0
[INFO] [stderr]   Downloaded deno_net v0.100.0
[INFO] [stderr]   Downloaded deno_io v0.18.0
[INFO] [stderr]   Downloaded tauri-winrt-notification v0.1.2
[INFO] [stderr]   Downloaded axum-macros v0.3.6
[INFO] [stderr]   Downloaded import_map v0.15.0
[INFO] [stderr]   Downloaded swc_visit v0.5.6
[INFO] [stderr]   Downloaded tauri-utils v1.4.0
[INFO] [stderr]   Downloaded tauri-runtime-wry v0.14.0
[INFO] [stderr]   Downloaded cargo_toml v0.15.3
[INFO] [stderr]   Downloaded libffi v3.2.0
[INFO] [stderr]   Downloaded serde_with_macros v3.0.0
[INFO] [stderr]   Downloaded hyper v1.0.0-rc.3
[INFO] [stderr]   Downloaded spin v0.9.6
[INFO] [stderr]   Downloaded deno_ops v0.68.0
[INFO] [stderr]   Downloaded dprint-swc-ext v0.10.0
[INFO] [stderr]   Downloaded igd v0.12.0
[INFO] [stderr]   Downloaded ast_node v0.9.4
[INFO] [stderr]   Downloaded primeorder v0.13.1
[INFO] [stderr]   Downloaded axum v0.6.7
[INFO] [stderr]   Downloaded rcon v0.6.0
[INFO] [stderr]   Downloaded pbkdf2 v0.12.1
[INFO] [stderr]   Downloaded argon2 v0.4.1
[INFO] [stderr]   Downloaded tauri-plugin-localhost v0.1.0
[INFO] [stderr]   Downloaded rsa v0.7.2
[INFO] [stderr]   Downloaded serde_repr v0.1.9
[INFO] [stderr]   Downloaded deno_websocket v0.113.0
[INFO] [stderr]   Downloaded chunked_transfer v1.4.1
[INFO] [stderr]   Downloaded tauri-macros v1.4.0
[INFO] [stderr]   Downloaded tauri-build v1.4.0
[INFO] [stderr]   Downloaded block-padding v0.3.2
[INFO] [stderr]   Downloaded md4 v0.10.2
[INFO] [stderr]   Downloaded ecb v0.1.1
[INFO] [stderr]   Downloaded ringbuffer v0.8.5
[INFO] [stderr]   Downloaded string_enum v0.4.0
[INFO] [stderr]   Downloaded netif v0.1.6
[INFO] [stderr]   Downloaded block-modes v0.9.1
[INFO] [stderr]   Downloaded axum-auth v0.4.0
[INFO] [stderr]   Downloaded swc_ecma_visit v0.90.5
[INFO] [stderr]   Downloaded tauri-runtime v0.14.0
[INFO] [stderr]   Downloaded swc_ecma_loader v0.43.14
[INFO] [stderr]   Downloaded cache_control v0.2.0
[INFO] [stderr]   Downloaded swc_ecma_transforms_react v0.173.20
[INFO] [stderr]   Downloaded tao-macros v0.1.1
[INFO] [stderr]   Downloaded deno_media_type v0.1.0
[INFO] [stderr]   Downloaded better_scoped_tls v0.1.0
[INFO] [stderr]   Downloaded tauri-codegen v1.4.0
[INFO] [stderr]   Downloaded rs-snowflake v0.6.0
[INFO] [stderr]   Downloaded sourcemap v6.2.3
[INFO] [stderr]   Downloaded local-ip-address v0.5.1
[INFO] running `Command { std: "docker" "create" "-v" "/var/lib/crater-agent-workspace/builds/worker-4-tc1/target:/opt/rustwide/target:rw,Z" "-v" "/var/lib/crater-agent-workspace/builds/worker-4-tc1/source:/opt/rustwide/workdir:ro,Z" "-v" "/var/lib/crater-agent-workspace/cargo-home:/opt/rustwide/cargo-home:ro,Z" "-v" "/var/lib/crater-agent-workspace/rustup-home:/opt/rustwide/rustup-home:ro,Z" "-e" "SOURCE_DIR=/opt/rustwide/workdir" "-e" "CARGO_TARGET_DIR=/opt/rustwide/target" "-e" "CARGO_HOME=/opt/rustwide/cargo-home" "-e" "RUSTUP_HOME=/opt/rustwide/rustup-home" "-w" "/opt/rustwide/workdir" "-m" "1610612736" "--user" "0:0" "--network" "none" "ghcr.io/rust-lang/crates-build-env/linux@sha256:2788e3201cd34a07e3172128adcd8b3090168a8e3bcc40d7c032b9dda1df7d1c" "/opt/rustwide/cargo-home/bin/cargo" "+1.75.0" "metadata" "--no-deps" "--format-version=1", kill_on_drop: false }`
[INFO] [stdout] 13e09e6a2e409c1dbe0f418bda370a686eb7e232814e26727baed0214076b4f2
[INFO] running `Command { std: "docker" "start" "-a" "13e09e6a2e409c1dbe0f418bda370a686eb7e232814e26727baed0214076b4f2", kill_on_drop: false }`
[INFO] running `Command { std: "docker" "inspect" "13e09e6a2e409c1dbe0f418bda370a686eb7e232814e26727baed0214076b4f2", kill_on_drop: false }`
[INFO] running `Command { std: "docker" "rm" "-f" "13e09e6a2e409c1dbe0f418bda370a686eb7e232814e26727baed0214076b4f2", kill_on_drop: false }`
[INFO] [stdout] 13e09e6a2e409c1dbe0f418bda370a686eb7e232814e26727baed0214076b4f2
[INFO] running `Command { std: "docker" "create" "-v" "/var/lib/crater-agent-workspace/builds/worker-4-tc1/target:/opt/rustwide/target:rw,Z" "-v" "/var/lib/crater-agent-workspace/builds/worker-4-tc1/source:/opt/rustwide/workdir:ro,Z" "-v" "/var/lib/crater-agent-workspace/cargo-home:/opt/rustwide/cargo-home:ro,Z" "-v" "/var/lib/crater-agent-workspace/rustup-home:/opt/rustwide/rustup-home:ro,Z" "-e" "SOURCE_DIR=/opt/rustwide/workdir" "-e" "CARGO_TARGET_DIR=/opt/rustwide/target" "-e" "CARGO_INCREMENTAL=0" "-e" "RUST_BACKTRACE=full" "-e" "RUSTFLAGS=--cap-lints=warn" "-e" "RUSTDOCFLAGS=--cap-lints=warn" "-e" "CARGO_HOME=/opt/rustwide/cargo-home" "-e" "RUSTUP_HOME=/opt/rustwide/rustup-home" "-w" "/opt/rustwide/workdir" "-m" "1610612736" "--user" "0:0" "--network" "none" "ghcr.io/rust-lang/crates-build-env/linux@sha256:2788e3201cd34a07e3172128adcd8b3090168a8e3bcc40d7c032b9dda1df7d1c" "/opt/rustwide/cargo-home/bin/cargo" "+1.75.0" "doc" "--frozen" "--no-deps" "--document-private-items" "--message-format=json", kill_on_drop: false }`
[INFO] [stdout] 80a8bbc72cf35203e6a99aa7bcfc1eabe99a3e6efda67b7bcf4d40fef1176faf
[INFO] running `Command { std: "docker" "start" "-a" "80a8bbc72cf35203e6a99aa7bcfc1eabe99a3e6efda67b7bcf4d40fef1176faf", kill_on_drop: false }`
[INFO] [stderr]    Compiling libc v0.2.140
[INFO] [stderr]    Compiling proc-macro2 v1.0.65
[INFO] [stderr]    Compiling quote v1.0.30
[INFO] [stderr]    Compiling syn v1.0.109
[INFO] [stderr]    Compiling unicode-xid v0.2.4
[INFO] [stderr]    Compiling serde v1.0.171
[INFO] [stderr]    Compiling libm v0.2.6
[INFO] [stderr]    Compiling generic-array v0.14.6
[INFO] [stderr]    Compiling num-traits v0.2.15
[INFO] [stderr]    Compiling once_cell v1.17.1
[INFO] [stderr]    Compiling num-integer v0.1.45
[INFO] [stderr]    Compiling tokio v1.28.1
[INFO] [stderr]    Compiling serde_json v1.0.103
[INFO] [stderr]    Compiling aho-corasick v0.7.20
[INFO] [stderr]    Compiling regex-syntax v0.6.29
[INFO] [stderr]    Compiling num-bigint v0.4.3
[INFO] [stderr]     Checking smallvec v1.10.0
[INFO] [stderr]    Compiling spin v0.5.2
[INFO] [stderr]    Compiling equivalent v1.0.1
[INFO] [stderr]    Compiling hashbrown v0.14.0
[INFO] [stderr]     Checking subtle v2.4.1
[INFO] [stderr]     Checking const-oid v0.9.2
[INFO] [stderr]    Compiling lazy_static v1.4.0
[INFO] [stderr]     Checking unicode-bidi v0.3.11
[INFO] [stderr]    Compiling anyhow v1.0.71
[INFO] [stderr]    Compiling log v0.4.17
[INFO] [stderr]    Compiling toml_datetime v0.6.3
[INFO] [stderr]    Compiling siphasher v0.3.10
[INFO] [stderr]     Checking futures-io v0.3.28
[INFO] [stderr]     Checking idna v0.3.0
[INFO] [stderr]    Compiling winnow v0.5.0
[INFO] [stderr]    Compiling phf_shared v0.10.0
[INFO] [stderr]    Compiling indexmap v1.9.2
[INFO] [stderr]    Compiling indexmap v2.0.0
[INFO] [stderr]    Compiling syn v2.0.26
[INFO] [stderr]     Checking tracing-core v0.1.30
[INFO] [stderr]     Checking data-encoding v2.3.3
[INFO] [stderr]    Compiling futures-util v0.3.28
[INFO] [stderr]     Checking if_chain v1.0.2
[INFO] [stderr]    Compiling unicode-id v0.3.3
[INFO] [stderr]     Checking cpufeatures v0.2.5
[INFO] [stderr]     Checking base64ct v1.6.0
[INFO] [stderr]    Compiling untrusted v0.7.1
[INFO] [stderr]    Compiling getrandom v0.2.8
[INFO] [stderr]    Compiling jobserver v0.1.26
[INFO] [stderr]    Compiling rand_core v0.6.4
[INFO] [stderr]    Compiling regex v1.7.2
[INFO] [stderr]     Checking parking_lot_core v0.9.7
[INFO] [stderr]    Compiling cc v1.0.79
[INFO] [stderr]     Checking num_cpus v1.15.0
[INFO] [stderr]     Checking ahash v0.7.6
[INFO] [stderr]    Compiling rand_chacha v0.3.1
[INFO] [stderr]     Checking parking_lot v0.12.1
[INFO] [stderr]     Checking mio v0.8.6
[INFO] [stderr]    Compiling which v4.4.0
[INFO] [stderr]    Compiling fslock v0.1.8
[INFO] [stderr]    Compiling rand v0.8.5
[INFO] [stderr]     Checking signal-hook-registry v1.4.1
[INFO] [stderr]     Checking socket2 v0.4.9
[INFO] [stderr]     Checking hashbrown v0.12.3
[INFO] [stderr]    Compiling v8 v0.73.0
[INFO] [stderr]    Compiling rustls v0.21.1
[INFO] [stderr]    Compiling toml_edit v0.19.14
[INFO] [stderr]    Compiling smartstring v1.0.1
[INFO] [stderr]    Compiling proc-macro-hack v0.5.20+deprecated
[INFO] [stderr]    Compiling Inflector v0.11.4
[INFO] [stderr]    Compiling encoding_rs v0.8.31
[INFO] [stderr]    Compiling vcpkg v0.2.15
[INFO] [stderr]    Compiling phf_generator v0.10.0
[INFO] [stderr]    Compiling precomputed-hash v0.1.1
[INFO] [stderr]    Compiling string_cache_codegen v0.5.2
[INFO] [stderr]     Checking byteorder v1.4.3
[INFO] [stderr]    Compiling stable_deref_trait v1.2.0
[INFO] [stderr]    Compiling new_debug_unreachable v1.0.4
[INFO] [stderr]    Compiling static_assertions v1.1.0
[INFO] [stderr]    Compiling ring v0.16.20
[INFO] [stderr]    Compiling psm v0.1.21
[INFO] [stderr]    Compiling stacker v0.1.15
[INFO] [stderr]    Compiling scoped-tls v1.0.1
[INFO] [stderr]    Compiling rustc-hash v1.1.0
[INFO] [stderr]    Compiling getrandom v0.1.16
[INFO] [stderr]     Checking unicode-width v0.1.10
[INFO] [stderr]    Compiling better_scoped_tls v0.1.0
[INFO] [stderr]    Compiling lexical-util v0.8.5
[INFO] [stderr]    Compiling num-iter v0.1.43
[INFO] [stderr]    Compiling windows_x86_64_gnu v0.48.0
[INFO] [stderr]     Checking tower-service v0.3.2
[INFO] [stderr]    Compiling base64 v0.21.0
[INFO] [stderr]    Compiling swc_atoms v0.5.6
[INFO] [stderr]    Compiling pem-rfc7468 v0.6.0
[INFO] [stderr]    Compiling pem-rfc7468 v0.7.0
[INFO] [stderr]     Checking http-body v0.4.5
[INFO] [stderr]     Checking num_threads v0.1.6
[INFO] [stderr]    Compiling bitflags v2.3.1
[INFO] [stderr]     Checking time v0.3.20
[INFO] [stderr]    Compiling rustls-pemfile v1.0.2
[INFO] [stderr]    Compiling libsqlite3-sys v0.25.2
[INFO] [stderr]    Compiling lexical-parse-integer v0.8.6
[INFO] [stderr]    Compiling lexical-write-integer v0.8.5
[INFO] [stderr]     Checking try-lock v0.2.4
[INFO] [stderr]    Compiling num-bigint-dig v0.8.2
[INFO] [stderr]    Compiling adler v1.0.2
[INFO] [stderr]     Checking want v0.3.0
[INFO] [stderr]    Compiling miniz_oxide v0.5.4
[INFO] [stderr]    Compiling lexical-parse-float v0.8.5
[INFO] [stderr]    Compiling lexical-write-float v0.8.5
[INFO] [stderr]    Compiling crc32fast v1.3.2
[INFO] [stderr]    Compiling proc-macro-error-attr v1.0.4
[INFO] [stderr]    Compiling rustversion v1.0.12
[INFO] [stderr]    Compiling proc-macro-crate v1.3.1
[INFO] [stderr]    Compiling fs3 v0.5.0
[INFO] [stderr]    Compiling lexical-core v0.8.5
[INFO] [stderr]    Compiling flate2 v1.0.24
[INFO] [stderr]    Compiling openssl-sys v0.9.80
[INFO] [stderr]    Compiling httparse v1.8.0
[INFO] [stderr]    Compiling proc-macro-error v1.0.4
[INFO] [stderr]    Compiling alloc-no-stdlib v2.0.4
[INFO] [stderr]    Compiling proc-macro2 v0.4.30
[INFO] [stderr]    Compiling rustls v0.20.8
[INFO] [stderr]    Compiling httpdate v1.0.2
[INFO] [stderr]    Compiling alloc-stdlib v0.2.2
[INFO] [stderr]    Compiling lexical v6.1.1
[INFO] [stderr]    Compiling synstructure v0.12.6
[INFO] [stderr]    Compiling pmutil v0.5.3
[INFO] [stderr]    Compiling ff v0.13.0
[INFO] [stderr]    Compiling ipnet v2.7.1
[INFO] [stderr]    Compiling base16ct v0.2.0
[INFO] [stderr]    Compiling typed-arena v2.0.1
[INFO] [stderr]    Compiling group v0.13.0
[INFO] [stderr]    Compiling swc_macros_common v0.3.7
[INFO] [stderr]    Compiling brotli-decompressor v2.3.4
[INFO] [stderr]    Compiling secp256k1-sys v0.8.1
[INFO] [stderr]    Compiling libffi-sys v2.2.1
[INFO] [stderr]    Compiling hashlink v0.8.1
[INFO] [stderr]    Compiling oid-registry v0.6.1
[INFO] [stderr]    Compiling fastwebsockets v0.3.1
[INFO] [stderr]    Compiling syn v0.15.44
[INFO] [stderr]    Compiling quote v0.6.13
[INFO] [stderr]    Compiling rustls-native-certs v0.6.2
[INFO] [stderr]    Compiling serde_derive v1.0.171
[INFO] [stderr]    Compiling tokio-macros v2.1.0
[INFO] [stderr]    Compiling futures-macro v0.3.28
[INFO] [stderr]    Compiling thiserror-impl v1.0.40
[INFO] [stderr]    Compiling async-trait v0.1.68
[INFO] [stderr]    Compiling displaydoc v0.2.4
[INFO] [stderr]    Compiling libz-sys v1.1.9
[INFO] [stderr]    Compiling brotli v3.3.4
[INFO] [stderr]     Checking sct v0.7.0
[INFO] [stderr]    Compiling webpki v0.22.0
[INFO] [stderr]    Compiling webpki-roots v0.22.6
[INFO] [stderr]    Compiling rustls-webpki v0.100.1
[INFO] [stderr]    Compiling ff v0.12.1
[INFO] [stderr]    Compiling autocfg v0.1.8
[INFO] [stderr]    Compiling match_cfg v0.1.0
[INFO] [stderr]    Compiling base16ct v0.1.1
[INFO] [stderr]    Compiling openssl v0.10.45
[INFO] [stderr]     Checking thiserror v1.0.40
[INFO] [stderr]    Compiling matches v0.1.10
[INFO] [stderr]    Compiling idna v0.2.3
[INFO] [stderr]    Compiling hostname v0.3.1
[INFO] [stderr]    Compiling zeroize_derive v1.3.3
[INFO] [stderr]    Compiling tracing-attributes v0.1.23
[INFO] [stderr]    Compiling pin-project-internal v1.0.12
[INFO] [stderr] The following warnings were emitted during compilation:
[INFO] [stderr] 
[INFO] [stderr] warning: libsqlite3-sys@0.25.2: cc: fatal error: Killed signal terminated program cc1
[INFO] [stderr] warning: libsqlite3-sys@0.25.2: compilation terminated.
[INFO] [stderr] 
[INFO] [stderr] error: failed to run custom build command for `libsqlite3-sys v0.25.2`
[INFO] [stderr] note: To improve backtraces for build dependencies, set the CARGO_PROFILE_DEV_BUILD_OVERRIDE_DEBUG=true environment variable to enable debug information generation.
[INFO] [stderr] 
[INFO] [stderr] Caused by:
[INFO] [stderr]   process didn't exit successfully: `/opt/rustwide/target/debug/build/libsqlite3-sys-2d3f384754e33af1/build-script-build` (exit status: 1)
[INFO] [stderr]   --- stdout
[INFO] [stderr]   cargo:rerun-if-changed=sqlite3/sqlite3.c
[INFO] [stderr]   cargo:rerun-if-changed=sqlite3/wasm32-wasi-vfs.c
[INFO] [stderr]   cargo:rerun-if-env-changed=SQLITE_MAX_VARIABLE_NUMBER
[INFO] [stderr]   cargo:rerun-if-env-changed=SQLITE_MAX_EXPR_DEPTH
[INFO] [stderr]   cargo:rerun-if-env-changed=LIBSQLITE3_FLAGS
[INFO] [stderr]   TARGET = Some("x86_64-unknown-linux-gnu")
[INFO] [stderr]   OPT_LEVEL = Some("0")
[INFO] [stderr]   HOST = Some("x86_64-unknown-linux-gnu")
[INFO] [stderr]   cargo:rerun-if-env-changed=CC_x86_64-unknown-linux-gnu
[INFO] [stderr]   CC_x86_64-unknown-linux-gnu = None
[INFO] [stderr]   cargo:rerun-if-env-changed=CC_x86_64_unknown_linux_gnu
[INFO] [stderr]   CC_x86_64_unknown_linux_gnu = None
[INFO] [stderr]   cargo:rerun-if-env-changed=HOST_CC
[INFO] [stderr]   HOST_CC = None
[INFO] [stderr]   cargo:rerun-if-env-changed=CC
[INFO] [stderr]   CC = None
[INFO] [stderr]   cargo:rerun-if-env-changed=CFLAGS_x86_64-unknown-linux-gnu
[INFO] [stderr]   CFLAGS_x86_64-unknown-linux-gnu = None
[INFO] [stderr]   cargo:rerun-if-env-changed=CFLAGS_x86_64_unknown_linux_gnu
[INFO] [stderr]   CFLAGS_x86_64_unknown_linux_gnu = None
[INFO] [stderr]   cargo:rerun-if-env-changed=HOST_CFLAGS
[INFO] [stderr]   HOST_CFLAGS = None
[INFO] [stderr]   cargo:rerun-if-env-changed=CFLAGS
[INFO] [stderr]   CFLAGS = None
[INFO] [stderr]   cargo:rerun-if-env-changed=CRATE_CC_NO_DEFAULTS
[INFO] [stderr]   CRATE_CC_NO_DEFAULTS = None
[INFO] [stderr]   DEBUG = Some("true")
[INFO] [stderr]   CARGO_CFG_TARGET_FEATURE = Some("fxsr,sse,sse2")
[INFO] [stderr]   running: "cc" "-O0" "-ffunction-sections" "-fdata-sections" "-fPIC" "-gdwarf-4" "-fno-omit-frame-pointer" "-m64" "-DSQLITE_CORE" "-DSQLITE_DEFAULT_FOREIGN_KEYS=1" "-DSQLITE_ENABLE_API_ARMOR" "-DSQLITE_ENABLE_COLUMN_METADATA" "-DSQLITE_ENABLE_DBSTAT_VTAB" "-DSQLITE_ENABLE_FTS3" "-DSQLITE_ENABLE_FTS3_PARENTHESIS" "-DSQLITE_ENABLE_FTS5" "-DSQLITE_ENABLE_JSON1" "-DSQLITE_ENABLE_LOAD_EXTENSION=1" "-DSQLITE_ENABLE_MEMORY_MANAGEMENT" "-DSQLITE_ENABLE_RTREE" "-DSQLITE_ENABLE_STAT2" "-DSQLITE_ENABLE_STAT4" "-DSQLITE_SOUNDEX" "-DSQLITE_THREADSAFE=1" "-DSQLITE_USE_URI" "-DHAVE_USLEEP=1" "-D_POSIX_THREAD_SAFE_FUNCTIONS" "-DHAVE_ISNAN" "-DHAVE_LOCALTIME_R" "-DSQLITE_ENABLE_UNLOCK_NOTIFY" "-o" "/opt/rustwide/target/debug/build/libsqlite3-sys-56b657691741d00a/out/sqlite3/sqlite3.o" "-c" "sqlite3/sqlite3.c"
[INFO] [stderr]   cargo:warning=cc: fatal error: Killed signal terminated program cc1
[INFO] [stderr]   cargo:warning=compilation terminated.
[INFO] [stderr]   exit status: 1
[INFO] [stderr] 
[INFO] [stderr]   --- stderr
[INFO] [stderr] 
[INFO] [stderr] 
[INFO] [stderr]   error occurred: Command "cc" "-O0" "-ffunction-sections" "-fdata-sections" "-fPIC" "-gdwarf-4" "-fno-omit-frame-pointer" "-m64" "-DSQLITE_CORE" "-DSQLITE_DEFAULT_FOREIGN_KEYS=1" "-DSQLITE_ENABLE_API_ARMOR" "-DSQLITE_ENABLE_COLUMN_METADATA" "-DSQLITE_ENABLE_DBSTAT_VTAB" "-DSQLITE_ENABLE_FTS3" "-DSQLITE_ENABLE_FTS3_PARENTHESIS" "-DSQLITE_ENABLE_FTS5" "-DSQLITE_ENABLE_JSON1" "-DSQLITE_ENABLE_LOAD_EXTENSION=1" "-DSQLITE_ENABLE_MEMORY_MANAGEMENT" "-DSQLITE_ENABLE_RTREE" "-DSQLITE_ENABLE_STAT2" "-DSQLITE_ENABLE_STAT4" "-DSQLITE_SOUNDEX" "-DSQLITE_THREADSAFE=1" "-DSQLITE_USE_URI" "-DHAVE_USLEEP=1" "-D_POSIX_THREAD_SAFE_FUNCTIONS" "-DHAVE_ISNAN" "-DHAVE_LOCALTIME_R" "-DSQLITE_ENABLE_UNLOCK_NOTIFY" "-o" "/opt/rustwide/target/debug/build/libsqlite3-sys-56b657691741d00a/out/sqlite3/sqlite3.o" "-c" "sqlite3/sqlite3.c" with args "cc" did not execute successfully (status code exit status: 1).
[INFO] [stderr] 
[INFO] [stderr] 
[INFO] [stderr] warning: build failed, waiting for other jobs to finish...
[INFO] [stderr] error: could not compile `brotli` (lib)
[INFO] [stderr] 
[INFO] [stderr] Caused by:
[INFO] [stderr]   process didn't exit successfully: `/opt/rustwide/rustup-home/toolchains/1.75.0-x86_64-unknown-linux-gnu/bin/rustc --crate-name brotli /opt/rustwide/cargo-home/registry/src/index.crates.io-6f17d22bba15001f/brotli-3.3.4/src/lib.rs --error-format=json --json=diagnostic-rendered-ansi,artifacts,future-incompat --crate-type lib --emit=dep-info,metadata,link -C embed-bitcode=no --cfg 'feature="alloc-stdlib"' --cfg 'feature="default"' --cfg 'feature="ffi-api"' --cfg 'feature="std"' -C metadata=981a926895e3805a -C extra-filename=-981a926895e3805a --out-dir /opt/rustwide/target/debug/deps -L dependency=/opt/rustwide/target/debug/deps --extern alloc_no_stdlib=/opt/rustwide/target/debug/deps/liballoc_no_stdlib-90fcf166c074f7ad.rmeta --extern alloc_stdlib=/opt/rustwide/target/debug/deps/liballoc_stdlib-28b64f94d33587e2.rmeta --extern brotli_decompressor=/opt/rustwide/target/debug/deps/libbrotli_decompressor-d3cc44af2a25d574.rmeta --cap-lints allow --cap-lints=warn` (signal: 9, SIGKILL: kill)
[INFO] [stderr] error: failed to run custom build command for `v8 v0.73.0`
[INFO] [stderr] note: To improve backtraces for build dependencies, set the CARGO_PROFILE_DEV_BUILD_OVERRIDE_DEBUG=true environment variable to enable debug information generation.
[INFO] [stderr] 
[INFO] [stderr] Caused by:
[INFO] [stderr]   process didn't exit successfully: `/opt/rustwide/target/debug/build/v8-3efe5cb38461e41e/build-script-build` (exit status: 101)
[INFO] [stderr]   --- stdout
[INFO] [stderr]   cargo:rerun-if-changed=.gn
[INFO] [stderr]   cargo:rerun-if-changed=BUILD.gn
[INFO] [stderr]   cargo:rerun-if-changed=src/binding.cc
[INFO] [stderr]   cargo:rerun-if-env-changed=CCACHE
[INFO] [stderr]   cargo:rerun-if-env-changed=CLANG_BASE_PATH
[INFO] [stderr]   cargo:rerun-if-env-changed=DENO_TRYBUILD
[INFO] [stderr]   cargo:rerun-if-env-changed=DOCS_RS
[INFO] [stderr]   cargo:rerun-if-env-changed=GN
[INFO] [stderr]   cargo:rerun-if-env-changed=GN_ARGS
[INFO] [stderr]   cargo:rerun-if-env-changed=HOST
[INFO] [stderr]   cargo:rerun-if-env-changed=NINJA
[INFO] [stderr]   cargo:rerun-if-env-changed=OUT_DIR
[INFO] [stderr]   cargo:rerun-if-env-changed=RUSTY_V8_ARCHIVE
[INFO] [stderr]   cargo:rerun-if-env-changed=RUSTY_V8_MIRROR
[INFO] [stderr]   cargo:rerun-if-env-changed=SCCACHE
[INFO] [stderr]   cargo:rerun-if-env-changed=V8_FORCE_DEBUG
[INFO] [stderr]   cargo:rerun-if-env-changed=V8_FROM_SOURCE
[INFO] [stderr]   cargo:rerun-if-env-changed=PYTHON
[INFO] [stderr]   cargo:rerun-if-env-changed=DISABLE_CLANG
[INFO] [stderr]   cargo:rerun-if-env-changed=EXTRA_GN_ARGS
[INFO] [stderr]   cargo:rerun-if-env-changed=NO_PRINT_GN_ARGS
[INFO] [stderr]   cargo:rustc-link-lib=static=rusty_v8
[INFO] [stderr]   download lockfile: "/opt/rustwide/target/debug/build/lib_download.fslock"
[INFO] [stderr]   static lib URL: https://github.com/denoland/rusty_v8/releases/download/v0.73.0/librusty_v8_release_x86_64-unknown-linux-gnu.a
[INFO] [stderr]   cargo:rustc-link-search=/opt/rustwide/target/debug/gn_out/obj
[INFO] [stderr]   Downloading https://github.com/denoland/rusty_v8/releases/download/v0.73.0/librusty_v8_release_x86_64-unknown-linux-gnu.a
[INFO] [stderr]   Downloading https://github.com/denoland/rusty_v8/releases/download/v0.73.0/librusty_v8_release_x86_64-unknown-linux-gnu.a...
[INFO] [stderr]   <urlopen error [Errno -3] Temporary failure in name resolution>
[INFO] [stderr]   Retrying in 5 s ...
[INFO] [stderr]   Downloading https://github.com/denoland/rusty_v8/releases/download/v0.73.0/librusty_v8_release_x86_64-unknown-linux-gnu.a...
[INFO] [stderr]   <urlopen error [Errno -3] Temporary failure in name resolution>
[INFO] [stderr]   Retrying in 10 s ...
[INFO] [stderr]   Downloading https://github.com/denoland/rusty_v8/releases/download/v0.73.0/librusty_v8_release_x86_64-unknown-linux-gnu.a...
[INFO] [stderr]   <urlopen error [Errno -3] Temporary failure in name resolution>
[INFO] [stderr]   Retrying in 20 s ...
[INFO] [stderr]   Downloading https://github.com/denoland/rusty_v8/releases/download/v0.73.0/librusty_v8_release_x86_64-unknown-linux-gnu.a...
[INFO] [stderr]   <urlopen error [Errno -3] Temporary failure in name resolution>
[INFO] [stderr]   Python downloader failed, trying with curl.
[INFO] [stderr] 
[INFO] [stderr]   --- stderr
[INFO] [stderr]   Traceback (most recent call last):
[INFO] [stderr]     File "/usr/lib/python3.10/urllib/request.py", line 1348, in do_open
[INFO] [stderr]       h.request(req.get_method(), req.selector, req.data, headers,
[INFO] [stderr]     File "/usr/lib/python3.10/http/client.py", line 1283, in request
[INFO] [stderr]       self._send_request(method, url, body, headers, encode_chunked)
[INFO] [stderr]     File "/usr/lib/python3.10/http/client.py", line 1329, in _send_request
[INFO] [stderr]       self.endheaders(body, encode_chunked=encode_chunked)
[INFO] [stderr]     File "/usr/lib/python3.10/http/client.py", line 1278, in endheaders
[INFO] [stderr]       self._send_output(message_body, encode_chunked=encode_chunked)
[INFO] [stderr]     File "/usr/lib/python3.10/http/client.py", line 1038, in _send_output
[INFO] [stderr]       self.send(msg)
[INFO] [stderr]     File "/usr/lib/python3.10/http/client.py", line 976, in send
[INFO] [stderr]       self.connect()
[INFO] [stderr]     File "/usr/lib/python3.10/http/client.py", line 1448, in connect
[INFO] [stderr]       super().connect()
[INFO] [stderr]     File "/usr/lib/python3.10/http/client.py", line 942, in connect
[INFO] [stderr]       self.sock = self._create_connection(
[INFO] [stderr]     File "/usr/lib/python3.10/socket.py", line 824, in create_connection
[INFO] [stderr]       for res in getaddrinfo(host, port, 0, SOCK_STREAM):
[INFO] [stderr]     File "/usr/lib/python3.10/socket.py", line 955, in getaddrinfo
[INFO] [stderr]       for res in _socket.getaddrinfo(host, port, family, type, proto, flags):
[INFO] [stderr]   socket.gaierror: [Errno -3] Temporary failure in name resolution
[INFO] [stderr] 
[INFO] [stderr]   During handling of the above exception, another exception occurred:
[INFO] [stderr] 
[INFO] [stderr]   Traceback (most recent call last):
[INFO] [stderr]     File "/opt/rustwide/cargo-home/registry/src/index.crates.io-6f17d22bba15001f/v8-0.73.0/./tools/download_file.py", line 64, in <module>
[INFO] [stderr]       sys.exit(main())
[INFO] [stderr]     File "/opt/rustwide/cargo-home/registry/src/index.crates.io-6f17d22bba15001f/v8-0.73.0/./tools/download_file.py", line 59, in main
[INFO] [stderr]       DownloadUrl(args.url, f)
[INFO] [stderr]     File "/opt/rustwide/cargo-home/registry/src/index.crates.io-6f17d22bba15001f/v8-0.73.0/./tools/download_file.py", line 45, in DownloadUrl
[INFO] [stderr]       raise e
[INFO] [stderr]     File "/opt/rustwide/cargo-home/registry/src/index.crates.io-6f17d22bba15001f/v8-0.73.0/./tools/download_file.py", line 29, in DownloadUrl
[INFO] [stderr]       response = urlopen(url)
[INFO] [stderr]     File "/usr/lib/python3.10/urllib/request.py", line 216, in urlopen
[INFO] [stderr]       return opener.open(url, data, timeout)
[INFO] [stderr]     File "/usr/lib/python3.10/urllib/request.py", line 519, in open
[INFO] [stderr]       response = self._open(req, data)
[INFO] [stderr]     File "/usr/lib/python3.10/urllib/request.py", line 536, in _open
[INFO] [stderr]       result = self._call_chain(self.handle_open, protocol, protocol +
[INFO] [stderr]     File "/usr/lib/python3.10/urllib/request.py", line 496, in _call_chain
[INFO] [stderr]       result = func(*args)
[INFO] [stderr]     File "/usr/lib/python3.10/urllib/request.py", line 1391, in https_open
[INFO] [stderr]       return self.do_open(http.client.HTTPSConnection, req,
[INFO] [stderr]     File "/usr/lib/python3.10/urllib/request.py", line 1351, in do_open
[INFO] [stderr]       raise URLError(err)
[INFO] [stderr]   urllib.error.URLError: <urlopen error [Errno -3] Temporary failure in name resolution>
[INFO] [stderr]   thread 'main' panicked at /opt/rustwide/cargo-home/registry/src/index.crates.io-6f17d22bba15001f/v8-0.73.0/build.rs:431:3:
[INFO] [stderr]   assertion failed: status.success()
[INFO] [stderr]   stack backtrace:
[INFO] [stderr]      0:     0x563ac46a5dcc - std::backtrace_rs::backtrace::libunwind::trace::ha637c64ce894333a
[INFO] [stderr]                                  at /rustc/82e1608dfa6e0b5569232559e3d385fea5a93112/library/std/src/../../backtrace/src/backtrace/libunwind.rs:104:5
[INFO] [stderr]      1:     0x563ac46a5dcc - std::backtrace_rs::backtrace::trace_unsynchronized::h47f62dea28e0c88d
[INFO] [stderr]                                  at /rustc/82e1608dfa6e0b5569232559e3d385fea5a93112/library/std/src/../../backtrace/src/backtrace/mod.rs:66:5
[INFO] [stderr]      2:     0x563ac46a5dcc - std::sys_common::backtrace::_print_fmt::h9eef0abe20ede486
[INFO] [stderr]                                  at /rustc/82e1608dfa6e0b5569232559e3d385fea5a93112/library/std/src/sys_common/backtrace.rs:67:5
[INFO] [stderr]      3:     0x563ac46a5dcc - <std::sys_common::backtrace::_print::DisplayBacktrace as core::fmt::Display>::fmt::hed7f999df88cc644
[INFO] [stderr]                                  at /rustc/82e1608dfa6e0b5569232559e3d385fea5a93112/library/std/src/sys_common/backtrace.rs:44:22
[INFO] [stderr]      4:     0x563ac46ca640 - core::fmt::rt::Argument::fmt::h1539a9308b8d058d
[INFO] [stderr]                                  at /rustc/82e1608dfa6e0b5569232559e3d385fea5a93112/library/core/src/fmt/rt.rs:142:9
[INFO] [stderr]      5:     0x563ac46ca640 - core::fmt::write::h3a39390d8560d9c9
[INFO] [stderr]                                  at /rustc/82e1608dfa6e0b5569232559e3d385fea5a93112/library/core/src/fmt/mod.rs:1120:17
[INFO] [stderr]      6:     0x563ac46a374f - std::io::Write::write_fmt::h5fc9997dfe05f882
[INFO] [stderr]                                  at /rustc/82e1608dfa6e0b5569232559e3d385fea5a93112/library/std/src/io/mod.rs:1762:15
[INFO] [stderr]      7:     0x563ac46a5bb4 - std::sys_common::backtrace::_print::h894006fb5c6f3d45
[INFO] [stderr]                                  at /rustc/82e1608dfa6e0b5569232559e3d385fea5a93112/library/std/src/sys_common/backtrace.rs:47:5
[INFO] [stderr]      8:     0x563ac46a5bb4 - std::sys_common::backtrace::print::h23a2d212c6fff936
[INFO] [stderr]                                  at /rustc/82e1608dfa6e0b5569232559e3d385fea5a93112/library/std/src/sys_common/backtrace.rs:34:9
[INFO] [stderr]      9:     0x563ac46a7257 - std::panicking::default_hook::{{closure}}::h8a1d2ee00185001a
[INFO] [stderr]     10:     0x563ac46a6fbf - std::panicking::default_hook::h6038f2eba384e475
[INFO] [stderr]                                  at /rustc/82e1608dfa6e0b5569232559e3d385fea5a93112/library/std/src/panicking.rs:292:9
[INFO] [stderr]     11:     0x563ac46a76d8 - std::panicking::rust_panic_with_hook::h2b5517d590cab22e
[INFO] [stderr]                                  at /rustc/82e1608dfa6e0b5569232559e3d385fea5a93112/library/std/src/panicking.rs:779:13
[INFO] [stderr]     12:     0x563ac46a7589 - std::panicking::begin_panic_handler::{{closure}}::h233112c06e0ef43e
[INFO] [stderr]                                  at /rustc/82e1608dfa6e0b5569232559e3d385fea5a93112/library/std/src/panicking.rs:649:13
[INFO] [stderr]     13:     0x563ac46a6296 - std::sys_common::backtrace::__rust_end_short_backtrace::h6e893f24d7ebbff8
[INFO] [stderr]                                  at /rustc/82e1608dfa6e0b5569232559e3d385fea5a93112/library/std/src/sys_common/backtrace.rs:170:18
[INFO] [stderr]     14:     0x563ac46a7322 - rust_begin_unwind
[INFO] [stderr]                                  at /rustc/82e1608dfa6e0b5569232559e3d385fea5a93112/library/std/src/panicking.rs:645:5
[INFO] [stderr]     15:     0x563ac465a8b5 - core::panicking::panic_fmt::hbf0e066aabfa482c
[INFO] [stderr]                                  at /rustc/82e1608dfa6e0b5569232559e3d385fea5a93112/library/core/src/panicking.rs:72:14
[INFO] [stderr]     16:     0x563ac465a953 - core::panicking::panic::h195fc2a96298d4c3
[INFO] [stderr]                                  at /rustc/82e1608dfa6e0b5569232559e3d385fea5a93112/library/core/src/panicking.rs:127:5
[INFO] [stderr]     17:     0x563ac466465c - build_script_build::download_file::h29f6371a0de9e425
[INFO] [stderr]     18:     0x563ac4664df7 - build_script_build::download_static_lib_binaries::h5deee99ffcaff0ce
[INFO] [stderr]     19:     0x563ac4660520 - build_script_build::main::h181291dbb3c192d8
[INFO] [stderr]     20:     0x563ac4672b73 - core::ops::function::FnOnce::call_once::h382c1e35bf5bdcb9
[INFO] [stderr]     21:     0x563ac466fcd6 - std::sys_common::backtrace::__rust_begin_short_backtrace::hfc1540552ba83b24
[INFO] [stderr]     22:     0x563ac466dd39 - std::rt::lang_start::{{closure}}::h775a7feced7a9223
[INFO] [stderr]     23:     0x563ac469ef17 - core::ops::function::impls::<impl core::ops::function::FnOnce<A> for &F>::call_once::hd95060ecd5e1ca24
[INFO] [stderr]                                  at /rustc/82e1608dfa6e0b5569232559e3d385fea5a93112/library/core/src/ops/function.rs:284:13
[INFO] [stderr]     24:     0x563ac469ef17 - std::panicking::try::do_call::h6e8cf51db32a6e4b
[INFO] [stderr]                                  at /rustc/82e1608dfa6e0b5569232559e3d385fea5a93112/library/std/src/panicking.rs:552:40
[INFO] [stderr]     25:     0x563ac469ef17 - std::panicking::try::h3a52eefe24fe3c29
[INFO] [stderr]                                  at /rustc/82e1608dfa6e0b5569232559e3d385fea5a93112/library/std/src/panicking.rs:516:19
[INFO] [stderr]     26:     0x563ac469ef17 - std::panic::catch_unwind::h24c28c23c02c3841
[INFO] [stderr]                                  at /rustc/82e1608dfa6e0b5569232559e3d385fea5a93112/library/std/src/panic.rs:142:14
[INFO] [stderr]     27:     0x563ac469ef17 - std::rt::lang_start_internal::{{closure}}::h705d3c9cbc06ef47
[INFO] [stderr]                                  at /rustc/82e1608dfa6e0b5569232559e3d385fea5a93112/library/std/src/rt.rs:148:48
[INFO] [stderr]     28:     0x563ac469ef17 - std::panicking::try::do_call::ha21f52ba13158470
[INFO] [stderr]                                  at /rustc/82e1608dfa6e0b5569232559e3d385fea5a93112/library/std/src/panicking.rs:552:40
[INFO] [stderr]     29:     0x563ac469ef17 - std::panicking::try::h5581346bf6aeb1f8
[INFO] [stderr]                                  at /rustc/82e1608dfa6e0b5569232559e3d385fea5a93112/library/std/src/panicking.rs:516:19
[INFO] [stderr]     30:     0x563ac469ef17 - std::panic::catch_unwind::h7919645a6b72e25b
[INFO] [stderr]                                  at /rustc/82e1608dfa6e0b5569232559e3d385fea5a93112/library/std/src/panic.rs:142:14
[INFO] [stderr]     31:     0x563ac469ef17 - std::rt::lang_start_internal::h12de51168669836e
[INFO] [stderr]                                  at /rustc/82e1608dfa6e0b5569232559e3d385fea5a93112/library/std/src/rt.rs:148:20
[INFO] [stderr]     32:     0x563ac466dd17 - std::rt::lang_start::hf1f6c1c1a22ffb37
[INFO] [stderr]     33:     0x563ac4668ab5 - main
[INFO] [stderr]     34:     0x7faf2b46fd90 - <unknown>
[INFO] [stderr]     35:     0x7faf2b46fe40 - __libc_start_main
[INFO] [stderr]     36:     0x563ac465b0c5 - _start
[INFO] [stderr]     37:                0x0 - <unknown>
[INFO] running `Command { std: "docker" "inspect" "80a8bbc72cf35203e6a99aa7bcfc1eabe99a3e6efda67b7bcf4d40fef1176faf", kill_on_drop: false }`
[INFO] running `Command { std: "docker" "rm" "-f" "80a8bbc72cf35203e6a99aa7bcfc1eabe99a3e6efda67b7bcf4d40fef1176faf", kill_on_drop: false }`
[INFO] [stdout] 80a8bbc72cf35203e6a99aa7bcfc1eabe99a3e6efda67b7bcf4d40fef1176faf
