[INFO] cloning repository https://github.com/Locklearboy07/THEfuture
[INFO] running `Command { std: "git" "-c" "credential.helper=" "-c" "credential.helper=/workspace/cargo-home/bin/git-credential-null" "clone" "--bare" "https://github.com/Locklearboy07/THEfuture" "/workspace/cache/git-repos/https%3A%2F%2Fgithub.com%2FLocklearboy07%2FTHEfuture", kill_on_drop: false }`
[INFO] [stderr] Cloning into bare repository '/workspace/cache/git-repos/https%3A%2F%2Fgithub.com%2FLocklearboy07%2FTHEfuture'...
[INFO] running `Command { std: "git" "rev-parse" "HEAD", kill_on_drop: false }`
[INFO] [stdout] 8cd8e2aadee79bca6047b272d2da1513863aabfd
[INFO] documenting Locklearboy07/THEfuture against 1.75.0 for beta-1.76-rustdoc-1
[INFO] running `Command { std: "git" "clone" "/workspace/cache/git-repos/https%3A%2F%2Fgithub.com%2FLocklearboy07%2FTHEfuture" "/workspace/builds/worker-6-tc1/source", kill_on_drop: false }`
[INFO] [stderr] Cloning into '/workspace/builds/worker-6-tc1/source'...
[INFO] [stderr] done.
[INFO] validating manifest of git repo https://github.com/Locklearboy07/THEfuture on toolchain 1.75.0
[INFO] running `Command { std: CARGO_HOME="/workspace/cargo-home" RUSTUP_HOME="/workspace/rustup-home" "/workspace/cargo-home/bin/cargo" "+1.75.0" "metadata" "--manifest-path" "Cargo.toml" "--no-deps", kill_on_drop: false }`
[INFO] removed /workspace/builds/worker-6-tc1/source/rust-toolchain.toml
[INFO] started tweaking git repo https://github.com/Locklearboy07/THEfuture
[INFO] finished tweaking git repo https://github.com/Locklearboy07/THEfuture
[INFO] tweaked toml for git repo https://github.com/Locklearboy07/THEfuture written to /workspace/builds/worker-6-tc1/source/Cargo.toml
[INFO] crate git repo https://github.com/Locklearboy07/THEfuture already has a lockfile, it will not be regenerated
[INFO] running `Command { std: CARGO_HOME="/workspace/cargo-home" RUSTUP_HOME="/workspace/rustup-home" "/workspace/cargo-home/bin/cargo" "+1.75.0" "fetch" "--manifest-path" "Cargo.toml", kill_on_drop: false }`
[INFO] [stderr] warning: virtual workspace defaulting to `resolver = "1"` despite one or more workspace members being on edition 2021 which implies `resolver = "2"`
[INFO] [stderr] note: to keep the current resolver, specify `workspace.resolver = "1"` in the workspace root's manifest
[INFO] [stderr] note: to use the edition 2021 resolver, specify `workspace.resolver = "2"` in the workspace root's manifest
[INFO] [stderr] note: for more details see https://doc.rust-lang.org/cargo/reference/resolver.html#resolver-versions
[INFO] [stderr]  Downloading crates ...
[INFO] [stderr]   Downloaded clap v4.3.24
[INFO] [stderr]   Downloaded clap_builder v4.3.24
[INFO] running `Command { std: "docker" "create" "-v" "/var/lib/crater-agent-workspace/builds/worker-6-tc1/target:/opt/rustwide/target:rw,Z" "-v" "/var/lib/crater-agent-workspace/builds/worker-6-tc1/source:/opt/rustwide/workdir:ro,Z" "-v" "/var/lib/crater-agent-workspace/cargo-home:/opt/rustwide/cargo-home:ro,Z" "-v" "/var/lib/crater-agent-workspace/rustup-home:/opt/rustwide/rustup-home:ro,Z" "-e" "SOURCE_DIR=/opt/rustwide/workdir" "-e" "CARGO_TARGET_DIR=/opt/rustwide/target" "-e" "CARGO_HOME=/opt/rustwide/cargo-home" "-e" "RUSTUP_HOME=/opt/rustwide/rustup-home" "-w" "/opt/rustwide/workdir" "-m" "1610612736" "--user" "0:0" "--network" "none" "ghcr.io/rust-lang/crates-build-env/linux@sha256:2788e3201cd34a07e3172128adcd8b3090168a8e3bcc40d7c032b9dda1df7d1c" "/opt/rustwide/cargo-home/bin/cargo" "+1.75.0" "metadata" "--no-deps" "--format-version=1", kill_on_drop: false }`
[INFO] [stdout] 2ea1acbdc3ac9a0bc5edf512b625f20ba86935dc0b9ed6f5ab1a4309e58098fa
[INFO] running `Command { std: "docker" "start" "-a" "2ea1acbdc3ac9a0bc5edf512b625f20ba86935dc0b9ed6f5ab1a4309e58098fa", kill_on_drop: false }`
[INFO] running `Command { std: "docker" "inspect" "2ea1acbdc3ac9a0bc5edf512b625f20ba86935dc0b9ed6f5ab1a4309e58098fa", kill_on_drop: false }`
[INFO] running `Command { std: "docker" "rm" "-f" "2ea1acbdc3ac9a0bc5edf512b625f20ba86935dc0b9ed6f5ab1a4309e58098fa", kill_on_drop: false }`
[INFO] [stdout] 2ea1acbdc3ac9a0bc5edf512b625f20ba86935dc0b9ed6f5ab1a4309e58098fa
[INFO] running `Command { std: "docker" "create" "-v" "/var/lib/crater-agent-workspace/builds/worker-6-tc1/target:/opt/rustwide/target:rw,Z" "-v" "/var/lib/crater-agent-workspace/builds/worker-6-tc1/source:/opt/rustwide/workdir:ro,Z" "-v" "/var/lib/crater-agent-workspace/cargo-home:/opt/rustwide/cargo-home:ro,Z" "-v" "/var/lib/crater-agent-workspace/rustup-home:/opt/rustwide/rustup-home:ro,Z" "-e" "SOURCE_DIR=/opt/rustwide/workdir" "-e" "CARGO_TARGET_DIR=/opt/rustwide/target" "-e" "CARGO_INCREMENTAL=0" "-e" "RUST_BACKTRACE=full" "-e" "RUSTFLAGS=--cap-lints=warn" "-e" "RUSTDOCFLAGS=--cap-lints=warn" "-e" "CARGO_HOME=/opt/rustwide/cargo-home" "-e" "RUSTUP_HOME=/opt/rustwide/rustup-home" "-w" "/opt/rustwide/workdir" "-m" "1610612736" "--user" "0:0" "--network" "none" "ghcr.io/rust-lang/crates-build-env/linux@sha256:2788e3201cd34a07e3172128adcd8b3090168a8e3bcc40d7c032b9dda1df7d1c" "/opt/rustwide/cargo-home/bin/cargo" "+1.75.0" "doc" "--frozen" "--no-deps" "--document-private-items" "--message-format=json", kill_on_drop: false }`
[INFO] [stdout] 97c9a87a926066d1c7f14e390ce9b0d4f9a2806eaafee7aaa8272373ba9b521a
[INFO] running `Command { std: "docker" "start" "-a" "97c9a87a926066d1c7f14e390ce9b0d4f9a2806eaafee7aaa8272373ba9b521a", kill_on_drop: false }`
[INFO] [stderr] warning: virtual workspace defaulting to `resolver = "1"` despite one or more workspace members being on edition 2021 which implies `resolver = "2"`
[INFO] [stderr] note: to keep the current resolver, specify `workspace.resolver = "1"` in the workspace root's manifest
[INFO] [stderr] note: to use the edition 2021 resolver, specify `workspace.resolver = "2"` in the workspace root's manifest
[INFO] [stderr] note: for more details see https://doc.rust-lang.org/cargo/reference/resolver.html#resolver-versions
[INFO] [stderr]    Compiling proc-macro2 v1.0.66
[INFO] [stderr]    Compiling unicode-ident v1.0.11
[INFO] [stderr]    Compiling libc v0.2.147
[INFO] [stderr]    Compiling version_check v0.9.4
[INFO] [stderr]    Compiling serde v1.0.176
[INFO] [stderr]    Compiling serde_derive v1.0.176
[INFO] [stderr]    Compiling typenum v1.16.0
[INFO] [stderr]    Compiling syn v1.0.109
[INFO] [stderr]    Compiling thiserror v1.0.44
[INFO] [stderr]    Compiling generic-array v0.14.7
[INFO] [stderr]     Checking once_cell v1.18.0
[INFO] [stderr]     Checking log v0.4.19
[INFO] [stderr]     Checking subtle v2.4.1
[INFO] [stderr]     Checking smallvec v1.11.0
[INFO] [stderr]    Compiling futures-core v0.3.28
[INFO] [stderr]     Checking futures-sink v0.3.28
[INFO] [stderr]     Checking futures-io v0.3.28
[INFO] [stderr]    Compiling quote v1.0.32
[INFO] [stderr]    Compiling futures-channel v0.3.28
[INFO] [stderr]    Compiling syn v2.0.27
[INFO] [stderr]    Compiling futures-task v0.3.28
[INFO] [stderr]    Compiling futures-util v0.3.28
[INFO] [stderr]     Checking byteorder v1.4.3
[INFO] [stderr]     Checking getrandom v0.2.10
[INFO] [stderr]    Compiling jobserver v0.1.26
[INFO] [stderr]     Checking num_cpus v1.16.0
[INFO] [stderr]     Checking rand_core v0.6.4
[INFO] [stderr]    Compiling cc v1.0.79
[INFO] [stderr]     Checking pin-utils v0.1.0
[INFO] [stderr]    Compiling anyhow v1.0.72
[INFO] [stderr]     Checking cpufeatures v0.2.9
[INFO] [stderr]     Checking arrayvec v0.7.4
[INFO] [stderr]    Compiling ahash v0.7.6
[INFO] [stderr]     Checking ppv-lite86 v0.2.17
[INFO] [stderr]     Checking parking_lot_core v0.9.8
[INFO] [stderr]     Checking const-oid v0.9.4
[INFO] [stderr]    Compiling indexmap v1.9.3
[INFO] [stderr]     Checking parking_lot v0.12.1
[INFO] [stderr]     Checking rand_chacha v0.3.1
[INFO] [stderr]     Checking tinyvec_macros v0.1.1
[INFO] [stderr]     Checking tinyvec v1.6.0
[INFO] [stderr]     Checking opaque-debug v0.3.0
[INFO] [stderr]     Checking unicode-bidi v0.3.13
[INFO] [stderr]     Checking rand v0.8.5
[INFO] [stderr]     Checking percent-encoding v2.3.0
[INFO] [stderr]     Checking form_urlencoded v1.2.0
[INFO] [stderr]    Compiling pkg-config v0.3.27
[INFO] [stderr]     Checking hashbrown v0.12.3
[INFO] [stderr]    Compiling getrandom v0.1.16
[INFO] [stderr]     Checking static_assertions v1.1.0
[INFO] [stderr]    Compiling memchr v2.5.0
[INFO] [stderr]     Checking unicode-normalization v0.1.22
[INFO] [stderr]    Compiling toml v0.5.11
[INFO] [stderr]     Checking rand_core v0.5.1
[INFO] [stderr]     Checking arrayref v0.3.7
[INFO] [stderr]     Checking either v1.9.0
[INFO] [stderr]    Compiling crunchy v0.2.2
[INFO] [stderr]     Checking idna v0.4.0
[INFO] [stderr]     Checking tracing-core v0.1.31
[INFO] [stderr]     Checking keccak v0.1.4
[INFO] [stderr]    Compiling unicode-xid v0.2.4
[INFO] [stderr]    Compiling rustix v0.38.4
[INFO] [stderr]     Checking itoa v1.0.9
[INFO] [stderr]     Checking constant_time_eq v0.2.6
[INFO] [stderr]    Compiling aho-corasick v1.0.2
[INFO] [stderr]    Compiling ahash v0.8.3
[INFO] [stderr]     Checking instant v0.1.12
[INFO] [stderr]     Checking url v2.4.0
[INFO] [stderr]    Compiling regex-syntax v0.7.4
[INFO] [stderr]     Checking blake2b_simd v1.0.1
[INFO] [stderr]     Checking rand_chacha v0.2.2
[INFO] [stderr]    Compiling crc32fast v1.3.2
[INFO] [stderr]    Compiling cfg-if v1.0.0
[INFO] [stderr]     Checking rand v0.7.3
[INFO] [stderr]    Compiling num-traits v0.2.16
[INFO] [stderr]    Compiling lazy_static v1.4.0
[INFO] [stderr]     Checking hashbrown v0.13.2
[INFO] [stderr]    Compiling zstd-sys v2.0.8+zstd.1.5.5
[INFO] [stderr]    Compiling serde_json v1.0.104
[INFO] [stderr]    Compiling paste v1.0.14
[INFO] [stderr]     Checking bs58 v0.4.0
[INFO] [stderr]     Checking stable_deref_trait v1.2.0
[INFO] [stderr]     Checking fallible-iterator v0.2.0
[INFO] [stderr]     Checking byte-slice-cast v1.2.2
[INFO] [stderr]    Compiling regex-automata v0.3.3
[INFO] [stderr]     Checking gimli v0.27.3
[INFO] [stderr]     Checking cranelift-entity v0.95.1
[INFO] [stderr]    Compiling target-lexicon v0.12.10
[INFO] [stderr]     Checking bitflags v2.3.3
[INFO] [stderr]    Compiling crossbeam-utils v0.8.16
[INFO] [stderr]    Compiling cranelift-isle v0.95.1
[INFO] [stderr]     Checking linux-raw-sys v0.4.3
[INFO] [stderr]    Compiling cranelift-codegen-shared v0.95.1
[INFO] [stderr]    Compiling io-lifetimes v1.0.11
[INFO] [stderr]    Compiling cranelift-codegen-meta v0.95.1
[INFO] [stderr]     Checking ryu v1.0.15
[INFO] [stderr]    Compiling zeroize_derive v1.4.2
[INFO] [stderr]    Compiling thiserror-impl v1.0.44
[INFO] [stderr]    Compiling futures-macro v0.3.28
[INFO] [stderr]     Checking zeroize v1.6.0
[INFO] [stderr]    Compiling tracing-attributes v0.1.26
[INFO] [stderr]    Compiling regex v1.9.1
[INFO] [stderr]     Checking block-buffer v0.10.4
[INFO] [stderr]     Checking crypto-common v0.1.6
[INFO] [stderr]     Checking digest v0.10.7
[INFO] [stderr]     Checking digest v0.9.0
[INFO] [stderr]     Checking block-buffer v0.9.0
[INFO] [stderr]     Checking sha2 v0.10.7
[INFO] [stderr]     Checking sha2 v0.9.9
[INFO] [stderr]     Checking sha3 v0.10.8
[INFO] [stderr]    Compiling proc-macro-crate v1.1.3
[INFO] [stderr]     Checking curve25519-dalek v3.2.0
[INFO] [stderr]    Compiling impl-trait-for-tuples v0.2.2
[INFO] [stderr]    Compiling derive_more v0.99.17
[INFO] [stderr]    Compiling parity-scale-codec-derive v3.6.4
[INFO] [stderr]    Compiling cranelift-codegen v0.95.1
[INFO] [stderr]    Compiling scale-info-derive v2.9.0
[INFO] [stderr]     Checking wasmparser v0.102.0
[INFO] [stderr]     Checking tracing v0.1.37
[INFO] [stderr]     Checking fxhash v0.2.1
[INFO] [stderr]     Checking signature v1.6.4
[INFO] [stderr]     Checking slice-group-by v0.3.1
[INFO] [stderr]     Checking ed25519 v1.5.3
[INFO] [stderr]     Checking regalloc2 v0.6.1
[INFO] [stderr]     Checking is-terminal v0.4.9
[INFO] [stderr]     Checking cranelift-bforest v0.95.1
[INFO] [stderr]     Checking object v0.30.4
[INFO] [stderr]    Compiling memoffset v0.9.0
[INFO] [stderr]     Checking futures-executor v0.3.28
[INFO] [stderr]     Checking futures v0.3.28
[INFO] [stderr]     Checking sp-std v8.0.0 (https://github.com/paritytech/substrate.git?branch=polkadot-v1.0.0#948fbd2f)
[INFO] [stderr]     Checking base64 v0.13.1
[INFO] [stderr]     Checking bumpalo v3.13.0
[INFO] [stderr]    Compiling rustix v0.36.15
[INFO] [stderr]     Checking ed25519-dalek v1.0.1
[INFO] [stderr]     Checking errno v0.3.1
[INFO] [stderr]    Compiling crossbeam-epoch v0.9.15
[INFO] [stderr]     Checking hex v0.4.3
[INFO] [stderr]    Compiling rustix v0.37.23
[INFO] [stderr]     Checking linux-raw-sys v0.1.4
[INFO] [stderr]    Compiling parking_lot_core v0.8.6
[INFO] [stderr]    Compiling Inflector v0.11.4
[INFO] [stderr]     Checking itertools v0.10.5
[INFO] [stderr]    Compiling memoffset v0.8.0
[INFO] [stderr]     Checking wasmtime-types v8.0.1
[INFO] [stderr]    Compiling zstd-safe v5.0.2+zstd.1.5.2
[INFO] [stderr]     Checking linux-raw-sys v0.3.8
[INFO] [stderr]     Checking base64 v0.21.2
[INFO] [stderr]    Compiling wasmtime-runtime v8.0.1
[INFO] [stderr]     Checking generic-array v0.12.4
[INFO] [stderr]     Checking humantime v2.1.0
[INFO] [stderr]    Compiling cpp_demangle v0.3.5
[INFO] [stderr]    Compiling rayon-core v1.11.0
[INFO] [stderr]     Checking rustc-demangle v0.1.23
[INFO] [stderr]     Checking termcolor v1.2.0
[INFO] [stderr]     Checking crossbeam-deque v0.8.3
[INFO] [stderr]     Checking parity-scale-codec v3.6.4
[INFO] [stderr]     Checking env_logger v0.10.0
[INFO] [stderr]     Checking parking_lot v0.11.2
[INFO] [stderr]    Compiling libsecp256k1-core v0.3.0
[INFO] [stderr]     Checking uint v0.9.5
[INFO] [stderr]     Checking wasmtime-environ v8.0.1
[INFO] [stderr]     Checking wasmtime-jit-debug v8.0.1
[INFO] [stderr]     Checking blake2 v0.10.6
[INFO] [stderr]     Checking crossbeam-channel v0.5.8
[INFO] [stderr]     Checking bincode v1.3.3
[INFO] [stderr]    Compiling psm v0.1.21
[INFO] [stderr]     Checking time v0.1.45
[INFO] [stderr]     Checking scale-info v2.9.0
[INFO] [stderr]     Checking dirs-sys-next v0.1.2
[INFO] [stderr]     Checking wasmtime-asm-macros v8.0.1
[INFO] [stderr]    Compiling wasmtime-cache v8.0.1
[INFO] [stderr]     Checking byte-tools v0.3.1
[INFO] [stderr]     Checking iana-time-zone v0.1.57
[INFO] [stderr]     Checking rustc-hash v1.1.0
[INFO] [stderr]    Compiling ref-cast v1.0.19
[INFO] [stderr]     Checking regex-syntax v0.6.29
[INFO] [stderr]     Checking chrono v0.4.26
[INFO] [stderr]     Checking block-padding v0.1.5
[INFO] [stderr]     Checking directories-next v2.0.0
[INFO] [stderr]     Checking memfd v0.6.3
[INFO] [stderr]     Checking file-per-thread-logger v0.1.6
[INFO] [stderr]     Checking digest v0.8.1
[INFO] [stderr]     Checking hmac v0.12.1
[INFO] [stderr]     Checking addr2line v0.19.0
[INFO] [stderr]    Compiling ref-cast-impl v1.0.19
[INFO] [stderr]     Checking impl-serde v0.4.0
[INFO] [stderr]     Checking wasmtime-jit-icache-coherence v8.0.1
[INFO] [stderr]     Checking rustc-hex v2.1.0
[INFO] [stderr]    Compiling wasmtime v8.0.1
[INFO] [stderr]     Checking rayon v1.7.0
[INFO] [stderr]     Checking block-buffer v0.7.3
[INFO] [stderr]    Compiling libsecp256k1-gen-genmult v0.3.0
[INFO] [stderr]    Compiling libsecp256k1-gen-ecmult v0.3.0
[INFO] [stderr]     Checking crypto-mac v0.8.0
[INFO] [stderr]     Checking crypto-mac v0.11.1
[INFO] [stderr]    Compiling sp-debug-derive v8.0.0 (https://github.com/paritytech/substrate.git?branch=polkadot-v1.0.0#948fbd2f)
[INFO] [stderr]     Checking sharded-slab v0.1.4
[INFO] [stderr]     Checking tracing-log v0.1.3
[INFO] [stderr]     Checking tracing-serde v0.1.3
[INFO] [stderr]    Compiling secp256k1-sys v0.6.1
[INFO] [stderr]     Checking thread_local v1.1.7
[INFO] [stderr]     Checking regex-automata v0.1.10
[INFO] [stderr]     Checking fake-simd v0.1.2
[INFO] [stderr]     Checking hash-db v0.16.0
[INFO] [stderr]     Checking opaque-debug v0.2.3
[INFO] [stderr]     Checking ansi_term v0.12.1
[INFO] [stderr]     Checking sha2 v0.8.2
[INFO] [stderr]     Checking hmac v0.8.1
[INFO] [stderr]    Compiling libsecp256k1 v0.7.1
[INFO] [stderr]     Checking fixed-hash v0.8.0
[INFO] [stderr]     Checking curve25519-dalek v2.1.3
[INFO] [stderr]     Checking impl-codec v0.6.0
[INFO] [stderr]    Compiling ss58-registry v1.41.0
[INFO] [stderr]     Checking merlin v2.0.1
[INFO] [stderr]     Checking sp-storage v13.0.0 (https://github.com/paritytech/substrate.git?branch=polkadot-v1.0.0#948fbd2f)
[INFO] [stderr]    Compiling rustversion v1.0.14
[INFO] [stderr]     Checking matchers v0.0.1
[INFO] [stderr]     Checking environmental v1.1.4
[INFO] [stderr]     Checking tracing-subscriber v0.2.25
[INFO] [stderr]     Checking arrayvec v0.5.2
[INFO] [stderr]     Checking sp-externalities v0.19.0 (https://github.com/paritytech/substrate.git?branch=polkadot-v1.0.0#948fbd2f)
[INFO] [stderr]     Checking schnorrkel v0.9.1
[INFO] [stderr]     Checking primitive-types v0.12.1
[INFO] [stderr]     Checking hmac-drbg v0.3.0
[INFO] [stderr]     Checking pbkdf2 v0.8.0
[INFO] [stderr]     Checking hmac v0.11.0
[INFO] [stderr]    Compiling sp-runtime-interface-proc-macro v11.0.0 (https://github.com/paritytech/substrate.git?branch=polkadot-v1.0.0#948fbd2f)
[INFO] [stderr]     Checking twox-hash v1.6.3
[INFO] [stderr]     Checking pbkdf2 v0.11.0
[INFO] [stderr]    Compiling dyn-clonable-impl v0.9.0
[INFO] [stderr]     Checking num-format v0.4.4
[INFO] [stderr]     Checking sp-tracing v10.0.0 (https://github.com/paritytech/substrate.git?branch=polkadot-v1.0.0#948fbd2f)
[INFO] [stderr]     Checking dyn-clone v1.0.12
[INFO] [stderr]     Checking tiny-bip39 v1.0.0
[INFO] [stderr]     Checking sp-core-hashing v9.0.0 (https://github.com/paritytech/substrate.git?branch=polkadot-v1.0.0#948fbd2f)
[INFO] [stderr]     Checking substrate-bip39 v0.4.4
[INFO] [stderr]     Checking bounded-collections v0.1.8
[INFO] [stderr]     Checking ed25519-zebra v3.1.0
[INFO] [stderr]     Checking hash256-std-hasher v0.15.2
[INFO] [stderr]     Checking dyn-clonable v0.9.0
[INFO] [stderr]     Checking secrecy v0.8.0
[INFO] [stderr]     Checking array-bytes v6.1.0
[INFO] [stderr]     Checking nohash-hasher v0.2.0
[INFO] [stderr]    Compiling backtrace v0.3.68
[INFO] [stderr]     Checking adler v1.0.2
[INFO] [stderr]     Checking addr2line v0.20.0
[INFO] [stderr]     Checking miniz_oxide v0.7.1
[INFO] [stderr]     Checking object v0.31.1
[INFO] [stderr]     Checking trie-db v0.27.1
[INFO] [stderr]     Checking trie-root v0.18.0
[INFO] [stderr]     Checking memory-db v0.32.0
[INFO] [stderr]     Checking schnellru v0.2.1
[INFO] [stderr]    Compiling sp-io v23.0.0 (https://github.com/paritytech/substrate.git?branch=polkadot-v1.0.0#948fbd2f)
[INFO] [stderr]     Checking integer-sqrt v0.1.5
[INFO] [stderr]     Checking sp-arithmetic v16.0.0 (https://github.com/paritytech/substrate.git?branch=polkadot-v1.0.0#948fbd2f)
[INFO] [stderr]    Compiling bytes v1.4.0
[INFO] [stderr]    Compiling async-trait v0.1.72
[INFO] [stderr]     Checking fnv v1.0.7
[INFO] [stderr]     Checking parity-wasm v0.45.0
[INFO] [stderr]    Compiling expander v2.0.0
[INFO] [stderr]    Compiling tokio v1.29.1
[INFO] [stderr]    Compiling fs-err v2.9.0
[INFO] [stderr]     Checking sp-panic-handler v8.0.0 (https://github.com/paritytech/substrate.git?branch=polkadot-v1.0.0#948fbd2f)
[INFO] [stderr]    Compiling tokio-macros v2.1.0
[INFO] [stderr]     Checking signal-hook-registry v1.4.1
[INFO] [stderr]     Checking mio v0.8.8
[INFO] [stderr]     Checking socket2 v0.4.9
[INFO] [stderr]     Checking frame-metadata v16.0.0
[INFO] [stderr]    Compiling sp-core-hashing-proc-macro v9.0.0 (https://github.com/paritytech/substrate.git?branch=polkadot-v1.0.0#948fbd2f)
[INFO] [stderr]    Compiling heck v0.4.1
[INFO] [stderr]    Compiling sp-api-proc-macro v4.0.0-dev (https://github.com/paritytech/substrate.git?branch=polkadot-v1.0.0#948fbd2f)
[INFO] [stderr]     Checking futures-timer v3.0.2
[INFO] [stderr]    Compiling proc-macro-error-attr v1.0.4
[INFO] [stderr]    Compiling sp-version-proc-macro v8.0.0 (https://github.com/paritytech/substrate.git?branch=polkadot-v1.0.0#948fbd2f)
[INFO] [stderr]     Checking sp-metadata-ir v0.1.0 (https://github.com/paritytech/substrate.git?branch=polkadot-v1.0.0#948fbd2f)
[INFO] [stderr]     Checking asynchronous-codec v0.6.2
[INFO] [stderr]    Compiling proc-macro-error v1.0.4
[INFO] [stderr]     Checking data-encoding v2.4.0
[INFO] [stderr]     Checking unsigned-varint v0.7.1
[INFO] [stderr]    Compiling blake3 v1.4.1
[INFO] [stderr]     Checking http v0.2.9
[INFO] [stderr]    Compiling synstructure v0.12.6
[INFO] [stderr]     Checking constant_time_eq v0.3.0
[INFO] [stderr]     Checking blake2s_simd v1.0.1
[INFO] [stderr]     Checking core2 v0.4.0
[INFO] [stderr]    Compiling httparse v1.8.0
[INFO] [stderr]    Compiling data-encoding-macro-internal v0.1.11
[INFO] [stderr]     Checking base-x v0.2.11
[INFO] [stderr]    Compiling zstd-safe v6.0.6
[INFO] [stderr]    Compiling pin-project-internal v1.1.2
[INFO] [stderr]     Checking quick-protobuf v0.8.1
[INFO] [stderr]    Compiling multihash-derive v0.8.1
[INFO] [stderr]    Compiling ring v0.16.20
[INFO] [stderr]     Checking wasmtime-jit v8.0.1
[INFO] [stderr]     Checking data-encoding-macro v0.1.13
[INFO] [stderr]     Checking multibase v0.9.1
[INFO] [stderr]     Checking tower-service v0.3.2
[INFO] [stderr]     Checking http-body v0.4.5
[INFO] [stderr]     Checking cranelift-frontend v0.95.1
[INFO] [stderr]     Checking cranelift-native v0.95.1
[INFO] [stderr]     Checking wasmtime-cranelift-shared v8.0.1
[INFO] [stderr]     Checking void v1.0.2
[INFO] [stderr]     Checking try-lock v0.2.4
[INFO] [stderr]     Checking want v0.3.1
[INFO] [stderr]     Checking cranelift-wasm v0.95.1
[INFO] [stderr]     Checking httpdate v1.0.2
[INFO] [stderr]     Checking spin v0.5.2
[INFO] [stderr]     Checking untrusted v0.7.1
[INFO] [stderr]    Compiling prometheus v0.13.3
[INFO] [stderr]    Compiling semver v1.0.18
[INFO] [stderr]     Checking pin-project v1.1.2
[INFO] [stderr]     Checking tokio-util v0.7.8
[INFO] [stderr]     Checking rw-stream-sink v0.3.0
[INFO] [stderr]     Checking multistream-select v0.12.1
[INFO] [stderr]     Checking wasmtime-cranelift v8.0.1
[INFO] [stderr]     Checking kvdb v0.13.0
[INFO] [stderr]    Compiling vcpkg v0.2.15
[INFO] [stderr]     Checking concurrent-queue v2.2.0
[INFO] [stderr]     Checking h2 v0.3.20
[INFO] [stderr]     Checking event-listener v2.5.3
[INFO] [stderr]    Compiling wasm-bindgen-shared v0.2.87
[INFO] [stderr]     Checking async-channel v1.9.0
[INFO] [stderr]     Checking sp-database v4.0.0-dev (https://github.com/paritytech/substrate.git?branch=polkadot-v1.0.0#948fbd2f)
[INFO] [stderr]    Compiling libp2p-swarm-derive v0.32.0
[INFO] [stderr]     Checking wasm-instrument v0.3.0
[INFO] [stderr]    Compiling proc-macro-hack v0.5.20+deprecated
[INFO] [stderr]    Compiling sc-executor-wasmtime v0.10.0-dev (https://github.com/paritytech/substrate.git?branch=polkadot-v1.0.0#948fbd2f)
[INFO] [stderr]    Compiling tiny-keccak v2.0.2
[INFO] [stderr]     Checking sc-utils v4.0.0-dev (https://github.com/paritytech/substrate.git?branch=polkadot-v1.0.0#948fbd2f)
[INFO] [stderr]     Checking netlink-packet-utils v0.5.2
[INFO] [stderr]     Checking sha-1 v0.9.8
[INFO] [stderr]    Compiling libz-sys v1.1.12
[INFO] [stderr]     Checking universal-hash v0.4.1
[INFO] [stderr]     Checking cipher v0.3.0
[INFO] [stderr]    Compiling platforms v3.0.2
[INFO] [stderr]     Checking netlink-packet-core v0.4.2
[INFO] [stderr]    Compiling wasm-bindgen-backend v0.2.87
[INFO] [stderr]     Checking flate2 v1.0.26
[INFO] [stderr]     Checking sct v0.7.0
[INFO] [stderr]     Checking soketto v0.7.1
[INFO] [stderr]     Checking ipnet v2.8.0
[INFO] [stderr]     Checking linked-hash-map v0.5.6
[INFO] [stderr]     Checking netlink-sys v0.8.5
[INFO] [stderr]    Compiling wasm-bindgen v0.2.87
[INFO] [stderr]     Checking matches v0.1.10
[INFO] [stderr]     Checking netlink-proto v0.10.0
[INFO] [stderr]     Checking idna v0.2.3
[INFO] [stderr]    Compiling wasm-bindgen-macro-support v0.2.87
[INFO] [stderr]    Compiling const-random-macro v0.1.15
[INFO] [stderr]    Compiling curve25519-dalek v4.0.0-rc.1
[INFO] [stderr]     Checking webpki v0.22.0
[INFO] [stderr]     Checking netlink-packet-route v0.12.0
[INFO] [stderr]     Checking polyval v0.5.3
[INFO] [stderr]    Compiling rustc_version v0.4.0
[INFO] [stderr]    Compiling enum-as-inner v0.5.1
[INFO] [stderr]     Checking aead v0.4.3
[INFO] [stderr]     Checking nix v0.24.3
[INFO] [stderr]     Checking match_cfg v0.1.0
[INFO] [stderr]    Compiling rustls v0.20.8
[INFO] [stderr]     Checking hostname v0.3.1
[INFO] [stderr]    Compiling snow v0.9.2
[INFO] [stderr]     Checking ghash v0.4.4
[INFO] [stderr]     Checking chacha20 v0.8.2
[INFO] [stderr]    Compiling wasm-bindgen-macro v0.2.87
[INFO] [stderr]     Checking ctr v0.8.0
[INFO] [stderr]     Checking trust-dns-proto v0.22.0
[INFO] [stderr]     Checking aes v0.7.5
[INFO] [stderr]     Checking poly1305 v0.7.2
[INFO] [stderr]    Compiling derive-syn-parse v0.1.5
[INFO] [stderr]    Compiling macro_magic_core_macros v0.4.2
[INFO] [stderr]     Checking hyper v0.14.27
[INFO] [stderr]     Checking quick-error v1.2.3
[INFO] [stderr]     Checking aes-gcm v0.9.4
[INFO] [stderr]     Checking resolv-conf v0.7.0
[INFO] [stderr]     Checking chacha20poly1305 v0.9.1
[INFO] [stderr]    Compiling const-random v0.1.15
[INFO] [stderr]     Checking lru-cache v0.1.2
[INFO] [stderr]     Checking der v0.7.7
[INFO] [stderr]     Checking rtnetlink v0.10.1
[INFO] [stderr]     Checking if-watch v3.0.1
[INFO] [stderr]     Checking js-sys v0.3.64
[INFO] [stderr]     Checking pin-project-lite v0.1.12
[INFO] [stderr]     Checking quicksink v0.1.2
[INFO] [stderr]    Compiling macro_magic_core v0.4.2
[INFO] [stderr]     Checking webpki-roots v0.22.6
[INFO] [stderr]     Checking quick-protobuf-codec v0.1.0
[INFO] [stderr]     Checking yamux v0.10.2
[INFO] [stderr]     Checking x25519-dalek v1.1.1
[INFO] [stderr]     Checking lru v0.10.1
[INFO] [stderr]     Checking ff v0.13.0
[INFO] [stderr]     Checking base16ct v0.2.0
[INFO] [stderr]     Checking parity-send-wrapper v0.1.0
[INFO] [stderr]     Checking predicates-core v1.0.6
[INFO] [stderr]     Checking sec1 v0.7.3
[INFO] [stderr]     Checking group v0.13.0
[INFO] [stderr]    Compiling macro_magic_macros v0.4.2
[INFO] [stderr]     Checking crypto-bigint v0.5.2
[INFO] [stderr]     Checking float-cmp v0.9.0
[INFO] [stderr]     Checking normalize-line-endings v0.3.0
[INFO] [stderr]     Checking termtree v0.4.1
[INFO] [stderr]     Checking futures-rustls v0.22.2
[INFO] [stderr]    Compiling proc-macro-warning v0.4.1
[INFO] [stderr]     Checking difflib v0.4.0
[INFO] [stderr]     Checking trust-dns-resolver v0.22.0
[INFO] [stderr]     Checking predicates-tree v1.0.9
[INFO] [stderr]     Checking predicates v2.1.5
[INFO] [stderr]     Checking spki v0.7.2
[INFO] [stderr]     Checking finality-grandpa v0.16.2
[INFO] [stderr]     Checking rfc6979 v0.4.0
[INFO] [stderr]     Checking wasm-timer v0.2.5
[INFO] [stderr]     Checking elliptic-curve v0.13.5
[INFO] [stderr]     Checking signature v2.1.0
[INFO] [stderr]    Compiling mockall_derive v0.11.4
[INFO] [stderr]    Compiling frame-support-procedural-tools-derive v3.0.0 (https://github.com/paritytech/substrate.git?branch=polkadot-v1.0.0#948fbd2f)
[INFO] [stderr]     Checking wasm-bindgen-futures v0.4.37
[INFO] [stderr]     Checking fragile v2.0.0
[INFO] [stderr]     Checking downcast v0.11.0
[INFO] [stderr]     Checking ecdsa v0.16.8
[INFO] [stderr]    Compiling macro_magic v0.4.2
[INFO] [stderr]    Compiling cfg-expr v0.15.3
[INFO] [stderr]     Checking k256 v0.13.1
[INFO] [stderr]     Checking tt-call v1.0.9
[INFO] [stderr]    Compiling frame-support-procedural-tools v4.0.0-dev (https://github.com/paritytech/substrate.git?branch=polkadot-v1.0.0#948fbd2f)
[INFO] [stderr]    Compiling fastrand v2.0.0
[INFO] [stderr]     Checking substrate-prometheus-endpoint v0.10.0-dev (https://github.com/paritytech/substrate.git?branch=polkadot-v1.0.0#948fbd2f)
[INFO] [stderr]     Checking linked_hash_set v0.1.4
[INFO] [stderr]     Checking partial_sort v0.2.0
[INFO] [stderr]     Checking ip_network v0.4.1
[INFO] [stderr]    Compiling frame-support-procedural v4.0.0-dev (https://github.com/paritytech/substrate.git?branch=polkadot-v1.0.0#948fbd2f)
[INFO] [stderr]    Compiling prost-derive v0.11.9
[INFO] [stderr]    Compiling prettyplease v0.1.25
[INFO] [stderr]    Compiling scratch v1.0.7
[INFO] [stderr]    Compiling link-cplusplus v1.0.9
[INFO] [stderr]    Compiling fixedbitset v0.4.2
[INFO] [stderr]    Compiling glob v0.3.1
[INFO] [stderr]    Compiling unicode-width v0.1.10
[INFO] [stderr]    Compiling codespan-reporting v0.11.1
[INFO] [stderr]    Compiling clang-sys v1.6.1
[INFO] [stderr]    Compiling petgraph v0.6.3
[INFO] [stderr]    Compiling which v4.4.0
[INFO] [stderr]    Compiling tempfile v3.7.0
[INFO] [stderr]     Checking beef v0.5.2
[INFO] [stderr]     Checking bstr v1.6.0
[INFO] [stderr]    Compiling prost v0.11.9
[INFO] [stderr]    Compiling cxxbridge-flags v1.0.102
[INFO] [stderr]     Checking tower-layer v0.3.2
[INFO] [stderr]    Compiling multimap v0.8.3
[INFO] [stderr]    Compiling prettyplease v0.2.12
[INFO] [stderr]    Compiling cxx v1.0.102
[INFO] [stderr]     Checking globset v0.4.12
[INFO] [stderr]     Checking jsonrpsee-types v0.16.2
[INFO] [stderr]    Compiling prost-types v0.11.9
[INFO] [stderr]    Compiling cxx-build v1.0.102
[INFO] [stderr]    Compiling strum_macros v0.24.3
[INFO] [stderr]     Checking memmap2 v0.5.10
[INFO] [stderr]    Compiling minimal-lexical v0.2.1
[INFO] [stderr]     Checking tower v0.4.13
[INFO] [stderr]     Checking mockall v0.11.4
[INFO] [stderr]     Checking tokio-stream v0.1.14
[INFO] [stderr]     Checking jsonrpsee-core v0.16.2
[INFO] [stderr]    Compiling nom v7.1.3
[INFO] [stderr]    Compiling libloading v0.7.4
[INFO] [stderr]    Compiling bindgen v0.65.1
[INFO] [stderr]    Compiling prost-build v0.11.9
[INFO] [stderr]     Checking jsonrpsee-server v0.16.2
[INFO] [stderr]    Compiling jsonrpsee-proc-macros v0.16.2
[INFO] [stderr]    Compiling cexpr v0.6.0
[INFO] [stderr]    Compiling tikv-jemalloc-sys v0.5.3+5.3.0-patched
[INFO] [stderr]    Compiling bitflags v1.3.2
[INFO] [stderr]    Compiling peeking_take_while v0.1.2
[INFO] [stderr]    Compiling lazycell v1.3.0
[INFO] [stderr]    Compiling shlex v1.1.0
[INFO] [stderr]    Compiling sc-chain-spec-derive v4.0.0-dev (https://github.com/paritytech/substrate.git?branch=polkadot-v1.0.0#948fbd2f)
[INFO] [stderr]    Compiling cxxbridge-macro v1.0.102
[INFO] [stderr]    Compiling wasm-opt-sys v0.112.0
[INFO] [stderr]    Compiling lz4-sys v1.9.4
[INFO] [stderr]    Compiling cfg_aliases v0.1.1
[INFO] [stderr]    Compiling wasm-opt-cxx-sys v0.112.0
[INFO] [stderr]     Checking jsonrpsee v0.16.2
[INFO] [stderr]    Compiling snap v1.1.0
[INFO] [stderr]    Compiling camino v1.1.6
[INFO] [stderr]    Compiling hashbrown v0.14.0
[INFO] [stderr]    Compiling equivalent v1.0.1
[INFO] [stderr]    Compiling serde_spanned v0.6.3
[INFO] [stderr]    Compiling toml_datetime v0.6.3
[INFO] [stderr]    Compiling num-integer v0.1.45
[INFO] [stderr]    Compiling winnow v0.5.1
[INFO] [stderr]    Compiling indexmap v2.0.0
[INFO] [stderr]    Compiling semver-parser v0.7.0
[INFO] [stderr]     Checking bytemuck v1.13.1
[INFO] [stderr]    Compiling semver v0.6.0
[INFO] [stderr]     Checking safe_arch v0.7.1
[INFO] [stderr]    Compiling static_init_macro v1.0.2
[INFO] [stderr]    Compiling strum v0.24.1
[INFO] [stderr]    Compiling cargo-platform v0.1.3
[INFO] [stderr]     Checking fs2 v0.4.3
[INFO] [stderr]    Compiling num-rational v0.4.1
[INFO] [stderr]    Compiling matrixmultiply v0.3.7
[INFO] [stderr]    Compiling ucd-trie v0.1.6
[INFO] [stderr]    Compiling toml_edit v0.19.14
[INFO] [stderr]    Compiling same-file v1.0.6
[INFO] [stderr]     Checking siphasher v0.3.10
[INFO] [stderr]     Checking utf8parse v0.2.1
[INFO] [stderr]    Compiling walkdir v2.3.3
[INFO] [stderr]     Checking anstyle-parse v0.2.1
[INFO] [stderr]    Compiling pest v2.7.1
[INFO] [stderr]    Compiling cargo_metadata v0.15.4
[INFO] [stderr]     Checking wide v0.7.11
[INFO] [stderr]    Compiling build-helper v0.1.1
[INFO] [stderr]    Compiling static_init v1.0.3
[INFO] [stderr]    Compiling sc-network-bitswap v0.10.0-dev (https://github.com/paritytech/substrate.git?branch=polkadot-v1.0.0#948fbd2f)
[INFO] [stderr]    Compiling toml v0.7.6
[INFO] [stderr]    Compiling sc-network-light v0.10.0-dev (https://github.com/paritytech/substrate.git?branch=polkadot-v1.0.0#948fbd2f)
[INFO] [stderr]    Compiling sc-network-sync v0.10.0-dev (https://github.com/paritytech/substrate.git?branch=polkadot-v1.0.0#948fbd2f)
[INFO] [stderr]     Checking fork-tree v3.0.0 (https://github.com/paritytech/substrate.git?branch=polkadot-v1.0.0#948fbd2f)
[INFO] [stderr]    Compiling sc-tracing-proc-macro v4.0.0-dev (https://github.com/paritytech/substrate.git?branch=polkadot-v1.0.0#948fbd2f)
[INFO] [stderr]    Compiling librocksdb-sys v0.11.0+8.1.1
[INFO] [stderr]     Checking approx v0.5.1
[INFO] [stderr]     Checking num-complex v0.4.3
[INFO] [stderr]    Compiling filetime v0.2.21
[INFO] [stderr]     Checking atty v0.2.14
[INFO] [stderr]     Checking colorchoice v1.0.0
[INFO] [stderr]    Compiling rustls v0.21.5
[INFO] [stderr]     Checking anstyle-query v1.0.0
[INFO] [stderr]     Checking http-range-header v0.3.1
[INFO] [stderr]    Compiling sc-sysinfo v6.0.0-dev (https://github.com/paritytech/substrate.git?branch=polkadot-v1.0.0#948fbd2f)
[INFO] [stderr]     Checking anstyle v1.0.1
[INFO] [stderr]     Checking rawpointer v0.2.1
[INFO] [stderr]     Checking simba v0.8.1
[INFO] [stderr]     Checking anstream v0.3.2
[INFO] [stderr]     Checking tower-http v0.4.3
[INFO] [stderr]    Compiling pest_meta v2.7.1
[INFO] [stderr]     Checking rustls-webpki v0.101.2
[INFO] [stderr]     Checking kvdb-memorydb v0.13.0
[INFO] [stderr]    Compiling nalgebra-macros v0.2.1
[INFO] [stderr]     Checking rand_pcg v0.3.1
[INFO] [stderr]     Checking dirs-sys v0.3.7
[INFO] [stderr]    Compiling names v0.13.0
[INFO] [stderr]     Checking strsim v0.10.0
[INFO] [stderr]     Checking clap_lex v0.5.0
[INFO] [stderr]     Checking directories v4.0.1
[INFO] [stderr]    Compiling pest_generator v2.7.1
[INFO] [stderr]     Checking clap_builder v4.3.24
[INFO] [stderr]     Checking sc-rpc-server v4.0.0-dev (https://github.com/paritytech/substrate.git?branch=polkadot-v1.0.0#948fbd2f)
[INFO] [stderr]     Checking tracing-futures v0.2.5
[INFO] [stderr]    Compiling clap_derive v4.3.12
[INFO] [stderr]     Checking rustls-pemfile v1.0.3
[INFO] [stderr]     Checking exit-future v0.2.0
[INFO] [stderr]     Checking rtoolbox v0.0.1
[INFO] [stderr]     Checking openssl-probe v0.1.5
[INFO] [stderr]    Compiling sc-consensus-slots v0.10.0-dev (https://github.com/paritytech/substrate.git?branch=polkadot-v1.0.0#948fbd2f)
[INFO] [stderr]     Checking rustls-native-certs v0.6.3
[INFO] [stderr]     Checking rpassword v7.2.0
[INFO] [stderr]    Compiling pest_derive v2.7.1
[INFO] [stderr]     Checking fdlimit v0.2.1
[INFO] [stderr]    Compiling frame-benchmarking-cli v4.0.0-dev (https://github.com/paritytech/substrate.git?branch=polkadot-v1.0.0#948fbd2f)
[INFO] [stderr]    Compiling substrate-build-script-utils v3.0.0 (https://github.com/paritytech/substrate.git?branch=polkadot-v1.0.0#948fbd2f)
[INFO] [stderr]     Checking comfy-table v7.0.1
[INFO] [stderr]     Checking tokio-rustls v0.24.1
[INFO] [stderr]    Compiling node-template v4.0.0-dev (/opt/rustwide/workdir/node)
[INFO] [stderr]     Checking sc-proposer-metrics v0.10.0-dev (https://github.com/paritytech/substrate.git?branch=polkadot-v1.0.0#948fbd2f)
[INFO] [stderr]     Checking hyper-rustls v0.24.1
[INFO] [stderr]     Checking threadpool v1.8.1
[INFO] [stderr]     Checking gethostname v0.2.3
[INFO] [stderr]     Checking thousands v0.2.0
[INFO] [stderr]     Checking handlebars v4.3.7
[INFO] [stderr]     Checking clap v4.3.24
[INFO] [stderr]     Checking multihash v0.17.0
[INFO] [stderr]     Checking nalgebra v0.32.3
[INFO] [stderr]     Checking multiaddr v0.17.1
[INFO] [stderr]     Checking cid v0.9.0
[INFO] [stderr]     Checking libp2p-identity v0.1.2
[INFO] [stderr]     Checking secp256k1 v0.24.3
[INFO] [stderr]     Checking libp2p-core v0.39.2
[INFO] [stderr]     Checking libp2p-swarm v0.42.2
[INFO] [stderr]     Checking libp2p-noise v0.42.2
[INFO] [stderr]     Checking libp2p-yamux v0.43.1
[INFO] [stderr]     Checking libp2p-dns v0.39.0
[INFO] [stderr]     Checking libp2p-wasm-ext v0.39.0
[INFO] [stderr]     Checking libp2p-ping v0.42.0
[INFO] [stderr]     Checking libp2p-request-response v0.24.1
[INFO] [stderr]     Checking libp2p-allow-block-list v0.1.1
[INFO] [stderr]     Checking libp2p-identify v0.42.2
[INFO] [stderr]     Checking libp2p-mdns v0.43.1
[INFO] [stderr]     Checking libp2p-kad v0.43.3
[INFO] [stderr]     Checking libp2p-connection-limits v0.1.0
[INFO] [stderr]     Checking libp2p-websocket v0.41.0
[INFO] [stderr]     Checking libp2p-tcp v0.39.0
[INFO] [stderr]     Checking libp2p v0.51.3
[INFO] [stderr]     Checking sc-telemetry v4.0.0-dev (https://github.com/paritytech/substrate.git?branch=polkadot-v1.0.0#948fbd2f)
[INFO] [stderr]     Checking lz4 v1.24.0
[INFO] [stderr]     Checking parity-db v0.4.10
[INFO] [stderr]     Checking zstd v0.11.2+zstd.1.5.2
[INFO] [stderr]     Checking zstd v0.12.4
[INFO] [stderr]     Checking sp-maybe-compressed-blob v4.1.0-dev (https://github.com/paritytech/substrate.git?branch=polkadot-v1.0.0#948fbd2f)
[INFO] [stderr]     Checking linregress v0.5.2
[INFO] [stderr] error: failed to run custom build command for `tikv-jemalloc-sys v0.5.3+5.3.0-patched`
[INFO] [stderr] note: To improve backtraces for build dependencies, set the CARGO_PROFILE_DEV_BUILD_OVERRIDE_DEBUG=true environment variable to enable debug information generation.
[INFO] [stderr] 
[INFO] [stderr] Caused by:
[INFO] [stderr]   process didn't exit successfully: `/opt/rustwide/target/debug/build/tikv-jemalloc-sys-1850a390689b395d/build-script-build` (exit status: 101)
[INFO] [stderr]   --- stdout
[INFO] [stderr]   TARGET=x86_64-unknown-linux-gnu
[INFO] [stderr]   HOST=x86_64-unknown-linux-gnu
[INFO] [stderr]   NUM_JOBS=8
[INFO] [stderr]   OUT_DIR="/opt/rustwide/target/debug/build/tikv-jemalloc-sys-ecbead09c5de36ca/out"
[INFO] [stderr]   BUILD_DIR="/opt/rustwide/target/debug/build/tikv-jemalloc-sys-ecbead09c5de36ca/out/build"
[INFO] [stderr]   SRC_DIR="/opt/rustwide/cargo-home/registry/src/index.crates.io-6f17d22bba15001f/tikv-jemalloc-sys-0.5.3+5.3.0-patched"
[INFO] [stderr]   cargo:rerun-if-env-changed=JEMALLOC_OVERRIDE
[INFO] [stderr]   OPT_LEVEL = Some("0")
[INFO] [stderr]   TARGET = Some("x86_64-unknown-linux-gnu")
[INFO] [stderr]   HOST = Some("x86_64-unknown-linux-gnu")
[INFO] [stderr]   cargo:rerun-if-env-changed=CC_x86_64-unknown-linux-gnu
[INFO] [stderr]   CC_x86_64-unknown-linux-gnu = None
[INFO] [stderr]   cargo:rerun-if-env-changed=CC_x86_64_unknown_linux_gnu
[INFO] [stderr]   CC_x86_64_unknown_linux_gnu = None
[INFO] [stderr]   cargo:rerun-if-env-changed=HOST_CC
[INFO] [stderr]   HOST_CC = None
[INFO] [stderr]   cargo:rerun-if-env-changed=CC
[INFO] [stderr]   CC = None
[INFO] [stderr]   cargo:rerun-if-env-changed=CFLAGS_x86_64-unknown-linux-gnu
[INFO] [stderr]   CFLAGS_x86_64-unknown-linux-gnu = None
[INFO] [stderr]   cargo:rerun-if-env-changed=CFLAGS_x86_64_unknown_linux_gnu
[INFO] [stderr]   CFLAGS_x86_64_unknown_linux_gnu = None
[INFO] [stderr]   cargo:rerun-if-env-changed=HOST_CFLAGS
[INFO] [stderr]   HOST_CFLAGS = None
[INFO] [stderr]   cargo:rerun-if-env-changed=CFLAGS
[INFO] [stderr]   CFLAGS = None
[INFO] [stderr]   cargo:rerun-if-env-changed=CRATE_CC_NO_DEFAULTS
[INFO] [stderr]   CRATE_CC_NO_DEFAULTS = None
[INFO] [stderr]   DEBUG = Some("true")
[INFO] [stderr]   CARGO_CFG_TARGET_FEATURE = Some("fxsr,sse,sse2")
[INFO] [stderr]   CC="cc"
[INFO] [stderr]   CFLAGS="-O0 -ffunction-sections -fdata-sections -fPIC -gdwarf-4 -fno-omit-frame-pointer -m64 -Wall"
[INFO] [stderr]   JEMALLOC_REPO_DIR="jemalloc"
[INFO] [stderr]   cargo:rerun-if-env-changed=JEMALLOC_SYS_WITH_MALLOC_CONF
[INFO] [stderr]   cargo:rerun-if-env-changed=JEMALLOC_SYS_WITH_LG_PAGE
[INFO] [stderr]   cargo:rerun-if-env-changed=JEMALLOC_SYS_WITH_LG_HUGEPAGE
[INFO] [stderr]   cargo:rerun-if-env-changed=JEMALLOC_SYS_WITH_LG_QUANTUM
[INFO] [stderr]   cargo:rerun-if-env-changed=JEMALLOC_SYS_WITH_LG_VADDR
[INFO] [stderr]   running: cd "/opt/rustwide/target/debug/build/tikv-jemalloc-sys-ecbead09c5de36ca/out/build" && CC="cc" CFLAGS="-O0 -ffunction-sections -fdata-sections -fPIC -gdwarf-4 -fno-omit-frame-pointer -m64 -Wall" CPPFLAGS="-O0 -ffunction-sections -fdata-sections -fPIC -gdwarf-4 -fno-omit-frame-pointer -m64 -Wall" LDFLAGS="-O0 -ffunction-sections -fdata-sections -fPIC -gdwarf-4 -fno-omit-frame-pointer -m64 -Wall" "sh" "/opt/rustwide/target/debug/build/tikv-jemalloc-sys-ecbead09c5de36ca/out/build/configure" "--disable-cxx" "--enable-doc=no" "--enable-shared=no" "--with-private-namespace=_rjem_" "--host=x86_64-unknown-linux-gnu" "--build=x86_64-unknown-linux-gnu" "--prefix=/opt/rustwide/target/debug/build/tikv-jemalloc-sys-ecbead09c5de36ca/out"
[INFO] [stderr]   checking for xsltproc... false
[INFO] [stderr]   checking for x86_64-unknown-linux-gnu-gcc... cc
[INFO] [stderr]   checking whether the C compiler works... yes
[INFO] [stderr]   checking for C compiler default output file name... a.out
[INFO] [stderr]   checking for suffix of executables... 
[INFO] [stderr]   checking whether we are cross compiling... no
[INFO] [stderr]   checking for suffix of object files... o
[INFO] [stderr]   checking whether we are using the GNU C compiler... yes
[INFO] [stderr]   checking whether cc accepts -g... yes
[INFO] [stderr]   checking for cc option to accept ISO C89... none needed
[INFO] [stderr]   checking whether compiler is cray... no
[INFO] [stderr]   checking whether compiler supports -std=gnu11... yes
[INFO] [stderr]   checking whether compiler supports -Werror=unknown-warning-option... no
[INFO] [stderr]   checking whether compiler supports -Wall... yes
[INFO] [stderr]   checking whether compiler supports -Wextra... yes
[INFO] [stderr]   checking whether compiler supports -Wshorten-64-to-32... no
[INFO] [stderr]   checking whether compiler supports -Wsign-compare... yes
[INFO] [stderr]   checking whether compiler supports -Wundef... yes
[INFO] [stderr]   checking whether compiler supports -Wno-format-zero-length... yes
[INFO] [stderr]   checking whether compiler supports -Wpointer-arith... yes
[INFO] [stderr]   checking whether compiler supports -Wno-missing-braces... yes
[INFO] [stderr]   checking whether compiler supports -Wno-missing-field-initializers... yes
[INFO] [stderr]   checking whether compiler supports -Wno-missing-attributes... yes
[INFO] [stderr]   checking whether compiler supports -pipe... yes
[INFO] [stderr]   checking whether compiler supports -g3... yes
[INFO] [stderr]   checking how to run the C preprocessor... cc -E
[INFO] [stderr]   checking for grep that handles long lines and -e... /usr/bin/grep
[INFO] [stderr]   checking for egrep... /usr/bin/grep -E
[INFO] [stderr]   checking for ANSI C header files... yes
[INFO] [stderr]   checking for sys/types.h... yes
[INFO] [stderr]   checking for sys/stat.h... yes
[INFO] [stderr]   checking for stdlib.h... yes
[INFO] [stderr]   checking for string.h... yes
[INFO] [stderr]   checking for memory.h... yes
[INFO] [stderr]   checking for strings.h... yes
[INFO] [stderr]   checking for inttypes.h... yes
[INFO] [stderr]   checking for stdint.h... yes
[INFO] [stderr]   checking for unistd.h... yes
[INFO] [stderr]   checking whether byte ordering is bigendian... no
[INFO] [stderr]   checking size of void *... 8
[INFO] [stderr]   checking size of int... 4
[INFO] [stderr]   checking size of long... 8
[INFO] [stderr]   checking size of long long... 8
[INFO] [stderr]   checking size of intmax_t... 8
[INFO] [stderr]   checking build system type... x86_64-unknown-linux-gnu
[INFO] [stderr]   checking host system type... x86_64-unknown-linux-gnu
[INFO] [stderr]   checking whether pause instruction is compilable... yes
[INFO] [stderr]   checking number of significant virtual address bits... 48
[INFO] [stderr]   checking for x86_64-unknown-linux-gnu-ar... no
[INFO] [stderr]   checking for ar... ar
[INFO] [stderr]   checking for x86_64-unknown-linux-gnu-nm... no
[INFO] [stderr]   checking for nm... nm
[INFO] [stderr]   checking for gawk... no
[INFO] [stderr]   checking for mawk... mawk
[INFO] [stderr]   checking malloc.h usability... yes
[INFO] [stderr]   checking malloc.h presence... yes
[INFO] [stderr]   checking for malloc.h... yes
[INFO] [stderr]   checking whether malloc_usable_size definition can use const argument... no
[INFO] [stderr]   checking for library containing log... -lm
[INFO] [stderr]   checking whether __attribute__ syntax is compilable... yes
[INFO] [stderr]   checking whether compiler supports -fvisibility=hidden... yes
[INFO] [stderr]   checking whether compiler supports -fvisibility=hidden... no
[INFO] [stderr]   checking whether compiler supports -Werror... yes
[INFO] [stderr]   checking whether compiler supports -herror_on_warning... yes
[INFO] [stderr]   checking whether tls_model attribute is compilable... yes
[INFO] [stderr]   checking whether compiler supports -Werror... yes
[INFO] [stderr]   checking whether compiler supports -herror_on_warning... yes
[INFO] [stderr]   checking whether alloc_size attribute is compilable... yes
[INFO] [stderr]   checking whether compiler supports -Werror... yes
[INFO] [stderr]   checking whether compiler supports -herror_on_warning... yes
[INFO] [stderr]   checking whether format(gnu_printf, ...) attribute is compilable... yes
[INFO] [stderr]   checking whether compiler supports -Werror... yes
[INFO] [stderr]   checking whether compiler supports -herror_on_warning... yes
[INFO] [stderr]   checking whether format(printf, ...) attribute is compilable... yes
[INFO] [stderr]   checking whether compiler supports -Werror... yes
[INFO] [stderr]   checking whether compiler supports -herror_on_warning... yes
[INFO] [stderr]   checking whether format(printf, ...) attribute is compilable... yes
[INFO] [stderr]   checking whether compiler supports -Wimplicit-fallthrough... yes
[INFO] [stderr]   checking whether fallthrough attribute is compilable... yes
[INFO] [stderr]   checking whether compiler supports -Wimplicit-fallthrough... yes
[INFO] [stderr]   checking whether compiler supports -Wimplicit-fallthrough... no
[INFO] [stderr]   checking whether compiler supports -Werror... yes
[INFO] [stderr]   checking whether compiler supports -herror_on_warning... yes
[INFO] [stderr]   checking whether cold attribute is compilable... yes
[INFO] [stderr]   checking whether vm_make_tag is compilable... no
[INFO] [stderr]   checking for a BSD-compatible install... /usr/bin/install -c
[INFO] [stderr]   checking for x86_64-unknown-linux-gnu-ranlib... no
[INFO] [stderr]   checking for ranlib... ranlib
[INFO] [stderr]   checking for ld... /usr/bin/ld
[INFO] [stderr]   checking for autoconf... /usr/bin/autoconf
[INFO] [stderr]   checking for memalign... yes
[INFO] [stderr]   checking for valloc... yes
[INFO] [stderr]   checking for malloc_size... no
[INFO] [stderr]   checking for __libc_calloc... yes
[INFO] [stderr]   checking for __libc_free... yes
[INFO] [stderr]   checking for __libc_malloc... yes
[INFO] [stderr]   checking for __libc_memalign... yes
[INFO] [stderr]   checking for __libc_realloc... yes
[INFO] [stderr]   checking for __libc_valloc... yes
[INFO] [stderr]   checking for __posix_memalign... no
[INFO] [stderr]   checking whether compiler supports -O3... yes
[INFO] [stderr]   checking whether compiler supports -O3... no
[INFO] [stderr]   checking whether compiler supports -funroll-loops... yes
[INFO] [stderr]   checking configured backtracing method... N/A
[INFO] [stderr]   checking for sbrk... yes
[INFO] [stderr]   checking whether utrace(2) is compilable... no
[INFO] [stderr]   checking whether utrace(2) with label is compilable... no
[INFO] [stderr]   checking whether a program using __builtin_unreachable is compilable... yes
[INFO] [stderr]   checking whether a program using __builtin_ffsl is compilable... yes
[INFO] [stderr]   checking whether a program using __builtin_popcountl is compilable... yes
[INFO] [stderr]   checking LG_PAGE... 12
[INFO] [stderr]   checking pthread.h usability... yes
[INFO] [stderr]   checking pthread.h presence... yes
[INFO] [stderr]   checking for pthread.h... yes
[INFO] [stderr]   checking for pthread_create in -lpthread... yes
[INFO] [stderr]   checking dlfcn.h usability... yes
[INFO] [stderr]   checking dlfcn.h presence... yes
[INFO] [stderr]   checking for dlfcn.h... yes
[INFO] [stderr]   checking for dlsym... yes
[INFO] [stderr]   checking whether pthread_atfork(3) is compilable... yes
[INFO] [stderr]   checking whether pthread_setname_np(3) is compilable... yes
[INFO] [stderr]   checking whether pthread_getname_np(3) is compilable... yes
[INFO] [stderr]   checking whether pthread_get_name_np(3) is compilable... no
[INFO] [stderr]   checking for library containing clock_gettime... none required
[INFO] [stderr]   checking whether clock_gettime(CLOCK_MONOTONIC_COARSE, ...) is compilable... yes
[INFO] [stderr]   checking whether clock_gettime(CLOCK_MONOTONIC, ...) is compilable... yes
[INFO] [stderr]   checking whether mach_absolute_time() is compilable... no
[INFO] [stderr]   checking whether clock_gettime(CLOCK_REALTIME, ...) is compilable... yes
[INFO] [stderr]   checking whether compiler supports -Werror... yes
[INFO] [stderr]   checking whether syscall(2) is compilable... yes
[INFO] [stderr]   checking for secure_getenv... yes
[INFO] [stderr]   checking for sched_getcpu... yes
[INFO] [stderr]   checking for sched_setaffinity... yes
[INFO] [stderr]   checking for issetugid... no
[INFO] [stderr]   checking for _malloc_thread_cleanup... no
[INFO] [stderr]   checking for _pthread_mutex_init_calloc_cb... no
[INFO] [stderr]   checking for memcntl... no
[INFO] [stderr]   checking for TLS... yes
[INFO] [stderr]   checking whether C11 atomics is compilable... yes
[INFO] [stderr]   checking whether GCC __atomic atomics is compilable... yes
[INFO] [stderr]   checking whether GCC 8-bit __atomic atomics is compilable... yes
[INFO] [stderr]   checking whether GCC __sync atomics is compilable... yes
[INFO] [stderr]   checking whether GCC 8-bit __sync atomics is compilable... yes
[INFO] [stderr]   checking whether Darwin OSAtomic*() is compilable... no
[INFO] [stderr]   checking whether madvise(2) is compilable... yes
[INFO] [stderr]   checking whether madvise(..., MADV_FREE) is compilable... yes
[INFO] [stderr]   checking whether madvise(..., MADV_DONTNEED) is compilable... yes
[INFO] [stderr]   checking whether madvise(..., MADV_DO[NT]DUMP) is compilable... yes
[INFO] [stderr]   checking whether madvise(..., MADV_[NO]HUGEPAGE) is compilable... yes
[INFO] [stderr]   checking whether madvise(..., MADV_[NO]CORE) is compilable... no
[INFO] [stderr]   checking whether mprotect(2) is compilable... yes
[INFO] [stderr]   checking for __builtin_clz... yes
[INFO] [stderr]   checking whether Darwin os_unfair_lock_*() is compilable... no
[INFO] [stderr]   checking whether glibc malloc hook is compilable... no
[INFO] [stderr]   checking whether glibc memalign hook is compilable... no
[INFO] [stderr]   checking whether pthreads adaptive mutexes is compilable... yes
[INFO] [stderr]   checking whether compiler supports -D_GNU_SOURCE... yes
[INFO] [stderr]   checking whether compiler supports -Werror... yes
[INFO] [stderr]   checking whether compiler supports -herror_on_warning... yes
[INFO] [stderr]   checking whether strerror_r returns char with gnu source is compilable... yes
[INFO] [stderr]   checking for stdbool.h that conforms to C99... yes
[INFO] [stderr]   checking for _Bool... yes
[INFO] [stderr]   configure: creating ./config.status
[INFO] [stderr]   config.status: creating Makefile
[INFO] [stderr]   config.status: creating jemalloc.pc
[INFO] [stderr]   config.status: creating doc/html.xsl
[INFO] [stderr]   config.status: creating doc/manpages.xsl
[INFO] [stderr]   config.status: creating doc/jemalloc.xml
[INFO] [stderr]   config.status: creating include/jemalloc/jemalloc_macros.h
[INFO] [stderr]   config.status: creating include/jemalloc/jemalloc_protos.h
[INFO] [stderr]   config.status: creating include/jemalloc/jemalloc_typedefs.h
[INFO] [stderr]   config.status: creating include/jemalloc/internal/jemalloc_preamble.h
[INFO] [stderr]   config.status: creating test/test.sh
[INFO] [stderr]   config.status: creating test/include/test/jemalloc_test.h
[INFO] [stderr]   config.status: creating config.stamp
[INFO] [stderr]   config.status: creating bin/jemalloc-config
[INFO] [stderr]   config.status: creating bin/jemalloc.sh
[INFO] [stderr]   config.status: creating bin/jeprof
[INFO] [stderr]   config.status: creating include/jemalloc/jemalloc_defs.h
[INFO] [stderr]   config.status: creating include/jemalloc/internal/jemalloc_internal_defs.h
[INFO] [stderr]   config.status: creating test/include/test/jemalloc_test_defs.h
[INFO] [stderr]   config.status: executing include/jemalloc/internal/public_symbols.txt commands
[INFO] [stderr]   config.status: executing include/jemalloc/internal/private_symbols.awk commands
[INFO] [stderr]   config.status: executing include/jemalloc/internal/private_symbols_jet.awk commands
[INFO] [stderr]   config.status: executing include/jemalloc/internal/public_namespace.h commands
[INFO] [stderr]   config.status: executing include/jemalloc/internal/public_unnamespace.h commands
[INFO] [stderr]   config.status: executing include/jemalloc/jemalloc_protos_jet.h commands
[INFO] [stderr]   config.status: executing include/jemalloc/jemalloc_rename.h commands
[INFO] [stderr]   config.status: executing include/jemalloc/jemalloc_mangle.h commands
[INFO] [stderr]   config.status: executing include/jemalloc/jemalloc_mangle_jet.h commands
[INFO] [stderr]   config.status: executing include/jemalloc/jemalloc.h commands
[INFO] [stderr]   ===============================================================================
[INFO] [stderr]   jemalloc version   : 5.3.0-0-g54eaed1d8b56b1aa528be3bdd1877e59c56fa90c
[INFO] [stderr]   library revision   : 2
[INFO] [stderr] 
[INFO] [stderr]   CONFIG             : --disable-cxx --enable-doc=no --enable-shared=no --with-private-namespace=_rjem_ --host=x86_64-unknown-linux-gnu --build=x86_64-unknown-linux-gnu --prefix=/opt/rustwide/target/debug/build/tikv-jemalloc-sys-ecbead09c5de36ca/out build_alias=x86_64-unknown-linux-gnu host_alias=x86_64-unknown-linux-gnu CC=cc 'CFLAGS=-O0 -ffunction-sections -fdata-sections -fPIC -gdwarf-4 -fno-omit-frame-pointer -m64 -Wall' 'LDFLAGS=-O0 -ffunction-sections -fdata-sections -fPIC -gdwarf-4 -fno-omit-frame-pointer -m64 -Wall' 'CPPFLAGS=-O0 -ffunction-sections -fdata-sections -fPIC -gdwarf-4 -fno-omit-frame-pointer -m64 -Wall'
[INFO] [stderr]   CC                 : cc
[INFO] [stderr]   CONFIGURE_CFLAGS   : -std=gnu11 -Wall -Wextra -Wsign-compare -Wundef -Wno-format-zero-length -Wpointer-arith -Wno-missing-braces -Wno-missing-field-initializers -Wno-missing-attributes -pipe -g3 -fvisibility=hidden -Wimplicit-fallthrough -O3 -funroll-loops
[INFO] [stderr]   SPECIFIED_CFLAGS   : -O0 -ffunction-sections -fdata-sections -fPIC -gdwarf-4 -fno-omit-frame-pointer -m64 -Wall
[INFO] [stderr]   EXTRA_CFLAGS       : 
[INFO] [stderr]   CPPFLAGS           : -O0 -ffunction-sections -fdata-sections -fPIC -gdwarf-4 -fno-omit-frame-pointer -m64 -Wall -D_GNU_SOURCE -D_REENTRANT
[INFO] [stderr]   CXX                : 
[INFO] [stderr]   CONFIGURE_CXXFLAGS : 
[INFO] [stderr]   SPECIFIED_CXXFLAGS : 
[INFO] [stderr]   EXTRA_CXXFLAGS     : 
[INFO] [stderr]   LDFLAGS            : -O0 -ffunction-sections -fdata-sections -fPIC -gdwarf-4 -fno-omit-frame-pointer -m64 -Wall
[INFO] [stderr]   EXTRA_LDFLAGS      : 
[INFO] [stderr]   DSO_LDFLAGS        : -shared -Wl,-soname,$(@F)
[INFO] [stderr]   LIBS               : -lm  -pthread
[INFO] [stderr]   RPATH_EXTRA        : 
[INFO] [stderr] 
[INFO] [stderr]   XSLTPROC           : false
[INFO] [stderr]   XSLROOT            : 
[INFO] [stderr] 
[INFO] [stderr]   PREFIX             : /opt/rustwide/target/debug/build/tikv-jemalloc-sys-ecbead09c5de36ca/out
[INFO] [stderr]   BINDIR             : /opt/rustwide/target/debug/build/tikv-jemalloc-sys-ecbead09c5de36ca/out/bin
[INFO] [stderr]   DATADIR            : /opt/rustwide/target/debug/build/tikv-jemalloc-sys-ecbead09c5de36ca/out/share
[INFO] [stderr]   INCLUDEDIR         : /opt/rustwide/target/debug/build/tikv-jemalloc-sys-ecbead09c5de36ca/out/include
[INFO] [stderr]   LIBDIR             : /opt/rustwide/target/debug/build/tikv-jemalloc-sys-ecbead09c5de36ca/out/lib
[INFO] [stderr]   MANDIR             : /opt/rustwide/target/debug/build/tikv-jemalloc-sys-ecbead09c5de36ca/out/share/man
[INFO] [stderr] 
[INFO] [stderr]   srcroot            : 
[INFO] [stderr]   abs_srcroot        : /opt/rustwide/target/debug/build/tikv-jemalloc-sys-ecbead09c5de36ca/out/build/
[INFO] [stderr]   objroot            : 
[INFO] [stderr]   abs_objroot        : /opt/rustwide/target/debug/build/tikv-jemalloc-sys-ecbead09c5de36ca/out/build/
[INFO] [stderr] 
[INFO] [stderr]   JEMALLOC_PREFIX    : 
[INFO] [stderr]   JEMALLOC_PRIVATE_NAMESPACE
[INFO] [stderr]                      : _rjem_je_
[INFO] [stderr]   install_suffix     : 
[INFO] [stderr]   malloc_conf        : 
[INFO] [stderr]   documentation      : 0
[INFO] [stderr]   shared libs        : 0
[INFO] [stderr]   static libs        : 1
[INFO] [stderr]   autogen            : 0
[INFO] [stderr]   debug              : 0
[INFO] [stderr]   stats              : 1
[INFO] [stderr]   experimental_smallocx : 0
[INFO] [stderr]   prof               : 0
[INFO] [stderr]   prof-libunwind     : 0
[INFO] [stderr]   prof-libgcc        : 0
[INFO] [stderr]   prof-gcc           : 0
[INFO] [stderr]   fill               : 1
[INFO] [stderr]   utrace             : 0
[INFO] [stderr]   xmalloc            : 0
[INFO] [stderr]   log                : 0
[INFO] [stderr]   lazy_lock          : 0
[INFO] [stderr]   cache-oblivious    : 1
[INFO] [stderr]   cxx                : 0
[INFO] [stderr]   ===============================================================================
[INFO] [stderr]   running: cd "/opt/rustwide/target/debug/build/tikv-jemalloc-sys-ecbead09c5de36ca/out/build" && "make" "-j" "8"
[INFO] [stderr]   cc -std=gnu11 -Wall -Wextra -Wsign-compare -Wundef -Wno-format-zero-length -Wpointer-arith -Wno-missing-braces -Wno-missing-field-initializers -Wno-missing-attributes -pipe -g3 -fvisibility=hidden -Wimplicit-fallthrough -O3 -funroll-loops -O0 -ffunction-sections -fdata-sections -fPIC -gdwarf-4 -fno-omit-frame-pointer -m64 -Wall -c -O0 -ffunction-sections -fdata-sections -fPIC -gdwarf-4 -fno-omit-frame-pointer -m64 -Wall -D_GNU_SOURCE -D_REENTRANT -Iinclude -Iinclude -DJEMALLOC_NO_PRIVATE_NAMESPACE -o src/jemalloc.sym.o src/jemalloc.c
[INFO] [stderr]   cc -std=gnu11 -Wall -Wextra -Wsign-compare -Wundef -Wno-format-zero-length -Wpointer-arith -Wno-missing-braces -Wno-missing-field-initializers -Wno-missing-attributes -pipe -g3 -fvisibility=hidden -Wimplicit-fallthrough -O3 -funroll-loops -O0 -ffunction-sections -fdata-sections -fPIC -gdwarf-4 -fno-omit-frame-pointer -m64 -Wall -c -O0 -ffunction-sections -fdata-sections -fPIC -gdwarf-4 -fno-omit-frame-pointer -m64 -Wall -D_GNU_SOURCE -D_REENTRANT -Iinclude -Iinclude -DJEMALLOC_NO_PRIVATE_NAMESPACE -o src/arena.sym.o src/arena.c
[INFO] [stderr]   cc -std=gnu11 -Wall -Wextra -Wsign-compare -Wundef -Wno-format-zero-length -Wpointer-arith -Wno-missing-braces -Wno-missing-field-initializers -Wno-missing-attributes -pipe -g3 -fvisibility=hidden -Wimplicit-fallthrough -O3 -funroll-loops -O0 -ffunction-sections -fdata-sections -fPIC -gdwarf-4 -fno-omit-frame-pointer -m64 -Wall -c -O0 -ffunction-sections -fdata-sections -fPIC -gdwarf-4 -fno-omit-frame-pointer -m64 -Wall -D_GNU_SOURCE -D_REENTRANT -Iinclude -Iinclude -DJEMALLOC_NO_PRIVATE_NAMESPACE -o src/background_thread.sym.o src/background_thread.c
[INFO] [stderr]   cc -std=gnu11 -Wall -Wextra -Wsign-compare -Wundef -Wno-format-zero-length -Wpointer-arith -Wno-missing-braces -Wno-missing-field-initializers -Wno-missing-attributes -pipe -g3 -fvisibility=hidden -Wimplicit-fallthrough -O3 -funroll-loops -O0 -ffunction-sections -fdata-sections -fPIC -gdwarf-4 -fno-omit-frame-pointer -m64 -Wall -c -O0 -ffunction-sections -fdata-sections -fPIC -gdwarf-4 -fno-omit-frame-pointer -m64 -Wall -D_GNU_SOURCE -D_REENTRANT -Iinclude -Iinclude -DJEMALLOC_NO_PRIVATE_NAMESPACE -o src/base.sym.o src/base.c
[INFO] [stderr]   cc -std=gnu11 -Wall -Wextra -Wsign-compare -Wundef -Wno-format-zero-length -Wpointer-arith -Wno-missing-braces -Wno-missing-field-initializers -Wno-missing-attributes -pipe -g3 -fvisibility=hidden -Wimplicit-fallthrough -O3 -funroll-loops -O0 -ffunction-sections -fdata-sections -fPIC -gdwarf-4 -fno-omit-frame-pointer -m64 -Wall -c -O0 -ffunction-sections -fdata-sections -fPIC -gdwarf-4 -fno-omit-frame-pointer -m64 -Wall -D_GNU_SOURCE -D_REENTRANT -Iinclude -Iinclude -DJEMALLOC_NO_PRIVATE_NAMESPACE -o src/bin.sym.o src/bin.c
[INFO] [stderr]   cc -std=gnu11 -Wall -Wextra -Wsign-compare -Wundef -Wno-format-zero-length -Wpointer-arith -Wno-missing-braces -Wno-missing-field-initializers -Wno-missing-attributes -pipe -g3 -fvisibility=hidden -Wimplicit-fallthrough -O3 -funroll-loops -O0 -ffunction-sections -fdata-sections -fPIC -gdwarf-4 -fno-omit-frame-pointer -m64 -Wall -c -O0 -ffunction-sections -fdata-sections -fPIC -gdwarf-4 -fno-omit-frame-pointer -m64 -Wall -D_GNU_SOURCE -D_REENTRANT -Iinclude -Iinclude -DJEMALLOC_NO_PRIVATE_NAMESPACE -o src/bin_info.sym.o src/bin_info.c
[INFO] [stderr]   cc -std=gnu11 -Wall -Wextra -Wsign-compare -Wundef -Wno-format-zero-length -Wpointer-arith -Wno-missing-braces -Wno-missing-field-initializers -Wno-missing-attributes -pipe -g3 -fvisibility=hidden -Wimplicit-fallthrough -O3 -funroll-loops -O0 -ffunction-sections -fdata-sections -fPIC -gdwarf-4 -fno-omit-frame-pointer -m64 -Wall -c -O0 -ffunction-sections -fdata-sections -fPIC -gdwarf-4 -fno-omit-frame-pointer -m64 -Wall -D_GNU_SOURCE -D_REENTRANT -Iinclude -Iinclude -DJEMALLOC_NO_PRIVATE_NAMESPACE -o src/bitmap.sym.o src/bitmap.c
[INFO] [stderr]   cc -std=gnu11 -Wall -Wextra -Wsign-compare -Wundef -Wno-format-zero-length -Wpointer-arith -Wno-missing-braces -Wno-missing-field-initializers -Wno-missing-attributes -pipe -g3 -fvisibility=hidden -Wimplicit-fallthrough -O3 -funroll-loops -O0 -ffunction-sections -fdata-sections -fPIC -gdwarf-4 -fno-omit-frame-pointer -m64 -Wall -c -O0 -ffunction-sections -fdata-sections -fPIC -gdwarf-4 -fno-omit-frame-pointer -m64 -Wall -D_GNU_SOURCE -D_REENTRANT -Iinclude -Iinclude -DJEMALLOC_NO_PRIVATE_NAMESPACE -o src/buf_writer.sym.o src/buf_writer.c
[INFO] [stderr]   cc -std=gnu11 -Wall -Wextra -Wsign-compare -Wundef -Wno-format-zero-length -Wpointer-arith -Wno-missing-braces -Wno-missing-field-initializers -Wno-missing-attributes -pipe -g3 -fvisibility=hidden -Wimplicit-fallthrough -O3 -funroll-loops -O0 -ffunction-sections -fdata-sections -fPIC -gdwarf-4 -fno-omit-frame-pointer -m64 -Wall -c -O0 -ffunction-sections -fdata-sections -fPIC -gdwarf-4 -fno-omit-frame-pointer -m64 -Wall -D_GNU_SOURCE -D_REENTRANT -Iinclude -Iinclude -DJEMALLOC_NO_PRIVATE_NAMESPACE -o src/cache_bin.sym.o src/cache_bin.c
[INFO] [stderr]   cc -std=gnu11 -Wall -Wextra -Wsign-compare -Wundef -Wno-format-zero-length -Wpointer-arith -Wno-missing-braces -Wno-missing-field-initializers -Wno-missing-attributes -pipe -g3 -fvisibility=hidden -Wimplicit-fallthrough -O3 -funroll-loops -O0 -ffunction-sections -fdata-sections -fPIC -gdwarf-4 -fno-omit-frame-pointer -m64 -Wall -c -O0 -ffunction-sections -fdata-sections -fPIC -gdwarf-4 -fno-omit-frame-pointer -m64 -Wall -D_GNU_SOURCE -D_REENTRANT -Iinclude -Iinclude -DJEMALLOC_NO_PRIVATE_NAMESPACE -o src/ckh.sym.o src/ckh.c
[INFO] [stderr]   cc -std=gnu11 -Wall -Wextra -Wsign-compare -Wundef -Wno-format-zero-length -Wpointer-arith -Wno-missing-braces -Wno-missing-field-initializers -Wno-missing-attributes -pipe -g3 -fvisibility=hidden -Wimplicit-fallthrough -O3 -funroll-loops -O0 -ffunction-sections -fdata-sections -fPIC -gdwarf-4 -fno-omit-frame-pointer -m64 -Wall -c -O0 -ffunction-sections -fdata-sections -fPIC -gdwarf-4 -fno-omit-frame-pointer -m64 -Wall -D_GNU_SOURCE -D_REENTRANT -Iinclude -Iinclude -DJEMALLOC_NO_PRIVATE_NAMESPACE -o src/counter.sym.o src/counter.c
[INFO] [stderr]   cc -std=gnu11 -Wall -Wextra -Wsign-compare -Wundef -Wno-format-zero-length -Wpointer-arith -Wno-missing-braces -Wno-missing-field-initializers -Wno-missing-attributes -pipe -g3 -fvisibility=hidden -Wimplicit-fallthrough -O3 -funroll-loops -O0 -ffunction-sections -fdata-sections -fPIC -gdwarf-4 -fno-omit-frame-pointer -m64 -Wall -c -O0 -ffunction-sections -fdata-sections -fPIC -gdwarf-4 -fno-omit-frame-pointer -m64 -Wall -D_GNU_SOURCE -D_REENTRANT -Iinclude -Iinclude -DJEMALLOC_NO_PRIVATE_NAMESPACE -o src/ctl.sym.o src/ctl.c
[INFO] [stderr]   cc -std=gnu11 -Wall -Wextra -Wsign-compare -Wundef -Wno-format-zero-length -Wpointer-arith -Wno-missing-braces -Wno-missing-field-initializers -Wno-missing-attributes -pipe -g3 -fvisibility=hidden -Wimplicit-fallthrough -O3 -funroll-loops -O0 -ffunction-sections -fdata-sections -fPIC -gdwarf-4 -fno-omit-frame-pointer -m64 -Wall -c -O0 -ffunction-sections -fdata-sections -fPIC -gdwarf-4 -fno-omit-frame-pointer -m64 -Wall -D_GNU_SOURCE -D_REENTRANT -Iinclude -Iinclude -DJEMALLOC_NO_PRIVATE_NAMESPACE -o src/decay.sym.o src/decay.c
[INFO] [stderr]   cc -std=gnu11 -Wall -Wextra -Wsign-compare -Wundef -Wno-format-zero-length -Wpointer-arith -Wno-missing-braces -Wno-missing-field-initializers -Wno-missing-attributes -pipe -g3 -fvisibility=hidden -Wimplicit-fallthrough -O3 -funroll-loops -O0 -ffunction-sections -fdata-sections -fPIC -gdwarf-4 -fno-omit-frame-pointer -m64 -Wall -c -O0 -ffunction-sections -fdata-sections -fPIC -gdwarf-4 -fno-omit-frame-pointer -m64 -Wall -D_GNU_SOURCE -D_REENTRANT -Iinclude -Iinclude -DJEMALLOC_NO_PRIVATE_NAMESPACE -o src/div.sym.o src/div.c
[INFO] [stderr]   cc -std=gnu11 -Wall -Wextra -Wsign-compare -Wundef -Wno-format-zero-length -Wpointer-arith -Wno-missing-braces -Wno-missing-field-initializers -Wno-missing-attributes -pipe -g3 -fvisibility=hidden -Wimplicit-fallthrough -O3 -funroll-loops -O0 -ffunction-sections -fdata-sections -fPIC -gdwarf-4 -fno-omit-frame-pointer -m64 -Wall -c -O0 -ffunction-sections -fdata-sections -fPIC -gdwarf-4 -fno-omit-frame-pointer -m64 -Wall -D_GNU_SOURCE -D_REENTRANT -Iinclude -Iinclude -DJEMALLOC_NO_PRIVATE_NAMESPACE -o src/ecache.sym.o src/ecache.c
[INFO] [stderr]   cc -std=gnu11 -Wall -Wextra -Wsign-compare -Wundef -Wno-format-zero-length -Wpointer-arith -Wno-missing-braces -Wno-missing-field-initializers -Wno-missing-attributes -pipe -g3 -fvisibility=hidden -Wimplicit-fallthrough -O3 -funroll-loops -O0 -ffunction-sections -fdata-sections -fPIC -gdwarf-4 -fno-omit-frame-pointer -m64 -Wall -c -O0 -ffunction-sections -fdata-sections -fPIC -gdwarf-4 -fno-omit-frame-pointer -m64 -Wall -D_GNU_SOURCE -D_REENTRANT -Iinclude -Iinclude -DJEMALLOC_NO_PRIVATE_NAMESPACE -o src/edata.sym.o src/edata.c
[INFO] [stderr]   cc -std=gnu11 -Wall -Wextra -Wsign-compare -Wundef -Wno-format-zero-length -Wpointer-arith -Wno-missing-braces -Wno-missing-field-initializers -Wno-missing-attributes -pipe -g3 -fvisibility=hidden -Wimplicit-fallthrough -O3 -funroll-loops -O0 -ffunction-sections -fdata-sections -fPIC -gdwarf-4 -fno-omit-frame-pointer -m64 -Wall -c -O0 -ffunction-sections -fdata-sections -fPIC -gdwarf-4 -fno-omit-frame-pointer -m64 -Wall -D_GNU_SOURCE -D_REENTRANT -Iinclude -Iinclude -DJEMALLOC_NO_PRIVATE_NAMESPACE -o src/edata_cache.sym.o src/edata_cache.c
[INFO] [stderr]   cc -std=gnu11 -Wall -Wextra -Wsign-compare -Wundef -Wno-format-zero-length -Wpointer-arith -Wno-missing-braces -Wno-missing-field-initializers -Wno-missing-attributes -pipe -g3 -fvisibility=hidden -Wimplicit-fallthrough -O3 -funroll-loops -O0 -ffunction-sections -fdata-sections -fPIC -gdwarf-4 -fno-omit-frame-pointer -m64 -Wall -c -O0 -ffunction-sections -fdata-sections -fPIC -gdwarf-4 -fno-omit-frame-pointer -m64 -Wall -D_GNU_SOURCE -D_REENTRANT -Iinclude -Iinclude -DJEMALLOC_NO_PRIVATE_NAMESPACE -o src/ehooks.sym.o src/ehooks.c
[INFO] [stderr]   cc -std=gnu11 -Wall -Wextra -Wsign-compare -Wundef -Wno-format-zero-length -Wpointer-arith -Wno-missing-braces -Wno-missing-field-initializers -Wno-missing-attributes -pipe -g3 -fvisibility=hidden -Wimplicit-fallthrough -O3 -funroll-loops -O0 -ffunction-sections -fdata-sections -fPIC -gdwarf-4 -fno-omit-frame-pointer -m64 -Wall -c -O0 -ffunction-sections -fdata-sections -fPIC -gdwarf-4 -fno-omit-frame-pointer -m64 -Wall -D_GNU_SOURCE -D_REENTRANT -Iinclude -Iinclude -DJEMALLOC_NO_PRIVATE_NAMESPACE -o src/emap.sym.o src/emap.c
[INFO] [stderr]   cc -std=gnu11 -Wall -Wextra -Wsign-compare -Wundef -Wno-format-zero-length -Wpointer-arith -Wno-missing-braces -Wno-missing-field-initializers -Wno-missing-attributes -pipe -g3 -fvisibility=hidden -Wimplicit-fallthrough -O3 -funroll-loops -O0 -ffunction-sections -fdata-sections -fPIC -gdwarf-4 -fno-omit-frame-pointer -m64 -Wall -c -O0 -ffunction-sections -fdata-sections -fPIC -gdwarf-4 -fno-omit-frame-pointer -m64 -Wall -D_GNU_SOURCE -D_REENTRANT -Iinclude -Iinclude -DJEMALLOC_NO_PRIVATE_NAMESPACE -o src/eset.sym.o src/eset.c
[INFO] [stderr]   cc -std=gnu11 -Wall -Wextra -Wsign-compare -Wundef -Wno-format-zero-length -Wpointer-arith -Wno-missing-braces -Wno-missing-field-initializers -Wno-missing-attributes -pipe -g3 -fvisibility=hidden -Wimplicit-fallthrough -O3 -funroll-loops -O0 -ffunction-sections -fdata-sections -fPIC -gdwarf-4 -fno-omit-frame-pointer -m64 -Wall -c -O0 -ffunction-sections -fdata-sections -fPIC -gdwarf-4 -fno-omit-frame-pointer -m64 -Wall -D_GNU_SOURCE -D_REENTRANT -Iinclude -Iinclude -DJEMALLOC_NO_PRIVATE_NAMESPACE -o src/exp_grow.sym.o src/exp_grow.c
[INFO] [stderr]   cc -std=gnu11 -Wall -Wextra -Wsign-compare -Wundef -Wno-format-zero-length -Wpointer-arith -Wno-missing-braces -Wno-missing-field-initializers -Wno-missing-attributes -pipe -g3 -fvisibility=hidden -Wimplicit-fallthrough -O3 -funroll-loops -O0 -ffunction-sections -fdata-sections -fPIC -gdwarf-4 -fno-omit-frame-pointer -m64 -Wall -c -O0 -ffunction-sections -fdata-sections -fPIC -gdwarf-4 -fno-omit-frame-pointer -m64 -Wall -D_GNU_SOURCE -D_REENTRANT -Iinclude -Iinclude -DJEMALLOC_NO_PRIVATE_NAMESPACE -o src/extent.sym.o src/extent.c
[INFO] [stderr]   cc -std=gnu11 -Wall -Wextra -Wsign-compare -Wundef -Wno-format-zero-length -Wpointer-arith -Wno-missing-braces -Wno-missing-field-initializers -Wno-missing-attributes -pipe -g3 -fvisibility=hidden -Wimplicit-fallthrough -O3 -funroll-loops -O0 -ffunction-sections -fdata-sections -fPIC -gdwarf-4 -fno-omit-frame-pointer -m64 -Wall -c -O0 -ffunction-sections -fdata-sections -fPIC -gdwarf-4 -fno-omit-frame-pointer -m64 -Wall -D_GNU_SOURCE -D_REENTRANT -Iinclude -Iinclude -DJEMALLOC_NO_PRIVATE_NAMESPACE -o src/extent_dss.sym.o src/extent_dss.c
[INFO] [stderr]   cc -std=gnu11 -Wall -Wextra -Wsign-compare -Wundef -Wno-format-zero-length -Wpointer-arith -Wno-missing-braces -Wno-missing-field-initializers -Wno-missing-attributes -pipe -g3 -fvisibility=hidden -Wimplicit-fallthrough -O3 -funroll-loops -O0 -ffunction-sections -fdata-sections -fPIC -gdwarf-4 -fno-omit-frame-pointer -m64 -Wall -c -O0 -ffunction-sections -fdata-sections -fPIC -gdwarf-4 -fno-omit-frame-pointer -m64 -Wall -D_GNU_SOURCE -D_REENTRANT -Iinclude -Iinclude -DJEMALLOC_NO_PRIVATE_NAMESPACE -o src/extent_mmap.sym.o src/extent_mmap.c
[INFO] [stderr]   cc -std=gnu11 -Wall -Wextra -Wsign-compare -Wundef -Wno-format-zero-length -Wpointer-arith -Wno-missing-braces -Wno-missing-field-initializers -Wno-missing-attributes -pipe -g3 -fvisibility=hidden -Wimplicit-fallthrough -O3 -funroll-loops -O0 -ffunction-sections -fdata-sections -fPIC -gdwarf-4 -fno-omit-frame-pointer -m64 -Wall -c -O0 -ffunction-sections -fdata-sections -fPIC -gdwarf-4 -fno-omit-frame-pointer -m64 -Wall -D_GNU_SOURCE -D_REENTRANT -Iinclude -Iinclude -DJEMALLOC_NO_PRIVATE_NAMESPACE -o src/fxp.sym.o src/fxp.c
[INFO] [stderr]   cc -std=gnu11 -Wall -Wextra -Wsign-compare -Wundef -Wno-format-zero-length -Wpointer-arith -Wno-missing-braces -Wno-missing-field-initializers -Wno-missing-attributes -pipe -g3 -fvisibility=hidden -Wimplicit-fallthrough -O3 -funroll-loops -O0 -ffunction-sections -fdata-sections -fPIC -gdwarf-4 -fno-omit-frame-pointer -m64 -Wall -c -O0 -ffunction-sections -fdata-sections -fPIC -gdwarf-4 -fno-omit-frame-pointer -m64 -Wall -D_GNU_SOURCE -D_REENTRANT -Iinclude -Iinclude -DJEMALLOC_NO_PRIVATE_NAMESPACE -o src/san.sym.o src/san.c
[INFO] [stderr]   cc -std=gnu11 -Wall -Wextra -Wsign-compare -Wundef -Wno-format-zero-length -Wpointer-arith -Wno-missing-braces -Wno-missing-field-initializers -Wno-missing-attributes -pipe -g3 -fvisibility=hidden -Wimplicit-fallthrough -O3 -funroll-loops -O0 -ffunction-sections -fdata-sections -fPIC -gdwarf-4 -fno-omit-frame-pointer -m64 -Wall -c -O0 -ffunction-sections -fdata-sections -fPIC -gdwarf-4 -fno-omit-frame-pointer -m64 -Wall -D_GNU_SOURCE -D_REENTRANT -Iinclude -Iinclude -DJEMALLOC_NO_PRIVATE_NAMESPACE -o src/san_bump.sym.o src/san_bump.c
[INFO] [stderr]   cc -std=gnu11 -Wall -Wextra -Wsign-compare -Wundef -Wno-format-zero-length -Wpointer-arith -Wno-missing-braces -Wno-missing-field-initializers -Wno-missing-attributes -pipe -g3 -fvisibility=hidden -Wimplicit-fallthrough -O3 -funroll-loops -O0 -ffunction-sections -fdata-sections -fPIC -gdwarf-4 -fno-omit-frame-pointer -m64 -Wall -c -O0 -ffunction-sections -fdata-sections -fPIC -gdwarf-4 -fno-omit-frame-pointer -m64 -Wall -D_GNU_SOURCE -D_REENTRANT -Iinclude -Iinclude -DJEMALLOC_NO_PRIVATE_NAMESPACE -o src/hook.sym.o src/hook.c
[INFO] [stderr]   cc -std=gnu11 -Wall -Wextra -Wsign-compare -Wundef -Wno-format-zero-length -Wpointer-arith -Wno-missing-braces -Wno-missing-field-initializers -Wno-missing-attributes -pipe -g3 -fvisibility=hidden -Wimplicit-fallthrough -O3 -funroll-loops -O0 -ffunction-sections -fdata-sections -fPIC -gdwarf-4 -fno-omit-frame-pointer -m64 -Wall -c -O0 -ffunction-sections -fdata-sections -fPIC -gdwarf-4 -fno-omit-frame-pointer -m64 -Wall -D_GNU_SOURCE -D_REENTRANT -Iinclude -Iinclude -DJEMALLOC_NO_PRIVATE_NAMESPACE -o src/hpa.sym.o src/hpa.c
[INFO] [stderr]   cc -std=gnu11 -Wall -Wextra -Wsign-compare -Wundef -Wno-format-zero-length -Wpointer-arith -Wno-missing-braces -Wno-missing-field-initializers -Wno-missing-attributes -pipe -g3 -fvisibility=hidden -Wimplicit-fallthrough -O3 -funroll-loops -O0 -ffunction-sections -fdata-sections -fPIC -gdwarf-4 -fno-omit-frame-pointer -m64 -Wall -c -O0 -ffunction-sections -fdata-sections -fPIC -gdwarf-4 -fno-omit-frame-pointer -m64 -Wall -D_GNU_SOURCE -D_REENTRANT -Iinclude -Iinclude -DJEMALLOC_NO_PRIVATE_NAMESPACE -o src/hpa_hooks.sym.o src/hpa_hooks.c
[INFO] [stderr]   cc -std=gnu11 -Wall -Wextra -Wsign-compare -Wundef -Wno-format-zero-length -Wpointer-arith -Wno-missing-braces -Wno-missing-field-initializers -Wno-missing-attributes -pipe -g3 -fvisibility=hidden -Wimplicit-fallthrough -O3 -funroll-loops -O0 -ffunction-sections -fdata-sections -fPIC -gdwarf-4 -fno-omit-frame-pointer -m64 -Wall -c -O0 -ffunction-sections -fdata-sections -fPIC -gdwarf-4 -fno-omit-frame-pointer -m64 -Wall -D_GNU_SOURCE -D_REENTRANT -Iinclude -Iinclude -DJEMALLOC_NO_PRIVATE_NAMESPACE -o src/hpdata.sym.o src/hpdata.c
[INFO] [stderr]   cc -std=gnu11 -Wall -Wextra -Wsign-compare -Wundef -Wno-format-zero-length -Wpointer-arith -Wno-missing-braces -Wno-missing-field-initializers -Wno-missing-attributes -pipe -g3 -fvisibility=hidden -Wimplicit-fallthrough -O3 -funroll-loops -O0 -ffunction-sections -fdata-sections -fPIC -gdwarf-4 -fno-omit-frame-pointer -m64 -Wall -c -O0 -ffunction-sections -fdata-sections -fPIC -gdwarf-4 -fno-omit-frame-pointer -m64 -Wall -D_GNU_SOURCE -D_REENTRANT -Iinclude -Iinclude -DJEMALLOC_NO_PRIVATE_NAMESPACE -o src/inspect.sym.o src/inspect.c
[INFO] [stderr]   cc -std=gnu11 -Wall -Wextra -Wsign-compare -Wundef -Wno-format-zero-length -Wpointer-arith -Wno-missing-braces -Wno-missing-field-initializers -Wno-missing-attributes -pipe -g3 -fvisibility=hidden -Wimplicit-fallthrough -O3 -funroll-loops -O0 -ffunction-sections -fdata-sections -fPIC -gdwarf-4 -fno-omit-frame-pointer -m64 -Wall -c -O0 -ffunction-sections -fdata-sections -fPIC -gdwarf-4 -fno-omit-frame-pointer -m64 -Wall -D_GNU_SOURCE -D_REENTRANT -Iinclude -Iinclude -DJEMALLOC_NO_PRIVATE_NAMESPACE -o src/large.sym.o src/large.c
[INFO] [stderr]   cc -std=gnu11 -Wall -Wextra -Wsign-compare -Wundef -Wno-format-zero-length -Wpointer-arith -Wno-missing-braces -Wno-missing-field-initializers -Wno-missing-attributes -pipe -g3 -fvisibility=hidden -Wimplicit-fallthrough -O3 -funroll-loops -O0 -ffunction-sections -fdata-sections -fPIC -gdwarf-4 -fno-omit-frame-pointer -m64 -Wall -c -O0 -ffunction-sections -fdata-sections -fPIC -gdwarf-4 -fno-omit-frame-pointer -m64 -Wall -D_GNU_SOURCE -D_REENTRANT -Iinclude -Iinclude -DJEMALLOC_NO_PRIVATE_NAMESPACE -o src/log.sym.o src/log.c
[INFO] [stderr]   cc -std=gnu11 -Wall -Wextra -Wsign-compare -Wundef -Wno-format-zero-length -Wpointer-arith -Wno-missing-braces -Wno-missing-field-initializers -Wno-missing-attributes -pipe -g3 -fvisibility=hidden -Wimplicit-fallthrough -O3 -funroll-loops -O0 -ffunction-sections -fdata-sections -fPIC -gdwarf-4 -fno-omit-frame-pointer -m64 -Wall -c -O0 -ffunction-sections -fdata-sections -fPIC -gdwarf-4 -fno-omit-frame-pointer -m64 -Wall -D_GNU_SOURCE -D_REENTRANT -Iinclude -Iinclude -DJEMALLOC_NO_PRIVATE_NAMESPACE -o src/malloc_io.sym.o src/malloc_io.c
[INFO] [stderr] 
[INFO] [stderr]   --- stderr
[INFO] [stderr]   {standard input}: Assembler messages:
[INFO] [stderr]   {standard input}:29547: Warning: end of file not at end of a line; newline inserted
[INFO] [stderr]   {standard input}:29548: Error: number of operands mismatch for `movq'
[INFO] [stderr]   {standard input}: Error: open CFI at the end of file; missing .cfi_endproc directive
[INFO] [stderr]   cc: fatal error: Killed signal terminated program cc1
[INFO] [stderr]   compilation terminated.
[INFO] [stderr]   make: *** [Makefile:479: src/jemalloc.sym.o] Error 1
[INFO] [stderr]   make: *** Waiting for unfinished jobs....
[INFO] [stderr]   thread 'main' panicked at /opt/rustwide/cargo-home/registry/src/index.crates.io-6f17d22bba15001f/tikv-jemalloc-sys-0.5.3+5.3.0-patched/build.rs:346:9:
[INFO] [stderr]   command did not execute successfully: cd "/opt/rustwide/target/debug/build/tikv-jemalloc-sys-ecbead09c5de36ca/out/build" && "make" "-j" "8"
[INFO] [stderr]   expected success, got: exit status: 2
[INFO] [stderr]   stack backtrace:
[INFO] [stderr]      0:     0x559b73167cdc - std::backtrace_rs::backtrace::libunwind::trace::ha637c64ce894333a
[INFO] [stderr]                                  at /rustc/82e1608dfa6e0b5569232559e3d385fea5a93112/library/std/src/../../backtrace/src/backtrace/libunwind.rs:104:5
[INFO] [stderr]      1:     0x559b73167cdc - std::backtrace_rs::backtrace::trace_unsynchronized::h47f62dea28e0c88d
[INFO] [stderr]                                  at /rustc/82e1608dfa6e0b5569232559e3d385fea5a93112/library/std/src/../../backtrace/src/backtrace/mod.rs:66:5
[INFO] [stderr]      2:     0x559b73167cdc - std::sys_common::backtrace::_print_fmt::h9eef0abe20ede486
[INFO] [stderr]                                  at /rustc/82e1608dfa6e0b5569232559e3d385fea5a93112/library/std/src/sys_common/backtrace.rs:67:5
[INFO] [stderr]      3:     0x559b73167cdc - <std::sys_common::backtrace::_print::DisplayBacktrace as core::fmt::Display>::fmt::hed7f999df88cc644
[INFO] [stderr]                                  at /rustc/82e1608dfa6e0b5569232559e3d385fea5a93112/library/std/src/sys_common/backtrace.rs:44:22
[INFO] [stderr]      4:     0x559b7318e760 - core::fmt::rt::Argument::fmt::h1539a9308b8d058d
[INFO] [stderr]                                  at /rustc/82e1608dfa6e0b5569232559e3d385fea5a93112/library/core/src/fmt/rt.rs:142:9
[INFO] [stderr]      5:     0x559b7318e760 - core::fmt::write::h3a39390d8560d9c9
[INFO] [stderr]                                  at /rustc/82e1608dfa6e0b5569232559e3d385fea5a93112/library/core/src/fmt/mod.rs:1120:17
[INFO] [stderr]      6:     0x559b7316545f - std::io::Write::write_fmt::h5fc9997dfe05f882
[INFO] [stderr]                                  at /rustc/82e1608dfa6e0b5569232559e3d385fea5a93112/library/std/src/io/mod.rs:1762:15
[INFO] [stderr]      7:     0x559b73167ac4 - std::sys_common::backtrace::_print::h894006fb5c6f3d45
[INFO] [stderr]                                  at /rustc/82e1608dfa6e0b5569232559e3d385fea5a93112/library/std/src/sys_common/backtrace.rs:47:5
[INFO] [stderr]      8:     0x559b73167ac4 - std::sys_common::backtrace::print::h23a2d212c6fff936
[INFO] [stderr]                                  at /rustc/82e1608dfa6e0b5569232559e3d385fea5a93112/library/std/src/sys_common/backtrace.rs:34:9
[INFO] [stderr]      9:     0x559b731692d7 - std::panicking::default_hook::{{closure}}::h8a1d2ee00185001a
[INFO] [stderr]     10:     0x559b7316903f - std::panicking::default_hook::h6038f2eba384e475
[INFO] [stderr]                                  at /rustc/82e1608dfa6e0b5569232559e3d385fea5a93112/library/std/src/panicking.rs:292:9
[INFO] [stderr]     11:     0x559b73169758 - std::panicking::rust_panic_with_hook::h2b5517d590cab22e
[INFO] [stderr]                                  at /rustc/82e1608dfa6e0b5569232559e3d385fea5a93112/library/std/src/panicking.rs:779:13
[INFO] [stderr]     12:     0x559b7316963e - std::panicking::begin_panic_handler::{{closure}}::h233112c06e0ef43e
[INFO] [stderr]                                  at /rustc/82e1608dfa6e0b5569232559e3d385fea5a93112/library/std/src/panicking.rs:657:13
[INFO] [stderr]     13:     0x559b731681a6 - std::sys_common::backtrace::__rust_end_short_backtrace::h6e893f24d7ebbff8
[INFO] [stderr]                                  at /rustc/82e1608dfa6e0b5569232559e3d385fea5a93112/library/std/src/sys_common/backtrace.rs:170:18
[INFO] [stderr]     14:     0x559b731693a2 - rust_begin_unwind
[INFO] [stderr]                                  at /rustc/82e1608dfa6e0b5569232559e3d385fea5a93112/library/std/src/panicking.rs:645:5
[INFO] [stderr]     15:     0x559b730f96b5 - core::panicking::panic_fmt::hbf0e066aabfa482c
[INFO] [stderr]                                  at /rustc/82e1608dfa6e0b5569232559e3d385fea5a93112/library/core/src/panicking.rs:72:14
[INFO] [stderr]     16:     0x559b7310520a - build_script_build::execute::h7c0c4d7e0cf313e4
[INFO] [stderr]     17:     0x559b73104c46 - build_script_build::run::hfccb2144656b5477
[INFO] [stderr]     18:     0x559b73103fa8 - build_script_build::main::h04097bc0634e0bc5
[INFO] [stderr]     19:     0x559b730fac93 - core::ops::function::FnOnce::call_once::h74cbedf1093e8645
[INFO] [stderr]     20:     0x559b730fa1e6 - std::sys_common::backtrace::__rust_begin_short_backtrace::hd9be7aeb8a9d2437
[INFO] [stderr]     21:     0x559b730fa489 - std::rt::lang_start::{{closure}}::ha61a2631cb400b18
[INFO] [stderr]     22:     0x559b731611d7 - core::ops::function::impls::<impl core::ops::function::FnOnce<A> for &F>::call_once::hd95060ecd5e1ca24
[INFO] [stderr]                                  at /rustc/82e1608dfa6e0b5569232559e3d385fea5a93112/library/core/src/ops/function.rs:284:13
[INFO] [stderr]     23:     0x559b731611d7 - std::panicking::try::do_call::h6e8cf51db32a6e4b
[INFO] [stderr]                                  at /rustc/82e1608dfa6e0b5569232559e3d385fea5a93112/library/std/src/panicking.rs:552:40
[INFO] [stderr]     24:     0x559b731611d7 - std::panicking::try::h3a52eefe24fe3c29
[INFO] [stderr]                                  at /rustc/82e1608dfa6e0b5569232559e3d385fea5a93112/library/std/src/panicking.rs:516:19
[INFO] [stderr]     25:     0x559b731611d7 - std::panic::catch_unwind::h24c28c23c02c3841
[INFO] [stderr]                                  at /rustc/82e1608dfa6e0b5569232559e3d385fea5a93112/library/std/src/panic.rs:142:14
[INFO] [stderr]     26:     0x559b731611d7 - std::rt::lang_start_internal::{{closure}}::h705d3c9cbc06ef47
[INFO] [stderr]                                  at /rustc/82e1608dfa6e0b5569232559e3d385fea5a93112/library/std/src/rt.rs:148:48
[INFO] [stderr]     27:     0x559b731611d7 - std::panicking::try::do_call::ha21f52ba13158470
[INFO] [stderr]                                  at /rustc/82e1608dfa6e0b5569232559e3d385fea5a93112/library/std/src/panicking.rs:552:40
[INFO] [stderr]     28:     0x559b731611d7 - std::panicking::try::h5581346bf6aeb1f8
[INFO] [stderr]                                  at /rustc/82e1608dfa6e0b5569232559e3d385fea5a93112/library/std/src/panicking.rs:516:19
[INFO] [stderr]     29:     0x559b731611d7 - std::panic::catch_unwind::h7919645a6b72e25b
[INFO] [stderr]                                  at /rustc/82e1608dfa6e0b5569232559e3d385fea5a93112/library/std/src/panic.rs:142:14
[INFO] [stderr]     30:     0x559b731611d7 - std::rt::lang_start_internal::h12de51168669836e
[INFO] [stderr]                                  at /rustc/82e1608dfa6e0b5569232559e3d385fea5a93112/library/std/src/rt.rs:148:20
[INFO] [stderr]     31:     0x559b730fa467 - std::rt::lang_start::hd67ef6a783d9aedc
[INFO] [stderr]     32:     0x559b73105785 - main
[INFO] [stderr]     33:     0x7fadd1586d90 - <unknown>
[INFO] [stderr]     34:     0x7fadd1586e40 - __libc_start_main
[INFO] [stderr]     35:     0x559b730f9dd5 - _start
[INFO] [stderr]     36:                0x0 - <unknown>
[INFO] [stderr] warning: build failed, waiting for other jobs to finish...
[INFO] [stderr] The following warnings were emitted during compilation:
[INFO] [stderr] 
[INFO] [stderr] warning: wasm-opt-sys@0.112.0: c++: fatal error: Killed signal terminated program cc1plus
[INFO] [stderr] warning: wasm-opt-sys@0.112.0: compilation terminated.
[INFO] [stderr] warning: wasm-opt-sys@0.112.0: c++: fatal error: Killed signal terminated program cc1plus
[INFO] [stderr] warning: wasm-opt-sys@0.112.0: compilation terminated.
[INFO] [stderr] 
[INFO] [stderr] error: failed to run custom build command for `wasm-opt-sys v0.112.0`
[INFO] [stderr] note: To improve backtraces for build dependencies, set the CARGO_PROFILE_DEV_BUILD_OVERRIDE_DEBUG=true environment variable to enable debug information generation.
[INFO] [stderr] 
[INFO] [stderr] Caused by:
[INFO] [stderr]   process didn't exit successfully: `/opt/rustwide/target/debug/build/wasm-opt-sys-55563a716d0102f2/build-script-build` (exit status: 1)
[INFO] [stderr]   --- stdout
[INFO] [stderr]   TARGET = Some("x86_64-unknown-linux-gnu")
[INFO] [stderr]   HOST = Some("x86_64-unknown-linux-gnu")
[INFO] [stderr]   cargo:rerun-if-env-changed=CXX_x86_64-unknown-linux-gnu
[INFO] [stderr]   CXX_x86_64-unknown-linux-gnu = None
[INFO] [stderr]   cargo:rerun-if-env-changed=CXX_x86_64_unknown_linux_gnu
[INFO] [stderr]   CXX_x86_64_unknown_linux_gnu = None
[INFO] [stderr]   cargo:rerun-if-env-changed=HOST_CXX
[INFO] [stderr]   HOST_CXX = None
[INFO] [stderr]   cargo:rerun-if-env-changed=CXX
[INFO] [stderr]   CXX = None
[INFO] [stderr]   cargo:rerun-if-env-changed=CXXFLAGS_x86_64-unknown-linux-gnu
[INFO] [stderr]   CXXFLAGS_x86_64-unknown-linux-gnu = None
[INFO] [stderr]   cargo:rerun-if-env-changed=CXXFLAGS_x86_64_unknown_linux_gnu
[INFO] [stderr]   CXXFLAGS_x86_64_unknown_linux_gnu = None
[INFO] [stderr]   cargo:rerun-if-env-changed=HOST_CXXFLAGS
[INFO] [stderr]   HOST_CXXFLAGS = None
[INFO] [stderr]   cargo:rerun-if-env-changed=CXXFLAGS
[INFO] [stderr]   CXXFLAGS = None
[INFO] [stderr]   cargo:rerun-if-env-changed=CRATE_CC_NO_DEFAULTS
[INFO] [stderr]   CRATE_CC_NO_DEFAULTS = None
[INFO] [stderr]   CARGO_CFG_TARGET_FEATURE = Some("fxsr,sse,sse2")
[INFO] [stderr]   cargo:CXXBRIDGE_PREFIX=wasm-opt-sys
[INFO] [stderr]   cargo:CXXBRIDGE_LINKS=binaryen
[INFO] [stderr]   cargo:CXXBRIDGE_DIR0=/opt/rustwide/target/debug/build/wasm-opt-sys-40e7ce7a74adbf4b/out/cxxbridge/include
[INFO] [stderr]   cargo:CXXBRIDGE_DIR1=/opt/rustwide/target/debug/build/wasm-opt-sys-40e7ce7a74adbf4b/out/cxxbridge/crate
[INFO] [stderr]   cargo:CXXBRIDGE_DIR2=/opt/rustwide/cargo-home/registry/src/index.crates.io-6f17d22bba15001f/wasm-opt-sys-0.112.0/binaryen/src
[INFO] [stderr]   cargo:CXXBRIDGE_DIR3=/opt/rustwide/cargo-home/registry/src/index.crates.io-6f17d22bba15001f/wasm-opt-sys-0.112.0/binaryen/src/tools
[INFO] [stderr]   cargo:CXXBRIDGE_DIR4=/opt/rustwide/target/debug/build/wasm-opt-sys-40e7ce7a74adbf4b/out
[INFO] [stderr]   TARGET = Some("x86_64-unknown-linux-gnu")
[INFO] [stderr]   OPT_LEVEL = Some("0")
[INFO] [stderr]   HOST = Some("x86_64-unknown-linux-gnu")
[INFO] [stderr]   cargo:rerun-if-env-changed=CXX_x86_64-unknown-linux-gnu
[INFO] [stderr]   CXX_x86_64-unknown-linux-gnu = None
[INFO] [stderr]   cargo:rerun-if-env-changed=CXX_x86_64_unknown_linux_gnu
[INFO] [stderr]   CXX_x86_64_unknown_linux_gnu = None
[INFO] [stderr]   cargo:rerun-if-env-changed=HOST_CXX
[INFO] [stderr]   HOST_CXX = None
[INFO] [stderr]   cargo:rerun-if-env-changed=CXX
[INFO] [stderr]   CXX = None
[INFO] [stderr]   cargo:rerun-if-env-changed=CXXFLAGS_x86_64-unknown-linux-gnu
[INFO] [stderr]   CXXFLAGS_x86_64-unknown-linux-gnu = None
[INFO] [stderr]   cargo:rerun-if-env-changed=CXXFLAGS_x86_64_unknown_linux_gnu
[INFO] [stderr]   CXXFLAGS_x86_64_unknown_linux_gnu = None
[INFO] [stderr]   cargo:rerun-if-env-changed=HOST_CXXFLAGS
[INFO] [stderr]   HOST_CXXFLAGS = None
[INFO] [stderr]   cargo:rerun-if-env-changed=CXXFLAGS
[INFO] [stderr]   CXXFLAGS = None
[INFO] [stderr]   cargo:rerun-if-env-changed=CRATE_CC_NO_DEFAULTS
[INFO] [stderr]   CRATE_CC_NO_DEFAULTS = None
[INFO] [stderr]   DEBUG = Some("false")
[INFO] [stderr]   CARGO_CFG_TARGET_FEATURE = Some("fxsr,sse,sse2")
[INFO] [stderr]   running: "c++" "-O0" "-ffunction-sections" "-fdata-sections" "-fPIC" "-m64" "-I" "/opt/rustwide/target/debug/build/wasm-opt-sys-40e7ce7a74adbf4b/out/cxxbridge/include" "-I" "/opt/rustwide/target/debug/build/wasm-opt-sys-40e7ce7a74adbf4b/out/cxxbridge/crate" "-I" "/opt/rustwide/cargo-home/registry/src/index.crates.io-6f17d22bba15001f/wasm-opt-sys-0.112.0/binaryen/src" "-I" "/opt/rustwide/cargo-home/registry/src/index.crates.io-6f17d22bba15001f/wasm-opt-sys-0.112.0/binaryen/src/tools" "-I" "/opt/rustwide/target/debug/build/wasm-opt-sys-40e7ce7a74adbf4b/out" "-Wall" "-Wextra" "-std=c++17" "-Wno-unused-parameter" "-DTHROW_ON_FATAL" "-o" "/opt/rustwide/target/debug/build/wasm-opt-sys-40e7ce7a74adbf4b/out/7b4847ba54da4c60-lib.rs.o" "-c" "/opt/rustwide/target/debug/build/wasm-opt-sys-40e7ce7a74adbf4b/out/cxxbridge/sources/wasm-opt-sys/src/lib.rs.cc"
[INFO] [stderr]   exit status: 0
[INFO] [stderr]   running: "c++" "-O0" "-ffunction-sections" "-fdata-sections" "-fPIC" "-m64" "-I" "/opt/rustwide/target/debug/build/wasm-opt-sys-40e7ce7a74adbf4b/out/cxxbridge/include" "-I" "/opt/rustwide/target/debug/build/wasm-opt-sys-40e7ce7a74adbf4b/out/cxxbridge/crate" "-I" "/opt/rustwide/cargo-home/registry/src/index.crates.io-6f17d22bba15001f/wasm-opt-sys-0.112.0/binaryen/src" "-I" "/opt/rustwide/cargo-home/registry/src/index.crates.io-6f17d22bba15001f/wasm-opt-sys-0.112.0/binaryen/src/tools" "-I" "/opt/rustwide/target/debug/build/wasm-opt-sys-40e7ce7a74adbf4b/out" "-Wall" "-Wextra" "-std=c++17" "-Wno-unused-parameter" "-DTHROW_ON_FATAL" "-o" "/opt/rustwide/target/debug/build/wasm-opt-sys-40e7ce7a74adbf4b/out/85ae773ca7471357-wasm-opt-main-shim.o" "-c" "/opt/rustwide/cargo-home/registry/src/index.crates.io-6f17d22bba15001f/wasm-opt-sys-0.112.0/src/wasm-opt-main-shim.cpp"
[INFO] [stderr]   exit status: 0
[INFO] [stderr]   running: "c++" "-O0" "-ffunction-sections" "-fdata-sections" "-fPIC" "-m64" "-I" "/opt/rustwide/target/debug/build/wasm-opt-sys-40e7ce7a74adbf4b/out/cxxbridge/include" "-I" "/opt/rustwide/target/debug/build/wasm-opt-sys-40e7ce7a74adbf4b/out/cxxbridge/crate" "-I" "/opt/rustwide/cargo-home/registry/src/index.crates.io-6f17d22bba15001f/wasm-opt-sys-0.112.0/binaryen/src" "-I" "/opt/rustwide/cargo-home/registry/src/index.crates.io-6f17d22bba15001f/wasm-opt-sys-0.112.0/binaryen/src/tools" "-I" "/opt/rustwide/target/debug/build/wasm-opt-sys-40e7ce7a74adbf4b/out" "-Wall" "-Wextra" "-std=c++17" "-Wno-unused-parameter" "-DTHROW_ON_FATAL" "-o" "/opt/rustwide/target/debug/build/wasm-opt-sys-40e7ce7a74adbf4b/out/5f53056bd17aea21-literal.o" "-c" "/opt/rustwide/cargo-home/registry/src/index.crates.io-6f17d22bba15001f/wasm-opt-sys-0.112.0/binaryen/src/wasm/literal.cpp"
[INFO] [stderr]   running: "c++" "-O0" "-ffunction-sections" "-fdata-sections" "-fPIC" "-m64" "-I" "/opt/rustwide/target/debug/build/wasm-opt-sys-40e7ce7a74adbf4b/out/cxxbridge/include" "-I" "/opt/rustwide/target/debug/build/wasm-opt-sys-40e7ce7a74adbf4b/out/cxxbridge/crate" "-I" "/opt/rustwide/cargo-home/registry/src/index.crates.io-6f17d22bba15001f/wasm-opt-sys-0.112.0/binaryen/src" "-I" "/opt/rustwide/cargo-home/registry/src/index.crates.io-6f17d22bba15001f/wasm-opt-sys-0.112.0/binaryen/src/tools" "-I" "/opt/rustwide/target/debug/build/wasm-opt-sys-40e7ce7a74adbf4b/out" "-Wall" "-Wextra" "-std=c++17" "-Wno-unused-parameter" "-DTHROW_ON_FATAL" "-o" "/opt/rustwide/target/debug/build/wasm-opt-sys-40e7ce7a74adbf4b/out/5f53056bd17aea21-parsing.o" "-c" "/opt/rustwide/cargo-home/registry/src/index.crates.io-6f17d22bba15001f/wasm-opt-sys-0.112.0/binaryen/src/wasm/parsing.cpp"
[INFO] [stderr]   running: "c++" "-O0" "-ffunction-sections" "-fdata-sections" "-fPIC" "-m64" "-I" "/opt/rustwide/target/debug/build/wasm-opt-sys-40e7ce7a74adbf4b/out/cxxbridge/include" "-I" "/opt/rustwide/target/debug/build/wasm-opt-sys-40e7ce7a74adbf4b/out/cxxbridge/crate" "-I" "/opt/rustwide/cargo-home/registry/src/index.crates.io-6f17d22bba15001f/wasm-opt-sys-0.112.0/binaryen/src" "-I" "/opt/rustwide/cargo-home/registry/src/index.crates.io-6f17d22bba15001f/wasm-opt-sys-0.112.0/binaryen/src/tools" "-I" "/opt/rustwide/target/debug/build/wasm-opt-sys-40e7ce7a74adbf4b/out" "-Wall" "-Wextra" "-std=c++17" "-Wno-unused-parameter" "-DTHROW_ON_FATAL" "-o" "/opt/rustwide/target/debug/build/wasm-opt-sys-40e7ce7a74adbf4b/out/5f53056bd17aea21-wasm-binary.o" "-c" "/opt/rustwide/cargo-home/registry/src/index.crates.io-6f17d22bba15001f/wasm-opt-sys-0.112.0/binaryen/src/wasm/wasm-binary.cpp"
[INFO] [stderr]   running: "c++" "-O0" "-ffunction-sections" "-fdata-sections" "-fPIC" "-m64" "-I" "/opt/rustwide/target/debug/build/wasm-opt-sys-40e7ce7a74adbf4b/out/cxxbridge/include" "-I" "/opt/rustwide/target/debug/build/wasm-opt-sys-40e7ce7a74adbf4b/out/cxxbridge/crate" "-I" "/opt/rustwide/cargo-home/registry/src/index.crates.io-6f17d22bba15001f/wasm-opt-sys-0.112.0/binaryen/src" "-I" "/opt/rustwide/cargo-home/registry/src/index.crates.io-6f17d22bba15001f/wasm-opt-sys-0.112.0/binaryen/src/tools" "-I" "/opt/rustwide/target/debug/build/wasm-opt-sys-40e7ce7a74adbf4b/out" "-Wall" "-Wextra" "-std=c++17" "-Wno-unused-parameter" "-DTHROW_ON_FATAL" "-o" "/opt/rustwide/target/debug/build/wasm-opt-sys-40e7ce7a74adbf4b/out/5f53056bd17aea21-wasm-debug.o" "-c" "/opt/rustwide/cargo-home/registry/src/index.crates.io-6f17d22bba15001f/wasm-opt-sys-0.112.0/binaryen/src/wasm/wasm-debug.cpp"
[INFO] [stderr]   running: "c++" "-O0" "-ffunction-sections" "-fdata-sections" "-fPIC" "-m64" "-I" "/opt/rustwide/target/debug/build/wasm-opt-sys-40e7ce7a74adbf4b/out/cxxbridge/include" "-I" "/opt/rustwide/target/debug/build/wasm-opt-sys-40e7ce7a74adbf4b/out/cxxbridge/crate" "-I" "/opt/rustwide/cargo-home/registry/src/index.crates.io-6f17d22bba15001f/wasm-opt-sys-0.112.0/binaryen/src" "-I" "/opt/rustwide/cargo-home/registry/src/index.crates.io-6f17d22bba15001f/wasm-opt-sys-0.112.0/binaryen/src/tools" "-I" "/opt/rustwide/target/debug/build/wasm-opt-sys-40e7ce7a74adbf4b/out" "-Wall" "-Wextra" "-std=c++17" "-Wno-unused-parameter" "-DTHROW_ON_FATAL" "-o" "/opt/rustwide/target/debug/build/wasm-opt-sys-40e7ce7a74adbf4b/out/5f53056bd17aea21-wasm-emscripten.o" "-c" "/opt/rustwide/cargo-home/registry/src/index.crates.io-6f17d22bba15001f/wasm-opt-sys-0.112.0/binaryen/src/wasm/wasm-emscripten.cpp"
[INFO] [stderr]   exit status: 0
[INFO] [stderr]   running: "c++" "-O0" "-ffunction-sections" "-fdata-sections" "-fPIC" "-m64" "-I" "/opt/rustwide/target/debug/build/wasm-opt-sys-40e7ce7a74adbf4b/out/cxxbridge/include" "-I" "/opt/rustwide/target/debug/build/wasm-opt-sys-40e7ce7a74adbf4b/out/cxxbridge/crate" "-I" "/opt/rustwide/cargo-home/registry/src/index.crates.io-6f17d22bba15001f/wasm-opt-sys-0.112.0/binaryen/src" "-I" "/opt/rustwide/cargo-home/registry/src/index.crates.io-6f17d22bba15001f/wasm-opt-sys-0.112.0/binaryen/src/tools" "-I" "/opt/rustwide/target/debug/build/wasm-opt-sys-40e7ce7a74adbf4b/out" "-Wall" "-Wextra" "-std=c++17" "-Wno-unused-parameter" "-DTHROW_ON_FATAL" "-o" "/opt/rustwide/target/debug/build/wasm-opt-sys-40e7ce7a74adbf4b/out/5f53056bd17aea21-wasm-interpreter.o" "-c" "/opt/rustwide/cargo-home/registry/src/index.crates.io-6f17d22bba15001f/wasm-opt-sys-0.112.0/binaryen/src/wasm/wasm-interpreter.cpp"
[INFO] [stderr]   exit status: 0
[INFO] [stderr]   running: "c++" "-O0" "-ffunction-sections" "-fdata-sections" "-fPIC" "-m64" "-I" "/opt/rustwide/target/debug/build/wasm-opt-sys-40e7ce7a74adbf4b/out/cxxbridge/include" "-I" "/opt/rustwide/target/debug/build/wasm-opt-sys-40e7ce7a74adbf4b/out/cxxbridge/crate" "-I" "/opt/rustwide/cargo-home/registry/src/index.crates.io-6f17d22bba15001f/wasm-opt-sys-0.112.0/binaryen/src" "-I" "/opt/rustwide/cargo-home/registry/src/index.crates.io-6f17d22bba15001f/wasm-opt-sys-0.112.0/binaryen/src/tools" "-I" "/opt/rustwide/target/debug/build/wasm-opt-sys-40e7ce7a74adbf4b/out" "-Wall" "-Wextra" "-std=c++17" "-Wno-unused-parameter" "-DTHROW_ON_FATAL" "-o" "/opt/rustwide/target/debug/build/wasm-opt-sys-40e7ce7a74adbf4b/out/5f53056bd17aea21-wasm-io.o" "-c" "/opt/rustwide/cargo-home/registry/src/index.crates.io-6f17d22bba15001f/wasm-opt-sys-0.112.0/binaryen/src/wasm/wasm-io.cpp"
[INFO] [stderr]   exit status: 0
[INFO] [stderr]   running: "c++" "-O0" "-ffunction-sections" "-fdata-sections" "-fPIC" "-m64" "-I" "/opt/rustwide/target/debug/build/wasm-opt-sys-40e7ce7a74adbf4b/out/cxxbridge/include" "-I" "/opt/rustwide/target/debug/build/wasm-opt-sys-40e7ce7a74adbf4b/out/cxxbridge/crate" "-I" "/opt/rustwide/cargo-home/registry/src/index.crates.io-6f17d22bba15001f/wasm-opt-sys-0.112.0/binaryen/src" "-I" "/opt/rustwide/cargo-home/registry/src/index.crates.io-6f17d22bba15001f/wasm-opt-sys-0.112.0/binaryen/src/tools" "-I" "/opt/rustwide/target/debug/build/wasm-opt-sys-40e7ce7a74adbf4b/out" "-Wall" "-Wextra" "-std=c++17" "-Wno-unused-parameter" "-DTHROW_ON_FATAL" "-o" "/opt/rustwide/target/debug/build/wasm-opt-sys-40e7ce7a74adbf4b/out/5f53056bd17aea21-wasm-stack.o" "-c" "/opt/rustwide/cargo-home/registry/src/index.crates.io-6f17d22bba15001f/wasm-opt-sys-0.112.0/binaryen/src/wasm/wasm-stack.cpp"
[INFO] [stderr]   running: "c++" "-O0" "-ffunction-sections" "-fdata-sections" "-fPIC" "-m64" "-I" "/opt/rustwide/target/debug/build/wasm-opt-sys-40e7ce7a74adbf4b/out/cxxbridge/include" "-I" "/opt/rustwide/target/debug/build/wasm-opt-sys-40e7ce7a74adbf4b/out/cxxbridge/crate" "-I" "/opt/rustwide/cargo-home/registry/src/index.crates.io-6f17d22bba15001f/wasm-opt-sys-0.112.0/binaryen/src" "-I" "/opt/rustwide/cargo-home/registry/src/index.crates.io-6f17d22bba15001f/wasm-opt-sys-0.112.0/binaryen/src/tools" "-I" "/opt/rustwide/target/debug/build/wasm-opt-sys-40e7ce7a74adbf4b/out" "-Wall" "-Wextra" "-std=c++17" "-Wno-unused-parameter" "-DTHROW_ON_FATAL" "-o" "/opt/rustwide/target/debug/build/wasm-opt-sys-40e7ce7a74adbf4b/out/5f53056bd17aea21-wasm-s-parser.o" "-c" "/opt/rustwide/cargo-home/registry/src/index.crates.io-6f17d22bba15001f/wasm-opt-sys-0.112.0/binaryen/src/wasm/wasm-s-parser.cpp"
[INFO] [stderr]   cargo:warning=c++: fatal error: Killed signal terminated program cc1plus
[INFO] [stderr]   cargo:warning=compilation terminated.
[INFO] [stderr]   exit status: 1
[INFO] [stderr]   running: "c++" "-O0" "-ffunction-sections" "-fdata-sections" "-fPIC" "-m64" "-I" "/opt/rustwide/target/debug/build/wasm-opt-sys-40e7ce7a74adbf4b/out/cxxbridge/include" "-I" "/opt/rustwide/target/debug/build/wasm-opt-sys-40e7ce7a74adbf4b/out/cxxbridge/crate" "-I" "/opt/rustwide/cargo-home/registry/src/index.crates.io-6f17d22bba15001f/wasm-opt-sys-0.112.0/binaryen/src" "-I" "/opt/rustwide/cargo-home/registry/src/index.crates.io-6f17d22bba15001f/wasm-opt-sys-0.112.0/binaryen/src/tools" "-I" "/opt/rustwide/target/debug/build/wasm-opt-sys-40e7ce7a74adbf4b/out" "-Wall" "-Wextra" "-std=c++17" "-Wno-unused-parameter" "-DTHROW_ON_FATAL" "-o" "/opt/rustwide/target/debug/build/wasm-opt-sys-40e7ce7a74adbf4b/out/5f53056bd17aea21-wasm-type.o" "-c" "/opt/rustwide/cargo-home/registry/src/index.crates.io-6f17d22bba15001f/wasm-opt-sys-0.112.0/binaryen/src/wasm/wasm-type.cpp"
[INFO] [stderr]   cargo:warning=c++: fatal error: Killed signal terminated program cc1plus
[INFO] [stderr]   cargo:warning=compilation terminated.
[INFO] [stderr]   exit status: 1
[INFO] [stderr]   exit status: 0
[INFO] [stderr]   exit status: 0
[INFO] [stderr]   exit status: 0
[INFO] [stderr]   exit status: 0
[INFO] [stderr]   exit status: 0
[INFO] [stderr] 
[INFO] [stderr]   --- stderr
[INFO] [stderr] 
[INFO] [stderr]   CXX include path:
[INFO] [stderr]     /opt/rustwide/target/debug/build/wasm-opt-sys-40e7ce7a74adbf4b/out/cxxbridge/include
[INFO] [stderr]     /opt/rustwide/target/debug/build/wasm-opt-sys-40e7ce7a74adbf4b/out/cxxbridge/crate
[INFO] [stderr]     /opt/rustwide/cargo-home/registry/src/index.crates.io-6f17d22bba15001f/wasm-opt-sys-0.112.0/binaryen/src
[INFO] [stderr]     /opt/rustwide/cargo-home/registry/src/index.crates.io-6f17d22bba15001f/wasm-opt-sys-0.112.0/binaryen/src/tools
[INFO] [stderr]     /opt/rustwide/target/debug/build/wasm-opt-sys-40e7ce7a74adbf4b/out
[INFO] [stderr] 
[INFO] [stderr] 
[INFO] [stderr]   error occurred: Command "c++" "-O0" "-ffunction-sections" "-fdata-sections" "-fPIC" "-m64" "-I" "/opt/rustwide/target/debug/build/wasm-opt-sys-40e7ce7a74adbf4b/out/cxxbridge/include" "-I" "/opt/rustwide/target/debug/build/wasm-opt-sys-40e7ce7a74adbf4b/out/cxxbridge/crate" "-I" "/opt/rustwide/cargo-home/registry/src/index.crates.io-6f17d22bba15001f/wasm-opt-sys-0.112.0/binaryen/src" "-I" "/opt/rustwide/cargo-home/registry/src/index.crates.io-6f17d22bba15001f/wasm-opt-sys-0.112.0/binaryen/src/tools" "-I" "/opt/rustwide/target/debug/build/wasm-opt-sys-40e7ce7a74adbf4b/out" "-Wall" "-Wextra" "-std=c++17" "-Wno-unused-parameter" "-DTHROW_ON_FATAL" "-o" "/opt/rustwide/target/debug/build/wasm-opt-sys-40e7ce7a74adbf4b/out/5f53056bd17aea21-wasm-binary.o" "-c" "/opt/rustwide/cargo-home/registry/src/index.crates.io-6f17d22bba15001f/wasm-opt-sys-0.112.0/binaryen/src/wasm/wasm-binary.cpp" with args "c++" did not execute successfully (status code exit status: 1).
[INFO] [stderr] 
[INFO] [stderr] 
[INFO] running `Command { std: "docker" "inspect" "97c9a87a926066d1c7f14e390ce9b0d4f9a2806eaafee7aaa8272373ba9b521a", kill_on_drop: false }`
[INFO] running `Command { std: "docker" "rm" "-f" "97c9a87a926066d1c7f14e390ce9b0d4f9a2806eaafee7aaa8272373ba9b521a", kill_on_drop: false }`
[INFO] [stdout] 97c9a87a926066d1c7f14e390ce9b0d4f9a2806eaafee7aaa8272373ba9b521a
[INFO] documenting Locklearboy07/THEfuture against beta-2023-12-22 for beta-1.76-rustdoc-1
[INFO] running `Command { std: "git" "clone" "/workspace/cache/git-repos/https%3A%2F%2Fgithub.com%2FLocklearboy07%2FTHEfuture" "/workspace/builds/worker-6-tc2/source", kill_on_drop: false }`
[INFO] [stderr] Cloning into '/workspace/builds/worker-6-tc2/source'...
[INFO] [stderr] done.
[INFO] validating manifest of git repo https://github.com/Locklearboy07/THEfuture on toolchain beta-2023-12-22
[INFO] running `Command { std: CARGO_HOME="/workspace/cargo-home" RUSTUP_HOME="/workspace/rustup-home" "/workspace/cargo-home/bin/cargo" "+beta-2023-12-22" "metadata" "--manifest-path" "Cargo.toml" "--no-deps", kill_on_drop: false }`
[INFO] removed /workspace/builds/worker-6-tc2/source/rust-toolchain.toml
[INFO] started tweaking git repo https://github.com/Locklearboy07/THEfuture
[INFO] finished tweaking git repo https://github.com/Locklearboy07/THEfuture
[INFO] tweaked toml for git repo https://github.com/Locklearboy07/THEfuture written to /workspace/builds/worker-6-tc2/source/Cargo.toml
[INFO] crate git repo https://github.com/Locklearboy07/THEfuture already has a lockfile, it will not be regenerated
[INFO] running `Command { std: CARGO_HOME="/workspace/cargo-home" RUSTUP_HOME="/workspace/rustup-home" "/workspace/cargo-home/bin/cargo" "+beta-2023-12-22" "fetch" "--manifest-path" "Cargo.toml", kill_on_drop: false }`
[INFO] [stderr] warning: virtual workspace defaulting to `resolver = "1"` despite one or more workspace members being on edition 2021 which implies `resolver = "2"`
[INFO] [stderr] note: to keep the current resolver, specify `workspace.resolver = "1"` in the workspace root's manifest
[INFO] [stderr] note: to use the edition 2021 resolver, specify `workspace.resolver = "2"` in the workspace root's manifest
[INFO] [stderr] note: for more details see https://doc.rust-lang.org/cargo/reference/resolver.html#resolver-versions
[INFO] running `Command { std: "docker" "create" "-v" "/var/lib/crater-agent-workspace/builds/worker-6-tc2/target:/opt/rustwide/target:rw,Z" "-v" "/var/lib/crater-agent-workspace/builds/worker-6-tc2/source:/opt/rustwide/workdir:ro,Z" "-v" "/var/lib/crater-agent-workspace/cargo-home:/opt/rustwide/cargo-home:ro,Z" "-v" "/var/lib/crater-agent-workspace/rustup-home:/opt/rustwide/rustup-home:ro,Z" "-e" "SOURCE_DIR=/opt/rustwide/workdir" "-e" "CARGO_TARGET_DIR=/opt/rustwide/target" "-e" "CARGO_HOME=/opt/rustwide/cargo-home" "-e" "RUSTUP_HOME=/opt/rustwide/rustup-home" "-w" "/opt/rustwide/workdir" "-m" "1610612736" "--user" "0:0" "--network" "none" "ghcr.io/rust-lang/crates-build-env/linux@sha256:2788e3201cd34a07e3172128adcd8b3090168a8e3bcc40d7c032b9dda1df7d1c" "/opt/rustwide/cargo-home/bin/cargo" "+beta-2023-12-22" "metadata" "--no-deps" "--format-version=1", kill_on_drop: false }`
[INFO] [stdout] 314f6a7698a7bd2933fbfa6a7d8d3caab031ec025b364effda2659f0dfbbb6e5
[INFO] running `Command { std: "docker" "start" "-a" "314f6a7698a7bd2933fbfa6a7d8d3caab031ec025b364effda2659f0dfbbb6e5", kill_on_drop: false }`
[INFO] running `Command { std: "docker" "inspect" "314f6a7698a7bd2933fbfa6a7d8d3caab031ec025b364effda2659f0dfbbb6e5", kill_on_drop: false }`
[INFO] running `Command { std: "docker" "rm" "-f" "314f6a7698a7bd2933fbfa6a7d8d3caab031ec025b364effda2659f0dfbbb6e5", kill_on_drop: false }`
[INFO] [stdout] 314f6a7698a7bd2933fbfa6a7d8d3caab031ec025b364effda2659f0dfbbb6e5
[INFO] running `Command { std: "docker" "create" "-v" "/var/lib/crater-agent-workspace/builds/worker-6-tc2/target:/opt/rustwide/target:rw,Z" "-v" "/var/lib/crater-agent-workspace/builds/worker-6-tc2/source:/opt/rustwide/workdir:ro,Z" "-v" "/var/lib/crater-agent-workspace/cargo-home:/opt/rustwide/cargo-home:ro,Z" "-v" "/var/lib/crater-agent-workspace/rustup-home:/opt/rustwide/rustup-home:ro,Z" "-e" "SOURCE_DIR=/opt/rustwide/workdir" "-e" "CARGO_TARGET_DIR=/opt/rustwide/target" "-e" "CARGO_INCREMENTAL=0" "-e" "RUST_BACKTRACE=full" "-e" "RUSTFLAGS=--cap-lints=warn" "-e" "RUSTDOCFLAGS=--cap-lints=warn" "-e" "CARGO_HOME=/opt/rustwide/cargo-home" "-e" "RUSTUP_HOME=/opt/rustwide/rustup-home" "-w" "/opt/rustwide/workdir" "-m" "1610612736" "--user" "0:0" "--network" "none" "ghcr.io/rust-lang/crates-build-env/linux@sha256:2788e3201cd34a07e3172128adcd8b3090168a8e3bcc40d7c032b9dda1df7d1c" "/opt/rustwide/cargo-home/bin/cargo" "+beta-2023-12-22" "doc" "--frozen" "--no-deps" "--document-private-items" "--message-format=json", kill_on_drop: false }`
[INFO] [stdout] ffa159d34aaa0394a4e4ca6012ccbc6073e2338d7d93628e31191c2cad60698d
[INFO] running `Command { std: "docker" "start" "-a" "ffa159d34aaa0394a4e4ca6012ccbc6073e2338d7d93628e31191c2cad60698d", kill_on_drop: false }`
[INFO] [stderr] warning: virtual workspace defaulting to `resolver = "1"` despite one or more workspace members being on edition 2021 which implies `resolver = "2"`
[INFO] [stderr] note: to keep the current resolver, specify `workspace.resolver = "1"` in the workspace root's manifest
[INFO] [stderr] note: to use the edition 2021 resolver, specify `workspace.resolver = "2"` in the workspace root's manifest
[INFO] [stderr] note: for more details see https://doc.rust-lang.org/cargo/reference/resolver.html#resolver-versions
[INFO] [stderr]    Compiling proc-macro2 v1.0.66
[INFO] [stderr]    Compiling unicode-ident v1.0.11
[INFO] [stderr]    Compiling libc v0.2.147
[INFO] [stderr]    Compiling version_check v0.9.4
[INFO] [stderr]    Compiling serde v1.0.176
[INFO] [stderr]    Compiling serde_derive v1.0.176
[INFO] [stderr]    Compiling typenum v1.16.0
[INFO] [stderr]    Compiling syn v1.0.109
[INFO] [stderr]    Compiling thiserror v1.0.44
[INFO] [stderr]    Compiling generic-array v0.14.7
[INFO] [stderr]     Checking once_cell v1.18.0
[INFO] [stderr]     Checking log v0.4.19
[INFO] [stderr]     Checking subtle v2.4.1
[INFO] [stderr]     Checking smallvec v1.11.0
[INFO] [stderr]    Compiling futures-core v0.3.28
[INFO] [stderr]     Checking futures-sink v0.3.28
[INFO] [stderr]     Checking futures-io v0.3.28
[INFO] [stderr]    Compiling quote v1.0.32
[INFO] [stderr]    Compiling futures-channel v0.3.28
[INFO] [stderr]    Compiling syn v2.0.27
[INFO] [stderr]    Compiling futures-task v0.3.28
[INFO] [stderr]     Checking byteorder v1.4.3
[INFO] [stderr]    Compiling futures-util v0.3.28
[INFO] [stderr]     Checking getrandom v0.2.10
[INFO] [stderr]     Checking num_cpus v1.16.0
[INFO] [stderr]     Checking rand_core v0.6.4
[INFO] [stderr]     Checking pin-utils v0.1.0
[INFO] [stderr]    Compiling anyhow v1.0.72
[INFO] [stderr]     Checking cpufeatures v0.2.9
[INFO] [stderr]     Checking arrayvec v0.7.4
[INFO] [stderr]    Compiling jobserver v0.1.26
[INFO] [stderr]    Compiling cc v1.0.79
[INFO] [stderr]    Compiling ahash v0.7.6
[INFO] [stderr]     Checking ppv-lite86 v0.2.17
[INFO] [stderr]     Checking parking_lot_core v0.9.8
[INFO] [stderr]     Checking parking_lot v0.12.1
[INFO] [stderr]     Checking const-oid v0.9.4
[INFO] [stderr]    Compiling indexmap v1.9.3
[INFO] [stderr]     Checking rand_chacha v0.3.1
[INFO] [stderr]     Checking tinyvec_macros v0.1.1
[INFO] [stderr]     Checking tinyvec v1.6.0
[INFO] [stderr]     Checking rand v0.8.5
[INFO] [stderr]     Checking opaque-debug v0.3.0
[INFO] [stderr]     Checking unicode-bidi v0.3.13
[INFO] [stderr]     Checking percent-encoding v2.3.0
[INFO] [stderr]     Checking form_urlencoded v1.2.0
[INFO] [stderr]    Compiling pkg-config v0.3.27
[INFO] [stderr]    Compiling getrandom v0.1.16
[INFO] [stderr]     Checking static_assertions v1.1.0
[INFO] [stderr]     Checking hashbrown v0.12.3
[INFO] [stderr]    Compiling memchr v2.5.0
[INFO] [stderr]     Checking unicode-normalization v0.1.22
[INFO] [stderr]    Compiling toml v0.5.11
[INFO] [stderr]     Checking rand_core v0.5.1
[INFO] [stderr]     Checking arrayref v0.3.7
[INFO] [stderr]    Compiling crunchy v0.2.2
[INFO] [stderr]     Checking either v1.9.0
[INFO] [stderr]     Checking idna v0.4.0
[INFO] [stderr]     Checking tracing-core v0.1.31
[INFO] [stderr]     Checking keccak v0.1.4
[INFO] [stderr]    Compiling rustix v0.38.4
[INFO] [stderr]    Compiling unicode-xid v0.2.4
[INFO] [stderr]     Checking itoa v1.0.9
[INFO] [stderr]     Checking constant_time_eq v0.2.6
[INFO] [stderr]     Checking url v2.4.0
[INFO] [stderr]    Compiling aho-corasick v1.0.2
[INFO] [stderr]    Compiling ahash v0.8.3
[INFO] [stderr]     Checking instant v0.1.12
[INFO] [stderr]    Compiling regex-syntax v0.7.4
[INFO] [stderr]     Checking blake2b_simd v1.0.1
[INFO] [stderr]     Checking rand_chacha v0.2.2
[INFO] [stderr]    Compiling cfg-if v1.0.0
[INFO] [stderr]    Compiling crc32fast v1.3.2
[INFO] [stderr]     Checking rand v0.7.3
[INFO] [stderr]    Compiling num-traits v0.2.16
[INFO] [stderr]    Compiling lazy_static v1.4.0
[INFO] [stderr]     Checking hashbrown v0.13.2
[INFO] [stderr]    Compiling zstd-sys v2.0.8+zstd.1.5.5
[INFO] [stderr]    Compiling paste v1.0.14
[INFO] [stderr]    Compiling serde_json v1.0.104
[INFO] [stderr]     Checking bs58 v0.4.0
[INFO] [stderr]     Checking fallible-iterator v0.2.0
[INFO] [stderr]     Checking stable_deref_trait v1.2.0
[INFO] [stderr]     Checking byte-slice-cast v1.2.2
[INFO] [stderr]    Compiling regex-automata v0.3.3
[INFO] [stderr]     Checking gimli v0.27.3
[INFO] [stderr]     Checking cranelift-entity v0.95.1
[INFO] [stderr]    Compiling crossbeam-utils v0.8.16
[INFO] [stderr]    Compiling target-lexicon v0.12.10
[INFO] [stderr]     Checking bitflags v2.3.3
[INFO] [stderr]    Compiling cranelift-isle v0.95.1
[INFO] [stderr]    Compiling io-lifetimes v1.0.11
[INFO] [stderr]    Compiling cranelift-codegen-shared v0.95.1
[INFO] [stderr]     Checking linux-raw-sys v0.4.3
[INFO] [stderr]    Compiling cranelift-codegen-meta v0.95.1
[INFO] [stderr]     Checking ryu v1.0.15
[INFO] [stderr]    Compiling zeroize_derive v1.4.2
[INFO] [stderr]    Compiling thiserror-impl v1.0.44
[INFO] [stderr]    Compiling futures-macro v0.3.28
[INFO] [stderr]     Checking zeroize v1.6.0
[INFO] [stderr]    Compiling tracing-attributes v0.1.26
[INFO] [stderr]    Compiling regex v1.9.1
[INFO] [stderr]     Checking crypto-common v0.1.6
[INFO] [stderr]     Checking block-buffer v0.10.4
[INFO] [stderr]     Checking digest v0.10.7
[INFO] [stderr]     Checking digest v0.9.0
[INFO] [stderr]     Checking sha2 v0.10.7
[INFO] [stderr]     Checking block-buffer v0.9.0
[INFO] [stderr]    Compiling proc-macro-crate v1.1.3
[INFO] [stderr]     Checking sha2 v0.9.9
[INFO] [stderr]     Checking sha3 v0.10.8
[INFO] [stderr]     Checking curve25519-dalek v3.2.0
[INFO] [stderr]    Compiling impl-trait-for-tuples v0.2.2
[INFO] [stderr]    Compiling parity-scale-codec-derive v3.6.4
[INFO] [stderr]    Compiling scale-info-derive v2.9.0
[INFO] [stderr]    Compiling cranelift-codegen v0.95.1
[INFO] [stderr]    Compiling derive_more v0.99.17
[INFO] [stderr]     Checking wasmparser v0.102.0
[INFO] [stderr]     Checking tracing v0.1.37
[INFO] [stderr]     Checking fxhash v0.2.1
[INFO] [stderr]     Checking slice-group-by v0.3.1
[INFO] [stderr]     Checking signature v1.6.4
[INFO] [stderr]     Checking ed25519 v1.5.3
[INFO] [stderr]     Checking regalloc2 v0.6.1
[INFO] [stderr]     Checking is-terminal v0.4.9
[INFO] [stderr]     Checking cranelift-bforest v0.95.1
[INFO] [stderr]     Checking object v0.30.4
[INFO] [stderr]     Checking futures-executor v0.3.28
[INFO] [stderr]     Checking futures v0.3.28
[INFO] [stderr]    Compiling memoffset v0.9.0
[INFO] [stderr]     Checking base64 v0.13.1
[INFO] [stderr]     Checking bumpalo v3.13.0
[INFO] [stderr]     Checking sp-std v8.0.0 (https://github.com/paritytech/substrate.git?branch=polkadot-v1.0.0#948fbd2f)
[INFO] [stderr]    Compiling rustix v0.36.15
[INFO] [stderr]     Checking ed25519-dalek v1.0.1
[INFO] [stderr]     Checking errno v0.3.1
[INFO] [stderr]    Compiling crossbeam-epoch v0.9.15
[INFO] [stderr]     Checking linux-raw-sys v0.1.4
[INFO] [stderr]    Compiling rustix v0.37.23
[INFO] [stderr]    Compiling parking_lot_core v0.8.6
[INFO] [stderr]     Checking hex v0.4.3
[INFO] [stderr]    Compiling Inflector v0.11.4
[INFO] [stderr]     Checking itertools v0.10.5
[INFO] [stderr]    Compiling memoffset v0.8.0
[INFO] [stderr]     Checking wasmtime-types v8.0.1
[INFO] [stderr]     Checking base64 v0.21.2
[INFO] [stderr]     Checking linux-raw-sys v0.3.8
[INFO] [stderr]    Compiling zstd-safe v5.0.2+zstd.1.5.2
[INFO] [stderr]    Compiling wasmtime-runtime v8.0.1
[INFO] [stderr]     Checking generic-array v0.12.4
[INFO] [stderr]    Compiling rayon-core v1.11.0
[INFO] [stderr]     Checking termcolor v1.2.0
[INFO] [stderr]     Checking rustc-demangle v0.1.23
[INFO] [stderr]     Checking humantime v2.1.0
[INFO] [stderr]    Compiling cpp_demangle v0.3.5
[INFO] [stderr]     Checking parking_lot v0.11.2
[INFO] [stderr]     Checking env_logger v0.10.0
[INFO] [stderr]     Checking crossbeam-deque v0.8.3
[INFO] [stderr]    Compiling libsecp256k1-core v0.3.0
[INFO] [stderr]     Checking wasmtime-environ v8.0.1
[INFO] [stderr]     Checking wasmtime-jit-debug v8.0.1
[INFO] [stderr]     Checking uint v0.9.5
[INFO] [stderr]     Checking blake2 v0.10.6
[INFO] [stderr]     Checking crossbeam-channel v0.5.8
[INFO] [stderr]    Compiling psm v0.1.21
[INFO] [stderr]     Checking parity-scale-codec v3.6.4
[INFO] [stderr]     Checking bincode v1.3.3
[INFO] [stderr]     Checking time v0.1.45
[INFO] [stderr]     Checking dirs-sys-next v0.1.2
[INFO] [stderr]     Checking wasmtime-asm-macros v8.0.1
[INFO] [stderr]     Checking byte-tools v0.3.1
[INFO] [stderr]     Checking iana-time-zone v0.1.57
[INFO] [stderr]    Compiling wasmtime-cache v8.0.1
[INFO] [stderr]    Compiling ref-cast v1.0.19
[INFO] [stderr]     Checking regex-syntax v0.6.29
[INFO] [stderr]     Checking scale-info v2.9.0
[INFO] [stderr]     Checking rustc-hash v1.1.0
[INFO] [stderr]     Checking chrono v0.4.26
[INFO] [stderr]     Checking block-padding v0.1.5
[INFO] [stderr]     Checking directories-next v2.0.0
[INFO] [stderr]     Checking file-per-thread-logger v0.1.6
[INFO] [stderr]     Checking memfd v0.6.3
[INFO] [stderr]     Checking digest v0.8.1
[INFO] [stderr]     Checking hmac v0.12.1
[INFO] [stderr]     Checking addr2line v0.19.0
[INFO] [stderr]    Compiling ref-cast-impl v1.0.19
[INFO] [stderr]     Checking impl-serde v0.4.0
[INFO] [stderr]     Checking wasmtime-jit-icache-coherence v8.0.1
[INFO] [stderr]     Checking rustc-hex v2.1.0
[INFO] [stderr]    Compiling wasmtime v8.0.1
[INFO] [stderr]     Checking rayon v1.7.0
[INFO] [stderr]     Checking block-buffer v0.7.3
[INFO] [stderr]    Compiling libsecp256k1-gen-genmult v0.3.0
[INFO] [stderr]    Compiling libsecp256k1-gen-ecmult v0.3.0
[INFO] [stderr]     Checking crypto-mac v0.11.1
[INFO] [stderr]     Checking crypto-mac v0.8.0
[INFO] [stderr]    Compiling sp-debug-derive v8.0.0 (https://github.com/paritytech/substrate.git?branch=polkadot-v1.0.0#948fbd2f)
[INFO] [stderr]     Checking sharded-slab v0.1.4
[INFO] [stderr]     Checking tracing-log v0.1.3
[INFO] [stderr]     Checking regex-automata v0.1.10
[INFO] [stderr]     Checking tracing-serde v0.1.3
[INFO] [stderr]    Compiling secp256k1-sys v0.6.1
[INFO] [stderr]     Checking thread_local v1.1.7
[INFO] [stderr]     Checking opaque-debug v0.2.3
[INFO] [stderr]     Checking fake-simd v0.1.2
[INFO] [stderr]     Checking ansi_term v0.12.1
[INFO] [stderr]     Checking hash-db v0.16.0
[INFO] [stderr]     Checking sha2 v0.8.2
[INFO] [stderr]     Checking hmac v0.8.1
[INFO] [stderr]    Compiling libsecp256k1 v0.7.1
[INFO] [stderr]     Checking fixed-hash v0.8.0
[INFO] [stderr]     Checking curve25519-dalek v2.1.3
[INFO] [stderr]     Checking impl-codec v0.6.0
[INFO] [stderr]    Compiling ss58-registry v1.41.0
[INFO] [stderr]     Checking merlin v2.0.1
[INFO] [stderr]     Checking sp-storage v13.0.0 (https://github.com/paritytech/substrate.git?branch=polkadot-v1.0.0#948fbd2f)
[INFO] [stderr]     Checking matchers v0.0.1
[INFO] [stderr]     Checking environmental v1.1.4
[INFO] [stderr]    Compiling rustversion v1.0.14
[INFO] [stderr]     Checking tracing-subscriber v0.2.25
[INFO] [stderr]     Checking arrayvec v0.5.2
[INFO] [stderr]     Checking sp-externalities v0.19.0 (https://github.com/paritytech/substrate.git?branch=polkadot-v1.0.0#948fbd2f)
[INFO] [stderr]     Checking primitive-types v0.12.1
[INFO] [stderr]     Checking schnorrkel v0.9.1
[INFO] [stderr]     Checking hmac-drbg v0.3.0
[INFO] [stderr]     Checking pbkdf2 v0.8.0
[INFO] [stderr]     Checking hmac v0.11.0
[INFO] [stderr]    Compiling sp-runtime-interface-proc-macro v11.0.0 (https://github.com/paritytech/substrate.git?branch=polkadot-v1.0.0#948fbd2f)
[INFO] [stderr]     Checking pbkdf2 v0.11.0
[INFO] [stderr]     Checking twox-hash v1.6.3
[INFO] [stderr]    Compiling dyn-clonable-impl v0.9.0
[INFO] [stderr]     Checking sp-tracing v10.0.0 (https://github.com/paritytech/substrate.git?branch=polkadot-v1.0.0#948fbd2f)
[INFO] [stderr]     Checking num-format v0.4.4
[INFO] [stderr]     Checking dyn-clone v1.0.12
[INFO] [stderr]     Checking sp-core-hashing v9.0.0 (https://github.com/paritytech/substrate.git?branch=polkadot-v1.0.0#948fbd2f)
[INFO] [stderr]     Checking tiny-bip39 v1.0.0
[INFO] [stderr]     Checking substrate-bip39 v0.4.4
[INFO] [stderr]     Checking bounded-collections v0.1.8
[INFO] [stderr]     Checking ed25519-zebra v3.1.0
[INFO] [stderr]     Checking dyn-clonable v0.9.0
[INFO] [stderr]     Checking hash256-std-hasher v0.15.2
[INFO] [stderr]     Checking secrecy v0.8.0
[INFO] [stderr]     Checking array-bytes v6.1.0
[INFO] [stderr]     Checking nohash-hasher v0.2.0
[INFO] [stderr]    Compiling backtrace v0.3.68
[INFO] [stderr]     Checking adler v1.0.2
[INFO] [stderr]     Checking addr2line v0.20.0
[INFO] [stderr]     Checking miniz_oxide v0.7.1
[INFO] [stderr]     Checking object v0.31.1
[INFO] [stderr]     Checking trie-root v0.18.0
[INFO] [stderr]     Checking trie-db v0.27.1
[INFO] [stderr]     Checking memory-db v0.32.0
[INFO] [stderr]     Checking schnellru v0.2.1
[INFO] [stderr]    Compiling sp-io v23.0.0 (https://github.com/paritytech/substrate.git?branch=polkadot-v1.0.0#948fbd2f)
[INFO] [stderr]     Checking integer-sqrt v0.1.5
[INFO] [stderr]     Checking sp-arithmetic v16.0.0 (https://github.com/paritytech/substrate.git?branch=polkadot-v1.0.0#948fbd2f)
[INFO] [stderr]    Compiling bytes v1.4.0
[INFO] [stderr]    Compiling async-trait v0.1.72
[INFO] [stderr]     Checking fnv v1.0.7
[INFO] [stderr]     Checking parity-wasm v0.45.0
[INFO] [stderr]    Compiling expander v2.0.0
[INFO] [stderr]    Compiling tokio v1.29.1
[INFO] [stderr]    Compiling fs-err v2.9.0
[INFO] [stderr]     Checking sp-panic-handler v8.0.0 (https://github.com/paritytech/substrate.git?branch=polkadot-v1.0.0#948fbd2f)
[INFO] [stderr]    Compiling tokio-macros v2.1.0
[INFO] [stderr]     Checking signal-hook-registry v1.4.1
[INFO] [stderr]     Checking mio v0.8.8
[INFO] [stderr]     Checking socket2 v0.4.9
[INFO] [stderr]     Checking frame-metadata v16.0.0
[INFO] [stderr]    Compiling sp-core-hashing-proc-macro v9.0.0 (https://github.com/paritytech/substrate.git?branch=polkadot-v1.0.0#948fbd2f)
[INFO] [stderr]    Compiling heck v0.4.1
[INFO] [stderr]    Compiling sp-api-proc-macro v4.0.0-dev (https://github.com/paritytech/substrate.git?branch=polkadot-v1.0.0#948fbd2f)
[INFO] [stderr]    Compiling sp-version-proc-macro v8.0.0 (https://github.com/paritytech/substrate.git?branch=polkadot-v1.0.0#948fbd2f)
[INFO] [stderr]     Checking futures-timer v3.0.2
[INFO] [stderr]    Compiling proc-macro-error-attr v1.0.4
[INFO] [stderr]     Checking sp-metadata-ir v0.1.0 (https://github.com/paritytech/substrate.git?branch=polkadot-v1.0.0#948fbd2f)
[INFO] [stderr]     Checking asynchronous-codec v0.6.2
[INFO] [stderr]    Compiling proc-macro-error v1.0.4
[INFO] [stderr]     Checking data-encoding v2.4.0
[INFO] [stderr]     Checking unsigned-varint v0.7.1
[INFO] [stderr]    Compiling blake3 v1.4.1
[INFO] [stderr]     Checking http v0.2.9
[INFO] [stderr]    Compiling synstructure v0.12.6
[INFO] [stderr]     Checking constant_time_eq v0.3.0
[INFO] [stderr]     Checking blake2s_simd v1.0.1
[INFO] [stderr]     Checking core2 v0.4.0
[INFO] [stderr]     Checking base-x v0.2.11
[INFO] [stderr]    Compiling httparse v1.8.0
[INFO] [stderr]    Compiling data-encoding-macro-internal v0.1.11
[INFO] [stderr]    Compiling zstd-safe v6.0.6
[INFO] [stderr]    Compiling multihash-derive v0.8.1
[INFO] [stderr]    Compiling pin-project-internal v1.1.2
[INFO] [stderr]     Checking quick-protobuf v0.8.1
[INFO] [stderr]     Checking wasmtime-jit v8.0.1
[INFO] [stderr]    Compiling ring v0.16.20
[INFO] [stderr]     Checking data-encoding-macro v0.1.13
[INFO] [stderr]     Checking tower-service v0.3.2
[INFO] [stderr]     Checking multibase v0.9.1
[INFO] [stderr]     Checking http-body v0.4.5
[INFO] [stderr]     Checking try-lock v0.2.4
[INFO] [stderr]     Checking void v1.0.2
[INFO] [stderr]     Checking want v0.3.1
[INFO] [stderr]     Checking cranelift-frontend v0.95.1
[INFO] [stderr]     Checking cranelift-native v0.95.1
[INFO] [stderr]     Checking wasmtime-cranelift-shared v8.0.1
[INFO] [stderr]     Checking httpdate v1.0.2
[INFO] [stderr]     Checking cranelift-wasm v0.95.1
[INFO] [stderr]    Compiling prometheus v0.13.3
[INFO] [stderr]     Checking untrusted v0.7.1
[INFO] [stderr]    Compiling semver v1.0.18
[INFO] [stderr]     Checking spin v0.5.2
[INFO] [stderr]     Checking tokio-util v0.7.8
[INFO] [stderr]     Checking pin-project v1.1.2
[INFO] [stderr]     Checking rw-stream-sink v0.3.0
[INFO] [stderr]     Checking wasmtime-cranelift v8.0.1
[INFO] [stderr]     Checking multistream-select v0.12.1
[INFO] [stderr]     Checking kvdb v0.13.0
[INFO] [stderr]    Compiling vcpkg v0.2.15
[INFO] [stderr]     Checking h2 v0.3.20
[INFO] [stderr]     Checking concurrent-queue v2.2.0
[INFO] [stderr]     Checking event-listener v2.5.3
[INFO] [stderr]    Compiling wasm-bindgen-shared v0.2.87
[INFO] [stderr]     Checking async-channel v1.9.0
[INFO] [stderr]     Checking sp-database v4.0.0-dev (https://github.com/paritytech/substrate.git?branch=polkadot-v1.0.0#948fbd2f)
[INFO] [stderr]    Compiling libp2p-swarm-derive v0.32.0
[INFO] [stderr]     Checking wasm-instrument v0.3.0
[INFO] [stderr]    Compiling tiny-keccak v2.0.2
[INFO] [stderr]    Compiling proc-macro-hack v0.5.20+deprecated
[INFO] [stderr]    Compiling sc-executor-wasmtime v0.10.0-dev (https://github.com/paritytech/substrate.git?branch=polkadot-v1.0.0#948fbd2f)
[INFO] [stderr]     Checking sc-utils v4.0.0-dev (https://github.com/paritytech/substrate.git?branch=polkadot-v1.0.0#948fbd2f)
[INFO] [stderr]     Checking netlink-packet-utils v0.5.2
[INFO] [stderr]     Checking sha-1 v0.9.8
[INFO] [stderr]    Compiling libz-sys v1.1.12
[INFO] [stderr]     Checking cipher v0.3.0
[INFO] [stderr]     Checking universal-hash v0.4.1
[INFO] [stderr]    Compiling platforms v3.0.2
[INFO] [stderr]     Checking netlink-packet-core v0.4.2
[INFO] [stderr]    Compiling wasm-bindgen-backend v0.2.87
[INFO] [stderr]     Checking flate2 v1.0.26
[INFO] [stderr]     Checking ipnet v2.8.0
[INFO] [stderr]     Checking sct v0.7.0
[INFO] [stderr]     Checking soketto v0.7.1
[INFO] [stderr]     Checking linked-hash-map v0.5.6
[INFO] [stderr]     Checking netlink-sys v0.8.5
[INFO] [stderr]     Checking matches v0.1.10
[INFO] [stderr]    Compiling wasm-bindgen v0.2.87
[INFO] [stderr]     Checking netlink-proto v0.10.0
[INFO] [stderr]    Compiling wasm-bindgen-macro-support v0.2.87
[INFO] [stderr]    Compiling const-random-macro v0.1.15
[INFO] [stderr]    Compiling curve25519-dalek v4.0.0-rc.1
[INFO] [stderr]     Checking idna v0.2.3
[INFO] [stderr]     Checking webpki v0.22.0
[INFO] [stderr]     Checking netlink-packet-route v0.12.0
[INFO] [stderr]     Checking polyval v0.5.3
[INFO] [stderr]    Compiling rustc_version v0.4.0
[INFO] [stderr]    Compiling enum-as-inner v0.5.1
[INFO] [stderr]     Checking aead v0.4.3
[INFO] [stderr]     Checking nix v0.24.3
[INFO] [stderr]    Compiling rustls v0.20.8
[INFO] [stderr]     Checking match_cfg v0.1.0
[INFO] [stderr]    Compiling wasm-bindgen-macro v0.2.87
[INFO] [stderr]     Checking hostname v0.3.1
[INFO] [stderr]    Compiling snow v0.9.2
[INFO] [stderr]     Checking ghash v0.4.4
[INFO] [stderr]     Checking chacha20 v0.8.2
[INFO] [stderr]     Checking trust-dns-proto v0.22.0
[INFO] [stderr]     Checking hyper v0.14.27
[INFO] [stderr]     Checking aes v0.7.5
[INFO] [stderr]     Checking ctr v0.8.0
[INFO] [stderr]     Checking poly1305 v0.7.2
[INFO] [stderr]    Compiling derive-syn-parse v0.1.5
[INFO] [stderr]    Compiling macro_magic_core_macros v0.4.2
[INFO] [stderr]     Checking quick-error v1.2.3
[INFO] [stderr]     Checking chacha20poly1305 v0.9.1
[INFO] [stderr]     Checking rtnetlink v0.10.1
[INFO] [stderr]     Checking resolv-conf v0.7.0
[INFO] [stderr]     Checking aes-gcm v0.9.4
[INFO] [stderr]    Compiling const-random v0.1.15
[INFO] [stderr]     Checking lru-cache v0.1.2
[INFO] [stderr]     Checking js-sys v0.3.64
[INFO] [stderr]     Checking der v0.7.7
[INFO] [stderr]     Checking if-watch v3.0.1
[INFO] [stderr]     Checking pin-project-lite v0.1.12
[INFO] [stderr]    Compiling macro_magic_core v0.4.2
[INFO] [stderr]     Checking quicksink v0.1.2
[INFO] [stderr]     Checking webpki-roots v0.22.6
[INFO] [stderr]     Checking quick-protobuf-codec v0.1.0
[INFO] [stderr]     Checking yamux v0.10.2
[INFO] [stderr]     Checking x25519-dalek v1.1.1
[INFO] [stderr]     Checking lru v0.10.1
[INFO] [stderr]     Checking ff v0.13.0
[INFO] [stderr]     Checking predicates-core v1.0.6
[INFO] [stderr]     Checking base16ct v0.2.0
[INFO] [stderr]     Checking parity-send-wrapper v0.1.0
[INFO] [stderr]     Checking group v0.13.0
[INFO] [stderr]     Checking futures-rustls v0.22.2
[INFO] [stderr]    Compiling macro_magic_macros v0.4.2
[INFO] [stderr]     Checking trust-dns-resolver v0.22.0
[INFO] [stderr]     Checking sec1 v0.7.3
[INFO] [stderr]     Checking crypto-bigint v0.5.2
[INFO] [stderr]     Checking float-cmp v0.9.0
[INFO] [stderr]     Checking difflib v0.4.0
[INFO] [stderr]    Compiling proc-macro-warning v0.4.1
[INFO] [stderr]     Checking normalize-line-endings v0.3.0
[INFO] [stderr]     Checking termtree v0.4.1
[INFO] [stderr]     Checking predicates v2.1.5
[INFO] [stderr]     Checking wasm-bindgen-futures v0.4.37
[INFO] [stderr]     Checking predicates-tree v1.0.9
[INFO] [stderr]     Checking spki v0.7.2
[INFO] [stderr]     Checking finality-grandpa v0.16.2
[INFO] [stderr]     Checking rfc6979 v0.4.0
[INFO] [stderr]     Checking wasm-timer v0.2.5
[INFO] [stderr]     Checking signature v2.1.0
[INFO] [stderr]    Compiling mockall_derive v0.11.4
[INFO] [stderr]     Checking elliptic-curve v0.13.5
[INFO] [stderr]    Compiling frame-support-procedural-tools-derive v3.0.0 (https://github.com/paritytech/substrate.git?branch=polkadot-v1.0.0#948fbd2f)
[INFO] [stderr]     Checking downcast v0.11.0
[INFO] [stderr]     Checking fragile v2.0.0
[INFO] [stderr]    Compiling cfg-expr v0.15.3
[INFO] [stderr]    Compiling macro_magic v0.4.2
[INFO] [stderr]     Checking ecdsa v0.16.8
[INFO] [stderr]    Compiling frame-support-procedural-tools v4.0.0-dev (https://github.com/paritytech/substrate.git?branch=polkadot-v1.0.0#948fbd2f)
[INFO] [stderr]     Checking substrate-prometheus-endpoint v0.10.0-dev (https://github.com/paritytech/substrate.git?branch=polkadot-v1.0.0#948fbd2f)
[INFO] [stderr]     Checking k256 v0.13.1
[INFO] [stderr]    Compiling fastrand v2.0.0
[INFO] [stderr]     Checking tt-call v1.0.9
[INFO] [stderr]     Checking linked_hash_set v0.1.4
[INFO] [stderr]     Checking partial_sort v0.2.0
[INFO] [stderr]     Checking ip_network v0.4.1
[INFO] [stderr]    Compiling frame-support-procedural v4.0.0-dev (https://github.com/paritytech/substrate.git?branch=polkadot-v1.0.0#948fbd2f)
[INFO] [stderr]    Compiling prost-derive v0.11.9
[INFO] [stderr]    Compiling prettyplease v0.1.25
[INFO] [stderr]    Compiling scratch v1.0.7
[INFO] [stderr]    Compiling link-cplusplus v1.0.9
[INFO] [stderr]    Compiling unicode-width v0.1.10
[INFO] [stderr]    Compiling glob v0.3.1
[INFO] [stderr]    Compiling fixedbitset v0.4.2
[INFO] [stderr]    Compiling clang-sys v1.6.1
[INFO] [stderr]    Compiling petgraph v0.6.3
[INFO] [stderr]    Compiling codespan-reporting v0.11.1
[INFO] [stderr]    Compiling tempfile v3.7.0
[INFO] [stderr]    Compiling which v4.4.0
[INFO] [stderr]    Compiling prost v0.11.9
[INFO] [stderr]     Checking beef v0.5.2
[INFO] [stderr]     Checking bstr v1.6.0
[INFO] [stderr]    Compiling prost-types v0.11.9
[INFO] [stderr]     Checking tower-layer v0.3.2
[INFO] [stderr]    Compiling cxxbridge-flags v1.0.102
[INFO] [stderr]    Compiling prettyplease v0.2.12
[INFO] [stderr]    Compiling multimap v0.8.3
[INFO] [stderr]    Compiling cxx v1.0.102
[INFO] [stderr]     Checking jsonrpsee-types v0.16.2
[INFO] [stderr]    Compiling cxx-build v1.0.102
[INFO] [stderr]    Compiling strum_macros v0.24.3
[INFO] [stderr]     Checking globset v0.4.12
[INFO] [stderr]     Checking memmap2 v0.5.10
[INFO] [stderr]     Checking mockall v0.11.4
[INFO] [stderr]    Compiling minimal-lexical v0.2.1
[INFO] [stderr]     Checking tower v0.4.13
[INFO] [stderr]     Checking tokio-stream v0.1.14
[INFO] [stderr]    Compiling libloading v0.7.4
[INFO] [stderr]    Compiling nom v7.1.3
[INFO] [stderr]     Checking jsonrpsee-core v0.16.2
[INFO] [stderr]    Compiling bindgen v0.65.1
[INFO] [stderr]    Compiling prost-build v0.11.9
[INFO] [stderr]     Checking jsonrpsee-server v0.16.2
[INFO] [stderr]    Compiling jsonrpsee-proc-macros v0.16.2
[INFO] [stderr]    Compiling tikv-jemalloc-sys v0.5.3+5.3.0-patched
[INFO] [stderr]    Compiling cexpr v0.6.0
[INFO] [stderr]    Compiling bitflags v1.3.2
[INFO] [stderr]    Compiling lazycell v1.3.0
[INFO] [stderr]    Compiling peeking_take_while v0.1.2
[INFO] [stderr]    Compiling shlex v1.1.0
[INFO] [stderr]    Compiling sc-chain-spec-derive v4.0.0-dev (https://github.com/paritytech/substrate.git?branch=polkadot-v1.0.0#948fbd2f)
[INFO] [stderr]    Compiling cxxbridge-macro v1.0.102
[INFO] [stderr]    Compiling wasm-opt-sys v0.112.0
[INFO] [stderr]    Compiling lz4-sys v1.9.4
[INFO] [stderr]    Compiling cfg_aliases v0.1.1
[INFO] [stderr]    Compiling wasm-opt-cxx-sys v0.112.0
[INFO] [stderr]     Checking jsonrpsee v0.16.2
[INFO] [stderr]    Compiling camino v1.1.6
[INFO] [stderr]    Compiling equivalent v1.0.1
[INFO] [stderr]    Compiling snap v1.1.0
[INFO] [stderr]    Compiling hashbrown v0.14.0
[INFO] [stderr]    Compiling serde_spanned v0.6.3
[INFO] [stderr]    Compiling toml_datetime v0.6.3
[INFO] [stderr]    Compiling num-integer v0.1.45
[INFO] [stderr]    Compiling indexmap v2.0.0
[INFO] [stderr]     Checking bytemuck v1.13.1
[INFO] [stderr]    Compiling semver-parser v0.7.0
[INFO] [stderr]    Compiling winnow v0.5.1
[INFO] [stderr]    Compiling semver v0.6.0
[INFO] [stderr]     Checking safe_arch v0.7.1
[INFO] [stderr]    Compiling static_init_macro v1.0.2
[INFO] [stderr]    Compiling strum v0.24.1
[INFO] [stderr]    Compiling cargo-platform v0.1.3
[INFO] [stderr]     Checking fs2 v0.4.3
[INFO] [stderr]    Compiling matrixmultiply v0.3.7
[INFO] [stderr]    Compiling num-rational v0.4.1
[INFO] [stderr]    Compiling ucd-trie v0.1.6
[INFO] [stderr]    Compiling same-file v1.0.6
[INFO] [stderr]     Checking utf8parse v0.2.1
[INFO] [stderr]     Checking siphasher v0.3.10
[INFO] [stderr]    Compiling toml_edit v0.19.14
[INFO] [stderr]    Compiling walkdir v2.3.3
[INFO] [stderr]     Checking anstyle-parse v0.2.1
[INFO] [stderr]    Compiling pest v2.7.1
[INFO] [stderr]    Compiling cargo_metadata v0.15.4
[INFO] [stderr]     Checking wide v0.7.11
[INFO] [stderr]    Compiling build-helper v0.1.1
[INFO] [stderr]    Compiling static_init v1.0.3
[INFO] [stderr]    Compiling sc-network-bitswap v0.10.0-dev (https://github.com/paritytech/substrate.git?branch=polkadot-v1.0.0#948fbd2f)
[INFO] [stderr]    Compiling sc-network-light v0.10.0-dev (https://github.com/paritytech/substrate.git?branch=polkadot-v1.0.0#948fbd2f)
[INFO] [stderr]    Compiling sc-network-sync v0.10.0-dev (https://github.com/paritytech/substrate.git?branch=polkadot-v1.0.0#948fbd2f)
[INFO] [stderr]    Compiling toml v0.7.6
[INFO] [stderr]    Compiling librocksdb-sys v0.11.0+8.1.1
[INFO] [stderr]     Checking fork-tree v3.0.0 (https://github.com/paritytech/substrate.git?branch=polkadot-v1.0.0#948fbd2f)
[INFO] [stderr]    Compiling sc-tracing-proc-macro v4.0.0-dev (https://github.com/paritytech/substrate.git?branch=polkadot-v1.0.0#948fbd2f)
[INFO] [stderr]     Checking num-complex v0.4.3
[INFO] [stderr]     Checking approx v0.5.1
[INFO] [stderr]    Compiling filetime v0.2.21
[INFO] [stderr]     Checking atty v0.2.14
[INFO] [stderr]     Checking anstyle-query v1.0.0
[INFO] [stderr]     Checking anstyle v1.0.1
[INFO] [stderr]    Compiling rustls v0.21.5
[INFO] [stderr]     Checking colorchoice v1.0.0
[INFO] [stderr]     Checking rawpointer v0.2.1
[INFO] [stderr]     Checking http-range-header v0.3.1
[INFO] [stderr]    Compiling sc-sysinfo v6.0.0-dev (https://github.com/paritytech/substrate.git?branch=polkadot-v1.0.0#948fbd2f)
[INFO] [stderr]     Checking tower-http v0.4.3
[INFO] [stderr]     Checking anstream v0.3.2
[INFO] [stderr]     Checking simba v0.8.1
[INFO] [stderr]    Compiling pest_meta v2.7.1
[INFO] [stderr]     Checking rustls-webpki v0.101.2
[INFO] [stderr]     Checking kvdb-memorydb v0.13.0
[INFO] [stderr]    Compiling nalgebra-macros v0.2.1
[INFO] [stderr]     Checking rand_pcg v0.3.1
[INFO] [stderr]     Checking dirs-sys v0.3.7
[INFO] [stderr]     Checking strsim v0.10.0
[INFO] [stderr]    Compiling names v0.13.0
[INFO] [stderr]     Checking clap_lex v0.5.0
[INFO] [stderr]     Checking clap_builder v4.3.24
[INFO] [stderr]     Checking directories v4.0.1
[INFO] [stderr]    Compiling pest_generator v2.7.1
[INFO] [stderr]     Checking sc-rpc-server v4.0.0-dev (https://github.com/paritytech/substrate.git?branch=polkadot-v1.0.0#948fbd2f)
[INFO] [stderr]     Checking tracing-futures v0.2.5
[INFO] [stderr]    Compiling clap_derive v4.3.12
[INFO] [stderr]     Checking rustls-pemfile v1.0.3
[INFO] [stderr]     Checking exit-future v0.2.0
[INFO] [stderr]     Checking rtoolbox v0.0.1
[INFO] [stderr]     Checking openssl-probe v0.1.5
[INFO] [stderr]    Compiling sc-consensus-slots v0.10.0-dev (https://github.com/paritytech/substrate.git?branch=polkadot-v1.0.0#948fbd2f)
[INFO] [stderr]    Compiling pest_derive v2.7.1
[INFO] [stderr]     Checking rustls-native-certs v0.6.3
[INFO] [stderr]     Checking rpassword v7.2.0
[INFO] [stderr]     Checking fdlimit v0.2.1
[INFO] [stderr]    Compiling frame-benchmarking-cli v4.0.0-dev (https://github.com/paritytech/substrate.git?branch=polkadot-v1.0.0#948fbd2f)
[INFO] [stderr]    Compiling substrate-build-script-utils v3.0.0 (https://github.com/paritytech/substrate.git?branch=polkadot-v1.0.0#948fbd2f)
[INFO] [stderr]     Checking tokio-rustls v0.24.1
[INFO] [stderr]     Checking comfy-table v7.0.1
[INFO] [stderr]    Compiling node-template v4.0.0-dev (/opt/rustwide/workdir/node)
[INFO] [stderr]     Checking hyper-rustls v0.24.1
[INFO] [stderr]     Checking sc-proposer-metrics v0.10.0-dev (https://github.com/paritytech/substrate.git?branch=polkadot-v1.0.0#948fbd2f)
[INFO] [stderr]     Checking threadpool v1.8.1
[INFO] [stderr]     Checking gethostname v0.2.3
[INFO] [stderr]     Checking thousands v0.2.0
[INFO] [stderr]     Checking handlebars v4.3.7
[INFO] [stderr]     Checking clap v4.3.24
[INFO] [stderr]     Checking multihash v0.17.0
[INFO] [stderr]     Checking nalgebra v0.32.3
[INFO] [stderr]     Checking multiaddr v0.17.1
[INFO] [stderr]     Checking cid v0.9.0
[INFO] [stderr]     Checking libp2p-identity v0.1.2
[INFO] [stderr]     Checking libp2p-core v0.39.2
[INFO] [stderr]     Checking secp256k1 v0.24.3
[INFO] [stderr]     Checking libp2p-swarm v0.42.2
[INFO] [stderr]     Checking libp2p-websocket v0.41.0
[INFO] [stderr]     Checking libp2p-yamux v0.43.1
[INFO] [stderr]     Checking libp2p-tcp v0.39.0
[INFO] [stderr]     Checking libp2p-wasm-ext v0.39.0
[INFO] [stderr]     Checking libp2p-dns v0.39.0
[INFO] [stderr]     Checking libp2p-noise v0.42.2
[INFO] [stderr]     Checking libp2p-mdns v0.43.1
[INFO] [stderr]     Checking libp2p-kad v0.43.3
[INFO] [stderr]     Checking libp2p-request-response v0.24.1
[INFO] [stderr]     Checking libp2p-identify v0.42.2
[INFO] [stderr]     Checking libp2p-allow-block-list v0.1.1
[INFO] [stderr]     Checking libp2p-connection-limits v0.1.0
[INFO] [stderr]     Checking libp2p-ping v0.42.0
[INFO] [stderr]     Checking libp2p v0.51.3
[INFO] [stderr]     Checking sc-telemetry v4.0.0-dev (https://github.com/paritytech/substrate.git?branch=polkadot-v1.0.0#948fbd2f)
[INFO] [stderr]     Checking lz4 v1.24.0
[INFO] [stderr]     Checking parity-db v0.4.10
[INFO] [stderr]     Checking linregress v0.5.2
[INFO] [stderr]     Checking zstd v0.11.2+zstd.1.5.2
[INFO] [stderr]     Checking zstd v0.12.4
[INFO] [stderr]     Checking sp-maybe-compressed-blob v4.1.0-dev (https://github.com/paritytech/substrate.git?branch=polkadot-v1.0.0#948fbd2f)
[INFO] [stderr]     Checking sp-wasm-interface v14.0.0 (https://github.com/paritytech/substrate.git?branch=polkadot-v1.0.0#948fbd2f)
[INFO] [stderr]     Checking sp-runtime-interface v17.0.0 (https://github.com/paritytech/substrate.git?branch=polkadot-v1.0.0#948fbd2f)
[INFO] [stderr]     Checking sp-core v21.0.0 (https://github.com/paritytech/substrate.git?branch=polkadot-v1.0.0#948fbd2f)
[INFO] [stderr] The following warnings were emitted during compilation:
[INFO] [stderr] 
[INFO] [stderr] warning: wasm-opt-sys@0.112.0: c++: fatal error: Killed signal terminated program cc1plus
[INFO] [stderr] warning: wasm-opt-sys@0.112.0: compilation terminated.
[INFO] [stderr] warning: wasm-opt-sys@0.112.0: c++: fatal error: Killed signal terminated program cc1plus
[INFO] [stderr] warning: wasm-opt-sys@0.112.0: compilation terminated.
[INFO] [stderr] warning: wasm-opt-sys@0.112.0: c++: fatal error: Killed signal terminated program cc1plus
[INFO] [stderr] warning: wasm-opt-sys@0.112.0: compilation terminated.
[INFO] [stderr] warning: wasm-opt-sys@0.112.0: c++: fatal error: Killed signal terminated program cc1plus
[INFO] [stderr] warning: wasm-opt-sys@0.112.0: compilation terminated.
[INFO] [stderr] warning: wasm-opt-sys@0.112.0: c++: fatal error: Killed signal terminated program cc1plus
[INFO] [stderr] warning: wasm-opt-sys@0.112.0: compilation terminated.
[INFO] [stderr] 
[INFO] [stderr] error: failed to run custom build command for `wasm-opt-sys v0.112.0`
[INFO] [stderr] note: To improve backtraces for build dependencies, set the CARGO_PROFILE_DEV_BUILD_OVERRIDE_DEBUG=true environment variable to enable debug information generation.
[INFO] [stderr] 
[INFO] [stderr] Caused by:
[INFO] [stderr]   process didn't exit successfully: `/opt/rustwide/target/debug/build/wasm-opt-sys-ae2dd39763577291/build-script-build` (exit status: 1)
[INFO] [stderr]   --- stdout
[INFO] [stderr]   TARGET = Some("x86_64-unknown-linux-gnu")
[INFO] [stderr]   HOST = Some("x86_64-unknown-linux-gnu")
[INFO] [stderr]   cargo:rerun-if-env-changed=CXX_x86_64-unknown-linux-gnu
[INFO] [stderr]   CXX_x86_64-unknown-linux-gnu = None
[INFO] [stderr]   cargo:rerun-if-env-changed=CXX_x86_64_unknown_linux_gnu
[INFO] [stderr]   CXX_x86_64_unknown_linux_gnu = None
[INFO] [stderr]   cargo:rerun-if-env-changed=HOST_CXX
[INFO] [stderr]   HOST_CXX = None
[INFO] [stderr]   cargo:rerun-if-env-changed=CXX
[INFO] [stderr]   CXX = None
[INFO] [stderr]   cargo:rerun-if-env-changed=CXXFLAGS_x86_64-unknown-linux-gnu
[INFO] [stderr]   CXXFLAGS_x86_64-unknown-linux-gnu = None
[INFO] [stderr]   cargo:rerun-if-env-changed=CXXFLAGS_x86_64_unknown_linux_gnu
[INFO] [stderr]   CXXFLAGS_x86_64_unknown_linux_gnu = None
[INFO] [stderr]   cargo:rerun-if-env-changed=HOST_CXXFLAGS
[INFO] [stderr]   HOST_CXXFLAGS = None
[INFO] [stderr]   cargo:rerun-if-env-changed=CXXFLAGS
[INFO] [stderr]   CXXFLAGS = None
[INFO] [stderr]   cargo:rerun-if-env-changed=CRATE_CC_NO_DEFAULTS
[INFO] [stderr]   CRATE_CC_NO_DEFAULTS = None
[INFO] [stderr]   CARGO_CFG_TARGET_FEATURE = Some("fxsr,sse,sse2")
[INFO] [stderr]   cargo:CXXBRIDGE_PREFIX=wasm-opt-sys
[INFO] [stderr]   cargo:CXXBRIDGE_LINKS=binaryen
[INFO] [stderr]   cargo:CXXBRIDGE_DIR0=/opt/rustwide/target/debug/build/wasm-opt-sys-a7dd98fbb2d4e777/out/cxxbridge/include
[INFO] [stderr]   cargo:CXXBRIDGE_DIR1=/opt/rustwide/target/debug/build/wasm-opt-sys-a7dd98fbb2d4e777/out/cxxbridge/crate
[INFO] [stderr]   cargo:CXXBRIDGE_DIR2=/opt/rustwide/cargo-home/registry/src/index.crates.io-6f17d22bba15001f/wasm-opt-sys-0.112.0/binaryen/src
[INFO] [stderr]   cargo:CXXBRIDGE_DIR3=/opt/rustwide/cargo-home/registry/src/index.crates.io-6f17d22bba15001f/wasm-opt-sys-0.112.0/binaryen/src/tools
[INFO] [stderr]   cargo:CXXBRIDGE_DIR4=/opt/rustwide/target/debug/build/wasm-opt-sys-a7dd98fbb2d4e777/out
[INFO] [stderr]   TARGET = Some("x86_64-unknown-linux-gnu")
[INFO] [stderr]   OPT_LEVEL = Some("0")
[INFO] [stderr]   HOST = Some("x86_64-unknown-linux-gnu")
[INFO] [stderr]   cargo:rerun-if-env-changed=CXX_x86_64-unknown-linux-gnu
[INFO] [stderr]   CXX_x86_64-unknown-linux-gnu = None
[INFO] [stderr]   cargo:rerun-if-env-changed=CXX_x86_64_unknown_linux_gnu
[INFO] [stderr]   CXX_x86_64_unknown_linux_gnu = None
[INFO] [stderr]   cargo:rerun-if-env-changed=HOST_CXX
[INFO] [stderr]   HOST_CXX = None
[INFO] [stderr]   cargo:rerun-if-env-changed=CXX
[INFO] [stderr]   CXX = None
[INFO] [stderr]   cargo:rerun-if-env-changed=CXXFLAGS_x86_64-unknown-linux-gnu
[INFO] [stderr]   CXXFLAGS_x86_64-unknown-linux-gnu = None
[INFO] [stderr]   cargo:rerun-if-env-changed=CXXFLAGS_x86_64_unknown_linux_gnu
[INFO] [stderr]   CXXFLAGS_x86_64_unknown_linux_gnu = None
[INFO] [stderr]   cargo:rerun-if-env-changed=HOST_CXXFLAGS
[INFO] [stderr]   HOST_CXXFLAGS = None
[INFO] [stderr]   cargo:rerun-if-env-changed=CXXFLAGS
[INFO] [stderr]   CXXFLAGS = None
[INFO] [stderr]   cargo:rerun-if-env-changed=CRATE_CC_NO_DEFAULTS
[INFO] [stderr]   CRATE_CC_NO_DEFAULTS = None
[INFO] [stderr]   DEBUG = Some("false")
[INFO] [stderr]   CARGO_CFG_TARGET_FEATURE = Some("fxsr,sse,sse2")
[INFO] [stderr]   running: "c++" "-O0" "-ffunction-sections" "-fdata-sections" "-fPIC" "-m64" "-I" "/opt/rustwide/target/debug/build/wasm-opt-sys-a7dd98fbb2d4e777/out/cxxbridge/include" "-I" "/opt/rustwide/target/debug/build/wasm-opt-sys-a7dd98fbb2d4e777/out/cxxbridge/crate" "-I" "/opt/rustwide/cargo-home/registry/src/index.crates.io-6f17d22bba15001f/wasm-opt-sys-0.112.0/binaryen/src" "-I" "/opt/rustwide/cargo-home/registry/src/index.crates.io-6f17d22bba15001f/wasm-opt-sys-0.112.0/binaryen/src/tools" "-I" "/opt/rustwide/target/debug/build/wasm-opt-sys-a7dd98fbb2d4e777/out" "-Wall" "-Wextra" "-std=c++17" "-Wno-unused-parameter" "-DTHROW_ON_FATAL" "-o" "/opt/rustwide/target/debug/build/wasm-opt-sys-a7dd98fbb2d4e777/out/23b17bd811c7d4b1-lib.rs.o" "-c" "/opt/rustwide/target/debug/build/wasm-opt-sys-a7dd98fbb2d4e777/out/cxxbridge/sources/wasm-opt-sys/src/lib.rs.cc"
[INFO] [stderr]   exit status: 0
[INFO] [stderr]   running: "c++" "-O0" "-ffunction-sections" "-fdata-sections" "-fPIC" "-m64" "-I" "/opt/rustwide/target/debug/build/wasm-opt-sys-a7dd98fbb2d4e777/out/cxxbridge/include" "-I" "/opt/rustwide/target/debug/build/wasm-opt-sys-a7dd98fbb2d4e777/out/cxxbridge/crate" "-I" "/opt/rustwide/cargo-home/registry/src/index.crates.io-6f17d22bba15001f/wasm-opt-sys-0.112.0/binaryen/src" "-I" "/opt/rustwide/cargo-home/registry/src/index.crates.io-6f17d22bba15001f/wasm-opt-sys-0.112.0/binaryen/src/tools" "-I" "/opt/rustwide/target/debug/build/wasm-opt-sys-a7dd98fbb2d4e777/out" "-Wall" "-Wextra" "-std=c++17" "-Wno-unused-parameter" "-DTHROW_ON_FATAL" "-o" "/opt/rustwide/target/debug/build/wasm-opt-sys-a7dd98fbb2d4e777/out/85ae773ca7471357-wasm-opt-main-shim.o" "-c" "/opt/rustwide/cargo-home/registry/src/index.crates.io-6f17d22bba15001f/wasm-opt-sys-0.112.0/src/wasm-opt-main-shim.cpp"
[INFO] [stderr]   running: "c++" "-O0" "-ffunction-sections" "-fdata-sections" "-fPIC" "-m64" "-I" "/opt/rustwide/target/debug/build/wasm-opt-sys-a7dd98fbb2d4e777/out/cxxbridge/include" "-I" "/opt/rustwide/target/debug/build/wasm-opt-sys-a7dd98fbb2d4e777/out/cxxbridge/crate" "-I" "/opt/rustwide/cargo-home/registry/src/index.crates.io-6f17d22bba15001f/wasm-opt-sys-0.112.0/binaryen/src" "-I" "/opt/rustwide/cargo-home/registry/src/index.crates.io-6f17d22bba15001f/wasm-opt-sys-0.112.0/binaryen/src/tools" "-I" "/opt/rustwide/target/debug/build/wasm-opt-sys-a7dd98fbb2d4e777/out" "-Wall" "-Wextra" "-std=c++17" "-Wno-unused-parameter" "-DTHROW_ON_FATAL" "-o" "/opt/rustwide/target/debug/build/wasm-opt-sys-a7dd98fbb2d4e777/out/5f53056bd17aea21-literal.o" "-c" "/opt/rustwide/cargo-home/registry/src/index.crates.io-6f17d22bba15001f/wasm-opt-sys-0.112.0/binaryen/src/wasm/literal.cpp"
[INFO] [stderr]   exit status: 0
[INFO] [stderr]   running: "c++" "-O0" "-ffunction-sections" "-fdata-sections" "-fPIC" "-m64" "-I" "/opt/rustwide/target/debug/build/wasm-opt-sys-a7dd98fbb2d4e777/out/cxxbridge/include" "-I" "/opt/rustwide/target/debug/build/wasm-opt-sys-a7dd98fbb2d4e777/out/cxxbridge/crate" "-I" "/opt/rustwide/cargo-home/registry/src/index.crates.io-6f17d22bba15001f/wasm-opt-sys-0.112.0/binaryen/src" "-I" "/opt/rustwide/cargo-home/registry/src/index.crates.io-6f17d22bba15001f/wasm-opt-sys-0.112.0/binaryen/src/tools" "-I" "/opt/rustwide/target/debug/build/wasm-opt-sys-a7dd98fbb2d4e777/out" "-Wall" "-Wextra" "-std=c++17" "-Wno-unused-parameter" "-DTHROW_ON_FATAL" "-o" "/opt/rustwide/target/debug/build/wasm-opt-sys-a7dd98fbb2d4e777/out/5f53056bd17aea21-parsing.o" "-c" "/opt/rustwide/cargo-home/registry/src/index.crates.io-6f17d22bba15001f/wasm-opt-sys-0.112.0/binaryen/src/wasm/parsing.cpp"
[INFO] [stderr]   running: "c++" "-O0" "-ffunction-sections" "-fdata-sections" "-fPIC" "-m64" "-I" "/opt/rustwide/target/debug/build/wasm-opt-sys-a7dd98fbb2d4e777/out/cxxbridge/include" "-I" "/opt/rustwide/target/debug/build/wasm-opt-sys-a7dd98fbb2d4e777/out/cxxbridge/crate" "-I" "/opt/rustwide/cargo-home/registry/src/index.crates.io-6f17d22bba15001f/wasm-opt-sys-0.112.0/binaryen/src" "-I" "/opt/rustwide/cargo-home/registry/src/index.crates.io-6f17d22bba15001f/wasm-opt-sys-0.112.0/binaryen/src/tools" "-I" "/opt/rustwide/target/debug/build/wasm-opt-sys-a7dd98fbb2d4e777/out" "-Wall" "-Wextra" "-std=c++17" "-Wno-unused-parameter" "-DTHROW_ON_FATAL" "-o" "/opt/rustwide/target/debug/build/wasm-opt-sys-a7dd98fbb2d4e777/out/5f53056bd17aea21-wasm-binary.o" "-c" "/opt/rustwide/cargo-home/registry/src/index.crates.io-6f17d22bba15001f/wasm-opt-sys-0.112.0/binaryen/src/wasm/wasm-binary.cpp"
[INFO] [stderr]   running: "c++" "-O0" "-ffunction-sections" "-fdata-sections" "-fPIC" "-m64" "-I" "/opt/rustwide/target/debug/build/wasm-opt-sys-a7dd98fbb2d4e777/out/cxxbridge/include" "-I" "/opt/rustwide/target/debug/build/wasm-opt-sys-a7dd98fbb2d4e777/out/cxxbridge/crate" "-I" "/opt/rustwide/cargo-home/registry/src/index.crates.io-6f17d22bba15001f/wasm-opt-sys-0.112.0/binaryen/src" "-I" "/opt/rustwide/cargo-home/registry/src/index.crates.io-6f17d22bba15001f/wasm-opt-sys-0.112.0/binaryen/src/tools" "-I" "/opt/rustwide/target/debug/build/wasm-opt-sys-a7dd98fbb2d4e777/out" "-Wall" "-Wextra" "-std=c++17" "-Wno-unused-parameter" "-DTHROW_ON_FATAL" "-o" "/opt/rustwide/target/debug/build/wasm-opt-sys-a7dd98fbb2d4e777/out/5f53056bd17aea21-wasm-debug.o" "-c" "/opt/rustwide/cargo-home/registry/src/index.crates.io-6f17d22bba15001f/wasm-opt-sys-0.112.0/binaryen/src/wasm/wasm-debug.cpp"
[INFO] [stderr]   running: "c++" "-O0" "-ffunction-sections" "-fdata-sections" "-fPIC" "-m64" "-I" "/opt/rustwide/target/debug/build/wasm-opt-sys-a7dd98fbb2d4e777/out/cxxbridge/include" "-I" "/opt/rustwide/target/debug/build/wasm-opt-sys-a7dd98fbb2d4e777/out/cxxbridge/crate" "-I" "/opt/rustwide/cargo-home/registry/src/index.crates.io-6f17d22bba15001f/wasm-opt-sys-0.112.0/binaryen/src" "-I" "/opt/rustwide/cargo-home/registry/src/index.crates.io-6f17d22bba15001f/wasm-opt-sys-0.112.0/binaryen/src/tools" "-I" "/opt/rustwide/target/debug/build/wasm-opt-sys-a7dd98fbb2d4e777/out" "-Wall" "-Wextra" "-std=c++17" "-Wno-unused-parameter" "-DTHROW_ON_FATAL" "-o" "/opt/rustwide/target/debug/build/wasm-opt-sys-a7dd98fbb2d4e777/out/5f53056bd17aea21-wasm-emscripten.o" "-c" "/opt/rustwide/cargo-home/registry/src/index.crates.io-6f17d22bba15001f/wasm-opt-sys-0.112.0/binaryen/src/wasm/wasm-emscripten.cpp"
[INFO] [stderr]   exit status: 0
[INFO] [stderr]   running: "c++" "-O0" "-ffunction-sections" "-fdata-sections" "-fPIC" "-m64" "-I" "/opt/rustwide/target/debug/build/wasm-opt-sys-a7dd98fbb2d4e777/out/cxxbridge/include" "-I" "/opt/rustwide/target/debug/build/wasm-opt-sys-a7dd98fbb2d4e777/out/cxxbridge/crate" "-I" "/opt/rustwide/cargo-home/registry/src/index.crates.io-6f17d22bba15001f/wasm-opt-sys-0.112.0/binaryen/src" "-I" "/opt/rustwide/cargo-home/registry/src/index.crates.io-6f17d22bba15001f/wasm-opt-sys-0.112.0/binaryen/src/tools" "-I" "/opt/rustwide/target/debug/build/wasm-opt-sys-a7dd98fbb2d4e777/out" "-Wall" "-Wextra" "-std=c++17" "-Wno-unused-parameter" "-DTHROW_ON_FATAL" "-o" "/opt/rustwide/target/debug/build/wasm-opt-sys-a7dd98fbb2d4e777/out/5f53056bd17aea21-wasm-interpreter.o" "-c" "/opt/rustwide/cargo-home/registry/src/index.crates.io-6f17d22bba15001f/wasm-opt-sys-0.112.0/binaryen/src/wasm/wasm-interpreter.cpp"
[INFO] [stderr]   running: "c++" "-O0" "-ffunction-sections" "-fdata-sections" "-fPIC" "-m64" "-I" "/opt/rustwide/target/debug/build/wasm-opt-sys-a7dd98fbb2d4e777/out/cxxbridge/include" "-I" "/opt/rustwide/target/debug/build/wasm-opt-sys-a7dd98fbb2d4e777/out/cxxbridge/crate" "-I" "/opt/rustwide/cargo-home/registry/src/index.crates.io-6f17d22bba15001f/wasm-opt-sys-0.112.0/binaryen/src" "-I" "/opt/rustwide/cargo-home/registry/src/index.crates.io-6f17d22bba15001f/wasm-opt-sys-0.112.0/binaryen/src/tools" "-I" "/opt/rustwide/target/debug/build/wasm-opt-sys-a7dd98fbb2d4e777/out" "-Wall" "-Wextra" "-std=c++17" "-Wno-unused-parameter" "-DTHROW_ON_FATAL" "-o" "/opt/rustwide/target/debug/build/wasm-opt-sys-a7dd98fbb2d4e777/out/5f53056bd17aea21-wasm-io.o" "-c" "/opt/rustwide/cargo-home/registry/src/index.crates.io-6f17d22bba15001f/wasm-opt-sys-0.112.0/binaryen/src/wasm/wasm-io.cpp"
[INFO] [stderr]   exit status: 0
[INFO] [stderr]   running: "c++" "-O0" "-ffunction-sections" "-fdata-sections" "-fPIC" "-m64" "-I" "/opt/rustwide/target/debug/build/wasm-opt-sys-a7dd98fbb2d4e777/out/cxxbridge/include" "-I" "/opt/rustwide/target/debug/build/wasm-opt-sys-a7dd98fbb2d4e777/out/cxxbridge/crate" "-I" "/opt/rustwide/cargo-home/registry/src/index.crates.io-6f17d22bba15001f/wasm-opt-sys-0.112.0/binaryen/src" "-I" "/opt/rustwide/cargo-home/registry/src/index.crates.io-6f17d22bba15001f/wasm-opt-sys-0.112.0/binaryen/src/tools" "-I" "/opt/rustwide/target/debug/build/wasm-opt-sys-a7dd98fbb2d4e777/out" "-Wall" "-Wextra" "-std=c++17" "-Wno-unused-parameter" "-DTHROW_ON_FATAL" "-o" "/opt/rustwide/target/debug/build/wasm-opt-sys-a7dd98fbb2d4e777/out/5f53056bd17aea21-wasm-stack.o" "-c" "/opt/rustwide/cargo-home/registry/src/index.crates.io-6f17d22bba15001f/wasm-opt-sys-0.112.0/binaryen/src/wasm/wasm-stack.cpp"
[INFO] [stderr]   exit status: 0
[INFO] [stderr]   running: "c++" "-O0" "-ffunction-sections" "-fdata-sections" "-fPIC" "-m64" "-I" "/opt/rustwide/target/debug/build/wasm-opt-sys-a7dd98fbb2d4e777/out/cxxbridge/include" "-I" "/opt/rustwide/target/debug/build/wasm-opt-sys-a7dd98fbb2d4e777/out/cxxbridge/crate" "-I" "/opt/rustwide/cargo-home/registry/src/index.crates.io-6f17d22bba15001f/wasm-opt-sys-0.112.0/binaryen/src" "-I" "/opt/rustwide/cargo-home/registry/src/index.crates.io-6f17d22bba15001f/wasm-opt-sys-0.112.0/binaryen/src/tools" "-I" "/opt/rustwide/target/debug/build/wasm-opt-sys-a7dd98fbb2d4e777/out" "-Wall" "-Wextra" "-std=c++17" "-Wno-unused-parameter" "-DTHROW_ON_FATAL" "-o" "/opt/rustwide/target/debug/build/wasm-opt-sys-a7dd98fbb2d4e777/out/5f53056bd17aea21-wasm-s-parser.o" "-c" "/opt/rustwide/cargo-home/registry/src/index.crates.io-6f17d22bba15001f/wasm-opt-sys-0.112.0/binaryen/src/wasm/wasm-s-parser.cpp"
[INFO] [stderr]   running: "c++" "-O0" "-ffunction-sections" "-fdata-sections" "-fPIC" "-m64" "-I" "/opt/rustwide/target/debug/build/wasm-opt-sys-a7dd98fbb2d4e777/out/cxxbridge/include" "-I" "/opt/rustwide/target/debug/build/wasm-opt-sys-a7dd98fbb2d4e777/out/cxxbridge/crate" "-I" "/opt/rustwide/cargo-home/registry/src/index.crates.io-6f17d22bba15001f/wasm-opt-sys-0.112.0/binaryen/src" "-I" "/opt/rustwide/cargo-home/registry/src/index.crates.io-6f17d22bba15001f/wasm-opt-sys-0.112.0/binaryen/src/tools" "-I" "/opt/rustwide/target/debug/build/wasm-opt-sys-a7dd98fbb2d4e777/out" "-Wall" "-Wextra" "-std=c++17" "-Wno-unused-parameter" "-DTHROW_ON_FATAL" "-o" "/opt/rustwide/target/debug/build/wasm-opt-sys-a7dd98fbb2d4e777/out/5f53056bd17aea21-wasm-type.o" "-c" "/opt/rustwide/cargo-home/registry/src/index.crates.io-6f17d22bba15001f/wasm-opt-sys-0.112.0/binaryen/src/wasm/wasm-type.cpp"
[INFO] [stderr]   cargo:warning=c++: fatal error: Killed signal terminated program cc1plus
[INFO] [stderr]   cargo:warning=compilation terminated.
[INFO] [stderr]   exit status: 1
[INFO] [stderr]   cargo:warning=c++: fatal error: Killed signal terminated program cc1plus
[INFO] [stderr]   cargo:warning=compilation terminated.
[INFO] [stderr]   exit status: 1
[INFO] [stderr]   running: "c++" "-O0" "-ffunction-sections" "-fdata-sections" "-fPIC" "-m64" "-I" "/opt/rustwide/target/debug/build/wasm-opt-sys-a7dd98fbb2d4e777/out/cxxbridge/include" "-I" "/opt/rustwide/target/debug/build/wasm-opt-sys-a7dd98fbb2d4e777/out/cxxbridge/crate" "-I" "/opt/rustwide/cargo-home/registry/src/index.crates.io-6f17d22bba15001f/wasm-opt-sys-0.112.0/binaryen/src" "-I" "/opt/rustwide/cargo-home/registry/src/index.crates.io-6f17d22bba15001f/wasm-opt-sys-0.112.0/binaryen/src/tools" "-I" "/opt/rustwide/target/debug/build/wasm-opt-sys-a7dd98fbb2d4e777/out" "-Wall" "-Wextra" "-std=c++17" "-Wno-unused-parameter" "-DTHROW_ON_FATAL" "-o" "/opt/rustwide/target/debug/build/wasm-opt-sys-a7dd98fbb2d4e777/out/5f53056bd17aea21-wasm-validator.o" "-c" "/opt/rustwide/cargo-home/registry/src/index.crates.io-6f17d22bba15001f/wasm-opt-sys-0.112.0/binaryen/src/wasm/wasm-validator.cpp"
[INFO] [stderr]   cargo:warning=c++: fatal error: Killed signal terminated program cc1plus
[INFO] [stderr]   cargo:warning=compilation terminated.
[INFO] [stderr]   exit status: 1
[INFO] [stderr]   exit status: 0
[INFO] [stderr]   cargo:warning=c++: fatal error: Killed signal terminated program cc1plus
[INFO] [stderr]   cargo:warning=compilation terminated.
[INFO] [stderr]   exit status: 1
[INFO] [stderr]   cargo:warning=c++: fatal error: Killed signal terminated program cc1plus
[INFO] [stderr]   cargo:warning=compilation terminated.
[INFO] [stderr]   exit status: 1
[INFO] [stderr]   exit status: 0
[INFO] [stderr]   exit status: 0
[INFO] [stderr] 
[INFO] [stderr]   --- stderr
[INFO] [stderr] 
[INFO] [stderr]   CXX include path:
[INFO] [stderr]     /opt/rustwide/target/debug/build/wasm-opt-sys-a7dd98fbb2d4e777/out/cxxbridge/include
[INFO] [stderr]     /opt/rustwide/target/debug/build/wasm-opt-sys-a7dd98fbb2d4e777/out/cxxbridge/crate
[INFO] [stderr]     /opt/rustwide/cargo-home/registry/src/index.crates.io-6f17d22bba15001f/wasm-opt-sys-0.112.0/binaryen/src
[INFO] [stderr]     /opt/rustwide/cargo-home/registry/src/index.crates.io-6f17d22bba15001f/wasm-opt-sys-0.112.0/binaryen/src/tools
[INFO] [stderr]     /opt/rustwide/target/debug/build/wasm-opt-sys-a7dd98fbb2d4e777/out
[INFO] [stderr] 
[INFO] [stderr] 
[INFO] [stderr]   error occurred: Command "c++" "-O0" "-ffunction-sections" "-fdata-sections" "-fPIC" "-m64" "-I" "/opt/rustwide/target/debug/build/wasm-opt-sys-a7dd98fbb2d4e777/out/cxxbridge/include" "-I" "/opt/rustwide/target/debug/build/wasm-opt-sys-a7dd98fbb2d4e777/out/cxxbridge/crate" "-I" "/opt/rustwide/cargo-home/registry/src/index.crates.io-6f17d22bba15001f/wasm-opt-sys-0.112.0/binaryen/src" "-I" "/opt/rustwide/cargo-home/registry/src/index.crates.io-6f17d22bba15001f/wasm-opt-sys-0.112.0/binaryen/src/tools" "-I" "/opt/rustwide/target/debug/build/wasm-opt-sys-a7dd98fbb2d4e777/out" "-Wall" "-Wextra" "-std=c++17" "-Wno-unused-parameter" "-DTHROW_ON_FATAL" "-o" "/opt/rustwide/target/debug/build/wasm-opt-sys-a7dd98fbb2d4e777/out/5f53056bd17aea21-wasm-binary.o" "-c" "/opt/rustwide/cargo-home/registry/src/index.crates.io-6f17d22bba15001f/wasm-opt-sys-0.112.0/binaryen/src/wasm/wasm-binary.cpp" with args "c++" did not execute successfully (status code exit status: 1).
[INFO] [stderr] 
[INFO] [stderr] 
[INFO] [stderr] warning: build failed, waiting for other jobs to finish...
[INFO] running `Command { std: "docker" "inspect" "ffa159d34aaa0394a4e4ca6012ccbc6073e2338d7d93628e31191c2cad60698d", kill_on_drop: false }`
[INFO] running `Command { std: "docker" "rm" "-f" "ffa159d34aaa0394a4e4ca6012ccbc6073e2338d7d93628e31191c2cad60698d", kill_on_drop: false }`
[INFO] [stdout] ffa159d34aaa0394a4e4ca6012ccbc6073e2338d7d93628e31191c2cad60698d
