[INFO] cloning repository https://github.com/Lleyton-Ariton/oddity
[INFO] running `Command { std: "git" "-c" "credential.helper=" "-c" "credential.helper=/workspace/cargo-home/bin/git-credential-null" "clone" "--bare" "https://github.com/Lleyton-Ariton/oddity" "/workspace/cache/git-repos/https%3A%2F%2Fgithub.com%2FLleyton-Ariton%2Foddity", kill_on_drop: false }`
[INFO] [stderr] Cloning into bare repository '/workspace/cache/git-repos/https%3A%2F%2Fgithub.com%2FLleyton-Ariton%2Foddity'...
[INFO] running `Command { std: "git" "rev-parse" "HEAD", kill_on_drop: false }`
[INFO] [stdout] 3429f8bf8ff77141ceb220734ae2d72ae1c2ffbf
[INFO] documenting Lleyton-Ariton/oddity against 1.75.0 for beta-1.76-rustdoc-1
[INFO] running `Command { std: "git" "clone" "/workspace/cache/git-repos/https%3A%2F%2Fgithub.com%2FLleyton-Ariton%2Foddity" "/workspace/builds/worker-4-tc1/source", kill_on_drop: false }`
[INFO] [stderr] Cloning into '/workspace/builds/worker-4-tc1/source'...
[INFO] [stderr] done.
[INFO] validating manifest of git repo https://github.com/Lleyton-Ariton/oddity on toolchain 1.75.0
[INFO] running `Command { std: CARGO_HOME="/workspace/cargo-home" RUSTUP_HOME="/workspace/rustup-home" "/workspace/cargo-home/bin/cargo" "+1.75.0" "metadata" "--manifest-path" "Cargo.toml" "--no-deps", kill_on_drop: false }`
[INFO] started tweaking git repo https://github.com/Lleyton-Ariton/oddity
[INFO] finished tweaking git repo https://github.com/Lleyton-Ariton/oddity
[INFO] tweaked toml for git repo https://github.com/Lleyton-Ariton/oddity written to /workspace/builds/worker-4-tc1/source/Cargo.toml
[INFO] crate git repo https://github.com/Lleyton-Ariton/oddity already has a lockfile, it will not be regenerated
[INFO] running `Command { std: CARGO_HOME="/workspace/cargo-home" RUSTUP_HOME="/workspace/rustup-home" "/workspace/cargo-home/bin/cargo" "+1.75.0" "fetch" "--manifest-path" "Cargo.toml", kill_on_drop: false }`
[INFO] [stderr]     Updating crates.io index
[INFO] [stderr]  Downloading crates ...
[INFO] [stderr]   Downloaded pyo3cls v0.12.4
[INFO] [stderr]   Downloaded lapacke v0.2.0
[INFO] [stderr]   Downloaded eq-float v0.1.0
[INFO] [stderr]   Downloaded cauchy v0.2.2
[INFO] [stderr]   Downloaded blas-src v0.6.1
[INFO] [stderr]   Downloaded blas-src v0.2.1
[INFO] [stderr]   Downloaded ctor v0.1.16
[INFO] [stderr]   Downloaded random_choice v0.3.2
[INFO] [stderr]   Downloaded inventory-impl v0.1.9
[INFO] [stderr]   Downloaded lapack-src v0.6.0
[INFO] [stderr]   Downloaded inventory v0.1.9
[INFO] [stderr]   Downloaded pyo3-derive-backend v0.12.4
[INFO] [stderr]   Downloaded ndarray-linalg v0.12.1
[INFO] [stderr]   Downloaded pyo3 v0.12.4
[INFO] [stderr]   Downloaded nalgebra v0.23.1
[INFO] [stderr]   Downloaded quickersort v3.0.1
[INFO] [stderr]   Downloaded simba v0.3.1
[INFO] running `Command { std: "docker" "create" "-v" "/var/lib/crater-agent-workspace/builds/worker-4-tc1/target:/opt/rustwide/target:rw,Z" "-v" "/var/lib/crater-agent-workspace/builds/worker-4-tc1/source:/opt/rustwide/workdir:ro,Z" "-v" "/var/lib/crater-agent-workspace/cargo-home:/opt/rustwide/cargo-home:ro,Z" "-v" "/var/lib/crater-agent-workspace/rustup-home:/opt/rustwide/rustup-home:ro,Z" "-e" "SOURCE_DIR=/opt/rustwide/workdir" "-e" "CARGO_TARGET_DIR=/opt/rustwide/target" "-e" "CARGO_HOME=/opt/rustwide/cargo-home" "-e" "RUSTUP_HOME=/opt/rustwide/rustup-home" "-w" "/opt/rustwide/workdir" "-m" "1610612736" "--user" "0:0" "--network" "none" "ghcr.io/rust-lang/crates-build-env/linux@sha256:2788e3201cd34a07e3172128adcd8b3090168a8e3bcc40d7c032b9dda1df7d1c" "/opt/rustwide/cargo-home/bin/cargo" "+1.75.0" "metadata" "--no-deps" "--format-version=1", kill_on_drop: false }`
[INFO] [stdout] be64a4ae6849e539dbe727da911894beb80a8a53a017382f4ff78d7c54e4e49c
[INFO] running `Command { std: "docker" "start" "-a" "be64a4ae6849e539dbe727da911894beb80a8a53a017382f4ff78d7c54e4e49c", kill_on_drop: false }`
[INFO] running `Command { std: "docker" "inspect" "be64a4ae6849e539dbe727da911894beb80a8a53a017382f4ff78d7c54e4e49c", kill_on_drop: false }`
[INFO] running `Command { std: "docker" "rm" "-f" "be64a4ae6849e539dbe727da911894beb80a8a53a017382f4ff78d7c54e4e49c", kill_on_drop: false }`
[INFO] [stdout] be64a4ae6849e539dbe727da911894beb80a8a53a017382f4ff78d7c54e4e49c
[INFO] running `Command { std: "docker" "create" "-v" "/var/lib/crater-agent-workspace/builds/worker-4-tc1/target:/opt/rustwide/target:rw,Z" "-v" "/var/lib/crater-agent-workspace/builds/worker-4-tc1/source:/opt/rustwide/workdir:ro,Z" "-v" "/var/lib/crater-agent-workspace/cargo-home:/opt/rustwide/cargo-home:ro,Z" "-v" "/var/lib/crater-agent-workspace/rustup-home:/opt/rustwide/rustup-home:ro,Z" "-e" "SOURCE_DIR=/opt/rustwide/workdir" "-e" "CARGO_TARGET_DIR=/opt/rustwide/target" "-e" "CARGO_INCREMENTAL=0" "-e" "RUST_BACKTRACE=full" "-e" "RUSTFLAGS=--cap-lints=warn" "-e" "RUSTDOCFLAGS=--cap-lints=warn" "-e" "CARGO_HOME=/opt/rustwide/cargo-home" "-e" "RUSTUP_HOME=/opt/rustwide/rustup-home" "-w" "/opt/rustwide/workdir" "-m" "1610612736" "--user" "0:0" "--network" "none" "ghcr.io/rust-lang/crates-build-env/linux@sha256:2788e3201cd34a07e3172128adcd8b3090168a8e3bcc40d7c032b9dda1df7d1c" "/opt/rustwide/cargo-home/bin/cargo" "+1.75.0" "doc" "--frozen" "--no-deps" "--document-private-items" "--message-format=json", kill_on_drop: false }`
[INFO] [stdout] 2ff246bb12c8546fbfeb563d3ec2c662a0c66bbd659800a0dc41bf4c6a274f9d
[INFO] running `Command { std: "docker" "start" "-a" "2ff246bb12c8546fbfeb563d3ec2c662a0c66bbd659800a0dc41bf4c6a274f9d", kill_on_drop: false }`
[INFO] [stderr]    Compiling autocfg v1.0.1
[INFO] [stderr]    Compiling libc v0.2.81
[INFO] [stderr]    Compiling libm v0.2.1
[INFO] [stderr]     Checking rand_core v0.4.2
[INFO] [stderr]    Compiling proc-macro2 v1.0.24
[INFO] [stderr]    Compiling unicode-xid v0.2.1
[INFO] [stderr]    Compiling syn v1.0.54
[INFO] [stderr]    Compiling autocfg v0.1.7
[INFO] [stderr]    Compiling serde v1.0.118
[INFO] [stderr]    Compiling proc-macro-hack v0.5.19
[INFO] [stderr]    Compiling getrandom v0.1.15
[INFO] [stderr]    Compiling const_fn v0.4.3
[INFO] [stderr]     Checking rawpointer v0.2.1
[INFO] [stderr]     Checking ppv-lite86 v0.2.10
[INFO] [stderr]    Compiling rayon-core v1.9.0
[INFO] [stderr]    Compiling version_check v0.9.2
[INFO] [stderr]     Checking matrixmultiply v0.2.4
[INFO] [stderr]    Compiling typenum v1.12.0
[INFO] [stderr]     Checking rand_core v0.3.1
[INFO] [stderr]     Checking instant v0.1.9
[INFO] [stderr]    Compiling ndarray v0.13.1
[INFO] [stderr]     Checking smallvec v1.5.1
[INFO] [stderr]    Compiling unindent v0.1.7
[INFO] [stderr]    Compiling inventory v0.1.9
[INFO] [stderr]    Compiling rand_chacha v0.1.1
[INFO] [stderr]    Compiling rand_pcg v0.1.2
[INFO] [stderr]    Compiling rand v0.6.5
[INFO] [stderr]    Compiling num-traits v0.2.14
[INFO] [stderr]    Compiling num-integer v0.1.44
[INFO] [stderr]    Compiling crossbeam-utils v0.8.1
[INFO] [stderr]    Compiling memoffset v0.6.1
[INFO] [stderr]    Compiling num-complex v0.2.4
[INFO] [stderr]    Compiling num-bigint v0.3.1
[INFO] [stderr]    Compiling num-rational v0.3.2
[INFO] [stderr]    Compiling generic-array v0.14.4
[INFO] [stderr]    Compiling num-iter v0.1.42
[INFO] [stderr]    Compiling rayon v1.5.0
[INFO] [stderr]    Compiling quote v1.0.7
[INFO] [stderr]     Checking lock_api v0.4.2
[INFO] [stderr]     Checking void v1.0.2
[INFO] [stderr]     Checking rand v0.5.6
[INFO] [stderr]     Checking lapacke-sys v0.1.4
[INFO] [stderr]     Checking parking_lot_core v0.8.1
[INFO] [stderr]     Checking cblas-sys v0.1.4
[INFO] [stderr]     Checking num_cpus v1.13.0
[INFO] [stderr]     Checking rand_core v0.5.1
[INFO] [stderr]     Checking rand v0.4.6
[INFO] [stderr]     Checking blas-src v0.2.1
[INFO] [stderr]    Compiling paste v1.0.3
[INFO] [stderr]    Compiling pyo3 v0.12.4
[INFO] [stderr]    Compiling ndarray v0.14.0
[INFO] [stderr]     Checking parking_lot v0.11.1
[INFO] [stderr]     Checking rand_chacha v0.2.2
[INFO] [stderr]     Checking unreachable v1.0.0
[INFO] [stderr]     Checking rand_os v0.1.3
[INFO] [stderr]     Checking rand v0.7.3
[INFO] [stderr]     Checking crossbeam-epoch v0.9.1
[INFO] [stderr]     Checking crossbeam-channel v0.5.0
[INFO] [stderr]     Checking rand_xorshift v0.1.1
[INFO] [stderr]     Checking rand_hc v0.1.0
[INFO] [stderr]     Checking rand_isaac v0.1.1
[INFO] [stderr]     Checking rand_jitter v0.1.4
[INFO] [stderr]    Compiling paste-impl v0.1.18
[INFO] [stderr]     Checking nodrop v0.1.14
[INFO] [stderr]     Checking blas-src v0.6.1
[INFO] [stderr]     Checking either v1.6.1
[INFO] [stderr]     Checking lapack-src v0.6.0
[INFO] [stderr]     Checking quickersort v3.0.1
[INFO] [stderr]     Checking rand v0.3.23
[INFO] [stderr]     Checking num-complex v0.3.1
[INFO] [stderr]     Checking approx v0.3.2
[INFO] [stderr]     Checking crossbeam-deque v0.8.0
[INFO] [stderr]     Checking approx v0.4.0
[INFO] [stderr]     Checking random_choice v0.3.2
[INFO] [stderr]     Checking eq-float v0.1.0
[INFO] [stderr]     Checking simba v0.3.1
[INFO] [stderr]     Checking rand_distr v0.3.0
[INFO] [stderr]     Checking paste v0.1.18
[INFO] [stdout] error[E0308]: mismatched types
[INFO] [stdout]    --> /opt/rustwide/cargo-home/registry/src/index.crates.io-6f17d22bba15001f/num-bigint-0.3.1/src/biguint.rs:208:19
[INFO] [stdout]     |
[INFO] [stdout] 208 |         .div_ceil(&big_digit::BITS.into())
[INFO] [stdout]     |          -------- ^^^^^^^^^^^^^^^^^^^^^^^ expected `u64`, found `&_`
[INFO] [stdout]     |          |
[INFO] [stdout]     |          arguments to this method are incorrect
[INFO] [stdout]     |
[INFO] [stdout]     = note:   expected type `u64`
[INFO] [stdout]             found reference `&_`
[INFO] [stdout] note: method defined here
[INFO] [stdout]    --> /rustc/82e1608dfa6e0b5569232559e3d385fea5a93112/library/core/src/num/mod.rs:1169:5
[INFO] [stdout]     = note: this error originates in the macro `uint_impl` (in Nightly builds, run with -Z macro-backtrace for more info)
[INFO] [stdout] help: consider removing the borrow
[INFO] [stdout]     |
[INFO] [stdout] 208 -         .div_ceil(&big_digit::BITS.into())
[INFO] [stdout] 208 +         .div_ceil(big_digit::BITS.into())
[INFO] [stdout]     |
[INFO] [stdout] 
[INFO] [stdout] 
[INFO] [stdout] error[E0308]: mismatched types
[INFO] [stdout]     --> /opt/rustwide/cargo-home/registry/src/index.crates.io-6f17d22bba15001f/num-bigint-0.3.1/src/biguint.rs:1712:54
[INFO] [stdout]      |
[INFO] [stdout] 1712 |                 let root_scale = extra_bits.div_ceil(&n64);
[INFO] [stdout]      |                                             -------- ^^^^ expected `u64`, found `&u64`
[INFO] [stdout]      |                                             |
[INFO] [stdout]      |                                             arguments to this method are incorrect
[INFO] [stdout]      |
[INFO] [stdout] note: method defined here
[INFO] [stdout]     --> /rustc/82e1608dfa6e0b5569232559e3d385fea5a93112/library/core/src/num/mod.rs:1169:5
[INFO] [stdout]      = note: this error originates in the macro `uint_impl` (in Nightly builds, run with -Z macro-backtrace for more info)
[INFO] [stdout] help: consider removing the borrow
[INFO] [stdout]      |
[INFO] [stdout] 1712 -                 let root_scale = extra_bits.div_ceil(&n64);
[INFO] [stdout] 1712 +                 let root_scale = extra_bits.div_ceil(n64);
[INFO] [stdout]      |
[INFO] [stdout] 
[INFO] [stdout] 
[INFO] [stdout] error[E0308]: mismatched types
[INFO] [stdout]     --> /opt/rustwide/cargo-home/registry/src/index.crates.io-6f17d22bba15001f/num-bigint-0.3.1/src/biguint.rs:2128:19
[INFO] [stdout]      |
[INFO] [stdout] 2128 |         .div_ceil(&u64::from(bits))
[INFO] [stdout]      |          -------- ^^^^^^^^^^^^^^^^ expected `u64`, found `&u64`
[INFO] [stdout]      |          |
[INFO] [stdout]      |          arguments to this method are incorrect
[INFO] [stdout]      |
[INFO] [stdout] note: method defined here
[INFO] [stdout]     --> /rustc/82e1608dfa6e0b5569232559e3d385fea5a93112/library/core/src/num/mod.rs:1169:5
[INFO] [stdout]      = note: this error originates in the macro `uint_impl` (in Nightly builds, run with -Z macro-backtrace for more info)
[INFO] [stdout] help: consider removing the borrow
[INFO] [stdout]      |
[INFO] [stdout] 2128 -         .div_ceil(&u64::from(bits))
[INFO] [stdout] 2128 +         .div_ceil(u64::from(bits))
[INFO] [stdout]      |
[INFO] [stdout] 
[INFO] [stdout] 
[INFO] [stdout] error[E0308]: mismatched types
[INFO] [stdout]     --> /opt/rustwide/cargo-home/registry/src/index.crates.io-6f17d22bba15001f/num-bigint-0.3.1/src/biguint.rs:2156:19
[INFO] [stdout]      |
[INFO] [stdout] 2156 |         .div_ceil(&u64::from(bits))
[INFO] [stdout]      |          -------- ^^^^^^^^^^^^^^^^ expected `u64`, found `&u64`
[INFO] [stdout]      |          |
[INFO] [stdout]      |          arguments to this method are incorrect
[INFO] [stdout]      |
[INFO] [stdout] note: method defined here
[INFO] [stdout]     --> /rustc/82e1608dfa6e0b5569232559e3d385fea5a93112/library/core/src/num/mod.rs:1169:5
[INFO] [stdout]      = note: this error originates in the macro `uint_impl` (in Nightly builds, run with -Z macro-backtrace for more info)
[INFO] [stdout] help: consider removing the borrow
[INFO] [stdout]      |
[INFO] [stdout] 2156 -         .div_ceil(&u64::from(bits))
[INFO] [stdout] 2156 +         .div_ceil(u64::from(bits))
[INFO] [stdout]      |
[INFO] [stdout] 
[INFO] [stdout] 
[INFO] [stdout] error: aborting due to 4 previous errors
[INFO] [stdout] 
[INFO] [stdout] 
[INFO] [stdout] For more information about this error, try `rustc --explain E0308`.
[INFO] [stdout] 
[INFO] [stderr] error: could not compile `num-bigint` (lib) due to 5 previous errors
[INFO] [stderr] warning: build failed, waiting for other jobs to finish...
[INFO] running `Command { std: "docker" "inspect" "2ff246bb12c8546fbfeb563d3ec2c662a0c66bbd659800a0dc41bf4c6a274f9d", kill_on_drop: false }`
[INFO] running `Command { std: "docker" "rm" "-f" "2ff246bb12c8546fbfeb563d3ec2c662a0c66bbd659800a0dc41bf4c6a274f9d", kill_on_drop: false }`
[INFO] [stdout] 2ff246bb12c8546fbfeb563d3ec2c662a0c66bbd659800a0dc41bf4c6a274f9d
[INFO] documenting Lleyton-Ariton/oddity against beta-2023-12-22 for beta-1.76-rustdoc-1
[INFO] running `Command { std: "git" "clone" "/workspace/cache/git-repos/https%3A%2F%2Fgithub.com%2FLleyton-Ariton%2Foddity" "/workspace/builds/worker-4-tc2/source", kill_on_drop: false }`
[INFO] [stderr] Cloning into '/workspace/builds/worker-4-tc2/source'...
[INFO] [stderr] done.
[INFO] validating manifest of git repo https://github.com/Lleyton-Ariton/oddity on toolchain beta-2023-12-22
[INFO] running `Command { std: CARGO_HOME="/workspace/cargo-home" RUSTUP_HOME="/workspace/rustup-home" "/workspace/cargo-home/bin/cargo" "+beta-2023-12-22" "metadata" "--manifest-path" "Cargo.toml" "--no-deps", kill_on_drop: false }`
[INFO] started tweaking git repo https://github.com/Lleyton-Ariton/oddity
[INFO] finished tweaking git repo https://github.com/Lleyton-Ariton/oddity
[INFO] tweaked toml for git repo https://github.com/Lleyton-Ariton/oddity written to /workspace/builds/worker-4-tc2/source/Cargo.toml
[INFO] crate git repo https://github.com/Lleyton-Ariton/oddity already has a lockfile, it will not be regenerated
[INFO] running `Command { std: CARGO_HOME="/workspace/cargo-home" RUSTUP_HOME="/workspace/rustup-home" "/workspace/cargo-home/bin/cargo" "+beta-2023-12-22" "fetch" "--manifest-path" "Cargo.toml", kill_on_drop: false }`
[INFO] running `Command { std: "docker" "create" "-v" "/var/lib/crater-agent-workspace/builds/worker-4-tc2/target:/opt/rustwide/target:rw,Z" "-v" "/var/lib/crater-agent-workspace/builds/worker-4-tc2/source:/opt/rustwide/workdir:ro,Z" "-v" "/var/lib/crater-agent-workspace/cargo-home:/opt/rustwide/cargo-home:ro,Z" "-v" "/var/lib/crater-agent-workspace/rustup-home:/opt/rustwide/rustup-home:ro,Z" "-e" "SOURCE_DIR=/opt/rustwide/workdir" "-e" "CARGO_TARGET_DIR=/opt/rustwide/target" "-e" "CARGO_HOME=/opt/rustwide/cargo-home" "-e" "RUSTUP_HOME=/opt/rustwide/rustup-home" "-w" "/opt/rustwide/workdir" "-m" "1610612736" "--user" "0:0" "--network" "none" "ghcr.io/rust-lang/crates-build-env/linux@sha256:2788e3201cd34a07e3172128adcd8b3090168a8e3bcc40d7c032b9dda1df7d1c" "/opt/rustwide/cargo-home/bin/cargo" "+beta-2023-12-22" "metadata" "--no-deps" "--format-version=1", kill_on_drop: false }`
[INFO] [stdout] 3651c501b8f953487db4a52409448b32220779908061870c77c830950f304ad2
[INFO] running `Command { std: "docker" "start" "-a" "3651c501b8f953487db4a52409448b32220779908061870c77c830950f304ad2", kill_on_drop: false }`
[INFO] running `Command { std: "docker" "inspect" "3651c501b8f953487db4a52409448b32220779908061870c77c830950f304ad2", kill_on_drop: false }`
[INFO] running `Command { std: "docker" "rm" "-f" "3651c501b8f953487db4a52409448b32220779908061870c77c830950f304ad2", kill_on_drop: false }`
[INFO] [stdout] 3651c501b8f953487db4a52409448b32220779908061870c77c830950f304ad2
[INFO] running `Command { std: "docker" "create" "-v" "/var/lib/crater-agent-workspace/builds/worker-4-tc2/target:/opt/rustwide/target:rw,Z" "-v" "/var/lib/crater-agent-workspace/builds/worker-4-tc2/source:/opt/rustwide/workdir:ro,Z" "-v" "/var/lib/crater-agent-workspace/cargo-home:/opt/rustwide/cargo-home:ro,Z" "-v" "/var/lib/crater-agent-workspace/rustup-home:/opt/rustwide/rustup-home:ro,Z" "-e" "SOURCE_DIR=/opt/rustwide/workdir" "-e" "CARGO_TARGET_DIR=/opt/rustwide/target" "-e" "CARGO_INCREMENTAL=0" "-e" "RUST_BACKTRACE=full" "-e" "RUSTFLAGS=--cap-lints=warn" "-e" "RUSTDOCFLAGS=--cap-lints=warn" "-e" "CARGO_HOME=/opt/rustwide/cargo-home" "-e" "RUSTUP_HOME=/opt/rustwide/rustup-home" "-w" "/opt/rustwide/workdir" "-m" "1610612736" "--user" "0:0" "--network" "none" "ghcr.io/rust-lang/crates-build-env/linux@sha256:2788e3201cd34a07e3172128adcd8b3090168a8e3bcc40d7c032b9dda1df7d1c" "/opt/rustwide/cargo-home/bin/cargo" "+beta-2023-12-22" "doc" "--frozen" "--no-deps" "--document-private-items" "--message-format=json", kill_on_drop: false }`
[INFO] [stdout] 02adbc7c3545d47a821f28af2ca5c6f78a227794332d1f1bb42b65624f2c37c8
[INFO] running `Command { std: "docker" "start" "-a" "02adbc7c3545d47a821f28af2ca5c6f78a227794332d1f1bb42b65624f2c37c8", kill_on_drop: false }`
[INFO] [stderr]    Compiling autocfg v1.0.1
[INFO] [stderr]    Compiling libc v0.2.81
[INFO] [stderr]    Compiling libm v0.2.1
[INFO] [stderr]     Checking rand_core v0.4.2
[INFO] [stderr]    Compiling proc-macro2 v1.0.24
[INFO] [stderr]    Compiling unicode-xid v0.2.1
[INFO] [stderr]    Compiling syn v1.0.54
[INFO] [stderr]    Compiling autocfg v0.1.7
[INFO] [stderr]    Compiling getrandom v0.1.15
[INFO] [stderr]    Compiling serde v1.0.118
[INFO] [stderr]    Compiling proc-macro-hack v0.5.19
[INFO] [stderr]    Compiling const_fn v0.4.3
[INFO] [stderr]     Checking rawpointer v0.2.1
[INFO] [stderr]    Compiling typenum v1.12.0
[INFO] [stderr]    Compiling rayon-core v1.9.0
[INFO] [stderr]    Compiling version_check v0.9.2
[INFO] [stderr]     Checking matrixmultiply v0.2.4
[INFO] [stderr]     Checking ppv-lite86 v0.2.10
[INFO] [stderr]     Checking rand_core v0.3.1
[INFO] [stderr]     Checking instant v0.1.9
[INFO] [stderr]    Compiling inventory v0.1.9
[INFO] [stderr]     Checking smallvec v1.5.1
[INFO] [stderr]    Compiling ndarray v0.13.1
[INFO] [stderr]    Compiling unindent v0.1.7
[INFO] [stderr]    Compiling generic-array v0.14.4
[INFO] [stderr]    Compiling rand_pcg v0.1.2
[INFO] [stderr]    Compiling num-traits v0.2.14
[INFO] [stderr]    Compiling num-integer v0.1.44
[INFO] [stderr]    Compiling crossbeam-utils v0.8.1
[INFO] [stderr]    Compiling num-complex v0.2.4
[INFO] [stderr]    Compiling memoffset v0.6.1
[INFO] [stderr]    Compiling num-bigint v0.3.1
[INFO] [stderr]    Compiling num-rational v0.3.2
[INFO] [stderr]    Compiling num-iter v0.1.42
[INFO] [stderr]    Compiling rand_chacha v0.1.1
[INFO] [stderr]    Compiling rayon v1.5.0
[INFO] [stderr]    Compiling rand v0.6.5
[INFO] [stderr]    Compiling quote v1.0.7
[INFO] [stderr]     Checking lock_api v0.4.2
[INFO] [stderr]    Compiling paste v1.0.3
[INFO] [stderr]    Compiling ndarray v0.14.0
[INFO] [stderr]     Checking blas-src v0.2.1
[INFO] [stderr]     Checking rand v0.5.6
[INFO] [stderr]     Checking cblas-sys v0.1.4
[INFO] [stderr]     Checking num_cpus v1.13.0
[INFO] [stderr]     Checking lapacke-sys v0.1.4
[INFO] [stderr]     Checking parking_lot_core v0.8.1
[INFO] [stderr]     Checking rand_core v0.5.1
[INFO] [stderr]     Checking rand v0.4.6
[INFO] [stderr]    Compiling pyo3 v0.12.4
[INFO] [stderr]     Checking void v1.0.2
[INFO] [stderr]     Checking crossbeam-epoch v0.9.1
[INFO] [stderr]     Checking crossbeam-channel v0.5.0
[INFO] [stderr]     Checking unreachable v1.0.0
[INFO] [stderr]     Checking rand_chacha v0.2.2
[INFO] [stderr]     Checking parking_lot v0.11.1
[INFO] [stderr]     Checking rand_os v0.1.3
[INFO] [stderr]    Compiling paste-impl v0.1.18
[INFO] [stderr]     Checking crossbeam-deque v0.8.0
[INFO] [stderr]     Checking rand v0.7.3
[INFO] [stderr]     Checking rand_hc v0.1.0
[INFO] [stderr]     Checking rand_isaac v0.1.1
[INFO] [stderr]     Checking rand_xorshift v0.1.1
[INFO] [stderr]     Checking rand_jitter v0.1.4
[INFO] [stderr]     Checking blas-src v0.6.1
[INFO] [stderr]     Checking nodrop v0.1.14
[INFO] [stderr]     Checking lapack-src v0.6.0
[INFO] [stderr]     Checking num-complex v0.3.1
[INFO] [stderr]     Checking approx v0.4.0
[INFO] [stderr]     Checking approx v0.3.2
[INFO] [stderr]     Checking either v1.6.1
[INFO] [stderr]     Checking quickersort v3.0.1
[INFO] [stderr]     Checking rand v0.3.23
[INFO] [stderr]     Checking eq-float v0.1.0
[INFO] [stderr]     Checking random_choice v0.3.2
[INFO] [stderr]     Checking paste v0.1.18
[INFO] [stderr]     Checking simba v0.3.1
[INFO] [stderr]     Checking rand_distr v0.3.0
[INFO] [stdout] error[E0308]: mismatched types
[INFO] [stdout]    --> /opt/rustwide/cargo-home/registry/src/index.crates.io-6f17d22bba15001f/num-bigint-0.3.1/src/biguint.rs:208:19
[INFO] [stdout]     |
[INFO] [stdout] 208 |         .div_ceil(&big_digit::BITS.into())
[INFO] [stdout]     |          -------- ^^^^^^^^^^^^^^^^^^^^^^^ expected `u64`, found `&_`
[INFO] [stdout]     |          |
[INFO] [stdout]     |          arguments to this method are incorrect
[INFO] [stdout]     |
[INFO] [stdout]     = note:   expected type `u64`
[INFO] [stdout]             found reference `&_`
[INFO] [stdout] note: method defined here
[INFO] [stdout]    --> /rustc/0e09125c6c3c2fd70d7de961bcf0e51575235fad/library/core/src/num/mod.rs:1169:5
[INFO] [stdout]     = note: this error originates in the macro `uint_impl` (in Nightly builds, run with -Z macro-backtrace for more info)
[INFO] [stdout] help: consider removing the borrow
[INFO] [stdout]     |
[INFO] [stdout] 208 -         .div_ceil(&big_digit::BITS.into())
[INFO] [stdout] 208 +         .div_ceil(big_digit::BITS.into())
[INFO] [stdout]     |
[INFO] [stdout] 
[INFO] [stdout] 
[INFO] [stdout] error[E0308]: mismatched types
[INFO] [stdout]     --> /opt/rustwide/cargo-home/registry/src/index.crates.io-6f17d22bba15001f/num-bigint-0.3.1/src/biguint.rs:1712:54
[INFO] [stdout]      |
[INFO] [stdout] 1712 |                 let root_scale = extra_bits.div_ceil(&n64);
[INFO] [stdout]      |                                             -------- ^^^^ expected `u64`, found `&u64`
[INFO] [stdout]      |                                             |
[INFO] [stdout]      |                                             arguments to this method are incorrect
[INFO] [stdout]      |
[INFO] [stdout] note: method defined here
[INFO] [stdout]     --> /rustc/0e09125c6c3c2fd70d7de961bcf0e51575235fad/library/core/src/num/mod.rs:1169:5
[INFO] [stdout]      = note: this error originates in the macro `uint_impl` (in Nightly builds, run with -Z macro-backtrace for more info)
[INFO] [stdout] help: consider removing the borrow
[INFO] [stdout]      |
[INFO] [stdout] 1712 -                 let root_scale = extra_bits.div_ceil(&n64);
[INFO] [stdout] 1712 +                 let root_scale = extra_bits.div_ceil(n64);
[INFO] [stdout]      |
[INFO] [stdout] 
[INFO] [stdout] 
[INFO] [stdout] error[E0308]: mismatched types
[INFO] [stdout]     --> /opt/rustwide/cargo-home/registry/src/index.crates.io-6f17d22bba15001f/num-bigint-0.3.1/src/biguint.rs:2128:19
[INFO] [stdout]      |
[INFO] [stdout] 2128 |         .div_ceil(&u64::from(bits))
[INFO] [stdout]      |          -------- ^^^^^^^^^^^^^^^^ expected `u64`, found `&u64`
[INFO] [stdout]      |          |
[INFO] [stdout]      |          arguments to this method are incorrect
[INFO] [stdout]      |
[INFO] [stdout] note: method defined here
[INFO] [stdout]     --> /rustc/0e09125c6c3c2fd70d7de961bcf0e51575235fad/library/core/src/num/mod.rs:1169:5
[INFO] [stdout]      = note: this error originates in the macro `uint_impl` (in Nightly builds, run with -Z macro-backtrace for more info)
[INFO] [stdout] help: consider removing the borrow
[INFO] [stdout]      |
[INFO] [stdout] 2128 -         .div_ceil(&u64::from(bits))
[INFO] [stdout] 2128 +         .div_ceil(u64::from(bits))
[INFO] [stdout]      |
[INFO] [stdout] 
[INFO] [stdout] 
[INFO] [stdout] error[E0308]: mismatched types
[INFO] [stdout]     --> /opt/rustwide/cargo-home/registry/src/index.crates.io-6f17d22bba15001f/num-bigint-0.3.1/src/biguint.rs:2156:19
[INFO] [stdout]      |
[INFO] [stdout] 2156 |         .div_ceil(&u64::from(bits))
[INFO] [stdout]      |          -------- ^^^^^^^^^^^^^^^^ expected `u64`, found `&u64`
[INFO] [stdout]      |          |
[INFO] [stdout]      |          arguments to this method are incorrect
[INFO] [stdout]      |
[INFO] [stdout] note: method defined here
[INFO] [stdout]     --> /rustc/0e09125c6c3c2fd70d7de961bcf0e51575235fad/library/core/src/num/mod.rs:1169:5
[INFO] [stdout]      = note: this error originates in the macro `uint_impl` (in Nightly builds, run with -Z macro-backtrace for more info)
[INFO] [stdout] help: consider removing the borrow
[INFO] [stdout]      |
[INFO] [stdout] 2156 -         .div_ceil(&u64::from(bits))
[INFO] [stdout] 2156 +         .div_ceil(u64::from(bits))
[INFO] [stdout]      |
[INFO] [stdout] 
[INFO] [stdout] 
[INFO] [stdout] error: aborting due to 4 previous errors
[INFO] [stdout] 
[INFO] [stdout] 
[INFO] [stdout] For more information about this error, try `rustc --explain E0308`.
[INFO] [stdout] 
[INFO] [stderr] error: could not compile `num-bigint` (lib) due to 5 previous errors
[INFO] [stderr] warning: build failed, waiting for other jobs to finish...
[INFO] running `Command { std: "docker" "inspect" "02adbc7c3545d47a821f28af2ca5c6f78a227794332d1f1bb42b65624f2c37c8", kill_on_drop: false }`
[INFO] running `Command { std: "docker" "rm" "-f" "02adbc7c3545d47a821f28af2ca5c6f78a227794332d1f1bb42b65624f2c37c8", kill_on_drop: false }`
[INFO] [stdout] 02adbc7c3545d47a821f28af2ca5c6f78a227794332d1f1bb42b65624f2c37c8
