[INFO] cloning repository https://github.com/Lisheri/wasm-workspace-t
[INFO] running `Command { std: "git" "-c" "credential.helper=" "-c" "credential.helper=/workspace/cargo-home/bin/git-credential-null" "clone" "--bare" "https://github.com/Lisheri/wasm-workspace-t" "/workspace/cache/git-repos/https%3A%2F%2Fgithub.com%2FLisheri%2Fwasm-workspace-t", kill_on_drop: false }`
[INFO] [stderr] Cloning into bare repository '/workspace/cache/git-repos/https%3A%2F%2Fgithub.com%2FLisheri%2Fwasm-workspace-t'...
[INFO] running `Command { std: "git" "rev-parse" "HEAD", kill_on_drop: false }`
[INFO] [stdout] 3efb4b06ed72fe26929db6cc5f73b7c4954d4716
[INFO] documenting Lisheri/wasm-workspace-t against 1.75.0 for beta-1.76-rustdoc-1
[INFO] running `Command { std: "git" "clone" "/workspace/cache/git-repos/https%3A%2F%2Fgithub.com%2FLisheri%2Fwasm-workspace-t" "/workspace/builds/worker-7-tc1/source", kill_on_drop: false }`
[INFO] [stderr] Cloning into '/workspace/builds/worker-7-tc1/source'...
[INFO] [stderr] done.
[INFO] validating manifest of git repo https://github.com/Lisheri/wasm-workspace-t on toolchain 1.75.0
[INFO] running `Command { std: CARGO_HOME="/workspace/cargo-home" RUSTUP_HOME="/workspace/rustup-home" "/workspace/cargo-home/bin/cargo" "+1.75.0" "metadata" "--manifest-path" "Cargo.toml" "--no-deps", kill_on_drop: false }`
[INFO] started tweaking git repo https://github.com/Lisheri/wasm-workspace-t
[INFO] finished tweaking git repo https://github.com/Lisheri/wasm-workspace-t
[INFO] tweaked toml for git repo https://github.com/Lisheri/wasm-workspace-t written to /workspace/builds/worker-7-tc1/source/Cargo.toml
[INFO] crate git repo https://github.com/Lisheri/wasm-workspace-t already has a lockfile, it will not be regenerated
[INFO] running `Command { std: CARGO_HOME="/workspace/cargo-home" RUSTUP_HOME="/workspace/rustup-home" "/workspace/cargo-home/bin/cargo" "+1.75.0" "fetch" "--manifest-path" "Cargo.toml", kill_on_drop: false }`
[INFO] [stderr] warning: profiles for the non root package will be ignored, specify profiles at the workspace root:
[INFO] [stderr] package:   /workspace/builds/worker-7-tc1/source/wasm-client/Cargo.toml
[INFO] [stderr] workspace: /workspace/builds/worker-7-tc1/source/Cargo.toml
[INFO] [stderr] warning: virtual workspace defaulting to `resolver = "1"` despite one or more workspace members being on edition 2021 which implies `resolver = "2"`
[INFO] [stderr] note: to keep the current resolver, specify `workspace.resolver = "1"` in the workspace root's manifest
[INFO] [stderr] note: to use the edition 2021 resolver, specify `workspace.resolver = "2"` in the workspace root's manifest
[INFO] [stderr] note: for more details see https://doc.rust-lang.org/cargo/reference/resolver.html#resolver-versions
[INFO] [stderr]  Downloading crates ...
[INFO] [stderr]   Downloaded cxxbridge-flags v1.0.86
[INFO] [stderr]   Downloaded wasm-bindgen-test-macro v0.3.33
[INFO] [stderr]   Downloaded wasm-bindgen-test v0.3.33
[INFO] [stderr]   Downloaded cxx-build v1.0.86
[INFO] [stderr]   Downloaded cxxbridge-macro v1.0.86
[INFO] [stderr]   Downloaded tokio v1.24.1
[INFO] [stderr]   Downloaded cxx v1.0.86
[INFO] [stderr]   Downloaded zstd-safe v6.0.2+zstd.1.5.2
[INFO] [stderr]   Downloaded zstd v0.12.2+zstd.1.5.2
[INFO] [stderr]   Downloaded awc v3.1.0
[INFO] running `Command { std: "docker" "create" "-v" "/var/lib/crater-agent-workspace/builds/worker-7-tc1/target:/opt/rustwide/target:rw,Z" "-v" "/var/lib/crater-agent-workspace/builds/worker-7-tc1/source:/opt/rustwide/workdir:ro,Z" "-v" "/var/lib/crater-agent-workspace/cargo-home:/opt/rustwide/cargo-home:ro,Z" "-v" "/var/lib/crater-agent-workspace/rustup-home:/opt/rustwide/rustup-home:ro,Z" "-e" "SOURCE_DIR=/opt/rustwide/workdir" "-e" "CARGO_TARGET_DIR=/opt/rustwide/target" "-e" "CARGO_HOME=/opt/rustwide/cargo-home" "-e" "RUSTUP_HOME=/opt/rustwide/rustup-home" "-w" "/opt/rustwide/workdir" "-m" "1610612736" "--user" "0:0" "--network" "none" "ghcr.io/rust-lang/crates-build-env/linux@sha256:2788e3201cd34a07e3172128adcd8b3090168a8e3bcc40d7c032b9dda1df7d1c" "/opt/rustwide/cargo-home/bin/cargo" "+1.75.0" "metadata" "--no-deps" "--format-version=1", kill_on_drop: false }`
[INFO] [stdout] 80209f065d2d882c03473c71ed44769c4db961cb3c5ae9c2b74f945708357726
[INFO] running `Command { std: "docker" "start" "-a" "80209f065d2d882c03473c71ed44769c4db961cb3c5ae9c2b74f945708357726", kill_on_drop: false }`
[INFO] running `Command { std: "docker" "inspect" "80209f065d2d882c03473c71ed44769c4db961cb3c5ae9c2b74f945708357726", kill_on_drop: false }`
[INFO] running `Command { std: "docker" "rm" "-f" "80209f065d2d882c03473c71ed44769c4db961cb3c5ae9c2b74f945708357726", kill_on_drop: false }`
[INFO] [stdout] 80209f065d2d882c03473c71ed44769c4db961cb3c5ae9c2b74f945708357726
[INFO] running `Command { std: "docker" "create" "-v" "/var/lib/crater-agent-workspace/builds/worker-7-tc1/target:/opt/rustwide/target:rw,Z" "-v" "/var/lib/crater-agent-workspace/builds/worker-7-tc1/source:/opt/rustwide/workdir:ro,Z" "-v" "/var/lib/crater-agent-workspace/cargo-home:/opt/rustwide/cargo-home:ro,Z" "-v" "/var/lib/crater-agent-workspace/rustup-home:/opt/rustwide/rustup-home:ro,Z" "-e" "SOURCE_DIR=/opt/rustwide/workdir" "-e" "CARGO_TARGET_DIR=/opt/rustwide/target" "-e" "CARGO_INCREMENTAL=0" "-e" "RUST_BACKTRACE=full" "-e" "RUSTFLAGS=--cap-lints=warn" "-e" "RUSTDOCFLAGS=--cap-lints=warn" "-e" "CARGO_HOME=/opt/rustwide/cargo-home" "-e" "RUSTUP_HOME=/opt/rustwide/rustup-home" "-w" "/opt/rustwide/workdir" "-m" "1610612736" "--user" "0:0" "--network" "none" "ghcr.io/rust-lang/crates-build-env/linux@sha256:2788e3201cd34a07e3172128adcd8b3090168a8e3bcc40d7c032b9dda1df7d1c" "/opt/rustwide/cargo-home/bin/cargo" "+1.75.0" "doc" "--frozen" "--no-deps" "--document-private-items" "--message-format=json", kill_on_drop: false }`
[INFO] [stdout] 8e46aa99e08b149191379495c8853af072083c9155bbc05e4b5e6b71e8a10749
[INFO] running `Command { std: "docker" "start" "-a" "8e46aa99e08b149191379495c8853af072083c9155bbc05e4b5e6b71e8a10749", kill_on_drop: false }`
[INFO] [stderr] warning: profiles for the non root package will be ignored, specify profiles at the workspace root:
[INFO] [stderr] package:   /opt/rustwide/workdir/wasm-client/Cargo.toml
[INFO] [stderr] workspace: /opt/rustwide/workdir/Cargo.toml
[INFO] [stderr] warning: virtual workspace defaulting to `resolver = "1"` despite one or more workspace members being on edition 2021 which implies `resolver = "2"`
[INFO] [stderr] note: to keep the current resolver, specify `workspace.resolver = "1"` in the workspace root's manifest
[INFO] [stderr] note: to use the edition 2021 resolver, specify `workspace.resolver = "2"` in the workspace root's manifest
[INFO] [stderr] note: for more details see https://doc.rust-lang.org/cargo/reference/resolver.html#resolver-versions
[INFO] [stderr]    Compiling libc v0.2.139
[INFO] [stderr]    Compiling version_check v0.9.4
[INFO] [stderr]    Compiling autocfg v1.1.0
[INFO] [stderr]    Compiling proc-macro2 v1.0.49
[INFO] [stderr]    Compiling cfg-if v1.0.0
[INFO] [stderr]    Compiling quote v1.0.23
[INFO] [stderr]    Compiling unicode-ident v1.0.6
[INFO] [stderr]    Compiling log v0.4.17
[INFO] [stderr]    Compiling syn v1.0.107
[INFO] [stderr]    Compiling memchr v2.5.0
[INFO] [stderr]    Compiling once_cell v1.17.0
[INFO] [stderr]    Compiling lock_api v0.4.9
[INFO] [stderr]    Compiling typenum v1.16.0
[INFO] [stderr]    Compiling generic-array v0.14.6
[INFO] [stderr]    Compiling serde_derive v1.0.152
[INFO] [stderr]    Compiling parking_lot_core v0.9.5
[INFO] [stderr]    Compiling futures-core v0.3.25
[INFO] [stderr]    Compiling serde v1.0.152
[INFO] [stderr]    Compiling jobserver v0.1.25
[INFO] [stderr]    Compiling tokio v1.24.1
[INFO] [stderr]    Compiling cc v1.0.78
[INFO] [stderr]     Checking pin-project-lite v0.2.9
[INFO] [stderr]     Checking itoa v1.0.5
[INFO] [stderr]     Checking smallvec v1.10.0
[INFO] [stderr]     Checking scopeguard v1.1.0
[INFO] [stderr]     Checking bytes v1.3.0
[INFO] [stderr]    Compiling ahash v0.7.6
[INFO] [stderr]    Compiling serde_json v1.0.91
[INFO] [stderr]     Checking mio v0.8.5
[INFO] [stderr]     Checking parking_lot v0.12.1
[INFO] [stderr]    Compiling getrandom v0.2.8
[INFO] [stderr]     Checking signal-hook-registry v1.4.0
[INFO] [stderr]     Checking num_cpus v1.15.0
[INFO] [stderr]     Checking socket2 v0.4.7
[INFO] [stderr]    Compiling futures-task v0.3.25
[INFO] [stderr]    Compiling num-traits v0.2.15
[INFO] [stderr]     Checking ryu v1.0.12
[INFO] [stderr]    Compiling futures-util v0.3.25
[INFO] [stderr]     Checking futures-sink v0.3.25
[INFO] [stderr]    Compiling paste v1.0.11
[INFO] [stderr]    Compiling indexmap v1.9.2
[INFO] [stderr]    Compiling ring v0.16.20
[INFO] [stderr]     Checking fnv v1.0.7
[INFO] [stderr]    Compiling thiserror v1.0.38
[INFO] [stderr]     Checking subtle v2.4.1
[INFO] [stderr]    Compiling rand_core v0.6.4
[INFO] [stderr]    Compiling aho-corasick v0.7.20
[INFO] [stderr]     Checking tracing-core v0.1.30
[INFO] [stderr]    Compiling num-integer v0.1.45
[INFO] [stderr]     Checking crypto-common v0.1.6
[INFO] [stderr]     Checking block-buffer v0.10.3
[INFO] [stderr]    Compiling regex-syntax v0.6.28
[INFO] [stderr]    Compiling ppv-lite86 v0.2.17
[INFO] [stderr]     Checking digest v0.10.6
[INFO] [stderr]     Checking percent-encoding v2.2.0
[INFO] [stderr]     Checking bitflags v1.3.2
[INFO] [stderr]     Checking tracing v0.1.37
[INFO] [stderr]    Compiling rand_chacha v0.3.1
[INFO] [stderr]    Compiling uncased v0.9.7
[INFO] [stderr]     Checking pin-utils v0.1.0
[INFO] [stderr]    Compiling rand v0.8.5
[INFO] [stderr]     Checking hashbrown v0.12.3
[INFO] [stderr]    Compiling zstd-sys v2.0.4+zstd.1.5.2
[INFO] [stderr]    Compiling parking_lot_core v0.8.6
[INFO] [stderr]    Compiling rustls v0.20.7
[INFO] [stderr]     Checking tinyvec_macros v0.1.0
[INFO] [stderr]     Checking tinyvec v1.6.0
[INFO] [stderr]    Compiling regex v1.7.1
[INFO] [stderr]    Compiling spin v0.5.2
[INFO] [stderr]     Checking cpufeatures v0.2.5
[INFO] [stderr]    Compiling untrusted v0.7.1
[INFO] [stderr]     Checking local-waker v0.1.3
[INFO] [stderr]     Checking unicode-normalization v0.1.22
[INFO] [stderr]     Checking tokio-util v0.7.4
[INFO] [stderr]     Checking form_urlencoded v1.1.0
[INFO] [stderr]     Checking http v0.2.8
[INFO] [stderr]    Compiling slab v0.4.7
[INFO] [stderr]    Compiling zstd-safe v6.0.2+zstd.1.5.2
[INFO] [stderr]    Compiling crc32fast v1.3.2
[INFO] [stderr]     Checking base64 v0.21.0
[INFO] [stderr]     Checking unicode-bidi v0.3.8
[INFO] [stderr]     Checking alloc-no-stdlib v2.0.4
[INFO] [stderr]    Compiling crossbeam-utils v0.8.14
[INFO] [stderr]     Checking alloc-stdlib v0.2.2
[INFO] [stderr]    Compiling thiserror-impl v1.0.38
[INFO] [stderr]    Compiling actix-macros v0.2.3
[INFO] [stderr]     Checking actix-utils v3.0.1
[INFO] [stderr]     Checking sha1 v0.10.5
[INFO] [stderr]     Checking actix-service v2.0.2
[INFO] [stderr]     Checking adler v1.0.2
[INFO] [stderr]    Compiling encoding_rs v0.8.31
[INFO] [stderr]     Checking actix-rt v2.7.0
[INFO] [stderr]    Compiling time-core v0.1.0
[INFO] [stderr]    Compiling httparse v1.8.0
[INFO] [stderr]    Compiling wasm-bindgen-shared v0.2.83
[INFO] [stderr]    Compiling time-macros v0.2.6
[INFO] [stderr]     Checking miniz_oxide v0.6.2
[INFO] [stderr]     Checking brotli-decompressor v2.3.2
[INFO] [stderr]     Checking idna v0.3.0
[INFO] [stderr]    Compiling webpki v0.22.0
[INFO] [stderr]     Checking actix-codec v0.5.0
[INFO] [stderr]     Checking bytestring v1.2.0
[INFO] [stderr]     Checking time v0.1.45
[INFO] [stderr]    Compiling cookie v0.16.2
[INFO] [stderr]    Compiling futures-channel v0.3.25
[INFO] [stderr]    Compiling siphasher v0.3.10
[INFO] [stderr]    Compiling convert_case v0.4.0
[INFO] [stderr]    Compiling crossbeam-queue v0.3.8
[INFO] [stderr]     Checking mime v0.3.16
[INFO] [stderr]     Checking iana-time-zone v0.1.53
[INFO] [stderr]    Compiling phf_shared v0.11.1
[INFO] [stderr]     Checking time v0.3.17
[INFO] [stderr]    Compiling derive_more v0.99.17
[INFO] [stderr]     Checking brotli v3.3.4
[INFO] [stderr]     Checking url v2.3.1
[INFO] [stderr]     Checking flate2 v1.0.25
[INFO] [stderr]     Checking h2 v0.3.15
[INFO] [stderr]    Compiling sct v0.7.0
[INFO] [stderr]     Checking local-channel v0.1.3
[INFO] [stderr]    Compiling instant v0.1.12
[INFO] [stderr]     Checking httpdate v1.0.2
[INFO] [stderr]    Compiling bumpalo v3.11.1
[INFO] [stderr]     Checking language-tags v0.3.2
[INFO] [stderr]    Compiling wasm-bindgen-backend v0.2.83
[INFO] [stderr]    Compiling openssl-src v111.24.0+1.1.1s
[INFO] [stderr]    Compiling unicase v2.6.0
[INFO] [stderr]    Compiling either v1.8.0
[INFO] [stderr]    Compiling pkg-config v0.3.26
[INFO] [stderr]    Compiling minimal-lexical v0.2.1
[INFO] [stderr]     Checking chrono v0.4.23
[INFO] [stderr]     Checking serde_urlencoded v0.7.1
[INFO] [stderr]    Compiling actix-router v0.5.1
[INFO] [stderr]    Compiling nom v7.1.2
[INFO] [stderr]    Compiling openssl-sys v0.9.80
[INFO] [stderr]    Compiling itertools v0.10.5
[INFO] [stderr]    Compiling wasm-bindgen-macro-support v0.2.83
[INFO] [stderr]    Compiling parking_lot v0.11.2
[INFO] [stderr]    Compiling actix-web-codegen v4.1.0
[INFO] [stderr]    Compiling tokio-rustls v0.23.4
[INFO] [stderr]    Compiling phf_generator v0.11.1
[INFO] [stderr]     Checking actix-server v2.1.1
[INFO] [stderr]    Compiling hmac v0.12.1
[INFO] [stderr]    Compiling dirs-sys v0.3.7
[INFO] [stderr]    Compiling wasm-bindgen v0.2.83
[INFO] [stderr]    Compiling unicode_categories v0.1.1
[INFO] [stderr]    Compiling crc-catalog v2.2.0
[INFO] [stderr]    Compiling sqlformat v0.2.0
[INFO] [stderr]    Compiling rustls-pemfile v1.0.2
[INFO] [stderr]    Compiling crc v3.0.0
[INFO] [stderr]    Compiling dirs v4.0.0
[INFO] [stderr]    Compiling wasm-bindgen-macro v0.2.83
[INFO] [stderr]    Compiling hkdf v0.12.3
[INFO] [stderr]    Compiling phf_codegen v0.11.1
[INFO] [stderr]    Compiling sqlx-rt v0.6.2
[INFO] [stderr]    Compiling futures-intrusive v0.4.2
[INFO] [stderr]    Compiling sha2 v0.10.6
[INFO] [stderr]    Compiling hashlink v0.8.1
[INFO] [stderr]    Compiling tokio-stream v0.1.11
[INFO] [stderr]    Compiling stringprep v0.1.2
[INFO] [stderr]    Compiling atoi v1.0.0
[INFO] [stderr]    Compiling phf v0.11.1
[INFO] [stderr]    Compiling webpki-roots v0.22.6
[INFO] [stderr]    Compiling md-5 v0.10.5
[INFO] [stderr]    Compiling parse-zoneinfo v0.3.0
[INFO] [stderr]    Compiling whoami v1.3.0
[INFO] [stderr]    Compiling event-listener v2.5.3
[INFO] [stderr]    Compiling base64 v0.13.1
[INFO] [stderr]    Compiling hex v0.4.3
[INFO] [stderr]    Compiling unicode-segmentation v1.10.0
[INFO] [stderr]    Compiling byteorder v1.4.3
[INFO] [stderr]    Compiling ucd-trie v0.1.5
[INFO] [stderr]    Compiling dotenvy v0.15.6
[INFO] [stderr]    Compiling chrono-tz-build v0.0.3
[INFO] [stderr]    Compiling sqlx-core v0.6.2
[INFO] [stderr]    Compiling pest v2.5.4
[INFO] [stderr]    Compiling heck v0.4.0
[INFO] [stderr]     Checking bstr v1.1.0
[INFO] [stderr]    Compiling openssl v0.10.45
[INFO] [stderr]     Checking same-file v1.0.6
[INFO] [stderr]     Checking unic-char-range v0.9.0
[INFO] [stderr]     Checking foreign-types-shared v0.1.1
[INFO] [stderr]     Checking unic-common v0.9.0
[INFO] [stderr]     Checking foreign-types v0.3.2
[INFO] [stderr]     Checking unic-char-property v0.9.0
[INFO] [stderr]     Checking walkdir v2.3.2
[INFO] [stderr]     Checking globset v0.4.10
[INFO] [stderr]     Checking unic-ucd-version v0.9.0
[INFO] [stderr]    Compiling pest_meta v2.5.4
[INFO] [stderr]    Compiling mime_guess v2.0.4
[INFO] [stderr]    Compiling chrono-tz v0.6.3
[INFO] [stderr]    Compiling openssl-macros v0.1.0
[INFO] [stderr]     Checking thread_local v1.1.4
[INFO] [stderr]     Checking lazy_static v1.4.0
[INFO] [stderr]     Checking dotenv v0.15.0
[INFO] [stderr]    Compiling pest_generator v2.5.4
[INFO] [stderr]     Checking ignore v0.4.20
[INFO] [stderr]     Checking unic-ucd-segment v0.9.0
[INFO] [stderr]     Checking js-sys v0.3.60
[INFO] [stderr]     Checking deunicode v0.4.3
[INFO] [stderr]     Checking slug v0.1.4
[INFO] [stderr]    Compiling pest_derive v2.5.4
[INFO] [stderr]     Checking unic-segment v0.9.0
[INFO] [stderr]     Checking globwalk v0.8.1
[INFO] [stderr]     Checking actix-tls v3.0.3
[INFO] [stderr]     Checking humansize v1.1.1
[INFO] [stderr]     Checking askama_escape v0.10.3
[INFO] [stderr]     Checking http-range v0.1.5
[INFO] [stderr]     Checking console_error_panic_hook v0.1.7
[INFO] [stderr]     Checking wasm-bindgen-futures v0.4.33
[INFO] [stderr]     Checking web-sys v0.3.60
[INFO] [stderr]     Checking tera v1.17.1
[INFO] [stderr]  Documenting wasm-client v0.1.0 (/opt/rustwide/workdir/wasm-client)
[INFO] [stderr]    Compiling sqlx-macros v0.6.2
[INFO] [stderr]     Checking sqlx v0.6.2
[INFO] [stderr]     Checking zstd v0.12.2+zstd.1.5.2
[INFO] [stderr]     Checking actix-http v3.3.0
[INFO] [stderr]     Checking actix-web v4.2.1
[INFO] [stderr]     Checking awc v3.1.0
[INFO] [stderr]     Checking actix-cors v0.6.4
[INFO] [stderr]     Checking actix-files v0.6.2
[INFO] [stderr]  Documenting webapp v0.1.0 (/opt/rustwide/workdir/webapp)
[INFO] [stderr]  Documenting webservice v0.1.0 (/opt/rustwide/workdir/webservice)
[INFO] [stdout] error: error communicating with database: Connection refused (os error 111)
[INFO] [stdout]   --> webservice/src/bin/../db_access/course.rs:20:29
[INFO] [stdout]    |
[INFO] [stdout] 20 |       let rows: Vec<Course> = sqlx::query_as!(
[INFO] [stdout]    |  _____________________________^
[INFO] [stdout] 21 | |         Course,
[INFO] [stdout] 22 | |         r#"
[INFO] [stdout] 23 | |         SELECT * FROM course
[INFO] [stdout] 24 | |         WHERE teacher_id = $1"#,
[INFO] [stdout] 25 | |         teacher_id
[INFO] [stdout] 26 | |     )
[INFO] [stdout]    | |_____^
[INFO] [stdout]    |
[INFO] [stdout]    = note: this error originates in the macro `$crate::sqlx_macros::expand_query` which comes from the expansion of the macro `sqlx::query_as` (in Nightly builds, run with -Z macro-backtrace for more info)
[INFO] [stdout] 
[INFO] [stdout] 
[INFO] [stdout] error: error communicating with database: Connection refused (os error 111)
[INFO] [stdout]   --> webservice/src/bin/../db_access/course.rs:52:31
[INFO] [stdout]    |
[INFO] [stdout] 52 |       let row: Option<Course> = sqlx::query_as!(
[INFO] [stdout]    |  _______________________________^
[INFO] [stdout] 53 | |         Course,
[INFO] [stdout] 54 | |         r#"SELECT * FROM course WHERE teacher_id = $1 AND id = $2"#,
[INFO] [stdout] 55 | |         teacher_id,
[INFO] [stdout] 56 | |         id
[INFO] [stdout] 57 | |     )
[INFO] [stdout]    | |_____^
[INFO] [stdout]    |
[INFO] [stdout]    = note: this error originates in the macro `$crate::sqlx_macros::expand_query` which comes from the expansion of the macro `sqlx::query_as` (in Nightly builds, run with -Z macro-backtrace for more info)
[INFO] [stdout] 
[INFO] [stdout] 
[INFO] [stdout] error: error communicating with database: Connection refused (os error 111)
[INFO] [stdout]   --> webservice/src/bin/../db_access/course.rs:78:15
[INFO] [stdout]    |
[INFO] [stdout] 78 |       let row = sqlx::query_as!(
[INFO] [stdout]    |  _______________^
[INFO] [stdout] 79 | |         Course,
[INFO] [stdout] 80 | |         r#"INSERT INTO course (teacher_id, name, description, format, structure, duration, price, language, level)
[INFO] [stdout] 81 | |     VALUES ($1, $2, $3, $4, $5, $6, $7, $8, $9)
[INFO] [stdout] ...  |
[INFO] [stdout] 84 | |         new_course.structure, new_course.duration, new_course.price, new_course.language, new_course.level
[INFO] [stdout] 85 | |     )
[INFO] [stdout]    | |_____^
[INFO] [stdout]    |
[INFO] [stdout]    = note: this error originates in the macro `$crate::sqlx_macros::expand_query` which comes from the expansion of the macro `sqlx::query_as` (in Nightly builds, run with -Z macro-backtrace for more info)
[INFO] [stdout] 
[INFO] [stdout] 
[INFO] [stdout] error: error communicating with database: Connection refused (os error 111)
[INFO] [stdout]    --> webservice/src/bin/../db_access/course.rs:98:22
[INFO] [stdout]     |
[INFO] [stdout] 98  |       let course_row = sqlx::query!( 
[INFO] [stdout]     |  ______________________^
[INFO] [stdout] 99  | |     "DELETE FROM course where id = $1 and teacher_id = $2",
[INFO] [stdout] 100 | |     id, teacher_id
[INFO] [stdout] 101 | |     )
[INFO] [stdout]     | |_____^
[INFO] [stdout]     |
[INFO] [stdout]     = note: this error originates in the macro `$crate::sqlx_macros::expand_query` which comes from the expansion of the macro `sqlx::query` (in Nightly builds, run with -Z macro-backtrace for more info)
[INFO] [stdout] 
[INFO] [stdout] 
[INFO] [stdout] error: error communicating with database: Connection refused (os error 111)
[INFO] [stdout]    --> webservice/src/bin/../db_access/course.rs:115:30
[INFO] [stdout]     |
[INFO] [stdout] 115 |       let current_course_row = sqlx::query_as!(Course, r#"
[INFO] [stdout]     |  ______________________________^
[INFO] [stdout] 116 | |         SELECT * FROM course where id = $1 and teacher_id = $2
[INFO] [stdout] 117 | |     "#,
[INFO] [stdout] 118 | |     id, teacher_id)
[INFO] [stdout]     | |___________________^
[INFO] [stdout]     |
[INFO] [stdout]     = note: this error originates in the macro `$crate::sqlx_macros::expand_query` which comes from the expansion of the macro `sqlx::query_as` (in Nightly builds, run with -Z macro-backtrace for more info)
[INFO] [stdout] 
[INFO] [stdout] 
[INFO] [stdout] error: error communicating with database: Connection refused (os error 111)
[INFO] [stdout]    --> webservice/src/bin/../db_access/course.rs:175:22
[INFO] [stdout]     |
[INFO] [stdout] 175 |       let course_row = sqlx::query_as!(
[INFO] [stdout]     |  ______________________^
[INFO] [stdout] 176 | |         Course,
[INFO] [stdout] 177 | |         r#"
[INFO] [stdout] 178 | |             UPDATE course SET name = $1, description = $2, format = $3, 
[INFO] [stdout] ...   |
[INFO] [stdout] 192 | |         teacher_id
[INFO] [stdout] 193 | |     )
[INFO] [stdout]     | |_____^
[INFO] [stdout]     |
[INFO] [stdout]     = note: this error originates in the macro `$crate::sqlx_macros::expand_query` which comes from the expansion of the macro `sqlx::query_as` (in Nightly builds, run with -Z macro-backtrace for more info)
[INFO] [stdout] 
[INFO] [stdout] 
[INFO] [stdout] error: error communicating with database: Connection refused (os error 111)
[INFO] [stdout]  --> webservice/src/bin/../db_access/teacher.rs:6:16
[INFO] [stdout]   |
[INFO] [stdout] 6 |     let rows = sqlx::query!(r#"SELECT id, name, picture_url, profile FROM teacher"#)
[INFO] [stdout]   |                ^^^^^^^^^^^^^^^^^^^^^^^^^^^^^^^^^^^^^^^^^^^^^^^^^^^^^^^^^^^^^^^^^^^^^
[INFO] [stdout]   |
[INFO] [stdout]   = note: this error originates in the macro `$crate::sqlx_macros::expand_query` which comes from the expansion of the macro `sqlx::query` (in Nightly builds, run with -Z macro-backtrace for more info)
[INFO] [stdout] 
[INFO] [stdout] 
[INFO] [stdout] error: error communicating with database: Connection refused (os error 111)
[INFO] [stdout]   --> webservice/src/bin/../db_access/teacher.rs:27:32
[INFO] [stdout]    |
[INFO] [stdout] 27 |       let row: Option<Teacher> = sqlx::query_as!(
[INFO] [stdout]    |  ________________________________^
[INFO] [stdout] 28 | |         Teacher,
[INFO] [stdout] 29 | |         r#"
[INFO] [stdout] 30 | |         SELECT id, name, picture_url, profile FROM teacher
[INFO] [stdout] 31 | |         WHERE id = $1"#,
[INFO] [stdout] 32 | |         teacher_id
[INFO] [stdout] 33 | |     )
[INFO] [stdout]    | |_____^
[INFO] [stdout]    |
[INFO] [stdout]    = note: this error originates in the macro `$crate::sqlx_macros::expand_query` which comes from the expansion of the macro `sqlx::query_as` (in Nightly builds, run with -Z macro-backtrace for more info)
[INFO] [stdout] 
[INFO] [stdout] 
[INFO] [stdout] error: error communicating with database: Connection refused (os error 111)
[INFO] [stdout]   --> webservice/src/bin/../db_access/teacher.rs:45:24
[INFO] [stdout]    |
[INFO] [stdout] 45 |       let row: Teacher = sqlx::query_as!(Teacher, r#"
[INFO] [stdout]    |  ________________________^
[INFO] [stdout] 46 | |         INSERT INTO teacher (name, picture_url, profile) VALUES ($1, $2, $3)
[INFO] [stdout] 47 | |         RETURNING id, name, picture_url, profile
[INFO] [stdout] 48 | |     "#, new_teacher.name, new_teacher.picture_url, new_teacher.profile)
[INFO] [stdout]    | |_______________________________________________________________________^
[INFO] [stdout]    |
[INFO] [stdout]    = note: this error originates in the macro `$crate::sqlx_macros::expand_query` which comes from the expansion of the macro `sqlx::query_as` (in Nightly builds, run with -Z macro-backtrace for more info)
[INFO] [stdout] 
[INFO] [stdout] 
[INFO] [stdout] error: error communicating with database: Connection refused (os error 111)
[INFO] [stdout]   --> webservice/src/bin/../db_access/teacher.rs:55:27
[INFO] [stdout]    |
[INFO] [stdout] 55 |       let current_teacher = sqlx::query_as!(Teacher, r#"
[INFO] [stdout]    |  ___________________________^
[INFO] [stdout] 56 | |         SELECT * FROM teacher WHERE id = $1
[INFO] [stdout] 57 | |     "#, teacher_id)
[INFO] [stdout]    | |___________________^
[INFO] [stdout]    |
[INFO] [stdout]    = note: this error originates in the macro `$crate::sqlx_macros::expand_query` which comes from the expansion of the macro `sqlx::query_as` (in Nightly builds, run with -Z macro-backtrace for more info)
[INFO] [stdout] 
[INFO] [stdout] 
[INFO] [stdout] error: error communicating with database: Connection refused (os error 111)
[INFO] [stdout]   --> webservice/src/bin/../db_access/teacher.rs:80:23
[INFO] [stdout]    |
[INFO] [stdout] 80 |       let current_row = sqlx::query_as!(Teacher, r#"
[INFO] [stdout]    |  _______________________^
[INFO] [stdout] 81 | |         UPDATE teacher SET name = $1, picture_url = $2, profile = $3
[INFO] [stdout] 82 | |         WHERE id = $4
[INFO] [stdout] 83 | |         RETURNING id, name, picture_url, profile
[INFO] [stdout] 84 | |     "#, name, picture_url, profile, teacher_id)
[INFO] [stdout]    | |_______________________________________________^
[INFO] [stdout]    |
[INFO] [stdout]    = note: this error originates in the macro `$crate::sqlx_macros::expand_query` which comes from the expansion of the macro `sqlx::query_as` (in Nightly builds, run with -Z macro-backtrace for more info)
[INFO] [stdout] 
[INFO] [stdout] 
[INFO] [stdout] error: error communicating with database: Connection refused (os error 111)
[INFO] [stdout]   --> webservice/src/bin/../db_access/teacher.rs:96:23
[INFO] [stdout]    |
[INFO] [stdout] 96 |       let teacher_row = sqlx::query!(r#"
[INFO] [stdout]    |  _______________________^
[INFO] [stdout] 97 | |         DELETE FROM teacher WHERE id = $1
[INFO] [stdout] 98 | |     "#, teacher_id)
[INFO] [stdout]    | |___________________^
[INFO] [stdout]    |
[INFO] [stdout]    = note: this error originates in the macro `$crate::sqlx_macros::expand_query` which comes from the expansion of the macro `sqlx::query` (in Nightly builds, run with -Z macro-backtrace for more info)
[INFO] [stdout] 
[INFO] [stdout] 
[INFO] [stdout] error: aborting due to 12 previous errors
[INFO] [stdout] 
[INFO] [stdout] 
[INFO] [stderr] error: could not document `webservice`
[INFO] [stderr] 
[INFO] [stderr] Caused by:
[INFO] [stderr]   process didn't exit successfully: `/opt/rustwide/rustup-home/toolchains/1.75.0-x86_64-unknown-linux-gnu/bin/rustdoc --edition=2021 --crate-type bin --crate-name teacher_service webservice/src/bin/teacher-service.rs -o /opt/rustwide/target/doc --error-format=json --json=diagnostic-rendered-ansi,artifacts,future-incompat --document-private-items '-Arustdoc::private-intra-doc-links' -C metadata=e5ef4503149397c9 -L dependency=/opt/rustwide/target/debug/deps --extern actix_cors=/opt/rustwide/target/debug/deps/libactix_cors-587ba2c4d9a1c213.rmeta --extern actix_rt=/opt/rustwide/target/debug/deps/libactix_rt-18de7b143e09bf3b.rmeta --extern actix_web=/opt/rustwide/target/debug/deps/libactix_web-3d5cb7be1ac37e17.rmeta --extern chrono=/opt/rustwide/target/debug/deps/libchrono-6890f4391f5ad4f5.rmeta --extern dotenv=/opt/rustwide/target/debug/deps/libdotenv-5c7b155fb9ea380a.rmeta --extern openssl=/opt/rustwide/target/debug/deps/libopenssl-89f6760065e2204f.rmeta --extern serde=/opt/rustwide/target/debug/deps/libserde-bc573d35e940b03c.rmeta --extern sqlx=/opt/rustwide/target/debug/deps/libsqlx-307b0abe81953b25.rmeta --cap-lints=warn --crate-version 0.1.0` (exit status: 1)
[INFO] [stderr] warning: build failed, waiting for other jobs to finish...
[INFO] running `Command { std: "docker" "inspect" "8e46aa99e08b149191379495c8853af072083c9155bbc05e4b5e6b71e8a10749", kill_on_drop: false }`
[INFO] running `Command { std: "docker" "rm" "-f" "8e46aa99e08b149191379495c8853af072083c9155bbc05e4b5e6b71e8a10749", kill_on_drop: false }`
[INFO] [stdout] 8e46aa99e08b149191379495c8853af072083c9155bbc05e4b5e6b71e8a10749
