[INFO] cloning repository https://github.com/Lips7/Matcher
[INFO] running `Command { std: "git" "-c" "credential.helper=" "-c" "credential.helper=/workspace/cargo-home/bin/git-credential-null" "clone" "--bare" "https://github.com/Lips7/Matcher" "/workspace/cache/git-repos/https%3A%2F%2Fgithub.com%2FLips7%2FMatcher", kill_on_drop: false }`
[INFO] [stderr] Cloning into bare repository '/workspace/cache/git-repos/https%3A%2F%2Fgithub.com%2FLips7%2FMatcher'...
[INFO] running `Command { std: "git" "rev-parse" "HEAD", kill_on_drop: false }`
[INFO] [stdout] 10b6b88127d3dd5f98533d3ddb40371e4201bfab
[INFO] documenting Lips7/Matcher against 1.75.0 for beta-1.76-rustdoc-1
[INFO] running `Command { std: "git" "clone" "/workspace/cache/git-repos/https%3A%2F%2Fgithub.com%2FLips7%2FMatcher" "/workspace/builds/worker-3-tc1/source", kill_on_drop: false }`
[INFO] [stderr] Cloning into '/workspace/builds/worker-3-tc1/source'...
[INFO] [stderr] done.
[INFO] validating manifest of git repo https://github.com/Lips7/Matcher on toolchain 1.75.0
[INFO] running `Command { std: CARGO_HOME="/workspace/cargo-home" RUSTUP_HOME="/workspace/rustup-home" "/workspace/cargo-home/bin/cargo" "+1.75.0" "metadata" "--manifest-path" "Cargo.toml" "--no-deps", kill_on_drop: false }`
[INFO] started tweaking git repo https://github.com/Lips7/Matcher
[INFO] finished tweaking git repo https://github.com/Lips7/Matcher
[INFO] tweaked toml for git repo https://github.com/Lips7/Matcher written to /workspace/builds/worker-3-tc1/source/Cargo.toml
[INFO] crate git repo https://github.com/Lips7/Matcher already has a lockfile, it will not be regenerated
[INFO] running `Command { std: CARGO_HOME="/workspace/cargo-home" RUSTUP_HOME="/workspace/rustup-home" "/workspace/cargo-home/bin/cargo" "+1.75.0" "fetch" "--manifest-path" "Cargo.toml", kill_on_drop: false }`
[INFO] [stderr]     Updating crates.io index
[INFO] [stderr]  Downloading crates ...
[INFO] [stderr]   Downloaded pyo3-macros v0.19.1
[INFO] [stderr]   Downloaded malloc_buf v1.0.0
[INFO] [stderr]   Downloaded pnet_macros v0.31.0
[INFO] [stderr]   Downloaded pcap v1.1.0
[INFO] [stderr]   Downloaded pnet_datalink v0.31.0
[INFO] [stderr]   Downloaded zerofrom v0.1.2
[INFO] [stderr]   Downloaded zerovec-derive v0.9.4
[INFO] [stderr]   Downloaded pnet_packet v0.31.0
[INFO] [stderr]   Downloaded pnet_transport v0.31.0
[INFO] [stderr]   Downloaded pnet v0.31.0
[INFO] [stderr]   Downloaded pyo3-build-config v0.19.1
[INFO] [stderr]   Downloaded pyo3-macros-backend v0.19.1
[INFO] [stderr]   Downloaded pyo3-ffi v0.19.1
[INFO] [stderr]   Downloaded serde_derive v1.0.174
[INFO] [stderr]   Downloaded zerovec v0.9.4
[INFO] [stderr]   Downloaded pyo3 v0.19.1
[INFO] [stderr]   Downloaded serde v1.0.174
[INFO] [stderr]   Downloaded target-lexicon v0.12.10
[INFO] [stderr]   Downloaded pnet_base v0.31.0
[INFO] [stderr]   Downloaded pnet_macros_support v0.31.0
[INFO] [stderr]   Downloaded pnet_sys v0.31.0
[INFO] running `Command { std: "docker" "create" "-v" "/var/lib/crater-agent-workspace/builds/worker-3-tc1/target:/opt/rustwide/target:rw,Z" "-v" "/var/lib/crater-agent-workspace/builds/worker-3-tc1/source:/opt/rustwide/workdir:ro,Z" "-v" "/var/lib/crater-agent-workspace/cargo-home:/opt/rustwide/cargo-home:ro,Z" "-v" "/var/lib/crater-agent-workspace/rustup-home:/opt/rustwide/rustup-home:ro,Z" "-e" "SOURCE_DIR=/opt/rustwide/workdir" "-e" "CARGO_TARGET_DIR=/opt/rustwide/target" "-e" "CARGO_HOME=/opt/rustwide/cargo-home" "-e" "RUSTUP_HOME=/opt/rustwide/rustup-home" "-w" "/opt/rustwide/workdir" "-m" "1610612736" "--user" "0:0" "--network" "none" "ghcr.io/rust-lang/crates-build-env/linux@sha256:2788e3201cd34a07e3172128adcd8b3090168a8e3bcc40d7c032b9dda1df7d1c" "/opt/rustwide/cargo-home/bin/cargo" "+1.75.0" "metadata" "--no-deps" "--format-version=1", kill_on_drop: false }`
[INFO] [stdout] 950995263e94370164662c77c12c7a597b1fa5893820d7951361c98a8de2a278
[INFO] running `Command { std: "docker" "start" "-a" "950995263e94370164662c77c12c7a597b1fa5893820d7951361c98a8de2a278", kill_on_drop: false }`
[INFO] running `Command { std: "docker" "inspect" "950995263e94370164662c77c12c7a597b1fa5893820d7951361c98a8de2a278", kill_on_drop: false }`
[INFO] running `Command { std: "docker" "rm" "-f" "950995263e94370164662c77c12c7a597b1fa5893820d7951361c98a8de2a278", kill_on_drop: false }`
[INFO] [stdout] 950995263e94370164662c77c12c7a597b1fa5893820d7951361c98a8de2a278
[INFO] running `Command { std: "docker" "create" "-v" "/var/lib/crater-agent-workspace/builds/worker-3-tc1/target:/opt/rustwide/target:rw,Z" "-v" "/var/lib/crater-agent-workspace/builds/worker-3-tc1/source:/opt/rustwide/workdir:ro,Z" "-v" "/var/lib/crater-agent-workspace/cargo-home:/opt/rustwide/cargo-home:ro,Z" "-v" "/var/lib/crater-agent-workspace/rustup-home:/opt/rustwide/rustup-home:ro,Z" "-e" "SOURCE_DIR=/opt/rustwide/workdir" "-e" "CARGO_TARGET_DIR=/opt/rustwide/target" "-e" "CARGO_INCREMENTAL=0" "-e" "RUST_BACKTRACE=full" "-e" "RUSTFLAGS=--cap-lints=warn" "-e" "RUSTDOCFLAGS=--cap-lints=warn" "-e" "CARGO_HOME=/opt/rustwide/cargo-home" "-e" "RUSTUP_HOME=/opt/rustwide/rustup-home" "-w" "/opt/rustwide/workdir" "-m" "1610612736" "--user" "0:0" "--network" "none" "ghcr.io/rust-lang/crates-build-env/linux@sha256:2788e3201cd34a07e3172128adcd8b3090168a8e3bcc40d7c032b9dda1df7d1c" "/opt/rustwide/cargo-home/bin/cargo" "+1.75.0" "doc" "--frozen" "--no-deps" "--document-private-items" "--message-format=json", kill_on_drop: false }`
[INFO] [stdout] 23c7b566800efc76c64076d7d70be7ed8f671a5232b247f002d80efbce243a0d
[INFO] running `Command { std: "docker" "start" "-a" "23c7b566800efc76c64076d7d70be7ed8f671a5232b247f002d80efbce243a0d", kill_on_drop: false }`
[INFO] [stderr]    Compiling autocfg v1.1.0
[INFO] [stderr]    Compiling proc-macro2 v1.0.66
[INFO] [stderr]    Compiling unicode-ident v1.0.11
[INFO] [stderr]    Compiling once_cell v1.18.0
[INFO] [stderr]    Compiling libc v0.2.147
[INFO] [stderr]    Compiling syn v1.0.109
[INFO] [stderr]    Compiling target-lexicon v0.12.10
[INFO] [stderr]    Compiling anyhow v1.0.72
[INFO] [stderr]    Compiling serde v1.0.174
[INFO] [stderr]    Compiling serde_derive v1.0.174
[INFO] [stderr]    Compiling cc v1.0.79
[INFO] [stderr]    Compiling memchr v2.5.0
[INFO] [stderr]    Compiling cargo-emit v0.2.1
[INFO] [stderr]    Compiling crunchy v0.2.2
[INFO] [stderr]    Compiling pkg-config v0.3.27
[INFO] [stderr]    Compiling tiny-keccak v2.0.2
[INFO] [stderr]    Compiling proc-macro-hack v0.5.20+deprecated
[INFO] [stderr]    Compiling cfg-if v1.0.0
[INFO] [stderr]    Compiling thiserror v1.0.44
[INFO] [stderr]     Checking cty v0.2.2
[INFO] [stderr]    Compiling semver v1.0.18
[INFO] [stderr]    Compiling libm v0.1.4
[INFO] [stderr]    Compiling num-traits v0.2.16
[INFO] [stderr]     Checking regex-syntax v0.7.4
[INFO] [stderr]    Compiling version_check v0.9.4
[INFO] [stderr]     Checking foreign-types-shared v0.3.1
[INFO] [stderr]    Compiling convert_case v0.4.0
[INFO] [stderr]    Compiling packed_simd_2 v0.3.8
[INFO] [stderr]    Compiling unicode-xid v0.2.4
[INFO] [stderr]     Checking aho-corasick v1.0.2
[INFO] [stderr]    Compiling hyperscan-sys v0.3.2 (/opt/rustwide/workdir/matcher_rs/rust-hyperscan/hyperscan-sys)
[INFO] [stderr]    Compiling pyo3-build-config v0.19.1
[INFO] [stderr]    Compiling ahash v0.8.3
[INFO] [stderr]    Compiling lock_api v0.4.10
[INFO] [stderr]    Compiling quote v1.0.31
[INFO] [stderr]    Compiling serde_json v1.0.103
[INFO] [stderr]     Checking malloc_buf v1.0.0
[INFO] [stderr]    Compiling paste v1.0.14
[INFO] [stderr]    Compiling parking_lot_core v0.9.8
[INFO] [stderr]     Checking bitflags v1.3.2
[INFO] [stderr]    Compiling syn v2.0.27
[INFO] [stderr]     Checking bit-vec v0.6.3
[INFO] [stderr]    Compiling getrandom v0.2.10
[INFO] [stderr]     Checking bit-set v0.5.3
[INFO] [stderr]    Compiling memoffset v0.9.0
[INFO] [stderr]    Compiling matrixmultiply v0.3.7
[INFO] [stderr]    Compiling num-integer v0.1.45
[INFO] [stderr]     Checking itoa v1.0.9
[INFO] [stderr]     Checking smallvec v1.11.0
[INFO] [stderr]     Checking ryu v1.0.15
[INFO] [stderr]    Compiling mimalloc-rust-sys v1.7.9-source (/opt/rustwide/workdir/matcher_rs/mimalloc-rust/mimalloc-rust-sys)
[INFO] [stderr]     Checking scopeguard v1.2.0
[INFO] [stderr]    Compiling const-random-macro v0.1.15
[INFO] [stderr]     Checking zerofrom v0.1.2
[INFO] [stderr]     Checking tinyvec_macros v0.1.1
[INFO] [stderr]     Checking tinyvec v1.6.0
[INFO] [stderr]     Checking libloading v0.8.0
[INFO] [stderr]     Checking strsim v0.10.0
[INFO] [stderr]     Checking byteorder v1.4.3
[INFO] [stderr]     Checking nohash-hasher v0.2.0
[INFO] [stderr]     Checking rawpointer v0.2.1
[INFO] [stderr]     Checking num-complex v0.4.3
[INFO] [stderr]     Checking parking_lot v0.12.1
[INFO] [stderr]    Compiling indoc v1.0.9
[INFO] [stderr]     Checking unindent v0.1.11
[INFO] [stderr]     Checking rustc-hash v1.1.0
[INFO] [stderr]  Documenting hyperscan-sys v0.3.2 (/opt/rustwide/workdir/matcher_rs/rust-hyperscan/hyperscan-sys)
[INFO] [stderr]     Checking const-random v0.1.15
[INFO] [stderr]    Compiling pyo3-ffi v0.19.1
[INFO] [stderr]    Compiling pyo3 v0.19.1
[INFO] [stderr]    Compiling matcher_py v1.7.1 (/opt/rustwide/workdir/matcher_py)
[INFO] [stderr]     Checking ndarray v0.15.6
[INFO] [stderr]     Checking rmp v0.8.12
[INFO] [stderr]     Checking regex-automata v0.3.3
[INFO] [stdout] error[E0554]: `#![feature]` may not be used on the stable release channel
[INFO] [stdout]    --> /opt/rustwide/cargo-home/registry/src/index.crates.io-6f17d22bba15001f/packed_simd_2-0.3.8/src/lib.rs:214:1
[INFO] [stdout]     |
[INFO] [stdout] 214 | / #![feature(
[INFO] [stdout] 215 | |     adt_const_params,
[INFO] [stdout] 216 | |     repr_simd,
[INFO] [stdout] 217 | |     rustc_attrs,
[INFO] [stdout] ...   |
[INFO] [stdout] 224 | |     custom_inner_attributes,
[INFO] [stdout] 225 | | )]
[INFO] [stdout]     | |__^
[INFO] [stdout] 
[INFO] [stdout] 
[INFO] [stderr]  Documenting mimalloc-rust-sys v1.7.9-source (/opt/rustwide/workdir/matcher_rs/mimalloc-rust/mimalloc-rust-sys)
[INFO] [stderr]     Checking bitflags v2.3.3
[INFO] [stderr]     Checking rmp-serde v1.1.2
[INFO] [stderr]     Checking mimalloc-rust v0.2.1 (/opt/rustwide/workdir/matcher_rs/mimalloc-rust)
[INFO] [stderr]  Documenting mimalloc-rust v0.2.1 (/opt/rustwide/workdir/matcher_rs/mimalloc-rust)
[INFO] [stdout] error[E0554]: `#![feature]` may not be used on the stable release channel
[INFO] [stdout]    --> /opt/rustwide/cargo-home/registry/src/index.crates.io-6f17d22bba15001f/packed_simd_2-0.3.8/src/lib.rs:219:5
[INFO] [stdout]     |
[INFO] [stdout] 219 |     stdsimd,
[INFO] [stdout]     |     ^^^^^^^
[INFO] [stdout] 
[INFO] [stdout] 
[INFO] [stdout] error[E0554]: `#![feature]` may not be used on the stable release channel
[INFO] [stdout]    --> /opt/rustwide/cargo-home/registry/src/index.crates.io-6f17d22bba15001f/packed_simd_2-0.3.8/src/lib.rs:222:5
[INFO] [stdout]     |
[INFO] [stdout] 222 |     core_intrinsics,
[INFO] [stdout]     |     ^^^^^^^^^^^^^^^
[INFO] [stdout] 
[INFO] [stdout] 
[INFO] [stderr]     Checking regex v1.9.1
[INFO] [stdout] error: unrecognized platform-specific intrinsic function: `simd_shuffle2`
[INFO] [stdout]   --> /opt/rustwide/cargo-home/registry/src/index.crates.io-6f17d22bba15001f/packed_simd_2-0.3.8/src/codegen/llvm.rs:10:5
[INFO] [stdout]    |
[INFO] [stdout] 10 |     pub fn simd_shuffle2<T, U>(x: T, y: T, idx: [u32; 2]) -> U;
[INFO] [stdout]    |     ^^^^^^^^^^^^^^^^^^^^^^^^^^^^^^^^^^^^^^^^^^^^^^^^^^^^^^^^^^^
[INFO] [stdout] 
[INFO] [stdout] 
[INFO] [stdout] error: unrecognized platform-specific intrinsic function: `simd_shuffle4`
[INFO] [stdout]   --> /opt/rustwide/cargo-home/registry/src/index.crates.io-6f17d22bba15001f/packed_simd_2-0.3.8/src/codegen/llvm.rs:11:5
[INFO] [stdout]    |
[INFO] [stdout] 11 |     pub fn simd_shuffle4<T, U>(x: T, y: T, idx: [u32; 4]) -> U;
[INFO] [stdout]    |     ^^^^^^^^^^^^^^^^^^^^^^^^^^^^^^^^^^^^^^^^^^^^^^^^^^^^^^^^^^^
[INFO] [stdout] 
[INFO] [stdout] 
[INFO] [stdout] error: unrecognized platform-specific intrinsic function: `simd_shuffle8`
[INFO] [stdout]   --> /opt/rustwide/cargo-home/registry/src/index.crates.io-6f17d22bba15001f/packed_simd_2-0.3.8/src/codegen/llvm.rs:12:5
[INFO] [stdout]    |
[INFO] [stdout] 12 |     pub fn simd_shuffle8<T, U>(x: T, y: T, idx: [u32; 8]) -> U;
[INFO] [stdout]    |     ^^^^^^^^^^^^^^^^^^^^^^^^^^^^^^^^^^^^^^^^^^^^^^^^^^^^^^^^^^^
[INFO] [stdout] 
[INFO] [stdout] 
[INFO] [stdout] error: unrecognized platform-specific intrinsic function: `simd_shuffle16`
[INFO] [stdout]   --> /opt/rustwide/cargo-home/registry/src/index.crates.io-6f17d22bba15001f/packed_simd_2-0.3.8/src/codegen/llvm.rs:13:5
[INFO] [stdout]    |
[INFO] [stdout] 13 |     pub fn simd_shuffle16<T, U>(x: T, y: T, idx: [u32; 16]) -> U;
[INFO] [stdout]    |     ^^^^^^^^^^^^^^^^^^^^^^^^^^^^^^^^^^^^^^^^^^^^^^^^^^^^^^^^^^^^^
[INFO] [stdout] 
[INFO] [stdout] 
[INFO] [stdout] error: unrecognized platform-specific intrinsic function: `simd_shuffle32`
[INFO] [stdout]   --> /opt/rustwide/cargo-home/registry/src/index.crates.io-6f17d22bba15001f/packed_simd_2-0.3.8/src/codegen/llvm.rs:14:5
[INFO] [stdout]    |
[INFO] [stdout] 14 |     pub fn simd_shuffle32<T, U>(x: T, y: T, idx: [u32; 32]) -> U;
[INFO] [stdout]    |     ^^^^^^^^^^^^^^^^^^^^^^^^^^^^^^^^^^^^^^^^^^^^^^^^^^^^^^^^^^^^^
[INFO] [stdout] 
[INFO] [stdout] 
[INFO] [stdout] error: unrecognized platform-specific intrinsic function: `simd_shuffle64`
[INFO] [stdout]   --> /opt/rustwide/cargo-home/registry/src/index.crates.io-6f17d22bba15001f/packed_simd_2-0.3.8/src/codegen/llvm.rs:15:5
[INFO] [stdout]    |
[INFO] [stdout] 15 |     pub fn simd_shuffle64<T, U>(x: T, y: T, idx: [u32; 64]) -> U;
[INFO] [stdout]    |     ^^^^^^^^^^^^^^^^^^^^^^^^^^^^^^^^^^^^^^^^^^^^^^^^^^^^^^^^^^^^^
[INFO] [stdout] 
[INFO] [stdout] 
[INFO] [stderr]    Compiling synstructure v0.12.6
[INFO] [stderr]    Compiling pyo3-macros-backend v0.19.1
[INFO] [stderr]     Checking fancy-regex v0.11.0
[INFO] [stderr]    Compiling thiserror-impl v1.0.44
[INFO] [stderr]    Compiling foreign-types-macros v0.2.3
[INFO] [stderr]    Compiling derive_more v0.99.17
[INFO] [stderr]    Compiling zerovec-derive v0.9.4
[INFO] [stderr]     Checking foreign-types v0.5.0
[INFO] [stderr]     Checking zerovec v0.9.4
[INFO] [stderr]    Compiling pyo3-macros v0.19.1
[INFO] [stdout] error: aborting due to 9 previous errors
[INFO] [stdout] 
[INFO] [stdout] 
[INFO] [stdout] For more information about this error, try `rustc --explain E0554`.
[INFO] [stdout] 
[INFO] [stderr] error: could not compile `packed_simd_2` (lib) due to 10 previous errors
[INFO] [stderr] warning: build failed, waiting for other jobs to finish...
[INFO] running `Command { std: "docker" "inspect" "23c7b566800efc76c64076d7d70be7ed8f671a5232b247f002d80efbce243a0d", kill_on_drop: false }`
[INFO] running `Command { std: "docker" "rm" "-f" "23c7b566800efc76c64076d7d70be7ed8f671a5232b247f002d80efbce243a0d", kill_on_drop: false }`
[INFO] [stdout] 23c7b566800efc76c64076d7d70be7ed8f671a5232b247f002d80efbce243a0d
[INFO] documenting Lips7/Matcher against beta-2023-12-22 for beta-1.76-rustdoc-1
[INFO] running `Command { std: "git" "clone" "/workspace/cache/git-repos/https%3A%2F%2Fgithub.com%2FLips7%2FMatcher" "/workspace/builds/worker-3-tc2/source", kill_on_drop: false }`
[INFO] [stderr] Cloning into '/workspace/builds/worker-3-tc2/source'...
[INFO] [stderr] done.
[INFO] validating manifest of git repo https://github.com/Lips7/Matcher on toolchain beta-2023-12-22
[INFO] running `Command { std: CARGO_HOME="/workspace/cargo-home" RUSTUP_HOME="/workspace/rustup-home" "/workspace/cargo-home/bin/cargo" "+beta-2023-12-22" "metadata" "--manifest-path" "Cargo.toml" "--no-deps", kill_on_drop: false }`
[INFO] started tweaking git repo https://github.com/Lips7/Matcher
[INFO] finished tweaking git repo https://github.com/Lips7/Matcher
[INFO] tweaked toml for git repo https://github.com/Lips7/Matcher written to /workspace/builds/worker-3-tc2/source/Cargo.toml
[INFO] crate git repo https://github.com/Lips7/Matcher already has a lockfile, it will not be regenerated
[INFO] running `Command { std: CARGO_HOME="/workspace/cargo-home" RUSTUP_HOME="/workspace/rustup-home" "/workspace/cargo-home/bin/cargo" "+beta-2023-12-22" "fetch" "--manifest-path" "Cargo.toml", kill_on_drop: false }`
[INFO] running `Command { std: "docker" "create" "-v" "/var/lib/crater-agent-workspace/builds/worker-3-tc2/target:/opt/rustwide/target:rw,Z" "-v" "/var/lib/crater-agent-workspace/builds/worker-3-tc2/source:/opt/rustwide/workdir:ro,Z" "-v" "/var/lib/crater-agent-workspace/cargo-home:/opt/rustwide/cargo-home:ro,Z" "-v" "/var/lib/crater-agent-workspace/rustup-home:/opt/rustwide/rustup-home:ro,Z" "-e" "SOURCE_DIR=/opt/rustwide/workdir" "-e" "CARGO_TARGET_DIR=/opt/rustwide/target" "-e" "CARGO_HOME=/opt/rustwide/cargo-home" "-e" "RUSTUP_HOME=/opt/rustwide/rustup-home" "-w" "/opt/rustwide/workdir" "-m" "1610612736" "--user" "0:0" "--network" "none" "ghcr.io/rust-lang/crates-build-env/linux@sha256:2788e3201cd34a07e3172128adcd8b3090168a8e3bcc40d7c032b9dda1df7d1c" "/opt/rustwide/cargo-home/bin/cargo" "+beta-2023-12-22" "metadata" "--no-deps" "--format-version=1", kill_on_drop: false }`
[INFO] [stdout] 7ddcc16c92ffe8ba00fb5b99b418deffa91603b5ac74e61c584d42fcdb38f848
[INFO] running `Command { std: "docker" "start" "-a" "7ddcc16c92ffe8ba00fb5b99b418deffa91603b5ac74e61c584d42fcdb38f848", kill_on_drop: false }`
[INFO] running `Command { std: "docker" "inspect" "7ddcc16c92ffe8ba00fb5b99b418deffa91603b5ac74e61c584d42fcdb38f848", kill_on_drop: false }`
[INFO] running `Command { std: "docker" "rm" "-f" "7ddcc16c92ffe8ba00fb5b99b418deffa91603b5ac74e61c584d42fcdb38f848", kill_on_drop: false }`
[INFO] [stdout] 7ddcc16c92ffe8ba00fb5b99b418deffa91603b5ac74e61c584d42fcdb38f848
[INFO] running `Command { std: "docker" "create" "-v" "/var/lib/crater-agent-workspace/builds/worker-3-tc2/target:/opt/rustwide/target:rw,Z" "-v" "/var/lib/crater-agent-workspace/builds/worker-3-tc2/source:/opt/rustwide/workdir:ro,Z" "-v" "/var/lib/crater-agent-workspace/cargo-home:/opt/rustwide/cargo-home:ro,Z" "-v" "/var/lib/crater-agent-workspace/rustup-home:/opt/rustwide/rustup-home:ro,Z" "-e" "SOURCE_DIR=/opt/rustwide/workdir" "-e" "CARGO_TARGET_DIR=/opt/rustwide/target" "-e" "CARGO_INCREMENTAL=0" "-e" "RUST_BACKTRACE=full" "-e" "RUSTFLAGS=--cap-lints=warn" "-e" "RUSTDOCFLAGS=--cap-lints=warn" "-e" "CARGO_HOME=/opt/rustwide/cargo-home" "-e" "RUSTUP_HOME=/opt/rustwide/rustup-home" "-w" "/opt/rustwide/workdir" "-m" "1610612736" "--user" "0:0" "--network" "none" "ghcr.io/rust-lang/crates-build-env/linux@sha256:2788e3201cd34a07e3172128adcd8b3090168a8e3bcc40d7c032b9dda1df7d1c" "/opt/rustwide/cargo-home/bin/cargo" "+beta-2023-12-22" "doc" "--frozen" "--no-deps" "--document-private-items" "--message-format=json", kill_on_drop: false }`
[INFO] [stdout] 5577ed80c963fbdb6660218666803f332544ef9581d5d5e887b10abc347b1e98
[INFO] running `Command { std: "docker" "start" "-a" "5577ed80c963fbdb6660218666803f332544ef9581d5d5e887b10abc347b1e98", kill_on_drop: false }`
[INFO] [stderr]    Compiling autocfg v1.1.0
[INFO] [stderr]    Compiling proc-macro2 v1.0.66
[INFO] [stderr]    Compiling unicode-ident v1.0.11
[INFO] [stderr]    Compiling once_cell v1.18.0
[INFO] [stderr]    Compiling libc v0.2.147
[INFO] [stderr]    Compiling syn v1.0.109
[INFO] [stderr]    Compiling target-lexicon v0.12.10
[INFO] [stderr]    Compiling serde v1.0.174
[INFO] [stderr]    Compiling anyhow v1.0.72
[INFO] [stderr]    Compiling serde_derive v1.0.174
[INFO] [stderr]    Compiling cargo-emit v0.2.1
[INFO] [stderr]    Compiling pkg-config v0.3.27
[INFO] [stderr]    Compiling memchr v2.5.0
[INFO] [stderr]    Compiling cc v1.0.79
[INFO] [stderr]    Compiling crunchy v0.2.2
[INFO] [stderr]    Compiling tiny-keccak v2.0.2
[INFO] [stderr]    Compiling proc-macro-hack v0.5.20+deprecated
[INFO] [stderr]    Compiling libm v0.1.4
[INFO] [stderr]    Compiling semver v1.0.18
[INFO] [stderr]    Compiling thiserror v1.0.44
[INFO] [stderr]    Compiling num-traits v0.2.16
[INFO] [stderr]     Checking cty v0.2.2
[INFO] [stderr]    Compiling cfg-if v1.0.0
[INFO] [stderr]    Compiling convert_case v0.4.0
[INFO] [stderr]    Compiling unicode-xid v0.2.4
[INFO] [stderr]    Compiling packed_simd_2 v0.3.8
[INFO] [stderr]    Compiling version_check v0.9.4
[INFO] [stderr]     Checking foreign-types-shared v0.3.1
[INFO] [stderr]     Checking regex-syntax v0.7.4
[INFO] [stderr]    Compiling hyperscan-sys v0.3.2 (/opt/rustwide/workdir/matcher_rs/rust-hyperscan/hyperscan-sys)
[INFO] [stderr]    Compiling quote v1.0.31
[INFO] [stderr]     Checking aho-corasick v1.0.2
[INFO] [stderr]    Compiling pyo3-build-config v0.19.1
[INFO] [stderr]    Compiling syn v2.0.27
[INFO] [stderr]    Compiling ahash v0.8.3
[INFO] [stderr]     Checking malloc_buf v1.0.0
[INFO] [stderr]    Compiling lock_api v0.4.10
[INFO] [stderr]    Compiling parking_lot_core v0.9.8
[INFO] [stderr]     Checking bitflags v1.3.2
[INFO] [stderr]    Compiling serde_json v1.0.103
[INFO] [stderr]    Compiling getrandom v0.2.10
[INFO] [stderr]     Checking bit-vec v0.6.3
[INFO] [stderr]    Compiling paste v1.0.14
[INFO] [stderr]    Compiling memoffset v0.9.0
[INFO] [stderr]    Compiling num-integer v0.1.45
[INFO] [stderr]    Compiling matrixmultiply v0.3.7
[INFO] [stderr]     Checking bit-set v0.5.3
[INFO] [stderr]     Checking smallvec v1.11.0
[INFO] [stderr]    Compiling const-random-macro v0.1.15
[INFO] [stderr]     Checking itoa v1.0.9
[INFO] [stderr]     Checking zerofrom v0.1.2
[INFO] [stderr]    Compiling mimalloc-rust-sys v1.7.9-source (/opt/rustwide/workdir/matcher_rs/mimalloc-rust/mimalloc-rust-sys)
[INFO] [stderr]     Checking scopeguard v1.2.0
[INFO] [stderr]     Checking tinyvec_macros v0.1.1
[INFO] [stderr]     Checking ryu v1.0.15
[INFO] [stderr]     Checking tinyvec v1.6.0
[INFO] [stderr]     Checking libloading v0.8.0
[INFO] [stderr]     Checking strsim v0.10.0
[INFO] [stderr]     Checking rawpointer v0.2.1
[INFO] [stderr]     Checking byteorder v1.4.3
[INFO] [stderr]     Checking nohash-hasher v0.2.0
[INFO] [stderr]     Checking parking_lot v0.12.1
[INFO] [stderr]    Compiling indoc v1.0.9
[INFO] [stderr]     Checking unindent v0.1.11
[INFO] [stderr]     Checking const-random v0.1.15
[INFO] [stderr]     Checking num-complex v0.4.3
[INFO] [stderr]     Checking rustc-hash v1.1.0
[INFO] [stderr]  Documenting hyperscan-sys v0.3.2 (/opt/rustwide/workdir/matcher_rs/rust-hyperscan/hyperscan-sys)
[INFO] [stderr]     Checking regex-automata v0.3.3
[INFO] [stderr]     Checking rmp v0.8.12
[INFO] [stderr]     Checking ndarray v0.15.6
[INFO] [stdout] error[E0554]: `#![feature]` may not be used on the beta release channel
[INFO] [stdout]    --> /opt/rustwide/cargo-home/registry/src/index.crates.io-6f17d22bba15001f/packed_simd_2-0.3.8/src/lib.rs:214:1
[INFO] [stdout]     |
[INFO] [stdout] 214 | / #![feature(
[INFO] [stdout] 215 | |     adt_const_params,
[INFO] [stdout] 216 | |     repr_simd,
[INFO] [stdout] 217 | |     rustc_attrs,
[INFO] [stdout] ...   |
[INFO] [stdout] 224 | |     custom_inner_attributes,
[INFO] [stdout] 225 | | )]
[INFO] [stdout]     | |__^
[INFO] [stdout] 
[INFO] [stdout] 
[INFO] [stderr]    Compiling pyo3-ffi v0.19.1
[INFO] [stderr]    Compiling pyo3 v0.19.1
[INFO] [stderr]    Compiling matcher_py v1.7.1 (/opt/rustwide/workdir/matcher_py)
[INFO] [stderr]     Checking bitflags v2.3.3
[INFO] [stderr]     Checking rmp-serde v1.1.2
[INFO] [stderr]  Documenting mimalloc-rust-sys v1.7.9-source (/opt/rustwide/workdir/matcher_rs/mimalloc-rust/mimalloc-rust-sys)
[INFO] [stdout] error[E0554]: `#![feature]` may not be used on the beta release channel
[INFO] [stdout]    --> /opt/rustwide/cargo-home/registry/src/index.crates.io-6f17d22bba15001f/packed_simd_2-0.3.8/src/lib.rs:219:5
[INFO] [stdout]     |
[INFO] [stdout] 219 |     stdsimd,
[INFO] [stdout]     |     ^^^^^^^
[INFO] [stdout] 
[INFO] [stdout] 
[INFO] [stdout] error[E0554]: `#![feature]` may not be used on the beta release channel
[INFO] [stdout]    --> /opt/rustwide/cargo-home/registry/src/index.crates.io-6f17d22bba15001f/packed_simd_2-0.3.8/src/lib.rs:222:5
[INFO] [stdout]     |
[INFO] [stdout] 222 |     core_intrinsics,
[INFO] [stdout]     |     ^^^^^^^^^^^^^^^
[INFO] [stdout] 
[INFO] [stdout] 
[INFO] [stderr]     Checking mimalloc-rust v0.2.1 (/opt/rustwide/workdir/matcher_rs/mimalloc-rust)
[INFO] [stderr]  Documenting mimalloc-rust v0.2.1 (/opt/rustwide/workdir/matcher_rs/mimalloc-rust)
[INFO] [stdout] error: unrecognized platform-specific intrinsic function: `simd_shuffle2`
[INFO] [stdout]   --> /opt/rustwide/cargo-home/registry/src/index.crates.io-6f17d22bba15001f/packed_simd_2-0.3.8/src/codegen/llvm.rs:10:5
[INFO] [stdout]    |
[INFO] [stdout] 10 |     pub fn simd_shuffle2<T, U>(x: T, y: T, idx: [u32; 2]) -> U;
[INFO] [stdout]    |     ^^^^^^^^^^^^^^^^^^^^^^^^^^^^^^^^^^^^^^^^^^^^^^^^^^^^^^^^^^^
[INFO] [stdout] 
[INFO] [stdout] 
[INFO] [stdout] error: unrecognized platform-specific intrinsic function: `simd_shuffle4`
[INFO] [stdout]   --> /opt/rustwide/cargo-home/registry/src/index.crates.io-6f17d22bba15001f/packed_simd_2-0.3.8/src/codegen/llvm.rs:11:5
[INFO] [stdout]    |
[INFO] [stdout] 11 |     pub fn simd_shuffle4<T, U>(x: T, y: T, idx: [u32; 4]) -> U;
[INFO] [stdout]    |     ^^^^^^^^^^^^^^^^^^^^^^^^^^^^^^^^^^^^^^^^^^^^^^^^^^^^^^^^^^^
[INFO] [stdout] 
[INFO] [stdout] 
[INFO] [stdout] error: unrecognized platform-specific intrinsic function: `simd_shuffle8`
[INFO] [stdout]   --> /opt/rustwide/cargo-home/registry/src/index.crates.io-6f17d22bba15001f/packed_simd_2-0.3.8/src/codegen/llvm.rs:12:5
[INFO] [stdout]    |
[INFO] [stdout] 12 |     pub fn simd_shuffle8<T, U>(x: T, y: T, idx: [u32; 8]) -> U;
[INFO] [stdout]    |     ^^^^^^^^^^^^^^^^^^^^^^^^^^^^^^^^^^^^^^^^^^^^^^^^^^^^^^^^^^^
[INFO] [stdout] 
[INFO] [stdout] 
[INFO] [stdout] error: unrecognized platform-specific intrinsic function: `simd_shuffle16`
[INFO] [stdout]   --> /opt/rustwide/cargo-home/registry/src/index.crates.io-6f17d22bba15001f/packed_simd_2-0.3.8/src/codegen/llvm.rs:13:5
[INFO] [stdout]    |
[INFO] [stdout] 13 |     pub fn simd_shuffle16<T, U>(x: T, y: T, idx: [u32; 16]) -> U;
[INFO] [stdout]    |     ^^^^^^^^^^^^^^^^^^^^^^^^^^^^^^^^^^^^^^^^^^^^^^^^^^^^^^^^^^^^^
[INFO] [stdout] 
[INFO] [stdout] 
[INFO] [stdout] error: unrecognized platform-specific intrinsic function: `simd_shuffle32`
[INFO] [stdout]   --> /opt/rustwide/cargo-home/registry/src/index.crates.io-6f17d22bba15001f/packed_simd_2-0.3.8/src/codegen/llvm.rs:14:5
[INFO] [stdout]    |
[INFO] [stdout] 14 |     pub fn simd_shuffle32<T, U>(x: T, y: T, idx: [u32; 32]) -> U;
[INFO] [stdout]    |     ^^^^^^^^^^^^^^^^^^^^^^^^^^^^^^^^^^^^^^^^^^^^^^^^^^^^^^^^^^^^^
[INFO] [stdout] 
[INFO] [stdout] 
[INFO] [stdout] error: unrecognized platform-specific intrinsic function: `simd_shuffle64`
[INFO] [stdout]   --> /opt/rustwide/cargo-home/registry/src/index.crates.io-6f17d22bba15001f/packed_simd_2-0.3.8/src/codegen/llvm.rs:15:5
[INFO] [stdout]    |
[INFO] [stdout] 15 |     pub fn simd_shuffle64<T, U>(x: T, y: T, idx: [u32; 64]) -> U;
[INFO] [stdout]    |     ^^^^^^^^^^^^^^^^^^^^^^^^^^^^^^^^^^^^^^^^^^^^^^^^^^^^^^^^^^^^^
[INFO] [stdout] 
[INFO] [stdout] 
[INFO] [stderr]     Checking regex v1.9.1
[INFO] [stderr]     Checking fancy-regex v0.11.0
[INFO] [stderr]    Compiling thiserror-impl v1.0.44
[INFO] [stderr]    Compiling foreign-types-macros v0.2.3
[INFO] [stderr]    Compiling synstructure v0.12.6
[INFO] [stderr]    Compiling pyo3-macros-backend v0.19.1
[INFO] [stderr]     Checking foreign-types v0.5.0
[INFO] [stderr]    Compiling derive_more v0.99.17
[INFO] [stderr]    Compiling zerovec-derive v0.9.4
[INFO] [stdout] error: aborting due to 9 previous errors
[INFO] [stdout] 
[INFO] [stdout] 
[INFO] [stdout] For more information about this error, try `rustc --explain E0554`.
[INFO] [stdout] 
[INFO] [stderr] error: could not compile `packed_simd_2` (lib) due to 10 previous errors
[INFO] [stderr] warning: build failed, waiting for other jobs to finish...
[INFO] running `Command { std: "docker" "inspect" "5577ed80c963fbdb6660218666803f332544ef9581d5d5e887b10abc347b1e98", kill_on_drop: false }`
[INFO] running `Command { std: "docker" "rm" "-f" "5577ed80c963fbdb6660218666803f332544ef9581d5d5e887b10abc347b1e98", kill_on_drop: false }`
[INFO] [stdout] 5577ed80c963fbdb6660218666803f332544ef9581d5d5e887b10abc347b1e98
