[INFO] cloning repository https://github.com/Linzell/actix
[INFO] running `Command { std: "git" "-c" "credential.helper=" "-c" "credential.helper=/workspace/cargo-home/bin/git-credential-null" "clone" "--bare" "https://github.com/Linzell/actix" "/workspace/cache/git-repos/https%3A%2F%2Fgithub.com%2FLinzell%2Factix", kill_on_drop: false }`
[INFO] [stderr] Cloning into bare repository '/workspace/cache/git-repos/https%3A%2F%2Fgithub.com%2FLinzell%2Factix'...
[INFO] running `Command { std: "git" "rev-parse" "HEAD", kill_on_drop: false }`
[INFO] [stdout] bc6227395454429e5da969ba3a330d4e149fe74e
[INFO] documenting Linzell/actix against 1.75.0 for beta-1.76-rustdoc-1
[INFO] running `Command { std: "git" "clone" "/workspace/cache/git-repos/https%3A%2F%2Fgithub.com%2FLinzell%2Factix" "/workspace/builds/worker-7-tc1/source", kill_on_drop: false }`
[INFO] [stderr] Cloning into '/workspace/builds/worker-7-tc1/source'...
[INFO] [stderr] done.
[INFO] validating manifest of git repo https://github.com/Linzell/actix on toolchain 1.75.0
[INFO] running `Command { std: CARGO_HOME="/workspace/cargo-home" RUSTUP_HOME="/workspace/rustup-home" "/workspace/cargo-home/bin/cargo" "+1.75.0" "metadata" "--manifest-path" "Cargo.toml" "--no-deps", kill_on_drop: false }`
[INFO] started tweaking git repo https://github.com/Linzell/actix
[INFO] finished tweaking git repo https://github.com/Linzell/actix
[INFO] tweaked toml for git repo https://github.com/Linzell/actix written to /workspace/builds/worker-7-tc1/source/Cargo.toml
[INFO] crate git repo https://github.com/Linzell/actix already has a lockfile, it will not be regenerated
[INFO] running `Command { std: CARGO_HOME="/workspace/cargo-home" RUSTUP_HOME="/workspace/rustup-home" "/workspace/cargo-home/bin/cargo" "+1.75.0" "fetch" "--manifest-path" "Cargo.toml", kill_on_drop: false }`
[INFO] [stderr]     Updating crates.io index
[INFO] [stderr]  Downloading crates ...
[INFO] [stderr]   Downloaded accurate v0.3.1
[INFO] [stderr]   Downloaded surrealdb v1.0.0-beta.8
[INFO] [stderr]   Downloaded echodb v0.3.0
[INFO] [stderr]   Downloaded storekey v0.3.0
[INFO] [stderr]   Downloaded rquickjs-macro v0.1.7
[INFO] [stderr]   Downloaded rstar v0.9.3
[INFO] [stderr]   Downloaded rquickjs-core v0.1.7
[INFO] [stderr]   Downloaded imbl v1.0.1
[INFO] [stderr]   Downloaded deunicode v1.3.3
[INFO] [stderr]   Downloaded rquickjs-sys v0.1.7
[INFO] [stderr]   Downloaded geo v0.23.1
[INFO] [stderr]   Downloaded webpki v0.22.2
[INFO] [stderr]   Downloaded surrealdb-derive v0.4.0
[INFO] [stderr]   Downloaded rquickjs v0.1.7
[INFO] [stderr]   Downloaded trice v0.1.0
[INFO] [stderr]   Downloaded actix-tls v3.0.3
[INFO] [stderr]   Downloaded dmp v0.1.3
[INFO] [stderr]   Downloaded geo-types v0.7.10
[INFO] running `Command { std: "docker" "create" "-v" "/var/lib/crater-agent-workspace/builds/worker-7-tc1/target:/opt/rustwide/target:rw,Z" "-v" "/var/lib/crater-agent-workspace/builds/worker-7-tc1/source:/opt/rustwide/workdir:ro,Z" "-v" "/var/lib/crater-agent-workspace/cargo-home:/opt/rustwide/cargo-home:ro,Z" "-v" "/var/lib/crater-agent-workspace/rustup-home:/opt/rustwide/rustup-home:ro,Z" "-e" "SOURCE_DIR=/opt/rustwide/workdir" "-e" "CARGO_TARGET_DIR=/opt/rustwide/target" "-e" "CARGO_HOME=/opt/rustwide/cargo-home" "-e" "RUSTUP_HOME=/opt/rustwide/rustup-home" "-w" "/opt/rustwide/workdir" "-m" "1610612736" "--user" "0:0" "--network" "none" "ghcr.io/rust-lang/crates-build-env/linux@sha256:2788e3201cd34a07e3172128adcd8b3090168a8e3bcc40d7c032b9dda1df7d1c" "/opt/rustwide/cargo-home/bin/cargo" "+1.75.0" "metadata" "--no-deps" "--format-version=1", kill_on_drop: false }`
[INFO] [stdout] 1a86c0b2f0d7b4a3a62b6fdd1db05f5db7ed1a9833fb91e4e1d849f73dc0607f
[INFO] running `Command { std: "docker" "start" "-a" "1a86c0b2f0d7b4a3a62b6fdd1db05f5db7ed1a9833fb91e4e1d849f73dc0607f", kill_on_drop: false }`
[INFO] running `Command { std: "docker" "inspect" "1a86c0b2f0d7b4a3a62b6fdd1db05f5db7ed1a9833fb91e4e1d849f73dc0607f", kill_on_drop: false }`
[INFO] running `Command { std: "docker" "rm" "-f" "1a86c0b2f0d7b4a3a62b6fdd1db05f5db7ed1a9833fb91e4e1d849f73dc0607f", kill_on_drop: false }`
[INFO] [stdout] 1a86c0b2f0d7b4a3a62b6fdd1db05f5db7ed1a9833fb91e4e1d849f73dc0607f
[INFO] running `Command { std: "docker" "create" "-v" "/var/lib/crater-agent-workspace/builds/worker-7-tc1/target:/opt/rustwide/target:rw,Z" "-v" "/var/lib/crater-agent-workspace/builds/worker-7-tc1/source:/opt/rustwide/workdir:ro,Z" "-v" "/var/lib/crater-agent-workspace/cargo-home:/opt/rustwide/cargo-home:ro,Z" "-v" "/var/lib/crater-agent-workspace/rustup-home:/opt/rustwide/rustup-home:ro,Z" "-e" "SOURCE_DIR=/opt/rustwide/workdir" "-e" "CARGO_TARGET_DIR=/opt/rustwide/target" "-e" "CARGO_INCREMENTAL=0" "-e" "RUST_BACKTRACE=full" "-e" "RUSTFLAGS=--cap-lints=warn" "-e" "RUSTDOCFLAGS=--cap-lints=warn" "-e" "CARGO_HOME=/opt/rustwide/cargo-home" "-e" "RUSTUP_HOME=/opt/rustwide/rustup-home" "-w" "/opt/rustwide/workdir" "-m" "1610612736" "--user" "0:0" "--network" "none" "ghcr.io/rust-lang/crates-build-env/linux@sha256:2788e3201cd34a07e3172128adcd8b3090168a8e3bcc40d7c032b9dda1df7d1c" "/opt/rustwide/cargo-home/bin/cargo" "+1.75.0" "doc" "--frozen" "--no-deps" "--document-private-items" "--message-format=json", kill_on_drop: false }`
[INFO] [stdout] 8f91135ef98c72385ad028d04a92ade1e0f7a1130703446de978e78fdfe7d9be
[INFO] running `Command { std: "docker" "start" "-a" "8f91135ef98c72385ad028d04a92ade1e0f7a1130703446de978e78fdfe7d9be", kill_on_drop: false }`
[INFO] [stderr]    Compiling libc v0.2.147
[INFO] [stderr]    Compiling unicode-ident v1.0.10
[INFO] [stderr]    Compiling quote v1.0.29
[INFO] [stderr]    Compiling typenum v1.16.0
[INFO] [stderr]     Checking pin-project-lite v0.2.10
[INFO] [stderr]     Checking value-bag v1.4.1
[INFO] [stderr]    Compiling syn v1.0.109
[INFO] [stderr]    Compiling generic-array v0.14.7
[INFO] [stderr]     Checking subtle v2.5.0
[INFO] [stderr]     Checking futures-sink v0.3.28
[INFO] [stderr]    Compiling serde v1.0.192
[INFO] [stderr]    Compiling memchr v2.5.0
[INFO] [stderr]    Compiling slab v0.4.8
[INFO] [stderr]     Checking lock_api v0.4.10
[INFO] [stderr]    Compiling log v0.4.19
[INFO] [stderr]    Compiling regex-syntax v0.7.3
[INFO] [stderr]    Compiling proc-macro2 v1.0.67
[INFO] [stderr]    Compiling vcpkg v0.2.15
[INFO] [stderr]     Checking bytes v1.4.0
[INFO] [stderr]    Compiling glob v0.3.1
[INFO] [stderr]    Compiling libm v0.2.7
[INFO] [stderr]     Checking smallvec v1.11.0
[INFO] [stderr]    Compiling num-traits v0.2.15
[INFO] [stderr]    Compiling crossbeam-utils v0.8.16
[INFO] [stderr]     Checking tracing-core v0.1.31
[INFO] [stderr]    Compiling minimal-lexical v0.2.1
[INFO] [stderr]     Checking itoa v1.0.8
[INFO] [stderr]    Compiling libloading v0.7.4
[INFO] [stderr]    Compiling tokio v1.29.1
[INFO] [stderr]    Compiling aho-corasick v1.0.2
[INFO] [stderr]    Compiling clang-sys v1.6.1
[INFO] [stderr]    Compiling nom v7.1.3
[INFO] [stderr]     Checking cpufeatures v0.2.9
[INFO] [stderr]    Compiling bitflags v1.3.2
[INFO] [stderr]     Checking futures-lite v1.13.0
[INFO] [stderr]    Compiling shlex v1.2.0
[INFO] [stderr]    Compiling futures-channel v0.3.28
[INFO] [stderr]    Compiling syn v2.0.37
[INFO] [stderr]    Compiling lazycell v1.3.0
[INFO] [stderr]    Compiling futures-task v0.3.28
[INFO] [stderr]     Checking concurrent-queue v2.2.0
[INFO] [stderr]    Compiling strsim v0.10.0
[INFO] [stderr]    Compiling peeking_take_while v0.1.2
[INFO] [stderr]    Compiling lazy_static v1.4.0
[INFO] [stderr]     Checking getrandom v0.2.10
[INFO] [stderr]    Compiling jobserver v0.1.26
[INFO] [stderr]     Checking socket2 v0.4.9
[INFO] [stderr]     Checking parking_lot_core v0.9.8
[INFO] [stderr]     Checking mio v0.8.8
[INFO] [stderr]     Checking rand_core v0.6.4
[INFO] [stderr]     Checking signal-hook-registry v1.4.1
[INFO] [stderr]    Compiling cc v1.0.79
[INFO] [stderr]     Checking parking_lot v0.12.1
[INFO] [stderr]     Checking opaque-debug v0.3.0
[INFO] [stderr]    Compiling once_cell v1.18.0
[INFO] [stderr]    Compiling futures-util v0.3.28
[INFO] [stderr]    Compiling standback v0.2.17
[INFO] [stderr]    Compiling fnv v1.0.7
[INFO] [stderr]    Compiling wasm-bindgen-shared v0.2.87
[INFO] [stderr]    Compiling paste v1.0.13
[INFO] [stderr]    Compiling rustix v0.38.13
[INFO] [stderr]    Compiling proc-macro-hack v0.5.20+deprecated
[INFO] [stderr]    Compiling io-lifetimes v1.0.11
[INFO] [stderr]    Compiling semver v1.0.17
[INFO] [stderr]    Compiling hashbrown v0.12.3
[INFO] [stderr]     Checking crypto-common v0.1.6
[INFO] [stderr]     Checking block-buffer v0.10.4
[INFO] [stderr]     Checking cipher v0.2.5
[INFO] [stderr]     Checking rand_chacha v0.3.1
[INFO] [stderr]     Checking async-channel v1.9.0
[INFO] [stderr]     Checking digest v0.10.7
[INFO] [stderr]    Compiling atty v0.2.14
[INFO] [stderr]    Compiling regex-automata v0.3.2
[INFO] [stderr]    Compiling cexpr v0.6.0
[INFO] [stderr]     Checking async-lock v2.7.0
[INFO] [stderr]    Compiling polling v2.8.0
[INFO] [stderr]    Compiling termcolor v1.2.0
[INFO] [stderr]    Compiling linux-raw-sys v0.4.7
[INFO] [stderr]     Checking untrusted v0.7.1
[INFO] [stderr]    Compiling getrandom v0.1.16
[INFO] [stderr]    Compiling indexmap v1.9.3
[INFO] [stderr]    Compiling os_str_bytes v6.5.1
[INFO] [stderr]     Checking spin v0.5.2
[INFO] [stderr]    Compiling bitflags v2.4.0
[INFO] [stderr]    Compiling rustix v0.37.25
[INFO] [stderr]    Compiling clap_lex v0.2.4
[INFO] [stderr]     Checking http v0.2.9
[INFO] [stderr]     Checking rand v0.8.5
[INFO] [stderr]    Compiling libz-sys v1.1.12
[INFO] [stderr]    Compiling zstd-sys v2.0.8+zstd.1.5.5
[INFO] [stderr]    Compiling libnghttp2-sys v0.1.8+1.55.1
[INFO] [stderr]    Compiling openssl-sys v0.9.93
[INFO] [stderr]    Compiling ring v0.16.20
[INFO] [stderr]    Compiling curl-sys v0.4.65+curl-8.2.1
[INFO] [stderr]     Checking unicode-normalization v0.1.22
[INFO] [stderr]     Checking digest v0.9.0
[INFO] [stderr]     Checking universal-hash v0.4.0
[INFO] [stderr]     Checking form_urlencoded v1.2.0
[INFO] [stderr]     Checking spin v0.9.8
[INFO] [stderr]    Compiling async-io v1.13.0
[INFO] [stderr]    Compiling unicase v2.7.0
[INFO] [stderr]    Compiling textwrap v0.16.0
[INFO] [stderr]     Checking linux-raw-sys v0.3.8
[INFO] [stderr]    Compiling bumpalo v3.13.0
[INFO] [stderr]    Compiling bindgen v0.60.1
[INFO] [stderr]     Checking cpuid-bool v0.2.0
[INFO] [stderr]    Compiling humantime v2.1.0
[INFO] [stderr]     Checking unicode-bidi v0.3.13
[INFO] [stderr]    Compiling const_fn v0.4.9
[INFO] [stderr]    Compiling either v1.9.0
[INFO] [stderr]    Compiling home v0.5.5
[INFO] [stderr]     Checking polyval v0.4.5
[INFO] [stderr]     Checking idna v0.4.0
[INFO] [stderr]    Compiling clap v3.2.25
[INFO] [stderr]    Compiling rustc_version v0.4.0
[INFO] [stderr]     Checking aes-soft v0.6.4
[INFO] [stderr]     Checking crypto-mac v0.10.0
[INFO] [stderr]    Compiling regex v1.9.1
[INFO] [stderr]    Compiling time v0.2.27
[INFO] [stderr]     Checking ryu v1.0.14
[INFO] [stderr]    Compiling serde_json v1.0.107
[INFO] [stderr]    Compiling bindgen v0.64.0
[INFO] [stderr]    Compiling wasm-bindgen-backend v0.2.87
[INFO] [stderr]    Compiling which v4.4.2
[INFO] [stderr]    Compiling env_logger v0.9.3
[INFO] [stderr]     Checking atomic-waker v1.1.1
[INFO] [stderr]     Checking blocking v1.3.1
[INFO] [stderr]    Compiling heapless v0.7.16
[INFO] [stderr]     Checking aes v0.6.0
[INFO] [stderr]     Checking hmac v0.10.1
[INFO] [stderr]     Checking rand_core v0.5.1
[INFO] [stderr]     Checking ghash v0.3.1
[INFO] [stderr]    Compiling rquickjs-sys v0.1.7
[INFO] [stderr]    Compiling bzip2-sys v0.1.11+1.0.8
[INFO] [stderr]     Checking async-executor v1.5.1
[INFO] [stderr]     Checking ctr v0.6.0
[INFO] [stderr]     Checking aead v0.3.2
[INFO] [stderr]     Checking block-buffer v0.9.0
[INFO] [stderr]     Checking inout v0.1.3
[INFO] [stderr]    Compiling wasm-bindgen-macro-support v0.2.87
[INFO] [stderr]    Compiling cookie v0.14.4
[INFO] [stderr]    Compiling rustls v0.20.8
[INFO] [stderr]    Compiling curl v0.4.44
[INFO] [stderr]     Checking local-waker v0.1.3
[INFO] [stderr]    Compiling ident_case v1.0.1
[INFO] [stderr]    Compiling wasm-bindgen v0.2.87
[INFO] [stderr]    Compiling darling_core v0.14.4
[INFO] [stderr]     Checking cipher v0.4.4
[INFO] [stderr]     Checking sha2 v0.9.9
[INFO] [stderr]     Checking aes-gcm v0.8.0
[INFO] [stderr]     Checking rand_chacha v0.2.2
[INFO] [stderr]     Checking hkdf v0.10.0
[INFO] [stderr]     Checking hash32 v0.2.1
[INFO] [stderr]     Checking kv-log-macro v1.0.7
[INFO] [stderr]     Checking spinning_top v0.2.5
[INFO] [stderr]    Compiling num-integer v0.1.45
[INFO] [stderr]     Checking webpki v0.22.2
[INFO] [stderr]     Checking sct v0.7.0
[INFO] [stderr]    Compiling zstd-safe v6.0.5+zstd.1.5.4
[INFO] [stderr]     Checking stable_deref_trait v1.2.0
[INFO] [stderr]    Compiling isahc v0.9.14
[INFO] [stderr]    Compiling http-types v2.12.0
[INFO] [stderr]    Compiling async-trait v0.1.73
[INFO] [stderr]     Checking openssl-probe v0.1.5
[INFO] [stderr]     Checking alloc-no-stdlib v2.0.4
[INFO] [stderr]     Checking mime v0.3.17
[INFO] [stderr]     Checking async-global-executor v2.3.1
[INFO] [stderr]     Checking base64ct v1.6.0
[INFO] [stderr]     Checking alloc-stdlib v0.2.2
[INFO] [stderr]     Checking async-std v1.12.0
[INFO] [stderr]    Compiling mime_guess v2.0.4
[INFO] [stderr]     Checking flume v0.9.2
[INFO] [stderr]    Compiling time-macros-impl v0.1.2
[INFO] [stderr]     Checking password-hash v0.4.2
[INFO] [stderr]     Checking rand v0.7.3
[INFO] [stderr]    Compiling proc-macro-error-attr v1.0.4
[INFO] [stderr]     Checking actix-utils v3.0.1
[INFO] [stderr]     Checking actix-rt v2.8.0
[INFO] [stderr]    Compiling serde_derive v1.0.192
[INFO] [stderr]    Compiling tracing-attributes v0.1.26
[INFO] [stderr]    Compiling futures-macro v0.3.28
[INFO] [stderr]    Compiling pin-project-internal v1.1.2
[INFO] [stderr]    Compiling thiserror-impl v1.0.50
[INFO] [stderr]    Compiling wasm-bindgen-macro v0.2.87
[INFO] [stderr]     Checking actix-service v2.0.2
[INFO] [stderr]     Checking sluice v0.5.5
[INFO] [stderr]     Checking bitmaps v2.1.0
[INFO] [stderr]     Checking time-macros v0.1.1
[INFO] [stderr]     Checking nanorand v0.7.0
[INFO] [stderr]    Compiling num-bigint v0.4.3
[INFO] [stderr]     Checking encoding_rs v0.8.32
[INFO] [stderr]     Checking infer v0.2.3
[INFO] [stderr]    Compiling relative-path v1.9.0
[INFO] [stderr]    Compiling darling_macro v0.14.4
[INFO] [stderr]    Compiling httparse v1.8.0
[INFO] [stderr]    Compiling time-core v0.1.1
[INFO] [stderr]     Checking ieee754 v0.2.6
[INFO] [stderr]     Checking bytes v0.5.6
[INFO] [stderr]     Checking miniz_oxide v0.7.1
[INFO] [stderr]    Compiling tracing v0.1.37
[INFO] [stderr]     Checking pin-project v1.1.2
[INFO] [stderr]     Checking accurate v0.3.1
[INFO] [stderr]     Checking flume v0.10.14
[INFO] [stderr]    Compiling time-macros v0.2.10
[INFO] [stderr]     Checking thiserror v1.0.50
[INFO] [stderr]     Checking js-sys v0.3.64
[INFO] [stderr]     Checking tokio-rustls v0.23.4
[INFO] [stderr]     Checking sized-chunks v0.6.5
[INFO] [stderr]    Compiling proc-macro-error v1.0.4
[INFO] [stderr]     Checking rstar v0.9.3
[INFO] [stderr]     Checking brotli-decompressor v2.3.4
[INFO] [stderr]     Checking tokio-util v0.7.8
[INFO] [stderr]     Checking tracing-futures v0.2.5
[INFO] [stderr]    Compiling bytestring v1.3.0
[INFO] [stderr]    Compiling darling v0.14.4
[INFO] [stderr]    Compiling proc-macro-crate v1.3.1
[INFO] [stderr]     Checking webpki-roots v0.22.6
[INFO] [stderr]     Checking sha2 v0.10.7
[INFO] [stderr]     Checking hmac v0.12.1
[INFO] [stderr]     Checking approx v0.5.1
[INFO] [stderr]     Checking rand_xoshiro v0.6.0
[INFO] [stderr]     Checking actix-codec v0.5.1
[INFO] [stderr]    Compiling cookie v0.16.2
[INFO] [stderr]    Compiling ahash v0.7.6
[INFO] [stderr]    Compiling convert_case v0.4.0
[INFO] [stderr]     Checking actix-tls v3.0.3
[INFO] [stderr]     Checking imbl v1.0.1
[INFO] [stderr]     Checking geographiclib-rs v0.2.3
[INFO] [stderr]     Checking pbkdf2 v0.11.0
[INFO] [stderr]     Checking brotli v3.3.4
[INFO] [stderr]    Compiling derive_more v0.99.17
[INFO] [stderr]     Checking flate2 v1.0.26
[INFO] [stderr]     Checking ahash v0.8.3
[INFO] [stderr]     Checking blowfish v0.9.1
[INFO] [stderr]     Checking salsa20 v0.10.2
[INFO] [stderr]     Checking rmp v0.8.11
[INFO] [stderr]     Checking blake2 v0.10.6
[INFO] [stderr]     Checking sha1 v0.10.5
[INFO] [stderr]     Checking float_next_after v0.1.5
[INFO] [stderr]     Checking num_cpus v1.16.0
[INFO] [stderr]     Checking time v0.1.45
[INFO] [stderr]     Checking httpdate v1.0.2
[INFO] [stderr]     Checking language-tags v0.3.2
[INFO] [stderr]     Checking time v0.3.23
[INFO] [stderr]     Checking web-sys v0.3.64
[INFO] [stderr]     Checking urlencoding v2.1.2
[INFO] [stderr]     Checking robust v0.2.3
[INFO] [stderr]     Checking h2 v0.3.20
[INFO] [stderr]     Checking local-channel v0.1.3
[INFO] [stderr]     Checking futures-executor v0.3.28
[INFO] [stderr]     Checking iana-time-zone v0.1.57
[INFO] [stderr]     Checking any_ascii v0.1.7
[INFO] [stderr]     Checking arc-swap v1.6.0
[INFO] [stderr]     Checking base64 v0.21.2
[INFO] [stderr]     Checking psl-types v2.0.11
[INFO] [stderr]     Checking zeroize v1.6.0
[INFO] [stderr]     Checking bcrypt v0.13.0
[INFO] [stderr]     Checking addr v0.15.6
[INFO] [stderr]     Checking futures v0.3.28
[INFO] [stderr]     Checking is-terminal v0.4.9
[INFO] [stderr]     Checking echodb v0.3.0
[INFO] [stderr]     Checking dmp v0.1.3
[INFO] [stderr]     Checking lexical-sort v0.3.1
[INFO] [stderr]     Checking actix-server v2.2.0
[INFO] [stderr]     Checking argon2 v0.4.1
[INFO] [stderr]     Checking fuzzy-matcher v0.3.7
[INFO] [stderr]     Checking scrypt v0.10.0
[INFO] [stderr]    Compiling async-recursion v1.0.4
[INFO] [stderr]    Compiling surrealdb-derive v0.4.0
[INFO] [stderr]    Compiling actix-macros v0.2.3
[INFO] [stderr]     Checking nanoid v0.4.0
[INFO] [stderr]     Checking sha-1 v0.10.1
[INFO] [stderr]     Checking md-5 v0.10.5
[INFO] [stderr]     Checking deunicode v1.3.3
[INFO] [stderr]     Checking trice v0.1.0
[INFO] [stderr]    Compiling actix-router v0.5.1
[INFO] [stderr]     Checking dotenv v0.15.0
[INFO] [stderr]     Checking env_logger v0.10.0
[INFO] [stderr]    Compiling librocksdb-sys v0.8.3+7.4.4
[INFO] [stderr]    Compiling actix-web-codegen v4.2.0
[INFO] [stderr]     Checking url v2.4.0
[INFO] [stderr]     Checking serde_urlencoded v0.7.1
[INFO] [stderr]     Checking serde_qs v0.8.5
[INFO] [stderr]     Checking geo-types v0.7.10
[INFO] [stderr]     Checking uuid v1.4.0
[INFO] [stderr]     Checking chrono v0.4.26
[INFO] [stderr]     Checking bigdecimal v0.3.1
[INFO] [stderr]     Checking storekey v0.3.0
[INFO] [stderr]     Checking rmp-serde v1.1.2
[INFO] [stderr]     Checking geo v0.23.1
[INFO] [stderr]     Checking http-client v6.5.3
[INFO] [stderr]     Checking surf v2.3.2
[INFO] [stderr]     Checking zstd v0.12.3+zstd.1.5.2
[INFO] [stderr]     Checking actix-http v3.3.1
[INFO] [stderr]     Checking actix-web v4.3.1
[INFO] [stderr] error: could not compile `actix-web` (lib)
[INFO] [stderr] 
[INFO] [stderr] Caused by:
[INFO] [stderr]   process didn't exit successfully: `/opt/rustwide/rustup-home/toolchains/1.75.0-x86_64-unknown-linux-gnu/bin/rustc --crate-name actix_web --edition=2018 /opt/rustwide/cargo-home/registry/src/index.crates.io-6f17d22bba15001f/actix-web-4.3.1/src/lib.rs --error-format=json --json=diagnostic-rendered-ansi,artifacts,future-incompat --crate-type lib --emit=dep-info,metadata -C embed-bitcode=no -C debuginfo=2 --cfg 'feature="__compress"' --cfg 'feature="actix-macros"' --cfg 'feature="actix-tls"' --cfg 'feature="actix-web-codegen"' --cfg 'feature="compress-brotli"' --cfg 'feature="compress-gzip"' --cfg 'feature="compress-zstd"' --cfg 'feature="cookie"' --cfg 'feature="cookies"' --cfg 'feature="default"' --cfg 'feature="macros"' --cfg 'feature="rustls"' -C metadata=9f5b23ba1fbb1bae -C extra-filename=-9f5b23ba1fbb1bae --out-dir /opt/rustwide/target/debug/deps -L dependency=/opt/rustwide/target/debug/deps --extern actix_codec=/opt/rustwide/target/debug/deps/libactix_codec-b9752ca97770a656.rmeta --extern actix_http=/opt/rustwide/target/debug/deps/libactix_http-1d882c9d87832d58.rmeta --extern actix_macros=/opt/rustwide/target/debug/deps/libactix_macros-49cc50c01203b955.so --extern actix_router=/opt/rustwide/target/debug/deps/libactix_router-b7243200f76c009e.rmeta --extern actix_rt=/opt/rustwide/target/debug/deps/libactix_rt-787196df52630afe.rmeta --extern actix_server=/opt/rustwide/target/debug/deps/libactix_server-2dd732ee98df2b2b.rmeta --extern actix_service=/opt/rustwide/target/debug/deps/libactix_service-7729cdbf41530293.rmeta --extern actix_tls=/opt/rustwide/target/debug/deps/libactix_tls-71bad1fb7196b182.rmeta --extern actix_utils=/opt/rustwide/target/debug/deps/libactix_utils-fe462237501a7d0a.rmeta --extern actix_web_codegen=/opt/rustwide/target/debug/deps/libactix_web_codegen-7ce19318fac95c89.so --extern ahash=/opt/rustwide/target/debug/deps/libahash-10c3dad825bb9b0d.rmeta --extern bytes=/opt/rustwide/target/debug/deps/libbytes-a147f7542d0a905a.rmeta --extern bytestring=/opt/rustwide/target/debug/deps/libbytestring-54fef6de53b0cd96.rmeta --extern cfg_if=/opt/rustwide/target/debug/deps/libcfg_if-1b06147f67f93fdc.rmeta --extern cookie=/opt/rustwide/target/debug/deps/libcookie-d9a99eedf78ec61a.rmeta --extern derive_more=/opt/rustwide/target/debug/deps/libderive_more-2304703add8a5d63.so --extern encoding_rs=/opt/rustwide/target/debug/deps/libencoding_rs-7fb456d000f6ee55.rmeta --extern futures_core=/opt/rustwide/target/debug/deps/libfutures_core-d748fbf360b066d2.rmeta --extern futures_util=/opt/rustwide/target/debug/deps/libfutures_util-bebe34d5831d59f9.rmeta --extern http=/opt/rustwide/target/debug/deps/libhttp-3f661875ffe0241f.rmeta --extern itoa=/opt/rustwide/target/debug/deps/libitoa-1ff51c59b30e629e.rmeta --extern language_tags=/opt/rustwide/target/debug/deps/liblanguage_tags-bae20bd4f0a71121.rmeta --extern log=/opt/rustwide/target/debug/deps/liblog-3611eccb3cf62db6.rmeta --extern mime=/opt/rustwide/target/debug/deps/libmime-0097e3d886a280f5.rmeta --extern once_cell=/opt/rustwide/target/debug/deps/libonce_cell-e5baef27479e0530.rmeta --extern pin_project_lite=/opt/rustwide/target/debug/deps/libpin_project_lite-2479fd8dbb7c14d0.rmeta --extern regex=/opt/rustwide/target/debug/deps/libregex-3e3feb656b50f2d5.rmeta --extern serde=/opt/rustwide/target/debug/deps/libserde-805e437596da679f.rmeta --extern serde_json=/opt/rustwide/target/debug/deps/libserde_json-ae8bcb2199ca038b.rmeta --extern serde_urlencoded=/opt/rustwide/target/debug/deps/libserde_urlencoded-2d80a3b36c74eccf.rmeta --extern smallvec=/opt/rustwide/target/debug/deps/libsmallvec-c4b94004221c4e5b.rmeta --extern socket2=/opt/rustwide/target/debug/deps/libsocket2-e5c7f8b77ba707cd.rmeta --extern time=/opt/rustwide/target/debug/deps/libtime-9af18e882fe40f27.rmeta --extern url=/opt/rustwide/target/debug/deps/liburl-763acc41ec13417c.rmeta --cap-lints allow --cap-lints=warn -L native=/opt/rustwide/target/debug/build/ring-b820c3f1d832244a/out -L native=/opt/rustwide/target/debug/build/zstd-sys-19fb492236e465e4/out` (signal: 9, SIGKILL: kill)
[INFO] [stderr] warning: build failed, waiting for other jobs to finish...
[INFO] [stderr] The following warnings were emitted during compilation:
[INFO] [stderr] 
[INFO] [stderr] warning: librocksdb-sys@0.8.3+7.4.4: c++: fatal error: Killed signal terminated program cc1plus
[INFO] [stderr] warning: librocksdb-sys@0.8.3+7.4.4: compilation terminated.
[INFO] [stderr] warning: librocksdb-sys@0.8.3+7.4.4: c++: fatal error: Killed signal terminated program cc1plus
[INFO] [stderr] warning: librocksdb-sys@0.8.3+7.4.4: compilation terminated.
[INFO] [stderr] warning: librocksdb-sys@0.8.3+7.4.4: c++: fatal error: Killed signal terminated program cc1plus
[INFO] [stderr] warning: librocksdb-sys@0.8.3+7.4.4: compilation terminated.
[INFO] [stderr] warning: librocksdb-sys@0.8.3+7.4.4: c++: fatal error: Killed signal terminated program cc1plus
[INFO] [stderr] warning: librocksdb-sys@0.8.3+7.4.4: compilation terminated.
[INFO] [stderr] warning: librocksdb-sys@0.8.3+7.4.4: c++: fatal error: Killed signal terminated program cc1plus
[INFO] [stderr] warning: librocksdb-sys@0.8.3+7.4.4: compilation terminated.
[INFO] [stderr] 
[INFO] [stderr] error: failed to run custom build command for `librocksdb-sys v0.8.3+7.4.4`
[INFO] [stderr] note: To improve backtraces for build dependencies, set the CARGO_PROFILE_DEV_BUILD_OVERRIDE_DEBUG=true environment variable to enable debug information generation.
[INFO] [stderr] 
[INFO] [stderr] Caused by:
[INFO] [stderr]   process didn't exit successfully: `/opt/rustwide/target/debug/build/librocksdb-sys-2dc71d1570830be4/build-script-build` (exit status: 1)
[INFO] [stderr]   --- stdout
[INFO] [stderr]   cargo:rerun-if-changed=rocksdb/
[INFO] [stderr]   TARGET = Some("x86_64-unknown-linux-gnu")
[INFO] [stderr]   OPT_LEVEL = Some("0")
[INFO] [stderr]   HOST = Some("x86_64-unknown-linux-gnu")
[INFO] [stderr]   cargo:rerun-if-env-changed=CXX_x86_64-unknown-linux-gnu
[INFO] [stderr]   CXX_x86_64-unknown-linux-gnu = None
[INFO] [stderr]   cargo:rerun-if-env-changed=CXX_x86_64_unknown_linux_gnu
[INFO] [stderr]   CXX_x86_64_unknown_linux_gnu = None
[INFO] [stderr]   cargo:rerun-if-env-changed=HOST_CXX
[INFO] [stderr]   HOST_CXX = None
[INFO] [stderr]   cargo:rerun-if-env-changed=CXX
[INFO] [stderr]   CXX = None
[INFO] [stderr]   cargo:rerun-if-env-changed=CXXFLAGS_x86_64-unknown-linux-gnu
[INFO] [stderr]   CXXFLAGS_x86_64-unknown-linux-gnu = None
[INFO] [stderr]   cargo:rerun-if-env-changed=CXXFLAGS_x86_64_unknown_linux_gnu
[INFO] [stderr]   CXXFLAGS_x86_64_unknown_linux_gnu = None
[INFO] [stderr]   cargo:rerun-if-env-changed=HOST_CXXFLAGS
[INFO] [stderr]   HOST_CXXFLAGS = None
[INFO] [stderr]   cargo:rerun-if-env-changed=CXXFLAGS
[INFO] [stderr]   CXXFLAGS = None
[INFO] [stderr]   cargo:rerun-if-env-changed=CRATE_CC_NO_DEFAULTS
[INFO] [stderr]   CRATE_CC_NO_DEFAULTS = None
[INFO] [stderr]   DEBUG = Some("true")
[INFO] [stderr]   CARGO_CFG_TARGET_FEATURE = Some("fxsr,sse,sse2")
[INFO] [stderr]   cargo:rerun-if-env-changed=CXX_x86_64-unknown-linux-gnu
[INFO] [stderr]   CXX_x86_64-unknown-linux-gnu = None
[INFO] [stderr]   cargo:rerun-if-env-changed=CXX_x86_64_unknown_linux_gnu
[INFO] [stderr]   CXX_x86_64_unknown_linux_gnu = None
[INFO] [stderr]   cargo:rerun-if-env-changed=HOST_CXX
[INFO] [stderr]   HOST_CXX = None
[INFO] [stderr]   cargo:rerun-if-env-changed=CXX
[INFO] [stderr]   CXX = None
[INFO] [stderr]   cargo:rerun-if-env-changed=CXXFLAGS_x86_64-unknown-linux-gnu
[INFO] [stderr]   CXXFLAGS_x86_64-unknown-linux-gnu = None
[INFO] [stderr]   cargo:rerun-if-env-changed=CXXFLAGS_x86_64_unknown_linux_gnu
[INFO] [stderr]   CXXFLAGS_x86_64_unknown_linux_gnu = None
[INFO] [stderr]   cargo:rerun-if-env-changed=HOST_CXXFLAGS
[INFO] [stderr]   HOST_CXXFLAGS = None
[INFO] [stderr]   cargo:rerun-if-env-changed=CXXFLAGS
[INFO] [stderr]   CXXFLAGS = None
[INFO] [stderr]   cargo:rerun-if-env-changed=CRATE_CC_NO_DEFAULTS
[INFO] [stderr]   CRATE_CC_NO_DEFAULTS = None
[INFO] [stderr]   CARGO_CFG_TARGET_FEATURE = Some("fxsr,sse,sse2")
[INFO] [stderr]   cargo:rerun-if-env-changed=CXX_x86_64-unknown-linux-gnu
[INFO] [stderr]   CXX_x86_64-unknown-linux-gnu = None
[INFO] [stderr]   cargo:rerun-if-env-changed=CXX_x86_64_unknown_linux_gnu
[INFO] [stderr]   CXX_x86_64_unknown_linux_gnu = None
[INFO] [stderr]   cargo:rerun-if-env-changed=HOST_CXX
[INFO] [stderr]   HOST_CXX = None
[INFO] [stderr]   cargo:rerun-if-env-changed=CXX
[INFO] [stderr]   CXX = None
[INFO] [stderr]   cargo:rerun-if-env-changed=CXXFLAGS_x86_64-unknown-linux-gnu
[INFO] [stderr]   CXXFLAGS_x86_64-unknown-linux-gnu = None
[INFO] [stderr]   cargo:rerun-if-env-changed=CXXFLAGS_x86_64_unknown_linux_gnu
[INFO] [stderr]   CXXFLAGS_x86_64_unknown_linux_gnu = None
[INFO] [stderr]   cargo:rerun-if-env-changed=HOST_CXXFLAGS
[INFO] [stderr]   HOST_CXXFLAGS = None
[INFO] [stderr]   cargo:rerun-if-env-changed=CXXFLAGS
[INFO] [stderr]   CXXFLAGS = None
[INFO] [stderr]   cargo:rerun-if-env-changed=CRATE_CC_NO_DEFAULTS
[INFO] [stderr]   CRATE_CC_NO_DEFAULTS = None
[INFO] [stderr]   CARGO_CFG_TARGET_FEATURE = Some("fxsr,sse,sse2")
[INFO] [stderr]   running: "c++" "-O0" "-ffunction-sections" "-fdata-sections" "-fPIC" "-gdwarf-4" "-fno-omit-frame-pointer" "-m64" "-I" "rocksdb/include/" "-I" "rocksdb/" "-I" "rocksdb/third-party/gtest-1.8.1/fused-src/" "-I" "snappy/" "-I" "lz4/lib/" "-I" "/opt/rustwide/cargo-home/registry/src/index.crates.io-6f17d22bba15001f/zstd-sys-2.0.8+zstd.1.5.5/zstd/lib" "-I" "/opt/rustwide/target/debug/build/libz-sys-f5186c4e1d2335fc/out/include" "-I" "/opt/rustwide/target/debug/build/bzip2-sys-cd07b4f61ed08858/out/include" "-I" "." "-Wall" "-Wextra" "-std=c++17" "-Wsign-compare" "-Wshadow" "-Wno-unused-parameter" "-Wno-unused-variable" "-Woverloaded-virtual" "-Wnon-virtual-dtor" "-Wno-missing-field-initializers" "-Wno-strict-aliasing" "-Wno-invalid-offsetof" "-msse2" "-std=c++17" "-DSNAPPY=1" "-DLZ4=1" "-DZSTD=1" "-DZLIB=1" "-DBZIP2=1" "-DNDEBUG=1" "-DOS_LINUX" "-DROCKSDB_PLATFORM_POSIX" "-DROCKSDB_LIB_IO_POSIX" "-DROCKSDB_SUPPORT_THREAD_LOCAL" "-DHAVE_UINT128_EXTENSION=1" "-DHAVE_UINT128_EXTENSION=1" "-o" "/opt/rustwide/target/debug/build/librocksdb-sys-f9fbb8357e4919c8/out/rocksdb/cache/cache.o" "-c" "rocksdb/cache/cache.cc"
[INFO] [stderr]   running: "c++" "-O0" "-ffunction-sections" "-fdata-sections" "-fPIC" "-gdwarf-4" "-fno-omit-frame-pointer" "-m64" "-I" "rocksdb/include/" "-I" "rocksdb/" "-I" "rocksdb/third-party/gtest-1.8.1/fused-src/" "-I" "snappy/" "-I" "lz4/lib/" "-I" "/opt/rustwide/cargo-home/registry/src/index.crates.io-6f17d22bba15001f/zstd-sys-2.0.8+zstd.1.5.5/zstd/lib" "-I" "/opt/rustwide/target/debug/build/libz-sys-f5186c4e1d2335fc/out/include" "-I" "/opt/rustwide/target/debug/build/bzip2-sys-cd07b4f61ed08858/out/include" "-I" "." "-Wall" "-Wextra" "-std=c++17" "-Wsign-compare" "-Wshadow" "-Wno-unused-parameter" "-Wno-unused-variable" "-Woverloaded-virtual" "-Wnon-virtual-dtor" "-Wno-missing-field-initializers" "-Wno-strict-aliasing" "-Wno-invalid-offsetof" "-msse2" "-std=c++17" "-DSNAPPY=1" "-DLZ4=1" "-DZSTD=1" "-DZLIB=1" "-DBZIP2=1" "-DNDEBUG=1" "-DOS_LINUX" "-DROCKSDB_PLATFORM_POSIX" "-DROCKSDB_LIB_IO_POSIX" "-DROCKSDB_SUPPORT_THREAD_LOCAL" "-DHAVE_UINT128_EXTENSION=1" "-DHAVE_UINT128_EXTENSION=1" "-o" "/opt/rustwide/target/debug/build/librocksdb-sys-f9fbb8357e4919c8/out/rocksdb/cache/cache_key.o" "-c" "rocksdb/cache/cache_key.cc"
[INFO] [stderr]   running: "c++" "-O0" "-ffunction-sections" "-fdata-sections" "-fPIC" "-gdwarf-4" "-fno-omit-frame-pointer" "-m64" "-I" "rocksdb/include/" "-I" "rocksdb/" "-I" "rocksdb/third-party/gtest-1.8.1/fused-src/" "-I" "snappy/" "-I" "lz4/lib/" "-I" "/opt/rustwide/cargo-home/registry/src/index.crates.io-6f17d22bba15001f/zstd-sys-2.0.8+zstd.1.5.5/zstd/lib" "-I" "/opt/rustwide/target/debug/build/libz-sys-f5186c4e1d2335fc/out/include" "-I" "/opt/rustwide/target/debug/build/bzip2-sys-cd07b4f61ed08858/out/include" "-I" "." "-Wall" "-Wextra" "-std=c++17" "-Wsign-compare" "-Wshadow" "-Wno-unused-parameter" "-Wno-unused-variable" "-Woverloaded-virtual" "-Wnon-virtual-dtor" "-Wno-missing-field-initializers" "-Wno-strict-aliasing" "-Wno-invalid-offsetof" "-msse2" "-std=c++17" "-DSNAPPY=1" "-DLZ4=1" "-DZSTD=1" "-DZLIB=1" "-DBZIP2=1" "-DNDEBUG=1" "-DOS_LINUX" "-DROCKSDB_PLATFORM_POSIX" "-DROCKSDB_LIB_IO_POSIX" "-DROCKSDB_SUPPORT_THREAD_LOCAL" "-DHAVE_UINT128_EXTENSION=1" "-DHAVE_UINT128_EXTENSION=1" "-o" "/opt/rustwide/target/debug/build/librocksdb-sys-f9fbb8357e4919c8/out/rocksdb/cache/clock_cache.o" "-c" "rocksdb/cache/clock_cache.cc"
[INFO] [stderr]   running: "c++" "-O0" "-ffunction-sections" "-fdata-sections" "-fPIC" "-gdwarf-4" "-fno-omit-frame-pointer" "-m64" "-I" "rocksdb/include/" "-I" "rocksdb/" "-I" "rocksdb/third-party/gtest-1.8.1/fused-src/" "-I" "snappy/" "-I" "lz4/lib/" "-I" "/opt/rustwide/cargo-home/registry/src/index.crates.io-6f17d22bba15001f/zstd-sys-2.0.8+zstd.1.5.5/zstd/lib" "-I" "/opt/rustwide/target/debug/build/libz-sys-f5186c4e1d2335fc/out/include" "-I" "/opt/rustwide/target/debug/build/bzip2-sys-cd07b4f61ed08858/out/include" "-I" "." "-Wall" "-Wextra" "-std=c++17" "-Wsign-compare" "-Wshadow" "-Wno-unused-parameter" "-Wno-unused-variable" "-Woverloaded-virtual" "-Wnon-virtual-dtor" "-Wno-missing-field-initializers" "-Wno-strict-aliasing" "-Wno-invalid-offsetof" "-msse2" "-std=c++17" "-DSNAPPY=1" "-DLZ4=1" "-DZSTD=1" "-DZLIB=1" "-DBZIP2=1" "-DNDEBUG=1" "-DOS_LINUX" "-DROCKSDB_PLATFORM_POSIX" "-DROCKSDB_LIB_IO_POSIX" "-DROCKSDB_SUPPORT_THREAD_LOCAL" "-DHAVE_UINT128_EXTENSION=1" "-DHAVE_UINT128_EXTENSION=1" "-o" "/opt/rustwide/target/debug/build/librocksdb-sys-f9fbb8357e4919c8/out/rocksdb/cache/cache_entry_roles.o" "-c" "rocksdb/cache/cache_entry_roles.cc"
[INFO] [stderr]   running: "c++" "-O0" "-ffunction-sections" "-fdata-sections" "-fPIC" "-gdwarf-4" "-fno-omit-frame-pointer" "-m64" "-I" "rocksdb/include/" "-I" "rocksdb/" "-I" "rocksdb/third-party/gtest-1.8.1/fused-src/" "-I" "snappy/" "-I" "lz4/lib/" "-I" "/opt/rustwide/cargo-home/registry/src/index.crates.io-6f17d22bba15001f/zstd-sys-2.0.8+zstd.1.5.5/zstd/lib" "-I" "/opt/rustwide/target/debug/build/libz-sys-f5186c4e1d2335fc/out/include" "-I" "/opt/rustwide/target/debug/build/bzip2-sys-cd07b4f61ed08858/out/include" "-I" "." "-Wall" "-Wextra" "-std=c++17" "-Wsign-compare" "-Wshadow" "-Wno-unused-parameter" "-Wno-unused-variable" "-Woverloaded-virtual" "-Wnon-virtual-dtor" "-Wno-missing-field-initializers" "-Wno-strict-aliasing" "-Wno-invalid-offsetof" "-msse2" "-std=c++17" "-DSNAPPY=1" "-DLZ4=1" "-DZSTD=1" "-DZLIB=1" "-DBZIP2=1" "-DNDEBUG=1" "-DOS_LINUX" "-DROCKSDB_PLATFORM_POSIX" "-DROCKSDB_LIB_IO_POSIX" "-DROCKSDB_SUPPORT_THREAD_LOCAL" "-DHAVE_UINT128_EXTENSION=1" "-DHAVE_UINT128_EXTENSION=1" "-o" "/opt/rustwide/target/debug/build/librocksdb-sys-f9fbb8357e4919c8/out/rocksdb/cache/sharded_cache.o" "-c" "rocksdb/cache/sharded_cache.cc"
[INFO] [stderr]   running: "c++" "-O0" "-ffunction-sections" "-fdata-sections" "-fPIC" "-gdwarf-4" "-fno-omit-frame-pointer" "-m64" "-I" "rocksdb/include/" "-I" "rocksdb/" "-I" "rocksdb/third-party/gtest-1.8.1/fused-src/" "-I" "snappy/" "-I" "lz4/lib/" "-I" "/opt/rustwide/cargo-home/registry/src/index.crates.io-6f17d22bba15001f/zstd-sys-2.0.8+zstd.1.5.5/zstd/lib" "-I" "/opt/rustwide/target/debug/build/libz-sys-f5186c4e1d2335fc/out/include" "-I" "/opt/rustwide/target/debug/build/bzip2-sys-cd07b4f61ed08858/out/include" "-I" "." "-Wall" "-Wextra" "-std=c++17" "-Wsign-compare" "-Wshadow" "-Wno-unused-parameter" "-Wno-unused-variable" "-Woverloaded-virtual" "-Wnon-virtual-dtor" "-Wno-missing-field-initializers" "-Wno-strict-aliasing" "-Wno-invalid-offsetof" "-msse2" "-std=c++17" "-DSNAPPY=1" "-DLZ4=1" "-DZSTD=1" "-DZLIB=1" "-DBZIP2=1" "-DNDEBUG=1" "-DOS_LINUX" "-DROCKSDB_PLATFORM_POSIX" "-DROCKSDB_LIB_IO_POSIX" "-DROCKSDB_SUPPORT_THREAD_LOCAL" "-DHAVE_UINT128_EXTENSION=1" "-DHAVE_UINT128_EXTENSION=1" "-o" "/opt/rustwide/target/debug/build/librocksdb-sys-f9fbb8357e4919c8/out/rocksdb/cache/fast_lru_cache.o" "-c" "rocksdb/cache/fast_lru_cache.cc"
[INFO] [stderr]   running: "c++" "-O0" "-ffunction-sections" "-fdata-sections" "-fPIC" "-gdwarf-4" "-fno-omit-frame-pointer" "-m64" "-I" "rocksdb/include/" "-I" "rocksdb/" "-I" "rocksdb/third-party/gtest-1.8.1/fused-src/" "-I" "snappy/" "-I" "lz4/lib/" "-I" "/opt/rustwide/cargo-home/registry/src/index.crates.io-6f17d22bba15001f/zstd-sys-2.0.8+zstd.1.5.5/zstd/lib" "-I" "/opt/rustwide/target/debug/build/libz-sys-f5186c4e1d2335fc/out/include" "-I" "/opt/rustwide/target/debug/build/bzip2-sys-cd07b4f61ed08858/out/include" "-I" "." "-Wall" "-Wextra" "-std=c++17" "-Wsign-compare" "-Wshadow" "-Wno-unused-parameter" "-Wno-unused-variable" "-Woverloaded-virtual" "-Wnon-virtual-dtor" "-Wno-missing-field-initializers" "-Wno-strict-aliasing" "-Wno-invalid-offsetof" "-msse2" "-std=c++17" "-DSNAPPY=1" "-DLZ4=1" "-DZSTD=1" "-DZLIB=1" "-DBZIP2=1" "-DNDEBUG=1" "-DOS_LINUX" "-DROCKSDB_PLATFORM_POSIX" "-DROCKSDB_LIB_IO_POSIX" "-DROCKSDB_SUPPORT_THREAD_LOCAL" "-DHAVE_UINT128_EXTENSION=1" "-DHAVE_UINT128_EXTENSION=1" "-o" "/opt/rustwide/target/debug/build/librocksdb-sys-f9fbb8357e4919c8/out/rocksdb/db/blob/blob_fetcher.o" "-c" "rocksdb/db/blob/blob_fetcher.cc"
[INFO] [stderr]   running: "c++" "-O0" "-ffunction-sections" "-fdata-sections" "-fPIC" "-gdwarf-4" "-fno-omit-frame-pointer" "-m64" "-I" "rocksdb/include/" "-I" "rocksdb/" "-I" "rocksdb/third-party/gtest-1.8.1/fused-src/" "-I" "snappy/" "-I" "lz4/lib/" "-I" "/opt/rustwide/cargo-home/registry/src/index.crates.io-6f17d22bba15001f/zstd-sys-2.0.8+zstd.1.5.5/zstd/lib" "-I" "/opt/rustwide/target/debug/build/libz-sys-f5186c4e1d2335fc/out/include" "-I" "/opt/rustwide/target/debug/build/bzip2-sys-cd07b4f61ed08858/out/include" "-I" "." "-Wall" "-Wextra" "-std=c++17" "-Wsign-compare" "-Wshadow" "-Wno-unused-parameter" "-Wno-unused-variable" "-Woverloaded-virtual" "-Wnon-virtual-dtor" "-Wno-missing-field-initializers" "-Wno-strict-aliasing" "-Wno-invalid-offsetof" "-msse2" "-std=c++17" "-DSNAPPY=1" "-DLZ4=1" "-DZSTD=1" "-DZLIB=1" "-DBZIP2=1" "-DNDEBUG=1" "-DOS_LINUX" "-DROCKSDB_PLATFORM_POSIX" "-DROCKSDB_LIB_IO_POSIX" "-DROCKSDB_SUPPORT_THREAD_LOCAL" "-DHAVE_UINT128_EXTENSION=1" "-DHAVE_UINT128_EXTENSION=1" "-o" "/opt/rustwide/target/debug/build/librocksdb-sys-f9fbb8357e4919c8/out/rocksdb/db/arena_wrapped_db_iter.o" "-c" "rocksdb/db/arena_wrapped_db_iter.cc"
[INFO] [stderr]   running: "c++" "-O0" "-ffunction-sections" "-fdata-sections" "-fPIC" "-gdwarf-4" "-fno-omit-frame-pointer" "-m64" "-I" "rocksdb/include/" "-I" "rocksdb/" "-I" "rocksdb/third-party/gtest-1.8.1/fused-src/" "-I" "snappy/" "-I" "lz4/lib/" "-I" "/opt/rustwide/cargo-home/registry/src/index.crates.io-6f17d22bba15001f/zstd-sys-2.0.8+zstd.1.5.5/zstd/lib" "-I" "/opt/rustwide/target/debug/build/libz-sys-f5186c4e1d2335fc/out/include" "-I" "/opt/rustwide/target/debug/build/bzip2-sys-cd07b4f61ed08858/out/include" "-I" "." "-Wall" "-Wextra" "-std=c++17" "-Wsign-compare" "-Wshadow" "-Wno-unused-parameter" "-Wno-unused-variable" "-Woverloaded-virtual" "-Wnon-virtual-dtor" "-Wno-missing-field-initializers" "-Wno-strict-aliasing" "-Wno-invalid-offsetof" "-msse2" "-std=c++17" "-DSNAPPY=1" "-DLZ4=1" "-DZSTD=1" "-DZLIB=1" "-DBZIP2=1" "-DNDEBUG=1" "-DOS_LINUX" "-DROCKSDB_PLATFORM_POSIX" "-DROCKSDB_LIB_IO_POSIX" "-DROCKSDB_SUPPORT_THREAD_LOCAL" "-DHAVE_UINT128_EXTENSION=1" "-DHAVE_UINT128_EXTENSION=1" "-o" "/opt/rustwide/target/debug/build/librocksdb-sys-f9fbb8357e4919c8/out/rocksdb/db/blob/blob_file_addition.o" "-c" "rocksdb/db/blob/blob_file_addition.cc"
[INFO] [stderr]   running: "c++" "-O0" "-ffunction-sections" "-fdata-sections" "-fPIC" "-gdwarf-4" "-fno-omit-frame-pointer" "-m64" "-I" "rocksdb/include/" "-I" "rocksdb/" "-I" "rocksdb/third-party/gtest-1.8.1/fused-src/" "-I" "snappy/" "-I" "lz4/lib/" "-I" "/opt/rustwide/cargo-home/registry/src/index.crates.io-6f17d22bba15001f/zstd-sys-2.0.8+zstd.1.5.5/zstd/lib" "-I" "/opt/rustwide/target/debug/build/libz-sys-f5186c4e1d2335fc/out/include" "-I" "/opt/rustwide/target/debug/build/bzip2-sys-cd07b4f61ed08858/out/include" "-I" "." "-Wall" "-Wextra" "-std=c++17" "-Wsign-compare" "-Wshadow" "-Wno-unused-parameter" "-Wno-unused-variable" "-Woverloaded-virtual" "-Wnon-virtual-dtor" "-Wno-missing-field-initializers" "-Wno-strict-aliasing" "-Wno-invalid-offsetof" "-msse2" "-std=c++17" "-DSNAPPY=1" "-DLZ4=1" "-DZSTD=1" "-DZLIB=1" "-DBZIP2=1" "-DNDEBUG=1" "-DOS_LINUX" "-DROCKSDB_PLATFORM_POSIX" "-DROCKSDB_LIB_IO_POSIX" "-DROCKSDB_SUPPORT_THREAD_LOCAL" "-DHAVE_UINT128_EXTENSION=1" "-DHAVE_UINT128_EXTENSION=1" "-o" "/opt/rustwide/target/debug/build/librocksdb-sys-f9fbb8357e4919c8/out/rocksdb/cache/lru_cache.o" "-c" "rocksdb/cache/lru_cache.cc"
[INFO] [stderr]   running: "c++" "-O0" "-ffunction-sections" "-fdata-sections" "-fPIC" "-gdwarf-4" "-fno-omit-frame-pointer" "-m64" "-I" "rocksdb/include/" "-I" "rocksdb/" "-I" "rocksdb/third-party/gtest-1.8.1/fused-src/" "-I" "snappy/" "-I" "lz4/lib/" "-I" "/opt/rustwide/cargo-home/registry/src/index.crates.io-6f17d22bba15001f/zstd-sys-2.0.8+zstd.1.5.5/zstd/lib" "-I" "/opt/rustwide/target/debug/build/libz-sys-f5186c4e1d2335fc/out/include" "-I" "/opt/rustwide/target/debug/build/bzip2-sys-cd07b4f61ed08858/out/include" "-I" "." "-Wall" "-Wextra" "-std=c++17" "-Wsign-compare" "-Wshadow" "-Wno-unused-parameter" "-Wno-unused-variable" "-Woverloaded-virtual" "-Wnon-virtual-dtor" "-Wno-missing-field-initializers" "-Wno-strict-aliasing" "-Wno-invalid-offsetof" "-msse2" "-std=c++17" "-DSNAPPY=1" "-DLZ4=1" "-DZSTD=1" "-DZLIB=1" "-DBZIP2=1" "-DNDEBUG=1" "-DOS_LINUX" "-DROCKSDB_PLATFORM_POSIX" "-DROCKSDB_LIB_IO_POSIX" "-DROCKSDB_SUPPORT_THREAD_LOCAL" "-DHAVE_UINT128_EXTENSION=1" "-DHAVE_UINT128_EXTENSION=1" "-o" "/opt/rustwide/target/debug/build/librocksdb-sys-f9fbb8357e4919c8/out/rocksdb/db/blob/blob_file_builder.o" "-c" "rocksdb/db/blob/blob_file_builder.cc"
[INFO] [stderr]   running: "c++" "-O0" "-ffunction-sections" "-fdata-sections" "-fPIC" "-gdwarf-4" "-fno-omit-frame-pointer" "-m64" "-I" "rocksdb/include/" "-I" "rocksdb/" "-I" "rocksdb/third-party/gtest-1.8.1/fused-src/" "-I" "snappy/" "-I" "lz4/lib/" "-I" "/opt/rustwide/cargo-home/registry/src/index.crates.io-6f17d22bba15001f/zstd-sys-2.0.8+zstd.1.5.5/zstd/lib" "-I" "/opt/rustwide/target/debug/build/libz-sys-f5186c4e1d2335fc/out/include" "-I" "/opt/rustwide/target/debug/build/bzip2-sys-cd07b4f61ed08858/out/include" "-I" "." "-Wall" "-Wextra" "-std=c++17" "-Wsign-compare" "-Wshadow" "-Wno-unused-parameter" "-Wno-unused-variable" "-Woverloaded-virtual" "-Wnon-virtual-dtor" "-Wno-missing-field-initializers" "-Wno-strict-aliasing" "-Wno-invalid-offsetof" "-msse2" "-std=c++17" "-DSNAPPY=1" "-DLZ4=1" "-DZSTD=1" "-DZLIB=1" "-DBZIP2=1" "-DNDEBUG=1" "-DOS_LINUX" "-DROCKSDB_PLATFORM_POSIX" "-DROCKSDB_LIB_IO_POSIX" "-DROCKSDB_SUPPORT_THREAD_LOCAL" "-DHAVE_UINT128_EXTENSION=1" "-DHAVE_UINT128_EXTENSION=1" "-o" "/opt/rustwide/target/debug/build/librocksdb-sys-f9fbb8357e4919c8/out/rocksdb/cache/cache_reservation_manager.o" "-c" "rocksdb/cache/cache_reservation_manager.cc"
[INFO] [stderr]   running: "c++" "-O0" "-ffunction-sections" "-fdata-sections" "-fPIC" "-gdwarf-4" "-fno-omit-frame-pointer" "-m64" "-I" "rocksdb/include/" "-I" "rocksdb/" "-I" "rocksdb/third-party/gtest-1.8.1/fused-src/" "-I" "snappy/" "-I" "lz4/lib/" "-I" "/opt/rustwide/cargo-home/registry/src/index.crates.io-6f17d22bba15001f/zstd-sys-2.0.8+zstd.1.5.5/zstd/lib" "-I" "/opt/rustwide/target/debug/build/libz-sys-f5186c4e1d2335fc/out/include" "-I" "/opt/rustwide/target/debug/build/bzip2-sys-cd07b4f61ed08858/out/include" "-I" "." "-Wall" "-Wextra" "-std=c++17" "-Wsign-compare" "-Wshadow" "-Wno-unused-parameter" "-Wno-unused-variable" "-Woverloaded-virtual" "-Wnon-virtual-dtor" "-Wno-missing-field-initializers" "-Wno-strict-aliasing" "-Wno-invalid-offsetof" "-msse2" "-std=c++17" "-DSNAPPY=1" "-DLZ4=1" "-DZSTD=1" "-DZLIB=1" "-DBZIP2=1" "-DNDEBUG=1" "-DOS_LINUX" "-DROCKSDB_PLATFORM_POSIX" "-DROCKSDB_LIB_IO_POSIX" "-DROCKSDB_SUPPORT_THREAD_LOCAL" "-DHAVE_UINT128_EXTENSION=1" "-DHAVE_UINT128_EXTENSION=1" "-o" "/opt/rustwide/target/debug/build/librocksdb-sys-f9fbb8357e4919c8/out/rocksdb/cache/compressed_secondary_cache.o" "-c" "rocksdb/cache/compressed_secondary_cache.cc"
[INFO] [stderr]   running: "c++" "-O0" "-ffunction-sections" "-fdata-sections" "-fPIC" "-gdwarf-4" "-fno-omit-frame-pointer" "-m64" "-I" "rocksdb/include/" "-I" "rocksdb/" "-I" "rocksdb/third-party/gtest-1.8.1/fused-src/" "-I" "snappy/" "-I" "lz4/lib/" "-I" "/opt/rustwide/cargo-home/registry/src/index.crates.io-6f17d22bba15001f/zstd-sys-2.0.8+zstd.1.5.5/zstd/lib" "-I" "/opt/rustwide/target/debug/build/libz-sys-f5186c4e1d2335fc/out/include" "-I" "/opt/rustwide/target/debug/build/bzip2-sys-cd07b4f61ed08858/out/include" "-I" "." "-Wall" "-Wextra" "-std=c++17" "-Wsign-compare" "-Wshadow" "-Wno-unused-parameter" "-Wno-unused-variable" "-Woverloaded-virtual" "-Wnon-virtual-dtor" "-Wno-missing-field-initializers" "-Wno-strict-aliasing" "-Wno-invalid-offsetof" "-msse2" "-std=c++17" "-DSNAPPY=1" "-DLZ4=1" "-DZSTD=1" "-DZLIB=1" "-DBZIP2=1" "-DNDEBUG=1" "-DOS_LINUX" "-DROCKSDB_PLATFORM_POSIX" "-DROCKSDB_LIB_IO_POSIX" "-DROCKSDB_SUPPORT_THREAD_LOCAL" "-DHAVE_UINT128_EXTENSION=1" "-DHAVE_UINT128_EXTENSION=1" "-o" "/opt/rustwide/target/debug/build/librocksdb-sys-f9fbb8357e4919c8/out/rocksdb/db/blob/blob_file_cache.o" "-c" "rocksdb/db/blob/blob_file_cache.cc"
[INFO] [stderr]   exit status: 0
[INFO] [stderr]   exit status: 0
[INFO] [stderr]   running: "c++" "-O0" "-ffunction-sections" "-fdata-sections" "-fPIC" "-gdwarf-4" "-fno-omit-frame-pointer" "-m64" "-I" "rocksdb/include/" "-I" "rocksdb/" "-I" "rocksdb/third-party/gtest-1.8.1/fused-src/" "-I" "snappy/" "-I" "lz4/lib/" "-I" "/opt/rustwide/cargo-home/registry/src/index.crates.io-6f17d22bba15001f/zstd-sys-2.0.8+zstd.1.5.5/zstd/lib" "-I" "/opt/rustwide/target/debug/build/libz-sys-f5186c4e1d2335fc/out/include" "-I" "/opt/rustwide/target/debug/build/bzip2-sys-cd07b4f61ed08858/out/include" "-I" "." "-Wall" "-Wextra" "-std=c++17" "-Wsign-compare" "-Wshadow" "-Wno-unused-parameter" "-Wno-unused-variable" "-Woverloaded-virtual" "-Wnon-virtual-dtor" "-Wno-missing-field-initializers" "-Wno-strict-aliasing" "-Wno-invalid-offsetof" "-msse2" "-std=c++17" "-DSNAPPY=1" "-DLZ4=1" "-DZSTD=1" "-DZLIB=1" "-DBZIP2=1" "-DNDEBUG=1" "-DOS_LINUX" "-DROCKSDB_PLATFORM_POSIX" "-DROCKSDB_LIB_IO_POSIX" "-DROCKSDB_SUPPORT_THREAD_LOCAL" "-DHAVE_UINT128_EXTENSION=1" "-DHAVE_UINT128_EXTENSION=1" "-o" "/opt/rustwide/target/debug/build/librocksdb-sys-f9fbb8357e4919c8/out/rocksdb/db/blob/blob_file_garbage.o" "-c" "rocksdb/db/blob/blob_file_garbage.cc"
[INFO] [stderr]   running: "c++" "-O0" "-ffunction-sections" "-fdata-sections" "-fPIC" "-gdwarf-4" "-fno-omit-frame-pointer" "-m64" "-I" "rocksdb/include/" "-I" "rocksdb/" "-I" "rocksdb/third-party/gtest-1.8.1/fused-src/" "-I" "snappy/" "-I" "lz4/lib/" "-I" "/opt/rustwide/cargo-home/registry/src/index.crates.io-6f17d22bba15001f/zstd-sys-2.0.8+zstd.1.5.5/zstd/lib" "-I" "/opt/rustwide/target/debug/build/libz-sys-f5186c4e1d2335fc/out/include" "-I" "/opt/rustwide/target/debug/build/bzip2-sys-cd07b4f61ed08858/out/include" "-I" "." "-Wall" "-Wextra" "-std=c++17" "-Wsign-compare" "-Wshadow" "-Wno-unused-parameter" "-Wno-unused-variable" "-Woverloaded-virtual" "-Wnon-virtual-dtor" "-Wno-missing-field-initializers" "-Wno-strict-aliasing" "-Wno-invalid-offsetof" "-msse2" "-std=c++17" "-DSNAPPY=1" "-DLZ4=1" "-DZSTD=1" "-DZLIB=1" "-DBZIP2=1" "-DNDEBUG=1" "-DOS_LINUX" "-DROCKSDB_PLATFORM_POSIX" "-DROCKSDB_LIB_IO_POSIX" "-DROCKSDB_SUPPORT_THREAD_LOCAL" "-DHAVE_UINT128_EXTENSION=1" "-DHAVE_UINT128_EXTENSION=1" "-o" "/opt/rustwide/target/debug/build/librocksdb-sys-f9fbb8357e4919c8/out/rocksdb/db/blob/blob_file_meta.o" "-c" "rocksdb/db/blob/blob_file_meta.cc"
[INFO] [stderr]   running: "c++" "-O0" "-ffunction-sections" "-fdata-sections" "-fPIC" "-gdwarf-4" "-fno-omit-frame-pointer" "-m64" "-I" "rocksdb/include/" "-I" "rocksdb/" "-I" "rocksdb/third-party/gtest-1.8.1/fused-src/" "-I" "snappy/" "-I" "lz4/lib/" "-I" "/opt/rustwide/cargo-home/registry/src/index.crates.io-6f17d22bba15001f/zstd-sys-2.0.8+zstd.1.5.5/zstd/lib" "-I" "/opt/rustwide/target/debug/build/libz-sys-f5186c4e1d2335fc/out/include" "-I" "/opt/rustwide/target/debug/build/bzip2-sys-cd07b4f61ed08858/out/include" "-I" "." "-Wall" "-Wextra" "-std=c++17" "-Wsign-compare" "-Wshadow" "-Wno-unused-parameter" "-Wno-unused-variable" "-Woverloaded-virtual" "-Wnon-virtual-dtor" "-Wno-missing-field-initializers" "-Wno-strict-aliasing" "-Wno-invalid-offsetof" "-msse2" "-std=c++17" "-DSNAPPY=1" "-DLZ4=1" "-DZSTD=1" "-DZLIB=1" "-DBZIP2=1" "-DNDEBUG=1" "-DOS_LINUX" "-DROCKSDB_PLATFORM_POSIX" "-DROCKSDB_LIB_IO_POSIX" "-DROCKSDB_SUPPORT_THREAD_LOCAL" "-DHAVE_UINT128_EXTENSION=1" "-DHAVE_UINT128_EXTENSION=1" "-o" "/opt/rustwide/target/debug/build/librocksdb-sys-f9fbb8357e4919c8/out/rocksdb/db/blob/blob_file_reader.o" "-c" "rocksdb/db/blob/blob_file_reader.cc"
[INFO] [stderr]   cargo:warning=c++: fatal error: Killed signal terminated program cc1plus
[INFO] [stderr]   cargo:warning=compilation terminated.
[INFO] [stderr]   exit status: 1
[INFO] [stderr]   running: "c++" "-O0" "-ffunction-sections" "-fdata-sections" "-fPIC" "-gdwarf-4" "-fno-omit-frame-pointer" "-m64" "-I" "rocksdb/include/" "-I" "rocksdb/" "-I" "rocksdb/third-party/gtest-1.8.1/fused-src/" "-I" "snappy/" "-I" "lz4/lib/" "-I" "/opt/rustwide/cargo-home/registry/src/index.crates.io-6f17d22bba15001f/zstd-sys-2.0.8+zstd.1.5.5/zstd/lib" "-I" "/opt/rustwide/target/debug/build/libz-sys-f5186c4e1d2335fc/out/include" "-I" "/opt/rustwide/target/debug/build/bzip2-sys-cd07b4f61ed08858/out/include" "-I" "." "-Wall" "-Wextra" "-std=c++17" "-Wsign-compare" "-Wshadow" "-Wno-unused-parameter" "-Wno-unused-variable" "-Woverloaded-virtual" "-Wnon-virtual-dtor" "-Wno-missing-field-initializers" "-Wno-strict-aliasing" "-Wno-invalid-offsetof" "-msse2" "-std=c++17" "-DSNAPPY=1" "-DLZ4=1" "-DZSTD=1" "-DZLIB=1" "-DBZIP2=1" "-DNDEBUG=1" "-DOS_LINUX" "-DROCKSDB_PLATFORM_POSIX" "-DROCKSDB_LIB_IO_POSIX" "-DROCKSDB_SUPPORT_THREAD_LOCAL" "-DHAVE_UINT128_EXTENSION=1" "-DHAVE_UINT128_EXTENSION=1" "-o" "/opt/rustwide/target/debug/build/librocksdb-sys-f9fbb8357e4919c8/out/rocksdb/db/blob/blob_garbage_meter.o" "-c" "rocksdb/db/blob/blob_garbage_meter.cc"
[INFO] [stderr]   exit status: 0
[INFO] [stderr]   cargo:warning=c++: fatal error: Killed signal terminated program cc1plus
[INFO] [stderr]   cargo:warning=compilation terminated.
[INFO] [stderr]   exit status: 1
[INFO] [stderr]   cargo:warning=c++: fatal error: Killed signal terminated program cc1plus
[INFO] [stderr]   cargo:warning=compilation terminated.
[INFO] [stderr]   exit status: 1
[INFO] [stderr]   cargo:warning=c++: fatal error: Killed signal terminated program cc1plus
[INFO] [stderr]   cargo:warning=compilation terminated.
[INFO] [stderr]   exit status: 1
[INFO] [stderr]   cargo:warning=c++: fatal error: Killed signal terminated program cc1plus
[INFO] [stderr]   cargo:warning=compilation terminated.
[INFO] [stderr]   exit status: 1
[INFO] [stderr]   exit status: 0
[INFO] [stderr]   exit status: 0
[INFO] [stderr]   exit status: 0
[INFO] [stderr]   exit status: 0
[INFO] [stderr]   exit status: 0
[INFO] [stderr]   exit status: 0
[INFO] [stderr]   exit status: 0
[INFO] [stderr]   exit status: 0
[INFO] [stderr]   exit status: 0
[INFO] [stderr]   exit status: 0
[INFO] [stderr] 
[INFO] [stderr]   --- stderr
[INFO] [stderr]   error: 'rustfmt' is not installed for the toolchain '1.75.0-x86_64-unknown-linux-gnu'
[INFO] [stderr]   To install, run `rustup component add rustfmt --toolchain 1.75.0-x86_64-unknown-linux-gnu`
[INFO] [stderr]   Failed to run rustfmt: Internal rustfmt error (non-fatal, continuing)
[INFO] [stderr] 
[INFO] [stderr] 
[INFO] [stderr]   error occurred: Command "c++" "-O0" "-ffunction-sections" "-fdata-sections" "-fPIC" "-gdwarf-4" "-fno-omit-frame-pointer" "-m64" "-I" "rocksdb/include/" "-I" "rocksdb/" "-I" "rocksdb/third-party/gtest-1.8.1/fused-src/" "-I" "snappy/" "-I" "lz4/lib/" "-I" "/opt/rustwide/cargo-home/registry/src/index.crates.io-6f17d22bba15001f/zstd-sys-2.0.8+zstd.1.5.5/zstd/lib" "-I" "/opt/rustwide/target/debug/build/libz-sys-f5186c4e1d2335fc/out/include" "-I" "/opt/rustwide/target/debug/build/bzip2-sys-cd07b4f61ed08858/out/include" "-I" "." "-Wall" "-Wextra" "-std=c++17" "-Wsign-compare" "-Wshadow" "-Wno-unused-parameter" "-Wno-unused-variable" "-Woverloaded-virtual" "-Wnon-virtual-dtor" "-Wno-missing-field-initializers" "-Wno-strict-aliasing" "-Wno-invalid-offsetof" "-msse2" "-std=c++17" "-DSNAPPY=1" "-DLZ4=1" "-DZSTD=1" "-DZLIB=1" "-DBZIP2=1" "-DNDEBUG=1" "-DOS_LINUX" "-DROCKSDB_PLATFORM_POSIX" "-DROCKSDB_LIB_IO_POSIX" "-DROCKSDB_SUPPORT_THREAD_LOCAL" "-DHAVE_UINT128_EXTENSION=1" "-DHAVE_UINT128_EXTENSION=1" "-o" "/opt/rustwide/target/debug/build/librocksdb-sys-f9fbb8357e4919c8/out/rocksdb/cache/cache.o" "-c" "rocksdb/cache/cache.cc" with args "c++" did not execute successfully (status code exit status: 1).
[INFO] [stderr] 
[INFO] [stderr] 
[INFO] running `Command { std: "docker" "inspect" "8f91135ef98c72385ad028d04a92ade1e0f7a1130703446de978e78fdfe7d9be", kill_on_drop: false }`
[INFO] running `Command { std: "docker" "rm" "-f" "8f91135ef98c72385ad028d04a92ade1e0f7a1130703446de978e78fdfe7d9be", kill_on_drop: false }`
[INFO] [stdout] 8f91135ef98c72385ad028d04a92ade1e0f7a1130703446de978e78fdfe7d9be
[INFO] documenting Linzell/actix against beta-2023-12-22 for beta-1.76-rustdoc-1
[INFO] running `Command { std: "git" "clone" "/workspace/cache/git-repos/https%3A%2F%2Fgithub.com%2FLinzell%2Factix" "/workspace/builds/worker-7-tc2/source", kill_on_drop: false }`
[INFO] [stderr] Cloning into '/workspace/builds/worker-7-tc2/source'...
[INFO] [stderr] done.
[INFO] validating manifest of git repo https://github.com/Linzell/actix on toolchain beta-2023-12-22
[INFO] running `Command { std: CARGO_HOME="/workspace/cargo-home" RUSTUP_HOME="/workspace/rustup-home" "/workspace/cargo-home/bin/cargo" "+beta-2023-12-22" "metadata" "--manifest-path" "Cargo.toml" "--no-deps", kill_on_drop: false }`
[INFO] started tweaking git repo https://github.com/Linzell/actix
[INFO] finished tweaking git repo https://github.com/Linzell/actix
[INFO] tweaked toml for git repo https://github.com/Linzell/actix written to /workspace/builds/worker-7-tc2/source/Cargo.toml
[INFO] crate git repo https://github.com/Linzell/actix already has a lockfile, it will not be regenerated
[INFO] running `Command { std: CARGO_HOME="/workspace/cargo-home" RUSTUP_HOME="/workspace/rustup-home" "/workspace/cargo-home/bin/cargo" "+beta-2023-12-22" "fetch" "--manifest-path" "Cargo.toml", kill_on_drop: false }`
[INFO] running `Command { std: "docker" "create" "-v" "/var/lib/crater-agent-workspace/builds/worker-7-tc2/target:/opt/rustwide/target:rw,Z" "-v" "/var/lib/crater-agent-workspace/builds/worker-7-tc2/source:/opt/rustwide/workdir:ro,Z" "-v" "/var/lib/crater-agent-workspace/cargo-home:/opt/rustwide/cargo-home:ro,Z" "-v" "/var/lib/crater-agent-workspace/rustup-home:/opt/rustwide/rustup-home:ro,Z" "-e" "SOURCE_DIR=/opt/rustwide/workdir" "-e" "CARGO_TARGET_DIR=/opt/rustwide/target" "-e" "CARGO_HOME=/opt/rustwide/cargo-home" "-e" "RUSTUP_HOME=/opt/rustwide/rustup-home" "-w" "/opt/rustwide/workdir" "-m" "1610612736" "--user" "0:0" "--network" "none" "ghcr.io/rust-lang/crates-build-env/linux@sha256:2788e3201cd34a07e3172128adcd8b3090168a8e3bcc40d7c032b9dda1df7d1c" "/opt/rustwide/cargo-home/bin/cargo" "+beta-2023-12-22" "metadata" "--no-deps" "--format-version=1", kill_on_drop: false }`
[INFO] [stdout] 06d752b65cf1dbe9dd253cbe7c50fafd544b292302e8192efd9b628deae20296
[INFO] running `Command { std: "docker" "start" "-a" "06d752b65cf1dbe9dd253cbe7c50fafd544b292302e8192efd9b628deae20296", kill_on_drop: false }`
[INFO] running `Command { std: "docker" "inspect" "06d752b65cf1dbe9dd253cbe7c50fafd544b292302e8192efd9b628deae20296", kill_on_drop: false }`
[INFO] running `Command { std: "docker" "rm" "-f" "06d752b65cf1dbe9dd253cbe7c50fafd544b292302e8192efd9b628deae20296", kill_on_drop: false }`
[INFO] [stdout] 06d752b65cf1dbe9dd253cbe7c50fafd544b292302e8192efd9b628deae20296
[INFO] running `Command { std: "docker" "create" "-v" "/var/lib/crater-agent-workspace/builds/worker-7-tc2/target:/opt/rustwide/target:rw,Z" "-v" "/var/lib/crater-agent-workspace/builds/worker-7-tc2/source:/opt/rustwide/workdir:ro,Z" "-v" "/var/lib/crater-agent-workspace/cargo-home:/opt/rustwide/cargo-home:ro,Z" "-v" "/var/lib/crater-agent-workspace/rustup-home:/opt/rustwide/rustup-home:ro,Z" "-e" "SOURCE_DIR=/opt/rustwide/workdir" "-e" "CARGO_TARGET_DIR=/opt/rustwide/target" "-e" "CARGO_INCREMENTAL=0" "-e" "RUST_BACKTRACE=full" "-e" "RUSTFLAGS=--cap-lints=warn" "-e" "RUSTDOCFLAGS=--cap-lints=warn" "-e" "CARGO_HOME=/opt/rustwide/cargo-home" "-e" "RUSTUP_HOME=/opt/rustwide/rustup-home" "-w" "/opt/rustwide/workdir" "-m" "1610612736" "--user" "0:0" "--network" "none" "ghcr.io/rust-lang/crates-build-env/linux@sha256:2788e3201cd34a07e3172128adcd8b3090168a8e3bcc40d7c032b9dda1df7d1c" "/opt/rustwide/cargo-home/bin/cargo" "+beta-2023-12-22" "doc" "--frozen" "--no-deps" "--document-private-items" "--message-format=json", kill_on_drop: false }`
[INFO] [stdout] 4886d7ba97a8d5c6e62001b96e1141844937a199ac514675fcc88e99392fe46e
[INFO] running `Command { std: "docker" "start" "-a" "4886d7ba97a8d5c6e62001b96e1141844937a199ac514675fcc88e99392fe46e", kill_on_drop: false }`
[INFO] [stderr]    Compiling libc v0.2.147
[INFO] [stderr]    Compiling unicode-ident v1.0.10
[INFO] [stderr]    Compiling quote v1.0.29
[INFO] [stderr]    Compiling typenum v1.16.0
[INFO] [stderr]     Checking pin-project-lite v0.2.10
[INFO] [stderr]     Checking value-bag v1.4.1
[INFO] [stderr]    Compiling syn v1.0.109
[INFO] [stderr]    Compiling generic-array v0.14.7
[INFO] [stderr]     Checking subtle v2.5.0
[INFO] [stderr]    Compiling serde v1.0.192
[INFO] [stderr]     Checking futures-sink v0.3.28
[INFO] [stderr]    Compiling memchr v2.5.0
[INFO] [stderr]    Compiling slab v0.4.8
[INFO] [stderr]     Checking lock_api v0.4.10
[INFO] [stderr]    Compiling log v0.4.19
[INFO] [stderr]     Checking bytes v1.4.0
[INFO] [stderr]    Compiling regex-syntax v0.7.3
[INFO] [stderr]    Compiling proc-macro2 v1.0.67
[INFO] [stderr]    Compiling vcpkg v0.2.15
[INFO] [stderr]    Compiling glob v0.3.1
[INFO] [stderr]    Compiling libm v0.2.7
[INFO] [stderr]     Checking smallvec v1.11.0
[INFO] [stderr]    Compiling num-traits v0.2.15
[INFO] [stderr]    Compiling crossbeam-utils v0.8.16
[INFO] [stderr]     Checking tracing-core v0.1.31
[INFO] [stderr]     Checking itoa v1.0.8
[INFO] [stderr]    Compiling minimal-lexical v0.2.1
[INFO] [stderr]    Compiling libloading v0.7.4
[INFO] [stderr]    Compiling tokio v1.29.1
[INFO] [stderr]    Compiling aho-corasick v1.0.2
[INFO] [stderr]    Compiling clang-sys v1.6.1
[INFO] [stderr]    Compiling nom v7.1.3
[INFO] [stderr]    Compiling syn v2.0.37
[INFO] [stderr]     Checking cpufeatures v0.2.9
[INFO] [stderr]     Checking futures-lite v1.13.0
[INFO] [stderr]    Compiling futures-channel v0.3.28
[INFO] [stderr]     Checking concurrent-queue v2.2.0
[INFO] [stderr]    Compiling lazycell v1.3.0
[INFO] [stderr]    Compiling jobserver v0.1.26
[INFO] [stderr]     Checking getrandom v0.2.10
[INFO] [stderr]     Checking socket2 v0.4.9
[INFO] [stderr]     Checking parking_lot_core v0.9.8
[INFO] [stderr]     Checking signal-hook-registry v1.4.1
[INFO] [stderr]     Checking rand_core v0.6.4
[INFO] [stderr]     Checking mio v0.8.8
[INFO] [stderr]    Compiling lazy_static v1.4.0
[INFO] [stderr]    Compiling cc v1.0.79
[INFO] [stderr]     Checking parking_lot v0.12.1
[INFO] [stderr]    Compiling strsim v0.10.0
[INFO] [stderr]    Compiling peeking_take_while v0.1.2
[INFO] [stderr]    Compiling shlex v1.2.0
[INFO] [stderr]    Compiling futures-task v0.3.28
[INFO] [stderr]    Compiling once_cell v1.18.0
[INFO] [stderr]     Checking opaque-debug v0.3.0
[INFO] [stderr]    Compiling futures-util v0.3.28
[INFO] [stderr]    Compiling standback v0.2.17
[INFO] [stderr]    Compiling rustix v0.38.13
[INFO] [stderr]    Compiling wasm-bindgen-shared v0.2.87
[INFO] [stderr]    Compiling paste v1.0.13
[INFO] [stderr]    Compiling fnv v1.0.7
[INFO] [stderr]    Compiling semver v1.0.17
[INFO] [stderr]    Compiling io-lifetimes v1.0.11
[INFO] [stderr]    Compiling hashbrown v0.12.3
[INFO] [stderr]    Compiling proc-macro-hack v0.5.20+deprecated
[INFO] [stderr]     Checking rand_chacha v0.3.1
[INFO] [stderr]     Checking async-channel v1.9.0
[INFO] [stderr]    Compiling atty v0.2.14
[INFO] [stderr]     Checking async-lock v2.7.0
[INFO] [stderr]    Compiling polling v2.8.0
[INFO] [stderr]     Checking crypto-common v0.1.6
[INFO] [stderr]     Checking block-buffer v0.10.4
[INFO] [stderr]    Compiling regex-automata v0.3.2
[INFO] [stderr]     Checking cipher v0.2.5
[INFO] [stderr]    Compiling rustix v0.37.25
[INFO] [stderr]    Compiling os_str_bytes v6.5.1
[INFO] [stderr]     Checking digest v0.10.7
[INFO] [stderr]    Compiling termcolor v1.2.0
[INFO] [stderr]    Compiling bitflags v2.4.0
[INFO] [stderr]     Checking untrusted v0.7.1
[INFO] [stderr]     Checking spin v0.5.2
[INFO] [stderr]    Compiling indexmap v1.9.3
[INFO] [stderr]    Compiling getrandom v0.1.16
[INFO] [stderr]    Compiling cexpr v0.6.0
[INFO] [stderr]    Compiling linux-raw-sys v0.4.7
[INFO] [stderr]    Compiling libz-sys v1.1.12
[INFO] [stderr]    Compiling openssl-sys v0.9.93
[INFO] [stderr]    Compiling zstd-sys v2.0.8+zstd.1.5.5
[INFO] [stderr]    Compiling libnghttp2-sys v0.1.8+1.55.1
[INFO] [stderr]    Compiling ring v0.16.20
[INFO] [stderr]    Compiling curl-sys v0.4.65+curl-8.2.1
[INFO] [stderr]     Checking http v0.2.9
[INFO] [stderr]    Compiling clap_lex v0.2.4
[INFO] [stderr]     Checking rand v0.8.5
[INFO] [stderr]     Checking universal-hash v0.4.0
[INFO] [stderr]     Checking digest v0.9.0
[INFO] [stderr]     Checking unicode-normalization v0.1.22
[INFO] [stderr]     Checking form_urlencoded v1.2.0
[INFO] [stderr]     Checking spin v0.9.8
[INFO] [stderr]    Compiling async-io v1.13.0
[INFO] [stderr]    Compiling unicase v2.7.0
[INFO] [stderr]     Checking cpuid-bool v0.2.0
[INFO] [stderr]    Compiling bindgen v0.60.1
[INFO] [stderr]    Compiling either v1.9.0
[INFO] [stderr]    Compiling textwrap v0.16.0
[INFO] [stderr]    Compiling bumpalo v3.13.0
[INFO] [stderr]    Compiling const_fn v0.4.9
[INFO] [stderr]     Checking linux-raw-sys v0.3.8
[INFO] [stderr]    Compiling humantime v2.1.0
[INFO] [stderr]    Compiling home v0.5.5
[INFO] [stderr]     Checking unicode-bidi v0.3.13
[INFO] [stderr]    Compiling clap v3.2.25
[INFO] [stderr]     Checking polyval v0.4.5
[INFO] [stderr]    Compiling rustc_version v0.4.0
[INFO] [stderr]     Checking aes-soft v0.6.4
[INFO] [stderr]     Checking crypto-mac v0.10.0
[INFO] [stderr]     Checking idna v0.4.0
[INFO] [stderr]    Compiling time v0.2.27
[INFO] [stderr]     Checking ryu v1.0.14
[INFO] [stderr]    Compiling serde_json v1.0.107
[INFO] [stderr]    Compiling wasm-bindgen-backend v0.2.87
[INFO] [stderr]    Compiling bindgen v0.64.0
[INFO] [stderr]    Compiling which v4.4.2
[INFO] [stderr]     Checking atomic-waker v1.1.1
[INFO] [stderr]     Checking blocking v1.3.1
[INFO] [stderr]    Compiling regex v1.9.1
[INFO] [stderr]    Compiling heapless v0.7.16
[INFO] [stderr]     Checking aes v0.6.0
[INFO] [stderr]     Checking hmac v0.10.1
[INFO] [stderr]     Checking rand_core v0.5.1
[INFO] [stderr]     Checking ghash v0.3.1
[INFO] [stderr]    Compiling env_logger v0.9.3
[INFO] [stderr]    Compiling rquickjs-sys v0.1.7
[INFO] [stderr]    Compiling bzip2-sys v0.1.11+1.0.8
[INFO] [stderr]     Checking ctr v0.6.0
[INFO] [stderr]     Checking async-executor v1.5.1
[INFO] [stderr]     Checking aead v0.3.2
[INFO] [stderr]    Compiling wasm-bindgen-macro-support v0.2.87
[INFO] [stderr]     Checking inout v0.1.3
[INFO] [stderr]     Checking block-buffer v0.9.0
[INFO] [stderr]    Compiling cookie v0.14.4
[INFO] [stderr]    Compiling rustls v0.20.8
[INFO] [stderr]    Compiling ident_case v1.0.1
[INFO] [stderr]     Checking local-waker v0.1.3
[INFO] [stderr]    Compiling curl v0.4.44
[INFO] [stderr]    Compiling wasm-bindgen v0.2.87
[INFO] [stderr]    Compiling darling_core v0.14.4
[INFO] [stderr]     Checking sha2 v0.9.9
[INFO] [stderr]     Checking cipher v0.4.4
[INFO] [stderr]     Checking aes-gcm v0.8.0
[INFO] [stderr]     Checking rand_chacha v0.2.2
[INFO] [stderr]     Checking hkdf v0.10.0
[INFO] [stderr]     Checking hash32 v0.2.1
[INFO] [stderr]     Checking kv-log-macro v1.0.7
[INFO] [stderr]     Checking spinning_top v0.2.5
[INFO] [stderr]    Compiling num-integer v0.1.45
[INFO] [stderr]     Checking base64ct v1.6.0
[INFO] [stderr]     Checking webpki v0.22.2
[INFO] [stderr]     Checking sct v0.7.0
[INFO] [stderr]     Checking stable_deref_trait v1.2.0
[INFO] [stderr]     Checking mime v0.3.17
[INFO] [stderr]     Checking alloc-no-stdlib v2.0.4
[INFO] [stderr]    Compiling http-types v2.12.0
[INFO] [stderr]    Compiling async-trait v0.1.73
[INFO] [stderr]    Compiling zstd-safe v6.0.5+zstd.1.5.4
[INFO] [stderr]    Compiling isahc v0.9.14
[INFO] [stderr]    Compiling time-macros-impl v0.1.2
[INFO] [stderr]     Checking async-global-executor v2.3.1
[INFO] [stderr]     Checking openssl-probe v0.1.5
[INFO] [stderr]    Compiling serde_derive v1.0.192
[INFO] [stderr]    Compiling tracing-attributes v0.1.26
[INFO] [stderr]    Compiling futures-macro v0.3.28
[INFO] [stderr]    Compiling pin-project-internal v1.1.2
[INFO] [stderr]    Compiling thiserror-impl v1.0.50
[INFO] [stderr]    Compiling wasm-bindgen-macro v0.2.87
[INFO] [stderr]     Checking async-std v1.12.0
[INFO] [stderr]     Checking alloc-stdlib v0.2.2
[INFO] [stderr]     Checking password-hash v0.4.2
[INFO] [stderr]     Checking flume v0.9.2
[INFO] [stderr]     Checking time-macros v0.1.1
[INFO] [stderr]    Compiling mime_guess v2.0.4
[INFO] [stderr]     Checking rand v0.7.3
[INFO] [stderr]    Compiling proc-macro-error-attr v1.0.4
[INFO] [stderr]     Checking actix-utils v3.0.1
[INFO] [stderr]     Checking actix-rt v2.8.0
[INFO] [stderr]     Checking actix-service v2.0.2
[INFO] [stderr]    Compiling darling_macro v0.14.4
[INFO] [stderr]     Checking sluice v0.5.5
[INFO] [stderr]     Checking pin-project v1.1.2
[INFO] [stderr]     Checking thiserror v1.0.50
[INFO] [stderr]     Checking bitmaps v2.1.0
[INFO] [stderr]     Checking nanorand v0.7.0
[INFO] [stderr]    Compiling num-bigint v0.4.3
[INFO] [stderr]     Checking encoding_rs v0.8.32
[INFO] [stderr]     Checking bytes v0.5.6
[INFO] [stderr]     Checking infer v0.2.3
[INFO] [stderr]     Checking tracing v0.1.37
[INFO] [stderr]    Compiling relative-path v1.9.0
[INFO] [stderr]    Compiling time-core v0.1.1
[INFO] [stderr]     Checking ieee754 v0.2.6
[INFO] [stderr]     Checking tokio-util v0.7.8
[INFO] [stderr]     Checking tracing-futures v0.2.5
[INFO] [stderr]    Compiling httparse v1.8.0
[INFO] [stderr]     Checking miniz_oxide v0.7.1
[INFO] [stderr]    Compiling time-macros v0.2.10
[INFO] [stderr]     Checking accurate v0.3.1
[INFO] [stderr]     Checking sized-chunks v0.6.5
[INFO] [stderr]     Checking tokio-rustls v0.23.4
[INFO] [stderr]     Checking flume v0.10.14
[INFO] [stderr]    Compiling darling v0.14.4
[INFO] [stderr]    Compiling proc-macro-error v1.0.4
[INFO] [stderr]     Checking actix-codec v0.5.1
[INFO] [stderr]     Checking js-sys v0.3.64
[INFO] [stderr]     Checking rstar v0.9.3
[INFO] [stderr]     Checking brotli-decompressor v2.3.4
[INFO] [stderr]    Compiling proc-macro-crate v1.3.1
[INFO] [stderr]    Compiling bytestring v1.3.0
[INFO] [stderr]     Checking webpki-roots v0.22.6
[INFO] [stderr]     Checking sha2 v0.10.7
[INFO] [stderr]     Checking hmac v0.12.1
[INFO] [stderr]     Checking approx v0.5.1
[INFO] [stderr]     Checking rand_xoshiro v0.6.0
[INFO] [stderr]    Compiling cookie v0.16.2
[INFO] [stderr]    Compiling ahash v0.7.6
[INFO] [stderr]    Compiling convert_case v0.4.0
[INFO] [stderr]     Checking imbl v1.0.1
[INFO] [stderr]     Checking geographiclib-rs v0.2.3
[INFO] [stderr]     Checking pbkdf2 v0.11.0
[INFO] [stderr]     Checking brotli v3.3.4
[INFO] [stderr]    Compiling derive_more v0.99.17
[INFO] [stderr]     Checking actix-tls v3.0.3
[INFO] [stderr]     Checking flate2 v1.0.26
[INFO] [stderr]     Checking ahash v0.8.3
[INFO] [stderr]     Checking local-channel v0.1.3
[INFO] [stderr]     Checking h2 v0.3.20
[INFO] [stderr]     Checking futures-executor v0.3.28
[INFO] [stderr]     Checking salsa20 v0.10.2
[INFO] [stderr]     Checking blowfish v0.9.1
[INFO] [stderr]     Checking rmp v0.8.11
[INFO] [stderr]     Checking sha1 v0.10.5
[INFO] [stderr]     Checking blake2 v0.10.6
[INFO] [stderr]     Checking float_next_after v0.1.5
[INFO] [stderr]     Checking num_cpus v1.16.0
[INFO] [stderr]     Checking time v0.1.45
[INFO] [stderr]     Checking psl-types v2.0.11
[INFO] [stderr]     Checking time v0.3.23
[INFO] [stderr]     Checking web-sys v0.3.64
[INFO] [stderr]     Checking base64 v0.21.2
[INFO] [stderr]     Checking arc-swap v1.6.0
[INFO] [stderr]     Checking language-tags v0.3.2
[INFO] [stderr]     Checking zeroize v1.6.0
[INFO] [stderr]     Checking any_ascii v0.1.7
[INFO] [stderr]     Checking iana-time-zone v0.1.57
[INFO] [stderr]     Checking httpdate v1.0.2
[INFO] [stderr]     Checking robust v0.2.3
[INFO] [stderr]     Checking urlencoding v2.1.2
[INFO] [stderr]     Checking echodb v0.3.0
[INFO] [stderr]     Checking bcrypt v0.13.0
[INFO] [stderr]     Checking actix-server v2.2.0
[INFO] [stderr]     Checking dmp v0.1.3
[INFO] [stderr]     Checking argon2 v0.4.1
[INFO] [stderr]     Checking addr v0.15.6
[INFO] [stderr]     Checking lexical-sort v0.3.1
[INFO] [stderr]     Checking is-terminal v0.4.9
[INFO] [stderr]     Checking fuzzy-matcher v0.3.7
[INFO] [stderr]     Checking scrypt v0.10.0
[INFO] [stderr]     Checking futures v0.3.28
[INFO] [stderr]    Compiling async-recursion v1.0.4
[INFO] [stderr]    Compiling surrealdb-derive v0.4.0
[INFO] [stderr]    Compiling actix-macros v0.2.3
[INFO] [stderr]     Checking nanoid v0.4.0
[INFO] [stderr]     Checking md-5 v0.10.5
[INFO] [stderr]     Checking sha-1 v0.10.1
[INFO] [stderr]     Checking deunicode v1.3.3
[INFO] [stderr]     Checking trice v0.1.0
[INFO] [stderr]     Checking dotenv v0.15.0
[INFO] [stderr]     Checking env_logger v0.10.0
[INFO] [stderr]    Compiling actix-router v0.5.1
[INFO] [stderr]    Compiling librocksdb-sys v0.8.3+7.4.4
[INFO] [stderr]    Compiling actix-web-codegen v4.2.0
[INFO] [stderr]     Checking url v2.4.0
[INFO] [stderr]     Checking serde_urlencoded v0.7.1
[INFO] [stderr]     Checking serde_qs v0.8.5
[INFO] [stderr]     Checking geo-types v0.7.10
[INFO] [stderr]     Checking uuid v1.4.0
[INFO] [stderr]     Checking bigdecimal v0.3.1
[INFO] [stderr]     Checking chrono v0.4.26
[INFO] [stderr]     Checking rmp-serde v1.1.2
[INFO] [stderr]     Checking storekey v0.3.0
[INFO] [stderr]     Checking geo v0.23.1
[INFO] [stderr]     Checking http-client v6.5.3
[INFO] [stderr]     Checking surf v2.3.2
[INFO] [stderr]     Checking zstd v0.12.3+zstd.1.5.2
[INFO] [stderr]     Checking actix-http v3.3.1
[INFO] [stderr]     Checking actix-web v4.3.1
[INFO] [stderr]    Compiling rquickjs-core v0.1.7
[INFO] [stderr]    Compiling rquickjs-macro v0.1.7
[INFO] [stderr] The following warnings were emitted during compilation:
[INFO] [stderr] 
[INFO] [stderr] warning: librocksdb-sys@0.8.3+7.4.4: c++: fatal error: Killed signal terminated program cc1plus
[INFO] [stderr] warning: librocksdb-sys@0.8.3+7.4.4: compilation terminated.
[INFO] [stderr] warning: librocksdb-sys@0.8.3+7.4.4: c++: fatal error: Killed signal terminated program cc1plus
[INFO] [stderr] warning: librocksdb-sys@0.8.3+7.4.4: compilation terminated.
[INFO] [stderr] warning: librocksdb-sys@0.8.3+7.4.4: c++: fatal error: Killed signal terminated program cc1plus
[INFO] [stderr] warning: librocksdb-sys@0.8.3+7.4.4: compilation terminated.
[INFO] [stderr] warning: librocksdb-sys@0.8.3+7.4.4: c++: fatal error: Killed signal terminated program cc1plus
[INFO] [stderr] warning: librocksdb-sys@0.8.3+7.4.4: compilation terminated.
[INFO] [stderr] warning: librocksdb-sys@0.8.3+7.4.4: c++: fatal error: Killed signal terminated program cc1plus
[INFO] [stderr] warning: librocksdb-sys@0.8.3+7.4.4: compilation terminated.
[INFO] [stderr] 
[INFO] [stderr] error: failed to run custom build command for `librocksdb-sys v0.8.3+7.4.4`
[INFO] [stderr] note: To improve backtraces for build dependencies, set the CARGO_PROFILE_DEV_BUILD_OVERRIDE_DEBUG=true environment variable to enable debug information generation.
[INFO] [stderr] 
[INFO] [stderr] Caused by:
[INFO] [stderr]   process didn't exit successfully: `/opt/rustwide/target/debug/build/librocksdb-sys-338f4a5fcf97258b/build-script-build` (exit status: 1)
[INFO] [stderr]   --- stdout
[INFO] [stderr]   cargo:rerun-if-changed=rocksdb/
[INFO] [stderr]   TARGET = Some("x86_64-unknown-linux-gnu")
[INFO] [stderr]   OPT_LEVEL = Some("0")
[INFO] [stderr]   HOST = Some("x86_64-unknown-linux-gnu")
[INFO] [stderr]   cargo:rerun-if-env-changed=CXX_x86_64-unknown-linux-gnu
[INFO] [stderr]   CXX_x86_64-unknown-linux-gnu = None
[INFO] [stderr]   cargo:rerun-if-env-changed=CXX_x86_64_unknown_linux_gnu
[INFO] [stderr]   CXX_x86_64_unknown_linux_gnu = None
[INFO] [stderr]   cargo:rerun-if-env-changed=HOST_CXX
[INFO] [stderr]   HOST_CXX = None
[INFO] [stderr]   cargo:rerun-if-env-changed=CXX
[INFO] [stderr]   CXX = None
[INFO] [stderr]   cargo:rerun-if-env-changed=CXXFLAGS_x86_64-unknown-linux-gnu
[INFO] [stderr]   CXXFLAGS_x86_64-unknown-linux-gnu = None
[INFO] [stderr]   cargo:rerun-if-env-changed=CXXFLAGS_x86_64_unknown_linux_gnu
[INFO] [stderr]   CXXFLAGS_x86_64_unknown_linux_gnu = None
[INFO] [stderr]   cargo:rerun-if-env-changed=HOST_CXXFLAGS
[INFO] [stderr]   HOST_CXXFLAGS = None
[INFO] [stderr]   cargo:rerun-if-env-changed=CXXFLAGS
[INFO] [stderr]   CXXFLAGS = None
[INFO] [stderr]   cargo:rerun-if-env-changed=CRATE_CC_NO_DEFAULTS
[INFO] [stderr]   CRATE_CC_NO_DEFAULTS = None
[INFO] [stderr]   DEBUG = Some("true")
[INFO] [stderr]   CARGO_CFG_TARGET_FEATURE = Some("fxsr,sse,sse2")
[INFO] [stderr]   cargo:rerun-if-env-changed=CXX_x86_64-unknown-linux-gnu
[INFO] [stderr]   CXX_x86_64-unknown-linux-gnu = None
[INFO] [stderr]   cargo:rerun-if-env-changed=CXX_x86_64_unknown_linux_gnu
[INFO] [stderr]   CXX_x86_64_unknown_linux_gnu = None
[INFO] [stderr]   cargo:rerun-if-env-changed=HOST_CXX
[INFO] [stderr]   HOST_CXX = None
[INFO] [stderr]   cargo:rerun-if-env-changed=CXX
[INFO] [stderr]   CXX = None
[INFO] [stderr]   cargo:rerun-if-env-changed=CXXFLAGS_x86_64-unknown-linux-gnu
[INFO] [stderr]   CXXFLAGS_x86_64-unknown-linux-gnu = None
[INFO] [stderr]   cargo:rerun-if-env-changed=CXXFLAGS_x86_64_unknown_linux_gnu
[INFO] [stderr]   CXXFLAGS_x86_64_unknown_linux_gnu = None
[INFO] [stderr]   cargo:rerun-if-env-changed=HOST_CXXFLAGS
[INFO] [stderr]   HOST_CXXFLAGS = None
[INFO] [stderr]   cargo:rerun-if-env-changed=CXXFLAGS
[INFO] [stderr]   CXXFLAGS = None
[INFO] [stderr]   cargo:rerun-if-env-changed=CRATE_CC_NO_DEFAULTS
[INFO] [stderr]   CRATE_CC_NO_DEFAULTS = None
[INFO] [stderr]   CARGO_CFG_TARGET_FEATURE = Some("fxsr,sse,sse2")
[INFO] [stderr]   cargo:rerun-if-env-changed=CXX_x86_64-unknown-linux-gnu
[INFO] [stderr]   CXX_x86_64-unknown-linux-gnu = None
[INFO] [stderr]   cargo:rerun-if-env-changed=CXX_x86_64_unknown_linux_gnu
[INFO] [stderr]   CXX_x86_64_unknown_linux_gnu = None
[INFO] [stderr]   cargo:rerun-if-env-changed=HOST_CXX
[INFO] [stderr]   HOST_CXX = None
[INFO] [stderr]   cargo:rerun-if-env-changed=CXX
[INFO] [stderr]   CXX = None
[INFO] [stderr]   cargo:rerun-if-env-changed=CXXFLAGS_x86_64-unknown-linux-gnu
[INFO] [stderr]   CXXFLAGS_x86_64-unknown-linux-gnu = None
[INFO] [stderr]   cargo:rerun-if-env-changed=CXXFLAGS_x86_64_unknown_linux_gnu
[INFO] [stderr]   CXXFLAGS_x86_64_unknown_linux_gnu = None
[INFO] [stderr]   cargo:rerun-if-env-changed=HOST_CXXFLAGS
[INFO] [stderr]   HOST_CXXFLAGS = None
[INFO] [stderr]   cargo:rerun-if-env-changed=CXXFLAGS
[INFO] [stderr]   CXXFLAGS = None
[INFO] [stderr]   cargo:rerun-if-env-changed=CRATE_CC_NO_DEFAULTS
[INFO] [stderr]   CRATE_CC_NO_DEFAULTS = None
[INFO] [stderr]   CARGO_CFG_TARGET_FEATURE = Some("fxsr,sse,sse2")
[INFO] [stderr]   running: "c++" "-O0" "-ffunction-sections" "-fdata-sections" "-fPIC" "-gdwarf-4" "-fno-omit-frame-pointer" "-m64" "-I" "rocksdb/include/" "-I" "rocksdb/" "-I" "rocksdb/third-party/gtest-1.8.1/fused-src/" "-I" "snappy/" "-I" "lz4/lib/" "-I" "/opt/rustwide/cargo-home/registry/src/index.crates.io-6f17d22bba15001f/zstd-sys-2.0.8+zstd.1.5.5/zstd/lib" "-I" "/opt/rustwide/target/debug/build/libz-sys-6ed0cf8599054d67/out/include" "-I" "/opt/rustwide/target/debug/build/bzip2-sys-5afe96e8f8af3bc6/out/include" "-I" "." "-Wall" "-Wextra" "-std=c++17" "-Wsign-compare" "-Wshadow" "-Wno-unused-parameter" "-Wno-unused-variable" "-Woverloaded-virtual" "-Wnon-virtual-dtor" "-Wno-missing-field-initializers" "-Wno-strict-aliasing" "-Wno-invalid-offsetof" "-msse2" "-std=c++17" "-DSNAPPY=1" "-DLZ4=1" "-DZSTD=1" "-DZLIB=1" "-DBZIP2=1" "-DNDEBUG=1" "-DOS_LINUX" "-DROCKSDB_PLATFORM_POSIX" "-DROCKSDB_LIB_IO_POSIX" "-DROCKSDB_SUPPORT_THREAD_LOCAL" "-DHAVE_UINT128_EXTENSION=1" "-DHAVE_UINT128_EXTENSION=1" "-o" "/opt/rustwide/target/debug/build/librocksdb-sys-25b67d05da6919b3/out/rocksdb/cache/cache.o" "-c" "rocksdb/cache/cache.cc"
[INFO] [stderr]   running: "c++" "-O0" "-ffunction-sections" "-fdata-sections" "-fPIC" "-gdwarf-4" "-fno-omit-frame-pointer" "-m64" "-I" "rocksdb/include/" "-I" "rocksdb/" "-I" "rocksdb/third-party/gtest-1.8.1/fused-src/" "-I" "snappy/" "-I" "lz4/lib/" "-I" "/opt/rustwide/cargo-home/registry/src/index.crates.io-6f17d22bba15001f/zstd-sys-2.0.8+zstd.1.5.5/zstd/lib" "-I" "/opt/rustwide/target/debug/build/libz-sys-6ed0cf8599054d67/out/include" "-I" "/opt/rustwide/target/debug/build/bzip2-sys-5afe96e8f8af3bc6/out/include" "-I" "." "-Wall" "-Wextra" "-std=c++17" "-Wsign-compare" "-Wshadow" "-Wno-unused-parameter" "-Wno-unused-variable" "-Woverloaded-virtual" "-Wnon-virtual-dtor" "-Wno-missing-field-initializers" "-Wno-strict-aliasing" "-Wno-invalid-offsetof" "-msse2" "-std=c++17" "-DSNAPPY=1" "-DLZ4=1" "-DZSTD=1" "-DZLIB=1" "-DBZIP2=1" "-DNDEBUG=1" "-DOS_LINUX" "-DROCKSDB_PLATFORM_POSIX" "-DROCKSDB_LIB_IO_POSIX" "-DROCKSDB_SUPPORT_THREAD_LOCAL" "-DHAVE_UINT128_EXTENSION=1" "-DHAVE_UINT128_EXTENSION=1" "-o" "/opt/rustwide/target/debug/build/librocksdb-sys-25b67d05da6919b3/out/rocksdb/cache/clock_cache.o" "-c" "rocksdb/cache/clock_cache.cc"
[INFO] [stderr]   running: "c++" "-O0" "-ffunction-sections" "-fdata-sections" "-fPIC" "-gdwarf-4" "-fno-omit-frame-pointer" "-m64" "-I" "rocksdb/include/" "-I" "rocksdb/" "-I" "rocksdb/third-party/gtest-1.8.1/fused-src/" "-I" "snappy/" "-I" "lz4/lib/" "-I" "/opt/rustwide/cargo-home/registry/src/index.crates.io-6f17d22bba15001f/zstd-sys-2.0.8+zstd.1.5.5/zstd/lib" "-I" "/opt/rustwide/target/debug/build/libz-sys-6ed0cf8599054d67/out/include" "-I" "/opt/rustwide/target/debug/build/bzip2-sys-5afe96e8f8af3bc6/out/include" "-I" "." "-Wall" "-Wextra" "-std=c++17" "-Wsign-compare" "-Wshadow" "-Wno-unused-parameter" "-Wno-unused-variable" "-Woverloaded-virtual" "-Wnon-virtual-dtor" "-Wno-missing-field-initializers" "-Wno-strict-aliasing" "-Wno-invalid-offsetof" "-msse2" "-std=c++17" "-DSNAPPY=1" "-DLZ4=1" "-DZSTD=1" "-DZLIB=1" "-DBZIP2=1" "-DNDEBUG=1" "-DOS_LINUX" "-DROCKSDB_PLATFORM_POSIX" "-DROCKSDB_LIB_IO_POSIX" "-DROCKSDB_SUPPORT_THREAD_LOCAL" "-DHAVE_UINT128_EXTENSION=1" "-DHAVE_UINT128_EXTENSION=1" "-o" "/opt/rustwide/target/debug/build/librocksdb-sys-25b67d05da6919b3/out/rocksdb/cache/cache_key.o" "-c" "rocksdb/cache/cache_key.cc"
[INFO] [stderr]   running: "c++" "-O0" "-ffunction-sections" "-fdata-sections" "-fPIC" "-gdwarf-4" "-fno-omit-frame-pointer" "-m64" "-I" "rocksdb/include/" "-I" "rocksdb/" "-I" "rocksdb/third-party/gtest-1.8.1/fused-src/" "-I" "snappy/" "-I" "lz4/lib/" "-I" "/opt/rustwide/cargo-home/registry/src/index.crates.io-6f17d22bba15001f/zstd-sys-2.0.8+zstd.1.5.5/zstd/lib" "-I" "/opt/rustwide/target/debug/build/libz-sys-6ed0cf8599054d67/out/include" "-I" "/opt/rustwide/target/debug/build/bzip2-sys-5afe96e8f8af3bc6/out/include" "-I" "." "-Wall" "-Wextra" "-std=c++17" "-Wsign-compare" "-Wshadow" "-Wno-unused-parameter" "-Wno-unused-variable" "-Woverloaded-virtual" "-Wnon-virtual-dtor" "-Wno-missing-field-initializers" "-Wno-strict-aliasing" "-Wno-invalid-offsetof" "-msse2" "-std=c++17" "-DSNAPPY=1" "-DLZ4=1" "-DZSTD=1" "-DZLIB=1" "-DBZIP2=1" "-DNDEBUG=1" "-DOS_LINUX" "-DROCKSDB_PLATFORM_POSIX" "-DROCKSDB_LIB_IO_POSIX" "-DROCKSDB_SUPPORT_THREAD_LOCAL" "-DHAVE_UINT128_EXTENSION=1" "-DHAVE_UINT128_EXTENSION=1" "-o" "/opt/rustwide/target/debug/build/librocksdb-sys-25b67d05da6919b3/out/rocksdb/cache/cache_reservation_manager.o" "-c" "rocksdb/cache/cache_reservation_manager.cc"
[INFO] [stderr]   running: "c++" "-O0" "-ffunction-sections" "-fdata-sections" "-fPIC" "-gdwarf-4" "-fno-omit-frame-pointer" "-m64" "-I" "rocksdb/include/" "-I" "rocksdb/" "-I" "rocksdb/third-party/gtest-1.8.1/fused-src/" "-I" "snappy/" "-I" "lz4/lib/" "-I" "/opt/rustwide/cargo-home/registry/src/index.crates.io-6f17d22bba15001f/zstd-sys-2.0.8+zstd.1.5.5/zstd/lib" "-I" "/opt/rustwide/target/debug/build/libz-sys-6ed0cf8599054d67/out/include" "-I" "/opt/rustwide/target/debug/build/bzip2-sys-5afe96e8f8af3bc6/out/include" "-I" "." "-Wall" "-Wextra" "-std=c++17" "-Wsign-compare" "-Wshadow" "-Wno-unused-parameter" "-Wno-unused-variable" "-Woverloaded-virtual" "-Wnon-virtual-dtor" "-Wno-missing-field-initializers" "-Wno-strict-aliasing" "-Wno-invalid-offsetof" "-msse2" "-std=c++17" "-DSNAPPY=1" "-DLZ4=1" "-DZSTD=1" "-DZLIB=1" "-DBZIP2=1" "-DNDEBUG=1" "-DOS_LINUX" "-DROCKSDB_PLATFORM_POSIX" "-DROCKSDB_LIB_IO_POSIX" "-DROCKSDB_SUPPORT_THREAD_LOCAL" "-DHAVE_UINT128_EXTENSION=1" "-DHAVE_UINT128_EXTENSION=1" "-o" "/opt/rustwide/target/debug/build/librocksdb-sys-25b67d05da6919b3/out/rocksdb/cache/compressed_secondary_cache.o" "-c" "rocksdb/cache/compressed_secondary_cache.cc"
[INFO] [stderr]   running: "c++" "-O0" "-ffunction-sections" "-fdata-sections" "-fPIC" "-gdwarf-4" "-fno-omit-frame-pointer" "-m64" "-I" "rocksdb/include/" "-I" "rocksdb/" "-I" "rocksdb/third-party/gtest-1.8.1/fused-src/" "-I" "snappy/" "-I" "lz4/lib/" "-I" "/opt/rustwide/cargo-home/registry/src/index.crates.io-6f17d22bba15001f/zstd-sys-2.0.8+zstd.1.5.5/zstd/lib" "-I" "/opt/rustwide/target/debug/build/libz-sys-6ed0cf8599054d67/out/include" "-I" "/opt/rustwide/target/debug/build/bzip2-sys-5afe96e8f8af3bc6/out/include" "-I" "." "-Wall" "-Wextra" "-std=c++17" "-Wsign-compare" "-Wshadow" "-Wno-unused-parameter" "-Wno-unused-variable" "-Woverloaded-virtual" "-Wnon-virtual-dtor" "-Wno-missing-field-initializers" "-Wno-strict-aliasing" "-Wno-invalid-offsetof" "-msse2" "-std=c++17" "-DSNAPPY=1" "-DLZ4=1" "-DZSTD=1" "-DZLIB=1" "-DBZIP2=1" "-DNDEBUG=1" "-DOS_LINUX" "-DROCKSDB_PLATFORM_POSIX" "-DROCKSDB_LIB_IO_POSIX" "-DROCKSDB_SUPPORT_THREAD_LOCAL" "-DHAVE_UINT128_EXTENSION=1" "-DHAVE_UINT128_EXTENSION=1" "-o" "/opt/rustwide/target/debug/build/librocksdb-sys-25b67d05da6919b3/out/rocksdb/db/blob/blob_fetcher.o" "-c" "rocksdb/db/blob/blob_fetcher.cc"
[INFO] [stderr]   running: "c++" "-O0" "-ffunction-sections" "-fdata-sections" "-fPIC" "-gdwarf-4" "-fno-omit-frame-pointer" "-m64" "-I" "rocksdb/include/" "-I" "rocksdb/" "-I" "rocksdb/third-party/gtest-1.8.1/fused-src/" "-I" "snappy/" "-I" "lz4/lib/" "-I" "/opt/rustwide/cargo-home/registry/src/index.crates.io-6f17d22bba15001f/zstd-sys-2.0.8+zstd.1.5.5/zstd/lib" "-I" "/opt/rustwide/target/debug/build/libz-sys-6ed0cf8599054d67/out/include" "-I" "/opt/rustwide/target/debug/build/bzip2-sys-5afe96e8f8af3bc6/out/include" "-I" "." "-Wall" "-Wextra" "-std=c++17" "-Wsign-compare" "-Wshadow" "-Wno-unused-parameter" "-Wno-unused-variable" "-Woverloaded-virtual" "-Wnon-virtual-dtor" "-Wno-missing-field-initializers" "-Wno-strict-aliasing" "-Wno-invalid-offsetof" "-msse2" "-std=c++17" "-DSNAPPY=1" "-DLZ4=1" "-DZSTD=1" "-DZLIB=1" "-DBZIP2=1" "-DNDEBUG=1" "-DOS_LINUX" "-DROCKSDB_PLATFORM_POSIX" "-DROCKSDB_LIB_IO_POSIX" "-DROCKSDB_SUPPORT_THREAD_LOCAL" "-DHAVE_UINT128_EXTENSION=1" "-DHAVE_UINT128_EXTENSION=1" "-o" "/opt/rustwide/target/debug/build/librocksdb-sys-25b67d05da6919b3/out/rocksdb/db/arena_wrapped_db_iter.o" "-c" "rocksdb/db/arena_wrapped_db_iter.cc"
[INFO] [stderr]   running: "c++" "-O0" "-ffunction-sections" "-fdata-sections" "-fPIC" "-gdwarf-4" "-fno-omit-frame-pointer" "-m64" "-I" "rocksdb/include/" "-I" "rocksdb/" "-I" "rocksdb/third-party/gtest-1.8.1/fused-src/" "-I" "snappy/" "-I" "lz4/lib/" "-I" "/opt/rustwide/cargo-home/registry/src/index.crates.io-6f17d22bba15001f/zstd-sys-2.0.8+zstd.1.5.5/zstd/lib" "-I" "/opt/rustwide/target/debug/build/libz-sys-6ed0cf8599054d67/out/include" "-I" "/opt/rustwide/target/debug/build/bzip2-sys-5afe96e8f8af3bc6/out/include" "-I" "." "-Wall" "-Wextra" "-std=c++17" "-Wsign-compare" "-Wshadow" "-Wno-unused-parameter" "-Wno-unused-variable" "-Woverloaded-virtual" "-Wnon-virtual-dtor" "-Wno-missing-field-initializers" "-Wno-strict-aliasing" "-Wno-invalid-offsetof" "-msse2" "-std=c++17" "-DSNAPPY=1" "-DLZ4=1" "-DZSTD=1" "-DZLIB=1" "-DBZIP2=1" "-DNDEBUG=1" "-DOS_LINUX" "-DROCKSDB_PLATFORM_POSIX" "-DROCKSDB_LIB_IO_POSIX" "-DROCKSDB_SUPPORT_THREAD_LOCAL" "-DHAVE_UINT128_EXTENSION=1" "-DHAVE_UINT128_EXTENSION=1" "-o" "/opt/rustwide/target/debug/build/librocksdb-sys-25b67d05da6919b3/out/rocksdb/cache/sharded_cache.o" "-c" "rocksdb/cache/sharded_cache.cc"
[INFO] [stderr]   running: "c++" "-O0" "-ffunction-sections" "-fdata-sections" "-fPIC" "-gdwarf-4" "-fno-omit-frame-pointer" "-m64" "-I" "rocksdb/include/" "-I" "rocksdb/" "-I" "rocksdb/third-party/gtest-1.8.1/fused-src/" "-I" "snappy/" "-I" "lz4/lib/" "-I" "/opt/rustwide/cargo-home/registry/src/index.crates.io-6f17d22bba15001f/zstd-sys-2.0.8+zstd.1.5.5/zstd/lib" "-I" "/opt/rustwide/target/debug/build/libz-sys-6ed0cf8599054d67/out/include" "-I" "/opt/rustwide/target/debug/build/bzip2-sys-5afe96e8f8af3bc6/out/include" "-I" "." "-Wall" "-Wextra" "-std=c++17" "-Wsign-compare" "-Wshadow" "-Wno-unused-parameter" "-Wno-unused-variable" "-Woverloaded-virtual" "-Wnon-virtual-dtor" "-Wno-missing-field-initializers" "-Wno-strict-aliasing" "-Wno-invalid-offsetof" "-msse2" "-std=c++17" "-DSNAPPY=1" "-DLZ4=1" "-DZSTD=1" "-DZLIB=1" "-DBZIP2=1" "-DNDEBUG=1" "-DOS_LINUX" "-DROCKSDB_PLATFORM_POSIX" "-DROCKSDB_LIB_IO_POSIX" "-DROCKSDB_SUPPORT_THREAD_LOCAL" "-DHAVE_UINT128_EXTENSION=1" "-DHAVE_UINT128_EXTENSION=1" "-o" "/opt/rustwide/target/debug/build/librocksdb-sys-25b67d05da6919b3/out/rocksdb/cache/lru_cache.o" "-c" "rocksdb/cache/lru_cache.cc"
[INFO] [stderr]   running: "c++" "-O0" "-ffunction-sections" "-fdata-sections" "-fPIC" "-gdwarf-4" "-fno-omit-frame-pointer" "-m64" "-I" "rocksdb/include/" "-I" "rocksdb/" "-I" "rocksdb/third-party/gtest-1.8.1/fused-src/" "-I" "snappy/" "-I" "lz4/lib/" "-I" "/opt/rustwide/cargo-home/registry/src/index.crates.io-6f17d22bba15001f/zstd-sys-2.0.8+zstd.1.5.5/zstd/lib" "-I" "/opt/rustwide/target/debug/build/libz-sys-6ed0cf8599054d67/out/include" "-I" "/opt/rustwide/target/debug/build/bzip2-sys-5afe96e8f8af3bc6/out/include" "-I" "." "-Wall" "-Wextra" "-std=c++17" "-Wsign-compare" "-Wshadow" "-Wno-unused-parameter" "-Wno-unused-variable" "-Woverloaded-virtual" "-Wnon-virtual-dtor" "-Wno-missing-field-initializers" "-Wno-strict-aliasing" "-Wno-invalid-offsetof" "-msse2" "-std=c++17" "-DSNAPPY=1" "-DLZ4=1" "-DZSTD=1" "-DZLIB=1" "-DBZIP2=1" "-DNDEBUG=1" "-DOS_LINUX" "-DROCKSDB_PLATFORM_POSIX" "-DROCKSDB_LIB_IO_POSIX" "-DROCKSDB_SUPPORT_THREAD_LOCAL" "-DHAVE_UINT128_EXTENSION=1" "-DHAVE_UINT128_EXTENSION=1" "-o" "/opt/rustwide/target/debug/build/librocksdb-sys-25b67d05da6919b3/out/rocksdb/cache/cache_entry_roles.o" "-c" "rocksdb/cache/cache_entry_roles.cc"
[INFO] [stderr]   running: "c++" "-O0" "-ffunction-sections" "-fdata-sections" "-fPIC" "-gdwarf-4" "-fno-omit-frame-pointer" "-m64" "-I" "rocksdb/include/" "-I" "rocksdb/" "-I" "rocksdb/third-party/gtest-1.8.1/fused-src/" "-I" "snappy/" "-I" "lz4/lib/" "-I" "/opt/rustwide/cargo-home/registry/src/index.crates.io-6f17d22bba15001f/zstd-sys-2.0.8+zstd.1.5.5/zstd/lib" "-I" "/opt/rustwide/target/debug/build/libz-sys-6ed0cf8599054d67/out/include" "-I" "/opt/rustwide/target/debug/build/bzip2-sys-5afe96e8f8af3bc6/out/include" "-I" "." "-Wall" "-Wextra" "-std=c++17" "-Wsign-compare" "-Wshadow" "-Wno-unused-parameter" "-Wno-unused-variable" "-Woverloaded-virtual" "-Wnon-virtual-dtor" "-Wno-missing-field-initializers" "-Wno-strict-aliasing" "-Wno-invalid-offsetof" "-msse2" "-std=c++17" "-DSNAPPY=1" "-DLZ4=1" "-DZSTD=1" "-DZLIB=1" "-DBZIP2=1" "-DNDEBUG=1" "-DOS_LINUX" "-DROCKSDB_PLATFORM_POSIX" "-DROCKSDB_LIB_IO_POSIX" "-DROCKSDB_SUPPORT_THREAD_LOCAL" "-DHAVE_UINT128_EXTENSION=1" "-DHAVE_UINT128_EXTENSION=1" "-o" "/opt/rustwide/target/debug/build/librocksdb-sys-25b67d05da6919b3/out/rocksdb/db/blob/blob_file_builder.o" "-c" "rocksdb/db/blob/blob_file_builder.cc"
[INFO] [stderr]   running: "c++" "-O0" "-ffunction-sections" "-fdata-sections" "-fPIC" "-gdwarf-4" "-fno-omit-frame-pointer" "-m64" "-I" "rocksdb/include/" "-I" "rocksdb/" "-I" "rocksdb/third-party/gtest-1.8.1/fused-src/" "-I" "snappy/" "-I" "lz4/lib/" "-I" "/opt/rustwide/cargo-home/registry/src/index.crates.io-6f17d22bba15001f/zstd-sys-2.0.8+zstd.1.5.5/zstd/lib" "-I" "/opt/rustwide/target/debug/build/libz-sys-6ed0cf8599054d67/out/include" "-I" "/opt/rustwide/target/debug/build/bzip2-sys-5afe96e8f8af3bc6/out/include" "-I" "." "-Wall" "-Wextra" "-std=c++17" "-Wsign-compare" "-Wshadow" "-Wno-unused-parameter" "-Wno-unused-variable" "-Woverloaded-virtual" "-Wnon-virtual-dtor" "-Wno-missing-field-initializers" "-Wno-strict-aliasing" "-Wno-invalid-offsetof" "-msse2" "-std=c++17" "-DSNAPPY=1" "-DLZ4=1" "-DZSTD=1" "-DZLIB=1" "-DBZIP2=1" "-DNDEBUG=1" "-DOS_LINUX" "-DROCKSDB_PLATFORM_POSIX" "-DROCKSDB_LIB_IO_POSIX" "-DROCKSDB_SUPPORT_THREAD_LOCAL" "-DHAVE_UINT128_EXTENSION=1" "-DHAVE_UINT128_EXTENSION=1" "-o" "/opt/rustwide/target/debug/build/librocksdb-sys-25b67d05da6919b3/out/rocksdb/cache/fast_lru_cache.o" "-c" "rocksdb/cache/fast_lru_cache.cc"
[INFO] [stderr]   running: "c++" "-O0" "-ffunction-sections" "-fdata-sections" "-fPIC" "-gdwarf-4" "-fno-omit-frame-pointer" "-m64" "-I" "rocksdb/include/" "-I" "rocksdb/" "-I" "rocksdb/third-party/gtest-1.8.1/fused-src/" "-I" "snappy/" "-I" "lz4/lib/" "-I" "/opt/rustwide/cargo-home/registry/src/index.crates.io-6f17d22bba15001f/zstd-sys-2.0.8+zstd.1.5.5/zstd/lib" "-I" "/opt/rustwide/target/debug/build/libz-sys-6ed0cf8599054d67/out/include" "-I" "/opt/rustwide/target/debug/build/bzip2-sys-5afe96e8f8af3bc6/out/include" "-I" "." "-Wall" "-Wextra" "-std=c++17" "-Wsign-compare" "-Wshadow" "-Wno-unused-parameter" "-Wno-unused-variable" "-Woverloaded-virtual" "-Wnon-virtual-dtor" "-Wno-missing-field-initializers" "-Wno-strict-aliasing" "-Wno-invalid-offsetof" "-msse2" "-std=c++17" "-DSNAPPY=1" "-DLZ4=1" "-DZSTD=1" "-DZLIB=1" "-DBZIP2=1" "-DNDEBUG=1" "-DOS_LINUX" "-DROCKSDB_PLATFORM_POSIX" "-DROCKSDB_LIB_IO_POSIX" "-DROCKSDB_SUPPORT_THREAD_LOCAL" "-DHAVE_UINT128_EXTENSION=1" "-DHAVE_UINT128_EXTENSION=1" "-o" "/opt/rustwide/target/debug/build/librocksdb-sys-25b67d05da6919b3/out/rocksdb/db/blob/blob_file_cache.o" "-c" "rocksdb/db/blob/blob_file_cache.cc"
[INFO] [stderr]   running: "c++" "-O0" "-ffunction-sections" "-fdata-sections" "-fPIC" "-gdwarf-4" "-fno-omit-frame-pointer" "-m64" "-I" "rocksdb/include/" "-I" "rocksdb/" "-I" "rocksdb/third-party/gtest-1.8.1/fused-src/" "-I" "snappy/" "-I" "lz4/lib/" "-I" "/opt/rustwide/cargo-home/registry/src/index.crates.io-6f17d22bba15001f/zstd-sys-2.0.8+zstd.1.5.5/zstd/lib" "-I" "/opt/rustwide/target/debug/build/libz-sys-6ed0cf8599054d67/out/include" "-I" "/opt/rustwide/target/debug/build/bzip2-sys-5afe96e8f8af3bc6/out/include" "-I" "." "-Wall" "-Wextra" "-std=c++17" "-Wsign-compare" "-Wshadow" "-Wno-unused-parameter" "-Wno-unused-variable" "-Woverloaded-virtual" "-Wnon-virtual-dtor" "-Wno-missing-field-initializers" "-Wno-strict-aliasing" "-Wno-invalid-offsetof" "-msse2" "-std=c++17" "-DSNAPPY=1" "-DLZ4=1" "-DZSTD=1" "-DZLIB=1" "-DBZIP2=1" "-DNDEBUG=1" "-DOS_LINUX" "-DROCKSDB_PLATFORM_POSIX" "-DROCKSDB_LIB_IO_POSIX" "-DROCKSDB_SUPPORT_THREAD_LOCAL" "-DHAVE_UINT128_EXTENSION=1" "-DHAVE_UINT128_EXTENSION=1" "-o" "/opt/rustwide/target/debug/build/librocksdb-sys-25b67d05da6919b3/out/rocksdb/db/blob/blob_file_addition.o" "-c" "rocksdb/db/blob/blob_file_addition.cc"
[INFO] [stderr]   exit status: 0
[INFO] [stderr]   exit status: 0
[INFO] [stderr]   running: "c++" "-O0" "-ffunction-sections" "-fdata-sections" "-fPIC" "-gdwarf-4" "-fno-omit-frame-pointer" "-m64" "-I" "rocksdb/include/" "-I" "rocksdb/" "-I" "rocksdb/third-party/gtest-1.8.1/fused-src/" "-I" "snappy/" "-I" "lz4/lib/" "-I" "/opt/rustwide/cargo-home/registry/src/index.crates.io-6f17d22bba15001f/zstd-sys-2.0.8+zstd.1.5.5/zstd/lib" "-I" "/opt/rustwide/target/debug/build/libz-sys-6ed0cf8599054d67/out/include" "-I" "/opt/rustwide/target/debug/build/bzip2-sys-5afe96e8f8af3bc6/out/include" "-I" "." "-Wall" "-Wextra" "-std=c++17" "-Wsign-compare" "-Wshadow" "-Wno-unused-parameter" "-Wno-unused-variable" "-Woverloaded-virtual" "-Wnon-virtual-dtor" "-Wno-missing-field-initializers" "-Wno-strict-aliasing" "-Wno-invalid-offsetof" "-msse2" "-std=c++17" "-DSNAPPY=1" "-DLZ4=1" "-DZSTD=1" "-DZLIB=1" "-DBZIP2=1" "-DNDEBUG=1" "-DOS_LINUX" "-DROCKSDB_PLATFORM_POSIX" "-DROCKSDB_LIB_IO_POSIX" "-DROCKSDB_SUPPORT_THREAD_LOCAL" "-DHAVE_UINT128_EXTENSION=1" "-DHAVE_UINT128_EXTENSION=1" "-o" "/opt/rustwide/target/debug/build/librocksdb-sys-25b67d05da6919b3/out/rocksdb/db/blob/blob_file_garbage.o" "-c" "rocksdb/db/blob/blob_file_garbage.cc"
[INFO] [stderr]   cargo:warning=c++: fatal error: Killed signal terminated program cc1plus
[INFO] [stderr]   cargo:warning=compilation terminated.
[INFO] [stderr]   exit status: 1
[INFO] [stderr]   running: "c++" "-O0" "-ffunction-sections" "-fdata-sections" "-fPIC" "-gdwarf-4" "-fno-omit-frame-pointer" "-m64" "-I" "rocksdb/include/" "-I" "rocksdb/" "-I" "rocksdb/third-party/gtest-1.8.1/fused-src/" "-I" "snappy/" "-I" "lz4/lib/" "-I" "/opt/rustwide/cargo-home/registry/src/index.crates.io-6f17d22bba15001f/zstd-sys-2.0.8+zstd.1.5.5/zstd/lib" "-I" "/opt/rustwide/target/debug/build/libz-sys-6ed0cf8599054d67/out/include" "-I" "/opt/rustwide/target/debug/build/bzip2-sys-5afe96e8f8af3bc6/out/include" "-I" "." "-Wall" "-Wextra" "-std=c++17" "-Wsign-compare" "-Wshadow" "-Wno-unused-parameter" "-Wno-unused-variable" "-Woverloaded-virtual" "-Wnon-virtual-dtor" "-Wno-missing-field-initializers" "-Wno-strict-aliasing" "-Wno-invalid-offsetof" "-msse2" "-std=c++17" "-DSNAPPY=1" "-DLZ4=1" "-DZSTD=1" "-DZLIB=1" "-DBZIP2=1" "-DNDEBUG=1" "-DOS_LINUX" "-DROCKSDB_PLATFORM_POSIX" "-DROCKSDB_LIB_IO_POSIX" "-DROCKSDB_SUPPORT_THREAD_LOCAL" "-DHAVE_UINT128_EXTENSION=1" "-DHAVE_UINT128_EXTENSION=1" "-o" "/opt/rustwide/target/debug/build/librocksdb-sys-25b67d05da6919b3/out/rocksdb/db/blob/blob_file_meta.o" "-c" "rocksdb/db/blob/blob_file_meta.cc"
[INFO] [stderr]   cargo:warning=c++: fatal error: Killed signal terminated program cc1plus
[INFO] [stderr]   cargo:warning=compilation terminated.
[INFO] [stderr]   exit status: 1
[INFO] [stderr]   exit status: 0
[INFO] [stderr]   cargo:warning=c++: fatal error: Killed signal terminated program cc1plus
[INFO] [stderr]   cargo:warning=compilation terminated.
[INFO] [stderr]   exit status: 1
[INFO] [stderr]   exit status: 0
[INFO] [stderr]   exit status: 0
[INFO] [stderr]   cargo:warning=c++: fatal error: Killed signal terminated program cc1plus
[INFO] [stderr]   cargo:warning=compilation terminated.
[INFO] [stderr]   exit status: 1
[INFO] [stderr]   cargo:warning=c++: fatal error: Killed signal terminated program cc1plus
[INFO] [stderr]   cargo:warning=compilation terminated.
[INFO] [stderr]   exit status: 1
[INFO] [stderr]   exit status: 0
[INFO] [stderr]   exit status: 0
[INFO] [stderr]   exit status: 0
[INFO] [stderr]   exit status: 0
[INFO] [stderr]   exit status: 0
[INFO] [stderr]   exit status: 0
[INFO] [stderr] 
[INFO] [stderr]   --- stderr
[INFO] [stderr]   error: 'rustfmt' is not installed for the toolchain 'beta-2023-12-22-x86_64-unknown-linux-gnu'
[INFO] [stderr]   To install, run `rustup component add rustfmt --toolchain beta-2023-12-22-x86_64-unknown-linux-gnu`
[INFO] [stderr]   Failed to run rustfmt: Internal rustfmt error (non-fatal, continuing)
[INFO] [stderr] 
[INFO] [stderr] 
[INFO] [stderr]   error occurred: Command "c++" "-O0" "-ffunction-sections" "-fdata-sections" "-fPIC" "-gdwarf-4" "-fno-omit-frame-pointer" "-m64" "-I" "rocksdb/include/" "-I" "rocksdb/" "-I" "rocksdb/third-party/gtest-1.8.1/fused-src/" "-I" "snappy/" "-I" "lz4/lib/" "-I" "/opt/rustwide/cargo-home/registry/src/index.crates.io-6f17d22bba15001f/zstd-sys-2.0.8+zstd.1.5.5/zstd/lib" "-I" "/opt/rustwide/target/debug/build/libz-sys-6ed0cf8599054d67/out/include" "-I" "/opt/rustwide/target/debug/build/bzip2-sys-5afe96e8f8af3bc6/out/include" "-I" "." "-Wall" "-Wextra" "-std=c++17" "-Wsign-compare" "-Wshadow" "-Wno-unused-parameter" "-Wno-unused-variable" "-Woverloaded-virtual" "-Wnon-virtual-dtor" "-Wno-missing-field-initializers" "-Wno-strict-aliasing" "-Wno-invalid-offsetof" "-msse2" "-std=c++17" "-DSNAPPY=1" "-DLZ4=1" "-DZSTD=1" "-DZLIB=1" "-DBZIP2=1" "-DNDEBUG=1" "-DOS_LINUX" "-DROCKSDB_PLATFORM_POSIX" "-DROCKSDB_LIB_IO_POSIX" "-DROCKSDB_SUPPORT_THREAD_LOCAL" "-DHAVE_UINT128_EXTENSION=1" "-DHAVE_UINT128_EXTENSION=1" "-o" "/opt/rustwide/target/debug/build/librocksdb-sys-25b67d05da6919b3/out/rocksdb/cache/cache.o" "-c" "rocksdb/cache/cache.cc" with args "c++" did not execute successfully (status code exit status: 1).
[INFO] [stderr] 
[INFO] [stderr] 
[INFO] [stderr] warning: build failed, waiting for other jobs to finish...
[INFO] running `Command { std: "docker" "inspect" "4886d7ba97a8d5c6e62001b96e1141844937a199ac514675fcc88e99392fe46e", kill_on_drop: false }`
[INFO] running `Command { std: "docker" "rm" "-f" "4886d7ba97a8d5c6e62001b96e1141844937a199ac514675fcc88e99392fe46e", kill_on_drop: false }`
[INFO] [stdout] 4886d7ba97a8d5c6e62001b96e1141844937a199ac514675fcc88e99392fe46e
