[INFO] cloning repository https://github.com/LinggaAskaEdo/rust-actix-yew-sqlx-rest-crud
[INFO] running `Command { std: "git" "-c" "credential.helper=" "-c" "credential.helper=/workspace/cargo-home/bin/git-credential-null" "clone" "--bare" "https://github.com/LinggaAskaEdo/rust-actix-yew-sqlx-rest-crud" "/workspace/cache/git-repos/https%3A%2F%2Fgithub.com%2FLinggaAskaEdo%2Frust-actix-yew-sqlx-rest-crud", kill_on_drop: false }`
[INFO] [stderr] Cloning into bare repository '/workspace/cache/git-repos/https%3A%2F%2Fgithub.com%2FLinggaAskaEdo%2Frust-actix-yew-sqlx-rest-crud'...
[INFO] running `Command { std: "git" "rev-parse" "HEAD", kill_on_drop: false }`
[INFO] [stdout] c8ce12a22402343d65ea1241c447377fb78648b8
[INFO] documenting LinggaAskaEdo/rust-actix-yew-sqlx-rest-crud against 1.75.0 for beta-1.76-rustdoc-1
[INFO] running `Command { std: "git" "clone" "/workspace/cache/git-repos/https%3A%2F%2Fgithub.com%2FLinggaAskaEdo%2Frust-actix-yew-sqlx-rest-crud" "/workspace/builds/worker-3-tc1/source", kill_on_drop: false }`
[INFO] [stderr] Cloning into '/workspace/builds/worker-3-tc1/source'...
[INFO] [stderr] done.
[INFO] validating manifest of git repo https://github.com/LinggaAskaEdo/rust-actix-yew-sqlx-rest-crud on toolchain 1.75.0
[INFO] running `Command { std: CARGO_HOME="/workspace/cargo-home" RUSTUP_HOME="/workspace/rustup-home" "/workspace/cargo-home/bin/cargo" "+1.75.0" "metadata" "--manifest-path" "Cargo.toml" "--no-deps", kill_on_drop: false }`
[INFO] started tweaking git repo https://github.com/LinggaAskaEdo/rust-actix-yew-sqlx-rest-crud
[INFO] finished tweaking git repo https://github.com/LinggaAskaEdo/rust-actix-yew-sqlx-rest-crud
[INFO] tweaked toml for git repo https://github.com/LinggaAskaEdo/rust-actix-yew-sqlx-rest-crud written to /workspace/builds/worker-3-tc1/source/Cargo.toml
[INFO] crate git repo https://github.com/LinggaAskaEdo/rust-actix-yew-sqlx-rest-crud already has a lockfile, it will not be regenerated
[INFO] running `Command { std: CARGO_HOME="/workspace/cargo-home" RUSTUP_HOME="/workspace/rustup-home" "/workspace/cargo-home/bin/cargo" "+1.75.0" "fetch" "--manifest-path" "Cargo.toml", kill_on_drop: false }`
[INFO] [stderr] warning: virtual workspace defaulting to `resolver = "1"` despite one or more workspace members being on edition 2021 which implies `resolver = "2"`
[INFO] [stderr] note: to keep the current resolver, specify `workspace.resolver = "1"` in the workspace root's manifest
[INFO] [stderr] note: to use the edition 2021 resolver, specify `workspace.resolver = "2"` in the workspace root's manifest
[INFO] [stderr] note: for more details see https://doc.rust-lang.org/cargo/reference/resolver.html#resolver-versions
[INFO] [stderr]  Downloading crates ...
[INFO] [stderr]   Downloaded yewdux-macros v0.9.2
[INFO] [stderr]   Downloaded yewdux v0.9.2
[INFO] running `Command { std: "docker" "create" "-v" "/var/lib/crater-agent-workspace/builds/worker-3-tc1/target:/opt/rustwide/target:rw,Z" "-v" "/var/lib/crater-agent-workspace/builds/worker-3-tc1/source:/opt/rustwide/workdir:ro,Z" "-v" "/var/lib/crater-agent-workspace/cargo-home:/opt/rustwide/cargo-home:ro,Z" "-v" "/var/lib/crater-agent-workspace/rustup-home:/opt/rustwide/rustup-home:ro,Z" "-e" "SOURCE_DIR=/opt/rustwide/workdir" "-e" "CARGO_TARGET_DIR=/opt/rustwide/target" "-e" "CARGO_HOME=/opt/rustwide/cargo-home" "-e" "RUSTUP_HOME=/opt/rustwide/rustup-home" "-w" "/opt/rustwide/workdir" "-m" "1610612736" "--user" "0:0" "--network" "none" "ghcr.io/rust-lang/crates-build-env/linux@sha256:2788e3201cd34a07e3172128adcd8b3090168a8e3bcc40d7c032b9dda1df7d1c" "/opt/rustwide/cargo-home/bin/cargo" "+1.75.0" "metadata" "--no-deps" "--format-version=1", kill_on_drop: false }`
[INFO] [stdout] 9e37cccd14073be55f8f71231ab7928d0ad12c917b86e891ad48f68a298823f5
[INFO] running `Command { std: "docker" "start" "-a" "9e37cccd14073be55f8f71231ab7928d0ad12c917b86e891ad48f68a298823f5", kill_on_drop: false }`
[INFO] running `Command { std: "docker" "inspect" "9e37cccd14073be55f8f71231ab7928d0ad12c917b86e891ad48f68a298823f5", kill_on_drop: false }`
[INFO] running `Command { std: "docker" "rm" "-f" "9e37cccd14073be55f8f71231ab7928d0ad12c917b86e891ad48f68a298823f5", kill_on_drop: false }`
[INFO] [stdout] 9e37cccd14073be55f8f71231ab7928d0ad12c917b86e891ad48f68a298823f5
[INFO] running `Command { std: "docker" "create" "-v" "/var/lib/crater-agent-workspace/builds/worker-3-tc1/target:/opt/rustwide/target:rw,Z" "-v" "/var/lib/crater-agent-workspace/builds/worker-3-tc1/source:/opt/rustwide/workdir:ro,Z" "-v" "/var/lib/crater-agent-workspace/cargo-home:/opt/rustwide/cargo-home:ro,Z" "-v" "/var/lib/crater-agent-workspace/rustup-home:/opt/rustwide/rustup-home:ro,Z" "-e" "SOURCE_DIR=/opt/rustwide/workdir" "-e" "CARGO_TARGET_DIR=/opt/rustwide/target" "-e" "CARGO_INCREMENTAL=0" "-e" "RUST_BACKTRACE=full" "-e" "RUSTFLAGS=--cap-lints=warn" "-e" "RUSTDOCFLAGS=--cap-lints=warn" "-e" "CARGO_HOME=/opt/rustwide/cargo-home" "-e" "RUSTUP_HOME=/opt/rustwide/rustup-home" "-w" "/opt/rustwide/workdir" "-m" "1610612736" "--user" "0:0" "--network" "none" "ghcr.io/rust-lang/crates-build-env/linux@sha256:2788e3201cd34a07e3172128adcd8b3090168a8e3bcc40d7c032b9dda1df7d1c" "/opt/rustwide/cargo-home/bin/cargo" "+1.75.0" "doc" "--frozen" "--no-deps" "--document-private-items" "--message-format=json", kill_on_drop: false }`
[INFO] [stdout] 983a8630b6d9fde77279c9b3967598333471ca63f0b9a968bdf5fb77efbbfcb7
[INFO] running `Command { std: "docker" "start" "-a" "983a8630b6d9fde77279c9b3967598333471ca63f0b9a968bdf5fb77efbbfcb7", kill_on_drop: false }`
[INFO] [stderr] warning: virtual workspace defaulting to `resolver = "1"` despite one or more workspace members being on edition 2021 which implies `resolver = "2"`
[INFO] [stderr] note: to keep the current resolver, specify `workspace.resolver = "1"` in the workspace root's manifest
[INFO] [stderr] note: to use the edition 2021 resolver, specify `workspace.resolver = "2"` in the workspace root's manifest
[INFO] [stderr] note: for more details see https://doc.rust-lang.org/cargo/reference/resolver.html#resolver-versions
[INFO] [stderr]    Compiling version_check v0.9.4
[INFO] [stderr]    Compiling proc-macro2 v1.0.56
[INFO] [stderr]    Compiling quote v1.0.26
[INFO] [stderr]    Compiling unicode-ident v1.0.8
[INFO] [stderr]    Compiling libc v0.2.142
[INFO] [stderr]    Compiling syn v1.0.109
[INFO] [stderr]    Compiling log v0.4.17
[INFO] [stderr]    Compiling cfg-if v1.0.0
[INFO] [stderr]    Compiling futures-core v0.3.28
[INFO] [stderr]    Compiling once_cell v1.17.1
[INFO] [stderr]    Compiling serde_derive v1.0.160
[INFO] [stderr]    Compiling serde v1.0.160
[INFO] [stderr]     Checking itoa v1.0.6
[INFO] [stderr]    Compiling wasm-bindgen-shared v0.2.84
[INFO] [stderr]    Compiling serde_json v1.0.96
[INFO] [stderr]    Compiling bumpalo v3.12.1
[INFO] [stderr]     Checking pin-project-lite v0.2.9
[INFO] [stderr]    Compiling wasm-bindgen v0.2.84
[INFO] [stderr]     Checking ryu v1.0.13
[INFO] [stderr]    Compiling futures-channel v0.3.28
[INFO] [stderr]    Compiling typenum v1.16.0
[INFO] [stderr]    Compiling crossbeam-utils v0.8.15
[INFO] [stderr]    Compiling pkg-config v0.3.26
[INFO] [stderr]    Compiling lock_api v0.4.9
[INFO] [stderr]    Compiling futures-task v0.3.28
[INFO] [stderr]     Checking futures-sink v0.3.28
[INFO] [stderr]     Checking futures-io v0.3.28
[INFO] [stderr]    Compiling futures-util v0.3.28
[INFO] [stderr]    Compiling thiserror v1.0.40
[INFO] [stderr]    Compiling memchr v2.5.0
[INFO] [stderr]     Checking smallvec v1.10.0
[INFO] [stderr]    Compiling io-lifetimes v1.0.10
[INFO] [stderr]    Compiling value-bag v1.0.0-alpha.9
[INFO] [stderr]    Compiling generic-array v0.14.7
[INFO] [stderr]    Compiling ahash v0.7.6
[INFO] [stderr]     Checking scopeguard v1.1.0
[INFO] [stderr]    Compiling rustix v0.37.14
[INFO] [stderr]     Checking pin-utils v0.1.0
[INFO] [stderr]    Compiling polling v2.8.0
[INFO] [stderr]    Compiling parking_lot_core v0.9.7
[INFO] [stderr]     Checking percent-encoding v2.2.0
[INFO] [stderr]    Compiling tokio v1.27.0
[INFO] [stderr]    Compiling async-io v1.13.0
[INFO] [stderr]    Compiling indexmap v1.9.3
[INFO] [stderr]     Checking form_urlencoded v1.1.0
[INFO] [stderr]    Compiling num-traits v0.2.15
[INFO] [stderr]    Compiling openssl v0.10.51
[INFO] [stderr]    Compiling signal-hook v0.3.15
[INFO] [stderr]    Compiling syn v2.0.15
[INFO] [stderr]     Checking tracing-core v0.1.30
[INFO] [stderr]    Compiling bitflags v1.3.2
[INFO] [stderr]    Compiling event-listener v2.5.3
[INFO] [stderr]    Compiling slab v0.4.8
[INFO] [stderr]    Compiling async-process v1.7.0
[INFO] [stderr]    Compiling concurrent-queue v2.2.0
[INFO] [stderr]    Compiling parking v2.1.0
[INFO] [stderr]    Compiling native-tls v0.2.11
[INFO] [stderr]    Compiling fastrand v1.9.0
[INFO] [stderr]    Compiling fnv v1.0.7
[INFO] [stderr]     Checking subtle v2.4.1
[INFO] [stderr]     Checking tinyvec_macros v0.1.1
[INFO] [stderr]    Compiling paste v1.0.12
[INFO] [stderr]    Compiling parking_lot_core v0.8.6
[INFO] [stderr]    Compiling waker-fn v1.1.0
[INFO] [stderr]     Checking tinyvec v1.6.0
[INFO] [stderr]    Compiling async-lock v2.7.0
[INFO] [stderr]    Compiling futures-lite v1.13.0
[INFO] [stderr]     Checking linux-raw-sys v0.3.4
[INFO] [stderr]    Compiling num-integer v0.1.45
[INFO] [stderr]     Checking socket2 v0.4.9
[INFO] [stderr]     Checking getrandom v0.2.9
[INFO] [stderr]    Compiling jobserver v0.1.26
[INFO] [stderr]     Checking signal-hook-registry v1.4.1
[INFO] [stderr]    Compiling cc v1.0.79
[INFO] [stderr]     Checking parking_lot v0.12.1
[INFO] [stderr]     Checking hashbrown v0.12.3
[INFO] [stderr]    Compiling bytes v1.4.0
[INFO] [stderr]     Checking block-buffer v0.10.4
[INFO] [stderr]     Checking crypto-common v0.1.6
[INFO] [stderr]     Checking unicode-bidi v0.3.13
[INFO] [stderr]     Checking unicode-normalization v0.1.22
[INFO] [stderr]     Checking digest v0.10.6
[INFO] [stderr]    Compiling foreign-types-shared v0.1.1
[INFO] [stderr]    Compiling async-task v4.4.0
[INFO] [stderr]    Compiling foreign-types v0.3.2
[INFO] [stderr]     Checking rand_core v0.6.4
[INFO] [stderr]     Checking num_cpus v1.15.0
[INFO] [stderr]     Checking idna v0.3.0
[INFO] [stderr]    Compiling async-channel v1.8.0
[INFO] [stderr]    Compiling proc-macro-error-attr v1.0.4
[INFO] [stderr]    Compiling atomic-waker v1.1.1
[INFO] [stderr]     Checking ppv-lite86 v0.2.17
[INFO] [stderr]     Checking cpufeatures v0.2.7
[INFO] [stderr]    Compiling crossbeam-queue v0.3.8
[INFO] [stderr]    Compiling async-executor v1.5.1
[INFO] [stderr]    Compiling proc-macro-error v1.0.4
[INFO] [stderr]    Compiling instant v0.1.12
[INFO] [stderr]     Checking url v2.3.1
[INFO] [stderr]     Checking local-waker v0.1.3
[INFO] [stderr]    Compiling openssl-probe v0.1.5
[INFO] [stderr]    Compiling crc32fast v1.3.2
[INFO] [stderr]     Checking rand_chacha v0.3.1
[INFO] [stderr]    Compiling zstd-safe v6.0.5+zstd.1.5.4
[INFO] [stderr]    Compiling openssl-sys v0.9.86
[INFO] [stderr]    Compiling zstd-sys v2.0.8+zstd.1.5.5
[INFO] [stderr]     Checking alloc-no-stdlib v2.0.4
[INFO] [stderr]    Compiling rustversion v1.0.12
[INFO] [stderr]     Checking rand v0.8.5
[INFO] [stderr]     Checking alloc-stdlib v0.2.2
[INFO] [stderr]     Checking http v0.2.9
[INFO] [stderr]     Checking sha1 v0.10.5
[INFO] [stderr]    Compiling aho-corasick v1.0.1
[INFO] [stderr]    Compiling ahash v0.8.3
[INFO] [stderr]    Compiling either v1.8.1
[INFO] [stderr]    Compiling strsim v0.10.0
[INFO] [stderr]    Compiling prettyplease v0.1.25
[INFO] [stderr]     Checking regex-syntax v0.7.1
[INFO] [stderr]    Compiling httparse v1.8.0
[INFO] [stderr]    Compiling ident_case v1.0.1
[INFO] [stderr]    Compiling minimal-lexical v0.2.1
[INFO] [stderr]     Checking adler v1.0.2
[INFO] [stderr]    Compiling time-core v0.1.0
[INFO] [stderr]     Checking miniz_oxide v0.6.2
[INFO] [stderr]    Compiling time-macros v0.2.8
[INFO] [stderr]    Compiling itertools v0.10.5
[INFO] [stderr]    Compiling nom v7.1.3
[INFO] [stderr]    Compiling parking_lot v0.11.2
[INFO] [stderr]    Compiling darling_core v0.13.4
[INFO] [stderr]     Checking brotli-decompressor v2.3.4
[INFO] [stderr]     Checking actix-utils v3.0.1
[INFO] [stderr]    Compiling hmac v0.12.1
[INFO] [stderr]     Checking actix-service v2.0.2
[INFO] [stderr]    Compiling bytestring v1.3.0
[INFO] [stderr]    Compiling dirs-sys v0.3.7
[INFO] [stderr]    Compiling time v0.1.45
[INFO] [stderr]    Compiling cookie v0.16.2
[INFO] [stderr]    Compiling crc-catalog v2.2.0
[INFO] [stderr]    Compiling futures-macro v0.3.28
[INFO] [stderr]    Compiling thiserror-impl v1.0.40
[INFO] [stderr]    Compiling openssl-macros v0.1.1
[INFO] [stderr]    Compiling unicode_categories v0.1.1
[INFO] [stderr]     Checking anymap2 v0.13.0
[INFO] [stderr]    Compiling iana-time-zone v0.1.56
[INFO] [stderr]     Checking regex v1.8.1
[INFO] [stderr]    Compiling convert_case v0.4.0
[INFO] [stderr]     Checking brotli v3.3.4
[INFO] [stderr]     Checking time v0.3.20
[INFO] [stderr]    Compiling sqlformat v0.2.1
[INFO] [stderr]    Compiling crc v3.0.1
[INFO] [stderr]    Compiling dirs v4.0.0
[INFO] [stderr]     Checking flate2 v1.0.25
[INFO] [stderr]    Compiling hkdf v0.12.3
[INFO] [stderr]    Compiling futures-intrusive v0.4.2
[INFO] [stderr]    Compiling ctor v0.1.26
[INFO] [stderr]    Compiling tracing-attributes v0.1.23
[INFO] [stderr]    Compiling pin-project-internal v1.0.12
[INFO] [stderr]    Compiling darling_macro v0.13.4
[INFO] [stderr]    Compiling derive_more v0.99.17
[INFO] [stderr]    Compiling sha2 v0.10.6
[INFO] [stderr]    Compiling hashlink v0.8.1
[INFO] [stderr]    Compiling atoi v1.0.0
[INFO] [stderr]    Compiling stringprep v0.1.2
[INFO] [stderr]    Compiling md-5 v0.10.5
[INFO] [stderr]     Checking encoding_rs v0.8.32
[INFO] [stderr]     Checking base64 v0.21.0
[INFO] [stderr]     Checking language-tags v0.3.2
[INFO] [stderr]    Compiling base64 v0.13.1
[INFO] [stderr]    Compiling wasm-bindgen-backend v0.2.84
[INFO] [stderr]     Checking mio v0.8.6
[INFO] [stderr]    Compiling blocking v1.3.1
[INFO] [stderr]    Compiling kv-log-macro v1.0.7
[INFO] [stderr]     Checking pin-project v1.0.12
[INFO] [stderr]    Compiling async-native-tls v0.4.0
[INFO] [stderr]     Checking futures v0.3.28
[INFO] [stderr]     Checking local-channel v0.1.3
[INFO] [stderr]     Checking pinned v0.1.0
[INFO] [stderr]    Compiling dotenvy v0.15.7
[INFO] [stderr]     Checking async-global-executor v2.3.1
[INFO] [stderr]     Checking tracing v0.1.37
[INFO] [stderr]    Compiling byteorder v1.4.3
[INFO] [stderr]    Compiling boolinator v2.4.0
[INFO] [stderr]    Compiling async-trait v0.1.68
[INFO] [stderr]     Checking mime v0.3.17
[INFO] [stderr]     Checking async-std v1.12.0
[INFO] [stderr]    Compiling wasm-bindgen-macro-support v0.2.84
[INFO] [stderr]     Checking httpdate v1.0.2
[INFO] [stderr]    Compiling hex v0.4.3
[INFO] [stderr]    Compiling whoami v1.4.0
[INFO] [stderr]    Compiling unicode-segmentation v1.10.1
[INFO] [stderr]    Compiling yew-macro v0.20.0
[INFO] [stderr]    Compiling darling v0.13.4
[INFO] [stderr]    Compiling actix-macros v0.2.3
[INFO] [stderr]    Compiling heck v0.4.1
[INFO] [stderr]     Checking implicit-clone v0.3.5
[INFO] [stderr]    Compiling yewdux-macros v0.9.2
[INFO] [stderr]     Checking is-terminal v0.4.7
[INFO] [stderr]     Checking termcolor v1.2.0
[INFO] [stderr]     Checking anymap v1.0.0-beta.2
[INFO] [stderr]     Checking humantime v2.1.0
[INFO] [stderr]     Checking dotenv v0.15.0
[INFO] [stderr]    Compiling wasm-bindgen-macro v0.2.84
[INFO] [stderr]     Checking env_logger v0.10.0
[INFO] [stderr]     Checking sqlx-rt v0.6.3
[INFO] [stderr]     Checking tokio-util v0.7.7
[INFO] [stderr]     Checking actix-rt v2.8.0
[INFO] [stderr]     Checking tokio-stream v0.1.12
[INFO] [stderr]     Checking actix-server v2.2.0
[INFO] [stderr]     Checking serde_urlencoded v0.7.1
[INFO] [stderr]     Checking bincode v1.3.3
[INFO] [stderr]     Checking actix-codec v0.5.0
[INFO] [stderr]     Checking h2 v0.3.18
[INFO] [stderr]     Checking prokio v0.1.0
[INFO] [stderr]     Checking chrono v0.4.24
[INFO] [stderr]     Checking actix-router v0.5.1
[INFO] [stderr]    Compiling actix-web-codegen v4.2.0
[INFO] [stderr]     Checking js-sys v0.3.61
[INFO] [stderr]     Checking uuid v1.3.1
[INFO] [stderr]     Checking console_error_panic_hook v0.1.7
[INFO] [stderr]     Checking sqlx-core v0.6.3
[INFO] [stderr]     Checking common v0.1.0 (/opt/rustwide/workdir/common)
[INFO] [stderr]  Documenting common v0.1.0 (/opt/rustwide/workdir/common)
[INFO] [stderr]     Checking zstd v0.12.3+zstd.1.5.2
[INFO] [stderr]     Checking web-sys v0.3.61
[INFO] [stderr]     Checking wasm-bindgen-futures v0.4.34
[INFO] [stderr]     Checking serde-wasm-bindgen v0.4.5
[INFO] [stderr]     Checking gloo-timers v0.2.6
[INFO] [stderr]     Checking actix-http v3.3.1
[INFO] [stderr]     Checking actix-web v4.3.1
[INFO] [stderr]    Compiling sqlx-macros v0.6.3
[INFO] [stderr]     Checking actix-cors v0.6.4
[INFO] [stderr]     Checking gloo-utils v0.1.6
[INFO] [stderr]     Checking gloo-events v0.1.2
[INFO] [stderr]     Checking gloo-dialogs v0.1.1
[INFO] [stderr]     Checking gloo-render v0.1.1
[INFO] [stderr]     Checking gloo-file v0.2.3
[INFO] [stderr]     Checking gloo-console v0.2.3
[INFO] [stderr]     Checking gloo-net v0.2.6
[INFO] [stderr]     Checking gloo-history v0.1.3
[INFO] [stderr]     Checking gloo-storage v0.2.2
[INFO] [stderr]     Checking gloo-net v0.1.0
[INFO] [stderr]     Checking gloo-worker v0.2.1
[INFO] [stderr]     Checking reqwasm v0.5.0
[INFO] [stderr]     Checking gloo v0.8.0
[INFO] [stderr]     Checking yew v0.20.0
[INFO] [stderr]     Checking yewdux v0.9.2
[INFO] [stderr]  Documenting frontend v0.1.0 (/opt/rustwide/workdir/frontend)
[INFO] [stderr]     Checking sqlx v0.6.3
[INFO] [stderr]  Documenting backend v0.1.0 (/opt/rustwide/workdir/backend)
[INFO] [stdout] error: error communicating with database: Cannot assign requested address (os error 99)
[INFO] [stdout]   --> backend/src/handler.rs:26:24
[INFO] [stdout]    |
[INFO] [stdout] 26 |       let query_result = sqlx::query_as!(
[INFO] [stdout]    |  ________________________^
[INFO] [stdout] 27 | |         FeedbackModel,
[INFO] [stdout] 28 | |         "SELECT * FROM feedbacks ORDER by id LIMIT $1 OFFSET $2",
[INFO] [stdout] 29 | |         limit as i32,
[INFO] [stdout] 30 | |         offset as i32
[INFO] [stdout] 31 | |     )
[INFO] [stdout]    | |_____^
[INFO] [stdout]    |
[INFO] [stdout]    = note: this error originates in the macro `$crate::sqlx_macros::expand_query` which comes from the expansion of the macro `sqlx::query_as` (in Nightly builds, run with -Z macro-backtrace for more info)
[INFO] [stdout] 
[INFO] [stdout] 
[INFO] [stdout] error: error communicating with database: Cannot assign requested address (os error 99)
[INFO] [stdout]   --> backend/src/handler.rs:56:24
[INFO] [stdout]    |
[INFO] [stdout] 56 |       let query_result = sqlx::query_as!(
[INFO] [stdout]    |  ________________________^
[INFO] [stdout] 57 | |         FeedbackModel,
[INFO] [stdout] 58 | |         "INSERT INTO feedbacks (text,rating) VALUES ($1, $2) RETURNING *",
[INFO] [stdout] 59 | |         body.text.to_string(),
[INFO] [stdout] 60 | |         body.rating,
[INFO] [stdout] 61 | |     )
[INFO] [stdout]    | |_____^
[INFO] [stdout]    |
[INFO] [stdout]    = note: this error originates in the macro `$crate::sqlx_macros::expand_query` which comes from the expansion of the macro `sqlx::query_as` (in Nightly builds, run with -Z macro-backtrace for more info)
[INFO] [stdout] 
[INFO] [stdout] 
[INFO] [stdout] error: error communicating with database: Cannot assign requested address (os error 99)
[INFO] [stdout]   --> backend/src/handler.rs:93:24
[INFO] [stdout]    |
[INFO] [stdout] 93 |       let query_result = sqlx::query_as!(
[INFO] [stdout]    |  ________________________^
[INFO] [stdout] 94 | |         FeedbackModel,
[INFO] [stdout] 95 | |         "SELECT * FROM feedbacks WHERE id = $1",
[INFO] [stdout] 96 | |         feedback_id
[INFO] [stdout] 97 | |     )
[INFO] [stdout]    | |_____^
[INFO] [stdout]    |
[INFO] [stdout]    = note: this error originates in the macro `$crate::sqlx_macros::expand_query` which comes from the expansion of the macro `sqlx::query_as` (in Nightly builds, run with -Z macro-backtrace for more info)
[INFO] [stdout] 
[INFO] [stdout] 
[INFO] [stdout] error: error communicating with database: Cannot assign requested address (os error 99)
[INFO] [stdout]    --> backend/src/handler.rs:124:24
[INFO] [stdout]     |
[INFO] [stdout] 124 |       let query_result = sqlx::query_as!(
[INFO] [stdout]     |  ________________________^
[INFO] [stdout] 125 | |         FeedbackModel,
[INFO] [stdout] 126 | |         "SELECT * FROM feedbacks WHERE id = $1",
[INFO] [stdout] 127 | |         feedback_id
[INFO] [stdout] 128 | |     )
[INFO] [stdout]     | |_____^
[INFO] [stdout]     |
[INFO] [stdout]     = note: this error originates in the macro `$crate::sqlx_macros::expand_query` which comes from the expansion of the macro `sqlx::query_as` (in Nightly builds, run with -Z macro-backtrace for more info)
[INFO] [stdout] 
[INFO] [stdout] 
[INFO] [stdout] error: error communicating with database: Cannot assign requested address (os error 99)
[INFO] [stdout]    --> backend/src/handler.rs:141:24
[INFO] [stdout]     |
[INFO] [stdout] 141 |       let query_result = sqlx::query_as!(
[INFO] [stdout]     |  ________________________^
[INFO] [stdout] 142 | |         FeedbackModel,
[INFO] [stdout] 143 | |         "UPDATE feedbacks SET text = $1, rating = $2, updated_at = $3 WHERE id = $4 RETURNING *",
[INFO] [stdout] 144 | |         body.text.to_owned().unwrap_or(feedback.text),
[INFO] [stdout] ...   |
[INFO] [stdout] 147 | |         feedback_id
[INFO] [stdout] 148 | |     )
[INFO] [stdout]     | |_____^
[INFO] [stdout]     |
[INFO] [stdout]     = note: this error originates in the macro `$crate::sqlx_macros::expand_query` which comes from the expansion of the macro `sqlx::query_as` (in Nightly builds, run with -Z macro-backtrace for more info)
[INFO] [stdout] 
[INFO] [stdout] 
[INFO] [stdout] error: error communicating with database: Cannot assign requested address (os error 99)
[INFO] [stdout]    --> backend/src/handler.rs:174:25
[INFO] [stdout]     |
[INFO] [stdout] 174 |     let rows_affected = sqlx::query!("DELETE FROM feedbacks  WHERE id = $1", feedback_id)
[INFO] [stdout]     |                         ^^^^^^^^^^^^^^^^^^^^^^^^^^^^^^^^^^^^^^^^^^^^^^^^^^^^^^^^^^^^^^^^^
[INFO] [stdout]     |
[INFO] [stdout]     = note: this error originates in the macro `$crate::sqlx_macros::expand_query` which comes from the expansion of the macro `sqlx::query` (in Nightly builds, run with -Z macro-backtrace for more info)
[INFO] [stdout] 
[INFO] [stdout] 
[INFO] [stdout] error: aborting due to 6 previous errors
[INFO] [stdout] 
[INFO] [stdout] 
[INFO] [stderr] error: could not document `backend`
[INFO] [stderr] 
[INFO] [stderr] Caused by:
[INFO] [stderr]   process didn't exit successfully: `/opt/rustwide/rustup-home/toolchains/1.75.0-x86_64-unknown-linux-gnu/bin/rustdoc --edition=2021 --crate-type bin --crate-name backend backend/src/main.rs -o /opt/rustwide/target/doc --error-format=json --json=diagnostic-rendered-ansi,artifacts,future-incompat --document-private-items '-Arustdoc::private-intra-doc-links' -C metadata=3ad85ddba015957a -L dependency=/opt/rustwide/target/debug/deps --extern actix_cors=/opt/rustwide/target/debug/deps/libactix_cors-aa4d970b74bac121.rmeta --extern actix_web=/opt/rustwide/target/debug/deps/libactix_web-5809a0bc0d44d9c6.rmeta --extern chrono=/opt/rustwide/target/debug/deps/libchrono-f3dc081f640fced7.rmeta --extern common=/opt/rustwide/target/debug/deps/libcommon-adc6c123a4d92265.rmeta --extern dotenv=/opt/rustwide/target/debug/deps/libdotenv-5c7b155fb9ea380a.rmeta --extern env_logger=/opt/rustwide/target/debug/deps/libenv_logger-6181ab490871736c.rmeta --extern serde=/opt/rustwide/target/debug/deps/libserde-c9e4f913a2acb990.rmeta --extern serde_json=/opt/rustwide/target/debug/deps/libserde_json-c5331f074562c2dd.rmeta --extern sqlx=/opt/rustwide/target/debug/deps/libsqlx-445d2b1b5b1d0f4c.rmeta --extern uuid=/opt/rustwide/target/debug/deps/libuuid-13419a81a19b0082.rmeta --cap-lints=warn --crate-version 0.1.0` (exit status: 1)
[INFO] running `Command { std: "docker" "inspect" "983a8630b6d9fde77279c9b3967598333471ca63f0b9a968bdf5fb77efbbfcb7", kill_on_drop: false }`
[INFO] running `Command { std: "docker" "rm" "-f" "983a8630b6d9fde77279c9b3967598333471ca63f0b9a968bdf5fb77efbbfcb7", kill_on_drop: false }`
[INFO] [stdout] 983a8630b6d9fde77279c9b3967598333471ca63f0b9a968bdf5fb77efbbfcb7
[INFO] documenting LinggaAskaEdo/rust-actix-yew-sqlx-rest-crud against beta-2023-12-22 for beta-1.76-rustdoc-1
[INFO] running `Command { std: "git" "clone" "/workspace/cache/git-repos/https%3A%2F%2Fgithub.com%2FLinggaAskaEdo%2Frust-actix-yew-sqlx-rest-crud" "/workspace/builds/worker-3-tc2/source", kill_on_drop: false }`
[INFO] [stderr] Cloning into '/workspace/builds/worker-3-tc2/source'...
[INFO] [stderr] done.
[INFO] validating manifest of git repo https://github.com/LinggaAskaEdo/rust-actix-yew-sqlx-rest-crud on toolchain beta-2023-12-22
[INFO] running `Command { std: CARGO_HOME="/workspace/cargo-home" RUSTUP_HOME="/workspace/rustup-home" "/workspace/cargo-home/bin/cargo" "+beta-2023-12-22" "metadata" "--manifest-path" "Cargo.toml" "--no-deps", kill_on_drop: false }`
[INFO] started tweaking git repo https://github.com/LinggaAskaEdo/rust-actix-yew-sqlx-rest-crud
[INFO] finished tweaking git repo https://github.com/LinggaAskaEdo/rust-actix-yew-sqlx-rest-crud
[INFO] tweaked toml for git repo https://github.com/LinggaAskaEdo/rust-actix-yew-sqlx-rest-crud written to /workspace/builds/worker-3-tc2/source/Cargo.toml
[INFO] crate git repo https://github.com/LinggaAskaEdo/rust-actix-yew-sqlx-rest-crud already has a lockfile, it will not be regenerated
[INFO] running `Command { std: CARGO_HOME="/workspace/cargo-home" RUSTUP_HOME="/workspace/rustup-home" "/workspace/cargo-home/bin/cargo" "+beta-2023-12-22" "fetch" "--manifest-path" "Cargo.toml", kill_on_drop: false }`
[INFO] [stderr] warning: virtual workspace defaulting to `resolver = "1"` despite one or more workspace members being on edition 2021 which implies `resolver = "2"`
[INFO] [stderr] note: to keep the current resolver, specify `workspace.resolver = "1"` in the workspace root's manifest
[INFO] [stderr] note: to use the edition 2021 resolver, specify `workspace.resolver = "2"` in the workspace root's manifest
[INFO] [stderr] note: for more details see https://doc.rust-lang.org/cargo/reference/resolver.html#resolver-versions
[INFO] running `Command { std: "docker" "create" "-v" "/var/lib/crater-agent-workspace/builds/worker-3-tc2/target:/opt/rustwide/target:rw,Z" "-v" "/var/lib/crater-agent-workspace/builds/worker-3-tc2/source:/opt/rustwide/workdir:ro,Z" "-v" "/var/lib/crater-agent-workspace/cargo-home:/opt/rustwide/cargo-home:ro,Z" "-v" "/var/lib/crater-agent-workspace/rustup-home:/opt/rustwide/rustup-home:ro,Z" "-e" "SOURCE_DIR=/opt/rustwide/workdir" "-e" "CARGO_TARGET_DIR=/opt/rustwide/target" "-e" "CARGO_HOME=/opt/rustwide/cargo-home" "-e" "RUSTUP_HOME=/opt/rustwide/rustup-home" "-w" "/opt/rustwide/workdir" "-m" "1610612736" "--user" "0:0" "--network" "none" "ghcr.io/rust-lang/crates-build-env/linux@sha256:2788e3201cd34a07e3172128adcd8b3090168a8e3bcc40d7c032b9dda1df7d1c" "/opt/rustwide/cargo-home/bin/cargo" "+beta-2023-12-22" "metadata" "--no-deps" "--format-version=1", kill_on_drop: false }`
[INFO] [stdout] 72db7532d8a6eb73d71d6269cda371598692aee92ae3d4f03ed4fd3513134148
[INFO] running `Command { std: "docker" "start" "-a" "72db7532d8a6eb73d71d6269cda371598692aee92ae3d4f03ed4fd3513134148", kill_on_drop: false }`
[INFO] running `Command { std: "docker" "inspect" "72db7532d8a6eb73d71d6269cda371598692aee92ae3d4f03ed4fd3513134148", kill_on_drop: false }`
[INFO] running `Command { std: "docker" "rm" "-f" "72db7532d8a6eb73d71d6269cda371598692aee92ae3d4f03ed4fd3513134148", kill_on_drop: false }`
[INFO] [stdout] 72db7532d8a6eb73d71d6269cda371598692aee92ae3d4f03ed4fd3513134148
[INFO] running `Command { std: "docker" "create" "-v" "/var/lib/crater-agent-workspace/builds/worker-3-tc2/target:/opt/rustwide/target:rw,Z" "-v" "/var/lib/crater-agent-workspace/builds/worker-3-tc2/source:/opt/rustwide/workdir:ro,Z" "-v" "/var/lib/crater-agent-workspace/cargo-home:/opt/rustwide/cargo-home:ro,Z" "-v" "/var/lib/crater-agent-workspace/rustup-home:/opt/rustwide/rustup-home:ro,Z" "-e" "SOURCE_DIR=/opt/rustwide/workdir" "-e" "CARGO_TARGET_DIR=/opt/rustwide/target" "-e" "CARGO_INCREMENTAL=0" "-e" "RUST_BACKTRACE=full" "-e" "RUSTFLAGS=--cap-lints=warn" "-e" "RUSTDOCFLAGS=--cap-lints=warn" "-e" "CARGO_HOME=/opt/rustwide/cargo-home" "-e" "RUSTUP_HOME=/opt/rustwide/rustup-home" "-w" "/opt/rustwide/workdir" "-m" "1610612736" "--user" "0:0" "--network" "none" "ghcr.io/rust-lang/crates-build-env/linux@sha256:2788e3201cd34a07e3172128adcd8b3090168a8e3bcc40d7c032b9dda1df7d1c" "/opt/rustwide/cargo-home/bin/cargo" "+beta-2023-12-22" "doc" "--frozen" "--no-deps" "--document-private-items" "--message-format=json", kill_on_drop: false }`
[INFO] [stdout] a7622e87cd0b0827cc280a8cf63cd66f41c2caaedfde04c725432ab3f005c285
[INFO] running `Command { std: "docker" "start" "-a" "a7622e87cd0b0827cc280a8cf63cd66f41c2caaedfde04c725432ab3f005c285", kill_on_drop: false }`
[INFO] [stderr] warning: virtual workspace defaulting to `resolver = "1"` despite one or more workspace members being on edition 2021 which implies `resolver = "2"`
[INFO] [stderr] note: to keep the current resolver, specify `workspace.resolver = "1"` in the workspace root's manifest
[INFO] [stderr] note: to use the edition 2021 resolver, specify `workspace.resolver = "2"` in the workspace root's manifest
[INFO] [stderr] note: for more details see https://doc.rust-lang.org/cargo/reference/resolver.html#resolver-versions
[INFO] [stderr]    Compiling version_check v0.9.4
[INFO] [stderr]    Compiling proc-macro2 v1.0.56
[INFO] [stderr]    Compiling unicode-ident v1.0.8
[INFO] [stderr]    Compiling quote v1.0.26
[INFO] [stderr]    Compiling libc v0.2.142
[INFO] [stderr]    Compiling syn v1.0.109
[INFO] [stderr]    Compiling log v0.4.17
[INFO] [stderr]    Compiling cfg-if v1.0.0
[INFO] [stderr]    Compiling futures-core v0.3.28
[INFO] [stderr]    Compiling once_cell v1.17.1
[INFO] [stderr]    Compiling serde_derive v1.0.160
[INFO] [stderr]    Compiling serde v1.0.160
[INFO] [stderr]     Checking itoa v1.0.6
[INFO] [stderr]    Compiling wasm-bindgen-shared v0.2.84
[INFO] [stderr]    Compiling serde_json v1.0.96
[INFO] [stderr]    Compiling bumpalo v3.12.1
[INFO] [stderr]     Checking pin-project-lite v0.2.9
[INFO] [stderr]    Compiling wasm-bindgen v0.2.84
[INFO] [stderr]     Checking ryu v1.0.13
[INFO] [stderr]    Compiling futures-channel v0.3.28
[INFO] [stderr]    Compiling typenum v1.16.0
[INFO] [stderr]    Compiling crossbeam-utils v0.8.15
[INFO] [stderr]    Compiling pkg-config v0.3.26
[INFO] [stderr]    Compiling lock_api v0.4.9
[INFO] [stderr]    Compiling futures-task v0.3.28
[INFO] [stderr]     Checking futures-sink v0.3.28
[INFO] [stderr]     Checking futures-io v0.3.28
[INFO] [stderr]    Compiling futures-util v0.3.28
[INFO] [stderr]    Compiling thiserror v1.0.40
[INFO] [stderr]    Compiling memchr v2.5.0
[INFO] [stderr]    Compiling io-lifetimes v1.0.10
[INFO] [stderr]     Checking smallvec v1.10.0
[INFO] [stderr]     Checking scopeguard v1.1.0
[INFO] [stderr]    Compiling value-bag v1.0.0-alpha.9
[INFO] [stderr]    Compiling generic-array v0.14.7
[INFO] [stderr]    Compiling ahash v0.7.6
[INFO] [stderr]    Compiling rustix v0.37.14
[INFO] [stderr]     Checking pin-utils v0.1.0
[INFO] [stderr]    Compiling polling v2.8.0
[INFO] [stderr]    Compiling parking_lot_core v0.9.7
[INFO] [stderr]     Checking percent-encoding v2.2.0
[INFO] [stderr]    Compiling indexmap v1.9.3
[INFO] [stderr]    Compiling async-io v1.13.0
[INFO] [stderr]    Compiling tokio v1.27.0
[INFO] [stderr]    Compiling num-traits v0.2.15
[INFO] [stderr]     Checking form_urlencoded v1.1.0
[INFO] [stderr]    Compiling openssl v0.10.51
[INFO] [stderr]    Compiling signal-hook v0.3.15
[INFO] [stderr]    Compiling syn v2.0.15
[INFO] [stderr]     Checking tracing-core v0.1.30
[INFO] [stderr]    Compiling bitflags v1.3.2
[INFO] [stderr]    Compiling event-listener v2.5.3
[INFO] [stderr]    Compiling concurrent-queue v2.2.0
[INFO] [stderr]    Compiling slab v0.4.8
[INFO] [stderr]    Compiling async-process v1.7.0
[INFO] [stderr]    Compiling native-tls v0.2.11
[INFO] [stderr]    Compiling waker-fn v1.1.0
[INFO] [stderr]    Compiling fnv v1.0.7
[INFO] [stderr]     Checking subtle v2.4.1
[INFO] [stderr]    Compiling fastrand v1.9.0
[INFO] [stderr]     Checking tinyvec_macros v0.1.1
[INFO] [stderr]    Compiling paste v1.0.12
[INFO] [stderr]    Compiling parking_lot_core v0.8.6
[INFO] [stderr]    Compiling parking v2.1.0
[INFO] [stderr]     Checking tinyvec v1.6.0
[INFO] [stderr]    Compiling async-lock v2.7.0
[INFO] [stderr]     Checking linux-raw-sys v0.3.4
[INFO] [stderr]    Compiling jobserver v0.1.26
[INFO] [stderr]    Compiling getrandom v0.2.9
[INFO] [stderr]     Checking socket2 v0.4.9
[INFO] [stderr]     Checking signal-hook-registry v1.4.1
[INFO] [stderr]    Compiling cc v1.0.79
[INFO] [stderr]    Compiling futures-lite v1.13.0
[INFO] [stderr]     Checking parking_lot v0.12.1
[INFO] [stderr]    Compiling num-integer v0.1.45
[INFO] [stderr]     Checking unicode-bidi v0.3.13
[INFO] [stderr]     Checking hashbrown v0.12.3
[INFO] [stderr]     Checking unicode-normalization v0.1.22
[INFO] [stderr]    Compiling crypto-common v0.1.6
[INFO] [stderr]    Compiling block-buffer v0.10.4
[INFO] [stderr]    Compiling bytes v1.4.0
[INFO] [stderr]    Compiling digest v0.10.6
[INFO] [stderr]    Compiling async-task v4.4.0
[INFO] [stderr]    Compiling foreign-types-shared v0.1.1
[INFO] [stderr]    Compiling foreign-types v0.3.2
[INFO] [stderr]     Checking rand_core v0.6.4
[INFO] [stderr]     Checking num_cpus v1.15.0
[INFO] [stderr]     Checking idna v0.3.0
[INFO] [stderr]    Compiling async-channel v1.8.0
[INFO] [stderr]    Compiling proc-macro-error-attr v1.0.4
[INFO] [stderr]     Checking cpufeatures v0.2.7
[INFO] [stderr]     Checking ppv-lite86 v0.2.17
[INFO] [stderr]    Compiling crossbeam-queue v0.3.8
[INFO] [stderr]    Compiling atomic-waker v1.1.1
[INFO] [stderr]     Checking url v2.3.1
[INFO] [stderr]    Compiling async-executor v1.5.1
[INFO] [stderr]     Checking rand_chacha v0.3.1
[INFO] [stderr]    Compiling proc-macro-error v1.0.4
[INFO] [stderr]    Compiling instant v0.1.12
[INFO] [stderr]    Compiling rustversion v1.0.12
[INFO] [stderr]     Checking alloc-no-stdlib v2.0.4
[INFO] [stderr]    Compiling zstd-safe v6.0.5+zstd.1.5.4
[INFO] [stderr]    Compiling openssl-sys v0.9.86
[INFO] [stderr]    Compiling zstd-sys v2.0.8+zstd.1.5.5
[INFO] [stderr]    Compiling crc32fast v1.3.2
[INFO] [stderr]    Compiling openssl-probe v0.1.5
[INFO] [stderr]     Checking local-waker v0.1.3
[INFO] [stderr]     Checking alloc-stdlib v0.2.2
[INFO] [stderr]     Checking rand v0.8.5
[INFO] [stderr]     Checking http v0.2.9
[INFO] [stderr]     Checking sha1 v0.10.5
[INFO] [stderr]    Compiling aho-corasick v1.0.1
[INFO] [stderr]    Compiling ahash v0.8.3
[INFO] [stderr]    Compiling regex-syntax v0.7.1
[INFO] [stderr]     Checking adler v1.0.2
[INFO] [stderr]    Compiling ident_case v1.0.1
[INFO] [stderr]    Compiling either v1.8.1
[INFO] [stderr]    Compiling minimal-lexical v0.2.1
[INFO] [stderr]    Compiling prettyplease v0.1.25
[INFO] [stderr]    Compiling httparse v1.8.0
[INFO] [stderr]    Compiling time-core v0.1.0
[INFO] [stderr]    Compiling strsim v0.10.0
[INFO] [stderr]    Compiling time-macros v0.2.8
[INFO] [stderr]    Compiling nom v7.1.3
[INFO] [stderr]    Compiling itertools v0.10.5
[INFO] [stderr]    Compiling darling_core v0.13.4
[INFO] [stderr]     Checking miniz_oxide v0.6.2
[INFO] [stderr]    Compiling parking_lot v0.11.2
[INFO] [stderr]     Checking brotli-decompressor v2.3.4
[INFO] [stderr]     Checking actix-utils v3.0.1
[INFO] [stderr]    Compiling bytestring v1.3.0
[INFO] [stderr]     Checking actix-service v2.0.2
[INFO] [stderr]    Compiling hmac v0.12.1
[INFO] [stderr]    Compiling time v0.1.45
[INFO] [stderr]    Compiling dirs-sys v0.3.7
[INFO] [stderr]    Compiling futures-macro v0.3.28
[INFO] [stderr]    Compiling thiserror-impl v1.0.40
[INFO] [stderr]    Compiling openssl-macros v0.1.1
[INFO] [stderr]    Compiling cookie v0.16.2
[INFO] [stderr]    Compiling regex v1.8.1
[INFO] [stderr]    Compiling unicode_categories v0.1.1
[INFO] [stderr]     Checking anymap2 v0.13.0
[INFO] [stderr]    Compiling crc-catalog v2.2.0
[INFO] [stderr]    Compiling iana-time-zone v0.1.56
[INFO] [stderr]    Compiling convert_case v0.4.0
[INFO] [stderr]    Compiling crc v3.0.1
[INFO] [stderr]     Checking brotli v3.3.4
[INFO] [stderr]    Compiling sqlformat v0.2.1
[INFO] [stderr]     Checking time v0.3.20
[INFO] [stderr]    Compiling dirs v4.0.0
[INFO] [stderr]    Compiling hkdf v0.12.3
[INFO] [stderr]    Compiling futures-intrusive v0.4.2
[INFO] [stderr]    Compiling ctor v0.1.26
[INFO] [stderr]    Compiling tracing-attributes v0.1.23
[INFO] [stderr]    Compiling pin-project-internal v1.0.12
[INFO] [stderr]    Compiling derive_more v0.99.17
[INFO] [stderr]     Checking flate2 v1.0.25
[INFO] [stderr]    Compiling darling_macro v0.13.4
[INFO] [stderr]     Checking mio v0.8.6
[INFO] [stderr]    Compiling wasm-bindgen-backend v0.2.84
[INFO] [stderr]    Compiling blocking v1.3.1
[INFO] [stderr]    Compiling kv-log-macro v1.0.7
[INFO] [stderr]     Checking async-global-executor v2.3.1
[INFO] [stderr]     Checking pin-project v1.0.12
[INFO] [stderr]    Compiling sha2 v0.10.6
[INFO] [stderr]     Checking tracing v0.1.37
[INFO] [stderr]     Checking futures v0.3.28
[INFO] [stderr]     Checking pinned v0.1.0
[INFO] [stderr]     Checking async-std v1.12.0
[INFO] [stderr]    Compiling wasm-bindgen-macro-support v0.2.84
[INFO] [stderr]     Checking async-native-tls v0.4.0
[INFO] [stderr]     Checking local-channel v0.1.3
[INFO] [stderr]    Compiling hashlink v0.8.1
[INFO] [stderr]    Compiling atoi v1.0.0
[INFO] [stderr]    Compiling stringprep v0.1.2
[INFO] [stderr]    Compiling md-5 v0.10.5
[INFO] [stderr]     Checking encoding_rs v0.8.32
[INFO] [stderr]     Checking mime v0.3.17
[INFO] [stderr]    Compiling unicode-segmentation v1.10.1
[INFO] [stderr]     Checking httpdate v1.0.2
[INFO] [stderr]    Compiling whoami v1.4.0
[INFO] [stderr]     Checking base64 v0.21.0
[INFO] [stderr]    Compiling dotenvy v0.15.7
[INFO] [stderr]    Compiling async-trait v0.1.68
[INFO] [stderr]    Compiling base64 v0.13.1
[INFO] [stderr]    Compiling boolinator v2.4.0
[INFO] [stderr]    Compiling hex v0.4.3
[INFO] [stderr]     Checking language-tags v0.3.2
[INFO] [stderr]    Compiling byteorder v1.4.3
[INFO] [stderr]    Compiling yew-macro v0.20.0
[INFO] [stderr]    Compiling heck v0.4.1
[INFO] [stderr]    Compiling wasm-bindgen-macro v0.2.84
[INFO] [stderr]    Compiling darling v0.13.4
[INFO] [stderr]    Compiling actix-macros v0.2.3
[INFO] [stderr]     Checking implicit-clone v0.3.5
[INFO] [stderr]    Compiling sqlx-rt v0.6.3
[INFO] [stderr]    Compiling yewdux-macros v0.9.2
[INFO] [stderr]     Checking is-terminal v0.4.7
[INFO] [stderr]     Checking anymap v1.0.0-beta.2
[INFO] [stderr]     Checking termcolor v1.2.0
[INFO] [stderr]     Checking humantime v2.1.0
[INFO] [stderr]     Checking dotenv v0.15.0
[INFO] [stderr]     Checking tokio-util v0.7.7
[INFO] [stderr]     Checking actix-rt v2.8.0
[INFO] [stderr]     Checking tokio-stream v0.1.12
[INFO] [stderr]     Checking actix-server v2.2.0
[INFO] [stderr]     Checking env_logger v0.10.0
[INFO] [stderr]    Compiling actix-router v0.5.1
[INFO] [stderr]    Compiling chrono v0.4.24
[INFO] [stderr]     Checking prokio v0.1.0
[INFO] [stderr]     Checking h2 v0.3.18
[INFO] [stderr]     Checking actix-codec v0.5.0
[INFO] [stderr]     Checking serde_urlencoded v0.7.1
[INFO] [stderr]     Checking bincode v1.3.3
[INFO] [stderr]    Compiling actix-web-codegen v4.2.0
[INFO] [stderr]    Compiling uuid v1.3.1
[INFO] [stderr]    Compiling sqlx-core v0.6.3
[INFO] [stderr]     Checking js-sys v0.3.61
[INFO] [stderr]     Checking console_error_panic_hook v0.1.7
[INFO] [stderr]     Checking common v0.1.0 (/opt/rustwide/workdir/common)
[INFO] [stderr]  Documenting common v0.1.0 (/opt/rustwide/workdir/common)
[INFO] [stderr]     Checking web-sys v0.3.61
[INFO] [stderr]     Checking wasm-bindgen-futures v0.4.34
[INFO] [stderr]     Checking serde-wasm-bindgen v0.4.5
[INFO] [stderr]     Checking gloo-timers v0.2.6
[INFO] [stderr]     Checking zstd v0.12.3+zstd.1.5.2
[INFO] [stderr]     Checking actix-http v3.3.1
[INFO] [stderr]     Checking actix-web v4.3.1
[INFO] [stderr]    Compiling sqlx-macros v0.6.3
[INFO] [stderr]     Checking actix-cors v0.6.4
[INFO] [stderr]     Checking gloo-utils v0.1.6
[INFO] [stderr]     Checking gloo-events v0.1.2
[INFO] [stderr]     Checking gloo-render v0.1.1
[INFO] [stderr]     Checking gloo-dialogs v0.1.1
[INFO] [stderr]     Checking gloo-console v0.2.3
[INFO] [stderr]     Checking gloo-net v0.2.6
[INFO] [stderr]     Checking gloo-storage v0.2.2
[INFO] [stderr]     Checking gloo-net v0.1.0
[INFO] [stderr]     Checking gloo-history v0.1.3
[INFO] [stderr]     Checking gloo-file v0.2.3
[INFO] [stderr]     Checking gloo-worker v0.2.1
[INFO] [stderr]     Checking reqwasm v0.5.0
[INFO] [stderr]     Checking gloo v0.8.0
[INFO] [stderr]     Checking yew v0.20.0
[INFO] [stderr]     Checking yewdux v0.9.2
[INFO] [stderr]     Checking sqlx v0.6.3
[INFO] [stderr]  Documenting backend v0.1.0 (/opt/rustwide/workdir/backend)
[INFO] [stderr]  Documenting frontend v0.1.0 (/opt/rustwide/workdir/frontend)
[INFO] [stdout] error: error communicating with database: Cannot assign requested address (os error 99)
[INFO] [stdout]   --> backend/src/handler.rs:26:24
[INFO] [stdout]    |
[INFO] [stdout] 26 |       let query_result = sqlx::query_as!(
[INFO] [stdout]    |  ________________________^
[INFO] [stdout] 27 | |         FeedbackModel,
[INFO] [stdout] 28 | |         "SELECT * FROM feedbacks ORDER by id LIMIT $1 OFFSET $2",
[INFO] [stdout] 29 | |         limit as i32,
[INFO] [stdout] 30 | |         offset as i32
[INFO] [stdout] 31 | |     )
[INFO] [stdout]    | |_____^
[INFO] [stdout]    |
[INFO] [stdout]    = note: this error originates in the macro `$crate::sqlx_macros::expand_query` which comes from the expansion of the macro `sqlx::query_as` (in Nightly builds, run with -Z macro-backtrace for more info)
[INFO] [stdout] 
[INFO] [stdout] 
[INFO] [stdout] error: error communicating with database: Cannot assign requested address (os error 99)
[INFO] [stdout]   --> backend/src/handler.rs:56:24
[INFO] [stdout]    |
[INFO] [stdout] 56 |       let query_result = sqlx::query_as!(
[INFO] [stdout]    |  ________________________^
[INFO] [stdout] 57 | |         FeedbackModel,
[INFO] [stdout] 58 | |         "INSERT INTO feedbacks (text,rating) VALUES ($1, $2) RETURNING *",
[INFO] [stdout] 59 | |         body.text.to_string(),
[INFO] [stdout] 60 | |         body.rating,
[INFO] [stdout] 61 | |     )
[INFO] [stdout]    | |_____^
[INFO] [stdout]    |
[INFO] [stdout]    = note: this error originates in the macro `$crate::sqlx_macros::expand_query` which comes from the expansion of the macro `sqlx::query_as` (in Nightly builds, run with -Z macro-backtrace for more info)
[INFO] [stdout] 
[INFO] [stdout] 
[INFO] [stdout] error: error communicating with database: Cannot assign requested address (os error 99)
[INFO] [stdout]   --> backend/src/handler.rs:93:24
[INFO] [stdout]    |
[INFO] [stdout] 93 |       let query_result = sqlx::query_as!(
[INFO] [stdout]    |  ________________________^
[INFO] [stdout] 94 | |         FeedbackModel,
[INFO] [stdout] 95 | |         "SELECT * FROM feedbacks WHERE id = $1",
[INFO] [stdout] 96 | |         feedback_id
[INFO] [stdout] 97 | |     )
[INFO] [stdout]    | |_____^
[INFO] [stdout]    |
[INFO] [stdout]    = note: this error originates in the macro `$crate::sqlx_macros::expand_query` which comes from the expansion of the macro `sqlx::query_as` (in Nightly builds, run with -Z macro-backtrace for more info)
[INFO] [stdout] 
[INFO] [stdout] 
[INFO] [stdout] error: error communicating with database: Cannot assign requested address (os error 99)
[INFO] [stdout]    --> backend/src/handler.rs:124:24
[INFO] [stdout]     |
[INFO] [stdout] 124 |       let query_result = sqlx::query_as!(
[INFO] [stdout]     |  ________________________^
[INFO] [stdout] 125 | |         FeedbackModel,
[INFO] [stdout] 126 | |         "SELECT * FROM feedbacks WHERE id = $1",
[INFO] [stdout] 127 | |         feedback_id
[INFO] [stdout] 128 | |     )
[INFO] [stdout]     | |_____^
[INFO] [stdout]     |
[INFO] [stdout]     = note: this error originates in the macro `$crate::sqlx_macros::expand_query` which comes from the expansion of the macro `sqlx::query_as` (in Nightly builds, run with -Z macro-backtrace for more info)
[INFO] [stdout] 
[INFO] [stdout] 
[INFO] [stdout] error: error communicating with database: Cannot assign requested address (os error 99)
[INFO] [stdout]    --> backend/src/handler.rs:141:24
[INFO] [stdout]     |
[INFO] [stdout] 141 |       let query_result = sqlx::query_as!(
[INFO] [stdout]     |  ________________________^
[INFO] [stdout] 142 | |         FeedbackModel,
[INFO] [stdout] 143 | |         "UPDATE feedbacks SET text = $1, rating = $2, updated_at = $3 WHERE id = $4 RETURNING *",
[INFO] [stdout] 144 | |         body.text.to_owned().unwrap_or(feedback.text),
[INFO] [stdout] ...   |
[INFO] [stdout] 147 | |         feedback_id
[INFO] [stdout] 148 | |     )
[INFO] [stdout]     | |_____^
[INFO] [stdout]     |
[INFO] [stdout]     = note: this error originates in the macro `$crate::sqlx_macros::expand_query` which comes from the expansion of the macro `sqlx::query_as` (in Nightly builds, run with -Z macro-backtrace for more info)
[INFO] [stdout] 
[INFO] [stdout] 
[INFO] [stdout] error: error communicating with database: Cannot assign requested address (os error 99)
[INFO] [stdout]    --> backend/src/handler.rs:174:25
[INFO] [stdout]     |
[INFO] [stdout] 174 |     let rows_affected = sqlx::query!("DELETE FROM feedbacks  WHERE id = $1", feedback_id)
[INFO] [stdout]     |                         ^^^^^^^^^^^^^^^^^^^^^^^^^^^^^^^^^^^^^^^^^^^^^^^^^^^^^^^^^^^^^^^^^
[INFO] [stdout]     |
[INFO] [stdout]     = note: this error originates in the macro `$crate::sqlx_macros::expand_query` which comes from the expansion of the macro `sqlx::query` (in Nightly builds, run with -Z macro-backtrace for more info)
[INFO] [stdout] 
[INFO] [stdout] 
[INFO] [stdout] error: aborting due to 6 previous errors
[INFO] [stdout] 
[INFO] [stdout] 
[INFO] [stderr] error: could not document `backend`
[INFO] [stderr] 
[INFO] [stderr] Caused by:
[INFO] [stderr]   process didn't exit successfully: `/opt/rustwide/rustup-home/toolchains/beta-2023-12-22-x86_64-unknown-linux-gnu/bin/rustdoc --edition=2021 --crate-type bin --crate-name backend backend/src/main.rs -o /opt/rustwide/target/doc --error-format=json --json=diagnostic-rendered-ansi,artifacts,future-incompat --document-private-items '-Arustdoc::private-intra-doc-links' -C metadata=537c9bb5c616a748 -L dependency=/opt/rustwide/target/debug/deps --extern actix_cors=/opt/rustwide/target/debug/deps/libactix_cors-1e6207d4c6222eb9.rmeta --extern actix_web=/opt/rustwide/target/debug/deps/libactix_web-3e191711cac9aacd.rmeta --extern chrono=/opt/rustwide/target/debug/deps/libchrono-ded0f47cab06ddee.rmeta --extern common=/opt/rustwide/target/debug/deps/libcommon-b00de0522a800b20.rmeta --extern dotenv=/opt/rustwide/target/debug/deps/libdotenv-f0e4f3654fb7f16b.rmeta --extern env_logger=/opt/rustwide/target/debug/deps/libenv_logger-1805e48bb3f46f33.rmeta --extern serde=/opt/rustwide/target/debug/deps/libserde-3840fabc1385031b.rmeta --extern serde_json=/opt/rustwide/target/debug/deps/libserde_json-4035e3c34a2b3f27.rmeta --extern sqlx=/opt/rustwide/target/debug/deps/libsqlx-35f7708b3c3d886d.rmeta --extern uuid=/opt/rustwide/target/debug/deps/libuuid-c911106670fcaa4d.rmeta --cap-lints=warn --crate-version 0.1.0` (exit status: 1)
[INFO] [stderr] warning: build failed, waiting for other jobs to finish...
[INFO] running `Command { std: "docker" "inspect" "a7622e87cd0b0827cc280a8cf63cd66f41c2caaedfde04c725432ab3f005c285", kill_on_drop: false }`
[INFO] running `Command { std: "docker" "rm" "-f" "a7622e87cd0b0827cc280a8cf63cd66f41c2caaedfde04c725432ab3f005c285", kill_on_drop: false }`
[INFO] [stdout] a7622e87cd0b0827cc280a8cf63cd66f41c2caaedfde04c725432ab3f005c285
